[INFO] fetching crate zestors-distr 0.3.1...
[INFO] testing zestors-distr-0.3.1 against 1.100.0-beta.1+cargoflags=--release for beta-release-1.100-2
[INFO] extracting crate zestors-distr 0.3.1 into /workspace/builds/worker-2-tc2/source
[INFO] started tweaking crates.io crate zestors-distr 0.3.1
[INFO] removed 0 missing tests
[INFO] finished tweaking crates.io crate zestors-distr 0.3.1
[INFO] tweaked toml for crates.io crate zestors-distr 0.3.1 written to /workspace/builds/worker-2-tc2/source/Cargo.toml
[INFO] validating manifest of crates.io crate zestors-distr 0.3.1 on toolchain 1.100.0-beta.1
[INFO] running `Command { std: CARGO_HOME="/workspace/cargo-home" RUSTUP_HOME="/workspace/rustup-home" "/workspace/cargo-home/bin/cargo" "+1.100.0-beta.1" "metadata" "--manifest-path" "Cargo.toml" "--no-deps", kill_on_drop: false }`
[INFO] crate crates.io crate zestors-distr 0.3.1 already has a lockfile, it will not be regenerated
[INFO] running `Command { std: CARGO_HOME="/workspace/cargo-home" RUSTUP_HOME="/workspace/rustup-home" "/workspace/cargo-home/bin/cargo" "+1.100.0-beta.1" "fetch" "--manifest-path" "Cargo.toml", kill_on_drop: false }`
[INFO] running `Command { std: "docker" "create" "-v" "/var/lib/crater-agent-workspace/builds/worker-2-tc2/source:/opt/rustwide/workdir:ro,Z" "-v" "/var/lib/crater-agent-workspace/builds/worker-2-tc2/target:/opt/rustwide/target:rw,Z" "-v" "/var/lib/crater-agent-workspace/cargo-home:/opt/rustwide/cargo-home:ro,Z" "-v" "/var/lib/crater-agent-workspace/rustup-home:/opt/rustwide/rustup-home:ro,Z" "-m" "1610612736" "--network" "none" "ghcr.io/rust-lang/crates-build-env/linux@sha256:77db811e55d90add9212f6832c23229e3de5f1c1f9905e8cb07319ea15df73ac" "sleep" "infinity", kill_on_drop: false }`
[INFO] [stdout] 2bcb9cd950cdd49fd2e1b36cf0e3f2cfaced36c6f87c300c191c1cb1d23b60f0
[INFO] running `Command { std: "docker" "start" "2bcb9cd950cdd49fd2e1b36cf0e3f2cfaced36c6f87c300c191c1cb1d23b60f0", kill_on_drop: false }`
[INFO] running `Command { std: "docker" "inspect" "2bcb9cd950cdd49fd2e1b36cf0e3f2cfaced36c6f87c300c191c1cb1d23b60f0", kill_on_drop: false }`
[INFO] running `Command { std: "docker" "exec" "-e" "SOURCE_DIR=/opt/rustwide/workdir" "-e" "CARGO_HOME=/opt/rustwide/cargo-home" "-e" "RUSTUP_HOME=/opt/rustwide/rustup-home" "-e" "CARGO_TARGET_DIR=/opt/rustwide/target" "-w" "/opt/rustwide/workdir" "--user" "0:0" "2bcb9cd950cdd49fd2e1b36cf0e3f2cfaced36c6f87c300c191c1cb1d23b60f0" "/opt/rustwide/cargo-home/bin/cargo" "+1.100.0-beta.1" "metadata" "--no-deps" "--format-version=1", kill_on_drop: false }`
[INFO] running `Command { std: "docker" "inspect" "2bcb9cd950cdd49fd2e1b36cf0e3f2cfaced36c6f87c300c191c1cb1d23b60f0", kill_on_drop: false }`
[INFO] running `Command { std: "docker" "exec" "-e" "SOURCE_DIR=/opt/rustwide/workdir" "-e" "CARGO_HOME=/opt/rustwide/cargo-home" "-e" "RUSTUP_HOME=/opt/rustwide/rustup-home" "-e" "CARGO_TARGET_DIR=/opt/rustwide/target" "-e" "CARGO_INCREMENTAL=0" "-e" "RUST_BACKTRACE=full" "-e" "RUSTFLAGS=--cap-lints=warn" "-e" "RUSTDOCFLAGS=--cap-lints=warn" "-w" "/opt/rustwide/workdir" "--user" "0:0" "2bcb9cd950cdd49fd2e1b36cf0e3f2cfaced36c6f87c300c191c1cb1d23b60f0" "/opt/rustwide/cargo-home/bin/cargo" "+1.100.0-beta.1" "build" "--frozen" "--message-format=json" "--release", kill_on_drop: false }`
[INFO] [stderr]    Compiling unicode-ident v1.0.26
[INFO] [stderr]    Compiling libc v0.2.189
[INFO] [stderr]    Compiling serde_core v1.0.229
[INFO] [stderr]    Compiling smallvec v1.16.1
[INFO] [stderr]    Compiling serde v1.0.229
[INFO] [stderr]    Compiling futures-sink v0.3.34
[INFO] [stderr]    Compiling futures-io v0.3.34
[INFO] [stderr]    Compiling futures-channel v0.3.34
[INFO] [stderr]    Compiling getrandom v0.4.3
[INFO] [stderr]    Compiling proc-macro2 v1.0.107
[INFO] [stderr]    Compiling semver v1.0.28
[INFO] [stderr]    Compiling triomphe v0.1.16
[INFO] [stderr]    Compiling hashbrown v0.17.1
[INFO] [stderr]    Compiling rustc_version v0.4.1
[INFO] [stderr]    Compiling type-sets v0.2.3
[INFO] [stderr]    Compiling rootcause-internals v0.13.0
[INFO] [stderr]    Compiling readlock v0.1.11
[INFO] [stderr]    Compiling rustc-hash v2.1.3
[INFO] [stderr]    Compiling jiff-core v0.1.1
[INFO] [stderr]    Compiling eyeball v0.8.8
[INFO] [stderr]    Compiling quote v1.0.47
[INFO] [stderr]    Compiling heapless v0.7.17
[INFO] [stderr]    Compiling syn v3.0.6
[INFO] [stderr]    Compiling syn v2.0.119
[INFO] [stderr]    Compiling bs58 v0.5.1
[INFO] [stderr]    Compiling indexmap v2.14.2
[INFO] [stderr]    Compiling byteorder v1.5.0
[INFO] [stderr]    Compiling hash32 v0.2.1
[INFO] [stderr]    Compiling spin v0.9.9
[INFO] [stderr]    Compiling parking_lot_core v0.9.12
[INFO] [stderr]    Compiling errno v0.3.14
[INFO] [stderr]    Compiling signal-hook-registry v1.4.8
[INFO] [stderr]    Compiling socket2 v0.6.5
[INFO] [stderr]    Compiling parking_lot v0.12.5
[INFO] [stderr]    Compiling mio v1.2.3
[INFO] [stderr]    Compiling uuid v1.26.1
[INFO] [stderr]    Compiling rand v0.10.3
[INFO] [stderr]    Compiling seize v0.5.1
[INFO] [stderr]    Compiling rootcause v0.13.0
[INFO] [stderr]    Compiling hashbrown v0.14.5
[INFO] [stderr]    Compiling smol_str v0.3.6
[INFO] [stderr]    Compiling jiff v0.2.37
[INFO] [stderr]    Compiling dashmap v6.2.1
[INFO] [stderr]    Compiling darling_core v0.24.1
[INFO] [stderr]    Compiling serde_derive v1.0.229
[INFO] [stderr]    Compiling thiserror-impl v2.0.20
[INFO] [stderr]    Compiling futures-macro v0.3.34
[INFO] [stderr]    Compiling tokio-macros v2.7.2
[INFO] [stderr]    Compiling tracing-attributes v0.1.31
[INFO] [stderr]    Compiling tokio v1.53.1
[INFO] [stderr]    Compiling futures-util v0.3.34
[INFO] [stderr]    Compiling thiserror v2.0.20
[INFO] [stderr]    Compiling cobs v0.3.0
[INFO] [stderr]    Compiling tracing v0.1.44
[INFO] [stderr]    Compiling darling_macro v0.24.1
[INFO] [stderr]    Compiling darling v0.24.1
[INFO] [stderr]    Compiling zestors-codegen v0.3.1
[INFO] [stderr]    Compiling papaya v0.2.5
[INFO] [stderr]    Compiling futures-executor v0.3.34
[INFO] [stderr]    Compiling streamunordered v0.5.6
[INFO] [stderr]    Compiling futures v0.3.34
[INFO] [stderr]    Compiling postcard v1.1.3
[INFO] [stderr]    Compiling foca v2.0.0
[INFO] [stderr]    Compiling zestors-interface v0.3.1
[INFO] [stderr]    Compiling tokio-util v0.7.19
[INFO] [stderr]    Compiling zestors-distr-backend v0.3.1
[INFO] [stderr]    Compiling zestors-runtime v0.3.1
[INFO] [stderr]    Compiling zestors-actor v0.3.1
[INFO] [stderr]    Compiling zestors-supervision v0.3.1
[INFO] [stderr]    Compiling zestors-supervisor v0.3.1
[INFO] [stderr]    Compiling zestors-distr v0.3.1 (/opt/rustwide/workdir)
[INFO] [stderr]     Finished `release` profile [optimized] target(s) in 1m 41s
[INFO] running `Command { std: "docker" "inspect" "2bcb9cd950cdd49fd2e1b36cf0e3f2cfaced36c6f87c300c191c1cb1d23b60f0", kill_on_drop: false }`
[INFO] running `Command { std: "docker" "exec" "-e" "SOURCE_DIR=/opt/rustwide/workdir" "-e" "CARGO_HOME=/opt/rustwide/cargo-home" "-e" "RUSTUP_HOME=/opt/rustwide/rustup-home" "-e" "CARGO_TARGET_DIR=/opt/rustwide/target" "-e" "CARGO_INCREMENTAL=0" "-e" "RUST_BACKTRACE=full" "-e" "RUSTFLAGS=--cap-lints=warn" "-e" "RUSTDOCFLAGS=--cap-lints=warn" "-w" "/opt/rustwide/workdir" "--user" "0:0" "2bcb9cd950cdd49fd2e1b36cf0e3f2cfaced36c6f87c300c191c1cb1d23b60f0" "/opt/rustwide/cargo-home/bin/cargo" "+1.100.0-beta.1" "test" "--frozen" "--no-run" "--message-format=json" "--release", kill_on_drop: false }`
[INFO] [stderr]    Compiling tracing-core v0.1.36
[INFO] [stderr]    Compiling tokio v1.53.1
[INFO] [stderr]    Compiling find-msvc-tools v0.1.13
[INFO] [stderr]    Compiling deranged v0.5.8
[INFO] [stderr]    Compiling time-core v0.1.9
[INFO] [stderr]    Compiling regex-automata v0.4.18
[INFO] [stderr]    Compiling getrandom v0.2.17
[INFO] [stderr]    Compiling base64 v0.23.1
[INFO] [stderr]    Compiling cc v1.4.7
[INFO] [stderr]    Compiling tracing v0.1.44
[INFO] [stderr]    Compiling lazy_static v1.5.0
[INFO] [stderr]    Compiling zeroize v1.9.0
[INFO] [stderr]    Compiling rustls-pki-types v1.15.1
[INFO] [stderr]    Compiling foca v2.0.0
[INFO] [stderr]    Compiling tracing-log v0.2.0
[INFO] [stderr]    Compiling sharded-slab v0.1.7
[INFO] [stderr]    Compiling pem v4.0.0
[INFO] [stderr]    Compiling thread_local v1.1.10
[INFO] [stderr]    Compiling nu-ansi-term v0.50.3
[INFO] [stderr]    Compiling time v0.3.55
[INFO] [stderr]    Compiling ring v0.17.14
[INFO] [stderr]    Compiling yasna v0.6.0
[INFO] [stderr]    Compiling matchers v0.2.0
[INFO] [stderr]    Compiling tracing-subscriber v0.3.23
[INFO] [stderr]    Compiling zestors-interface v0.3.1
[INFO] [stderr]    Compiling tokio-util v0.7.19
[INFO] [stderr]    Compiling zestors-distr-backend v0.3.1
[INFO] [stderr]    Compiling zestors-runtime v0.3.1
[INFO] [stderr]    Compiling zestors-actor v0.3.1
[INFO] [stderr]    Compiling zestors-supervision v0.3.1
[INFO] [stderr]    Compiling zestors-supervisor v0.3.1
[INFO] [stderr]    Compiling zestors-distr v0.3.1 (/opt/rustwide/workdir)
[INFO] [stderr]    Compiling rcgen v0.14.10
[INFO] [stdout] error[E0433]: cannot find `zestors` in the list of imported crates
[INFO] [stdout]  --> tests/main.rs:6:19
[INFO] [stdout]   |
[INFO] [stdout] 6 | #[derive(Message, StableId)]
[INFO] [stdout]   |                   ^^^^^^^^ could not find `zestors` in the list of imported crates
[INFO] [stdout]   |
[INFO] [stdout]   = note: this error originates in the derive macro `StableId` (in Nightly builds, run with -Z macro-backtrace for more info)
[INFO] [stdout] 
[INFO] [stdout] 
[INFO] [stdout] error[E0433]: cannot find module or crate `zestors` in this scope
[INFO] [stdout]   --> tests/remote_quic.rs:10:5
[INFO] [stdout]    |
[INFO] [stdout] 10 | use zestors::{
[INFO] [stdout]    |     ^^^^^^^ use of unresolved module or unlinked crate `zestors`
[INFO] [stdout]    |
[INFO] [stdout]    = help: if you wanted to use a crate named `zestors`, use `cargo add zestors` to add it to your `Cargo.toml`
[INFO] [stdout] 
[INFO] [stdout] 
[INFO] [stdout] error[E0433]: cannot find module or crate `zestors` in this scope
[INFO] [stdout]  --> tests/cluster.rs:3:5
[INFO] [stdout]   |
[INFO] [stdout] 3 | use zestors::{prelude::*, supervisor::Supervisor};
[INFO] [stdout]   |     ^^^^^^^ use of unresolved module or unlinked crate `zestors`
[INFO] [stdout]   |
[INFO] [stdout]   = help: if you wanted to use a crate named `zestors`, use `cargo add zestors` to add it to your `Cargo.toml`
[INFO] [stdout] 
[INFO] [stdout] 
[INFO] [stdout] error[E0433]: cannot find module or crate `zestors` in this scope
[INFO] [stdout]   --> tests/remote_quic.rs:62:9
[INFO] [stdout]    |
[INFO] [stdout] 62 |     use zestors::runtime::prelude::*;
[INFO] [stdout]    |         ^^^^^^^ use of unresolved module or unlinked crate `zestors`
[INFO] [stdout]    |
[INFO] [stdout]    = help: if you wanted to use a crate named `zestors`, use `cargo add zestors` to add it to your `Cargo.toml`
[INFO] [stdout] 
[INFO] [stdout] 
[INFO] [stdout] error[E0433]: cannot find module or crate `zestors` in this scope
[INFO] [stdout]    --> tests/cluster.rs:120:9
[INFO] [stdout]     |
[INFO] [stdout] 120 |     use zestors::runtime::prelude::*;
[INFO] [stdout]     |         ^^^^^^^ use of unresolved module or unlinked crate `zestors`
[INFO] [stdout]     |
[INFO] [stdout]     = help: if you wanted to use a crate named `zestors`, use `cargo add zestors` to add it to your `Cargo.toml`
[INFO] [stdout] 
[INFO] [stdout] 
[INFO] [stdout] error[E0432]: unresolved import `zestors_distr_quic`
[INFO] [stdout]  --> tests/cluster.rs:8:5
[INFO] [stdout]   |
[INFO] [stdout] 8 | use zestors_distr_quic::{Quic, QuicTimings, Tls};
[INFO] [stdout]   |     ^^^^^^^^^^^^^^^^^^ use of unresolved module or unlinked crate `zestors_distr_quic`
[INFO] [stdout]   |
[INFO] [stdout] help: there is a crate or module with a similar name
[INFO] [stdout]   |
[INFO] [stdout] 8 - use zestors_distr_quic::{Quic, QuicTimings, Tls};
[INFO] [stdout] 8 + use zestors_distr::{Quic, QuicTimings, Tls};
[INFO] [stdout]   |
[INFO] [stdout] 
[INFO] [stdout] 
[INFO] [stdout] error[E0432]: unresolved import `zestors_distr_quic`
[INFO] [stdout]   --> tests/remote_quic.rs:17:5
[INFO] [stdout]    |
[INFO] [stdout] 17 | use zestors_distr_quic::{Quic, QuicTimings, Tls};
[INFO] [stdout]    |     ^^^^^^^^^^^^^^^^^^ use of unresolved module or unlinked crate `zestors_distr_quic`
[INFO] [stdout]    |
[INFO] [stdout] help: there is a crate or module with a similar name
[INFO] [stdout]    |
[INFO] [stdout] 17 - use zestors_distr_quic::{Quic, QuicTimings, Tls};
[INFO] [stdout] 17 + use zestors_distr::{Quic, QuicTimings, Tls};
[INFO] [stdout]    |
[INFO] [stdout] 
[INFO] [stdout] 
[INFO] [stdout] error[E0433]: cannot find `zestors` in the list of imported crates
[INFO] [stdout]   --> tests/remote_quic.rs:19:19
[INFO] [stdout]    |
[INFO] [stdout] 19 | #[derive(Message, StableId, Serialize, Deserialize, Debug)]
[INFO] [stdout]    |                   ^^^^^^^^ could not find `zestors` in the list of imported crates
[INFO] [stdout]    |
[INFO] [stdout]    = note: this error originates in the derive macro `StableId` (in Nightly builds, run with -Z macro-backtrace for more info)
[INFO] [stdout] 
[INFO] [stdout] 
[INFO] [stdout] error[E0433]: cannot find `zestors` in the list of imported crates
[INFO] [stdout]   --> tests/remote_quic.rs:23:19
[INFO] [stdout]    |
[INFO] [stdout] 23 | #[derive(Message, StableId, Serialize, Deserialize, Debug)]
[INFO] [stdout]    |                   ^^^^^^^^ could not find `zestors` in the list of imported crates
[INFO] [stdout]    |
[INFO] [stdout]    = note: this error originates in the derive macro `StableId` (in Nightly builds, run with -Z macro-backtrace for more info)
[INFO] [stdout] 
[INFO] [stdout] 
[INFO] [stdout] error[E0433]: cannot find module or crate `zestors` in this scope
[INFO] [stdout]   --> tests/sim.rs:71:9
[INFO] [stdout]    |
[INFO] [stdout] 71 |     use zestors::runtime::prelude::*;
[INFO] [stdout]    |         ^^^^^^^ use of unresolved module or unlinked crate `zestors`
[INFO] [stdout]    |
[INFO] [stdout]    = help: if you wanted to use a crate named `zestors`, use `cargo add zestors` to add it to your `Cargo.toml`
[INFO] [stdout] 
[INFO] [stdout] 
[INFO] [stdout] error[E0433]: cannot find module or crate `zestors` in this scope
[INFO] [stdout]    --> tests/sim.rs:246:9
[INFO] [stdout]     |
[INFO] [stdout] 246 |     use zestors::{prelude::*, supervisor::Supervisor};
[INFO] [stdout]     |         ^^^^^^^ use of unresolved module or unlinked crate `zestors`
[INFO] [stdout]     |
[INFO] [stdout]     = help: if you wanted to use a crate named `zestors`, use `cargo add zestors` to add it to your `Cargo.toml`
[INFO] [stdout] 
[INFO] [stdout] 
[INFO] [stdout] error[E0432]: unresolved import `zestors_distr::sim`
[INFO] [stdout]    --> tests/sim.rs:10:5
[INFO] [stdout]     |
[INFO] [stdout]  10 |     sim::{SimNetwork, SimNode},
[INFO] [stdout]     |     ^^^ could not find `sim` in `zestors_distr`
[INFO] [stdout]     |
[INFO] [stdout] note: found an item that was configured out
[INFO] [stdout]    --> src/lib.rs:151:18
[INFO] [stdout]     |
[INFO] [stdout] 149 | #[cfg(feature = "sim")]
[INFO] [stdout]     |       --------------- the item is gated behind the `sim` feature
[INFO] [stdout] 150 | #[cfg_attr(docsrs, doc(cfg(feature = "sim")))]
[INFO] [stdout] 151 | pub use cluster::sim;
[INFO] [stdout]     |                  ^^^
[INFO] [stdout] 
[INFO] [stdout] 
[INFO] [stdout] error[E0433]: cannot find module or crate `zestors` in this scope
[INFO] [stdout]   --> tests/backend.rs:16:5
[INFO] [stdout]    |
[INFO] [stdout] 16 | use zestors::{prelude::*, supervisor::Supervisor};
[INFO] [stdout]    |     ^^^^^^^ use of unresolved module or unlinked crate `zestors`
[INFO] [stdout]    |
[INFO] [stdout]    = help: if you wanted to use a crate named `zestors`, use `cargo add zestors` to add it to your `Cargo.toml`
[INFO] [stdout] 
[INFO] [stdout] 
[INFO] [stdout] error[E0433]: cannot find module or crate `zestors` in this scope
[INFO] [stdout]    --> tests/backend.rs:195:9
[INFO] [stdout]     |
[INFO] [stdout] 195 |     use zestors::runtime::prelude::*;
[INFO] [stdout]     |         ^^^^^^^ use of unresolved module or unlinked crate `zestors`
[INFO] [stdout]     |
[INFO] [stdout]     = help: if you wanted to use a crate named `zestors`, use `cargo add zestors` to add it to your `Cargo.toml`
[INFO] [stdout] 
[INFO] [stdout] 
[INFO] [stdout] error[E0432]: unresolved imports `zestors::supervisor::Supervisor`, `zestors::runtime::prelude::*`
[INFO] [stdout]    --> tests/backend.rs:16:27
[INFO] [stdout]     |
[INFO] [stdout]  16 | use zestors::{prelude::*, supervisor::Supervisor};
[INFO] [stdout]     |                           ^^^^^^^^^^^^^^^^^^^^^^
[INFO] [stdout] ...
[INFO] [stdout] 195 |     use zestors::runtime::prelude::*;
[INFO] [stdout]     |         ^^^^^^^^^^^^^^^^^^^^^^^^^^^^
[INFO] [stdout] 
[INFO] [stdout] 
[INFO] [stdout] error[E0433]: cannot find `zestors` in the list of imported crates
[INFO] [stdout]  --> tests/main.rs:6:10
[INFO] [stdout]   |
[INFO] [stdout] 6 | #[derive(Message, StableId)]
[INFO] [stdout]   |          ^^^^^^^ could not find `zestors` in the list of imported crates
[INFO] [stdout]   |
[INFO] [stdout]   = note: this error originates in the derive macro `Message` (in Nightly builds, run with -Z macro-backtrace for more info)
[INFO] [stdout] 
[INFO] [stdout] 
[INFO] [stdout] error[E0433]: cannot find module or crate `zestors` in this scope
[INFO] [stdout]   --> tests/cluster.rs:60:15
[INFO] [stdout]    |
[INFO] [stdout] 60 |     shutdown: zestors::runtime::Address<zestors_supervisor::SupervisorInterface>,
[INFO] [stdout]    |               ^^^^^^^ use of unresolved module or unlinked crate `zestors`
[INFO] [stdout]    |
[INFO] [stdout]    = help: if you wanted to use a crate named `zestors`, use `cargo add zestors` to add it to your `Cargo.toml`
[INFO] [stdout] 
[INFO] [stdout] 
[INFO] [stdout] error[E0433]: cannot find module or crate `zestors` in this scope
[INFO] [stdout]   --> tests/sim.rs:70:22
[INFO] [stdout]    |
[INFO] [stdout] 70 | async fn stop(root: &zestors::runtime::Address<zestors_supervisor::SupervisorInterface>) {
[INFO] [stdout]    |                      ^^^^^^^ use of unresolved module or unlinked crate `zestors`
[INFO] [stdout]    |
[INFO] [stdout]    = help: if you wanted to use a crate named `zestors`, use `cargo add zestors` to add it to your `Cargo.toml`
[INFO] [stdout] 
[INFO] [stdout] 
[INFO] [stdout] error[E0433]: cannot find module or crate `zestors` in this scope
[INFO] [stdout]    --> tests/cluster.rs:119:22
[INFO] [stdout]     |
[INFO] [stdout] 119 | async fn stop(root: &zestors::runtime::Address<zestors_supervisor::SupervisorInterface>) {
[INFO] [stdout]     |                      ^^^^^^^ use of unresolved module or unlinked crate `zestors`
[INFO] [stdout]     |
[INFO] [stdout]     = help: if you wanted to use a crate named `zestors`, use `cargo add zestors` to add it to your `Cargo.toml`
[INFO] [stdout] 
[INFO] [stdout] 
[INFO] [stdout] For more information about this error, try `rustc --explain E0433`.
[INFO] [stdout] 
[INFO] [stderr] error: could not compile `zestors-distr` (test "main") due to 2 previous errors
[INFO] [stderr] warning: build failed, waiting for other jobs to finish...
[INFO] [stdout] error[E0433]: cannot find module or crate `zestors` in this scope
[INFO] [stdout]    --> tests/backend.rs:194:22
[INFO] [stdout]     |
[INFO] [stdout] 194 | async fn stop(root: &zestors::runtime::Address<zestors_supervisor::SupervisorInterface>) {
[INFO] [stdout]     |                      ^^^^^^^ use of unresolved module or unlinked crate `zestors`
[INFO] [stdout]     |
[INFO] [stdout]     = help: if you wanted to use a crate named `zestors`, use `cargo add zestors` to add it to your `Cargo.toml`
[INFO] [stdout] 
[INFO] [stdout] 
[INFO] [stdout] error[E0433]: cannot find module or crate `zestors` in this scope
[INFO] [stdout]   --> tests/remote_quic.rs:61:22
[INFO] [stdout]    |
[INFO] [stdout] 61 | async fn stop(root: &zestors::runtime::Address<zestors_supervisor::SupervisorInterface>) {
[INFO] [stdout]    |                      ^^^^^^^ use of unresolved module or unlinked crate `zestors`
[INFO] [stdout]    |
[INFO] [stdout]    = help: if you wanted to use a crate named `zestors`, use `cargo add zestors` to add it to your `Cargo.toml`
[INFO] [stdout] 
[INFO] [stdout] 
[INFO] [stdout] error[E0599]: no method named `address` found for reference `&zestors_supervision::childspec::ChildSpec<SupervisorBlueprint>` in the current scope
[INFO] [stdout]   --> tests/cluster.rs:75:42
[INFO] [stdout]    |
[INFO] [stdout] 75 |         shutdown: node.root_supervisor().address().clone(),
[INFO] [stdout]    |                                          ^^^^^^^ method not found in `&zestors_supervision::childspec::ChildSpec<SupervisorBlueprint>`
[INFO] [stdout]    |
[INFO] [stdout]    = help: items from traits can only be used if the trait is in scope
[INFO] [stdout] help: trait `ActorOps` which provides `address` is implemented but not in scope; perhaps you want to import it
[INFO] [stdout]    |
[INFO] [stdout]  1 + use zestors_runtime::ops::ActorOps;
[INFO] [stdout]    |
[INFO] [stdout] 
[INFO] [stdout] 
[INFO] [stdout] error[E0599]: no method named `address` found for reference `&zestors_supervision::childspec::ChildSpec<SupervisorBlueprint>` in the current scope
[INFO] [stdout]    --> tests/sim.rs:261:29
[INFO] [stdout]     |
[INFO] [stdout] 261 |         a.root_supervisor().address().clone(),
[INFO] [stdout]     |                             ^^^^^^^ method not found in `&zestors_supervision::childspec::ChildSpec<SupervisorBlueprint>`
[INFO] [stdout]     |
[INFO] [stdout]     = help: items from traits can only be used if the trait is in scope
[INFO] [stdout] help: trait `ActorOps` which provides `address` is implemented but not in scope; perhaps you want to import it
[INFO] [stdout]     |
[INFO] [stdout]   6 + use zestors_runtime::ops::ActorOps;
[INFO] [stdout]     |
[INFO] [stdout] 
[INFO] [stdout] 
[INFO] [stdout] Some errors have detailed explanations: E0432, E0433.
[INFO] [stdout] 
[INFO] [stdout] For more information about an error, try `rustc --explain E0432`.
[INFO] [stdout] 
[INFO] [stdout] error[E0433]: cannot find module or crate `zestors` in this scope
[INFO] [stdout]   --> tests/remote.rs:13:5
[INFO] [stdout]    |
[INFO] [stdout] 13 | use zestors::{
[INFO] [stdout]    |     ^^^^^^^ use of unresolved module or unlinked crate `zestors`
[INFO] [stdout]    |
[INFO] [stdout]    = help: if you wanted to use a crate named `zestors`, use `cargo add zestors` to add it to your `Cargo.toml`
[INFO] [stdout] 
[INFO] [stdout] 
[INFO] [stdout] error[E0433]: cannot find module or crate `zestors` in this scope
[INFO] [stdout]    --> tests/remote.rs:353:9
[INFO] [stdout]     |
[INFO] [stdout] 353 |     use zestors::runtime::prelude::*;
[INFO] [stdout]     |         ^^^^^^^ use of unresolved module or unlinked crate `zestors`
[INFO] [stdout]     |
[INFO] [stdout]     = help: if you wanted to use a crate named `zestors`, use `cargo add zestors` to add it to your `Cargo.toml`
[INFO] [stdout] 
[INFO] [stdout] 
[INFO] [stdout] error[E0599]: no method named `address` found for reference `&zestors_supervision::childspec::ChildSpec<SupervisorBlueprint>` in the current scope
[INFO] [stdout]    --> tests/sim.rs:262:29
[INFO] [stdout]     |
[INFO] [stdout] 262 |         b.root_supervisor().address().clone(),
[INFO] [stdout]     |                             ^^^^^^^ method not found in `&zestors_supervision::childspec::ChildSpec<SupervisorBlueprint>`
[INFO] [stdout]     |
[INFO] [stdout]     = help: items from traits can only be used if the trait is in scope
[INFO] [stdout] help: trait `ActorOps` which provides `address` is implemented but not in scope; perhaps you want to import it
[INFO] [stdout]     |
[INFO] [stdout]   6 + use zestors_runtime::ops::ActorOps;
[INFO] [stdout]     |
[INFO] [stdout] 
[INFO] [stdout] 
[INFO] [stdout] error[E0432]: unresolved import `zestors_distr::sim`
[INFO] [stdout]    --> tests/remote.rs:23:61
[INFO] [stdout]     |
[INFO] [stdout]  23 |     GlobalName, RemoteError, RemoteRequest, Seed, StableId, sim::SimNetwork,
[INFO] [stdout]     |                                                             ^^^ could not find `sim` in `zestors_distr`
[INFO] [stdout]     |
[INFO] [stdout] note: found an item that was configured out
[INFO] [stdout]    --> src/lib.rs:151:18
[INFO] [stdout]     |
[INFO] [stdout] 149 | #[cfg(feature = "sim")]
[INFO] [stdout]     |       --------------- the item is gated behind the `sim` feature
[INFO] [stdout] 150 | #[cfg_attr(docsrs, doc(cfg(feature = "sim")))]
[INFO] [stdout] 151 | pub use cluster::sim;
[INFO] [stdout]     |                  ^^^
[INFO] [stdout] 
[INFO] [stdout] 
[INFO] [stdout] error[E0433]: cannot find `zestors` in the list of imported crates
[INFO] [stdout]   --> tests/remote.rs:29:19
[INFO] [stdout]    |
[INFO] [stdout] 29 | #[derive(Message, StableId, Serialize, Deserialize, Debug)]
[INFO] [stdout]    |                   ^^^^^^^^ could not find `zestors` in the list of imported crates
[INFO] [stdout]    |
[INFO] [stdout]    = note: this error originates in the derive macro `StableId` (in Nightly builds, run with -Z macro-backtrace for more info)
[INFO] [stdout] 
[INFO] [stdout] 
[INFO] [stdout] error[E0433]: cannot find `zestors` in the list of imported crates
[INFO] [stdout]   --> tests/remote.rs:33:19
[INFO] [stdout]    |
[INFO] [stdout] 33 | #[derive(Message, StableId, Serialize, Deserialize, Debug)]
[INFO] [stdout]    |                   ^^^^^^^^ could not find `zestors` in the list of imported crates
[INFO] [stdout]    |
[INFO] [stdout]    = note: this error originates in the derive macro `StableId` (in Nightly builds, run with -Z macro-backtrace for more info)
[INFO] [stdout] 
[INFO] [stdout] 
[INFO] [stdout] error[E0433]: cannot find `zestors` in the list of imported crates
[INFO] [stdout]   --> tests/remote.rs:38:19
[INFO] [stdout]    |
[INFO] [stdout] 38 | #[derive(Message, StableId, Serialize, Deserialize, Debug)]
[INFO] [stdout]    |                   ^^^^^^^^ could not find `zestors` in the list of imported crates
[INFO] [stdout]    |
[INFO] [stdout]    = note: this error originates in the derive macro `StableId` (in Nightly builds, run with -Z macro-backtrace for more info)
[INFO] [stdout] 
[INFO] [stdout] 
[INFO] [stdout] error[E0433]: cannot find `zestors` in the list of imported crates
[INFO] [stdout]   --> tests/remote.rs:43:19
[INFO] [stdout]    |
[INFO] [stdout] 43 | #[derive(Message, StableId, Serialize, Deserialize, Debug)]
[INFO] [stdout]    |                   ^^^^^^^^ could not find `zestors` in the list of imported crates
[INFO] [stdout]    |
[INFO] [stdout]    = note: this error originates in the derive macro `StableId` (in Nightly builds, run with -Z macro-backtrace for more info)
[INFO] [stdout] 
[INFO] [stdout] 
[INFO] [stdout] error[E0433]: cannot find `zestors` in the list of imported crates
[INFO] [stdout]   --> tests/remote.rs:48:19
[INFO] [stdout]    |
[INFO] [stdout] 48 | #[derive(Message, StableId, Serialize, Deserialize, Debug)]
[INFO] [stdout]    |                   ^^^^^^^^ could not find `zestors` in the list of imported crates
[INFO] [stdout]    |
[INFO] [stdout]    = note: this error originates in the derive macro `StableId` (in Nightly builds, run with -Z macro-backtrace for more info)
[INFO] [stdout] 
[INFO] [stdout] 
[INFO] [stdout] error[E0433]: cannot find `zestors` in the list of imported crates
[INFO] [stdout]   --> tests/remote.rs:53:19
[INFO] [stdout]    |
[INFO] [stdout] 53 | #[derive(Message, StableId, Serialize, Deserialize, Debug)]
[INFO] [stdout]    |                   ^^^^^^^^ could not find `zestors` in the list of imported crates
[INFO] [stdout]    |
[INFO] [stdout]    = note: this error originates in the derive macro `StableId` (in Nightly builds, run with -Z macro-backtrace for more info)
[INFO] [stdout] 
[INFO] [stdout] 
[INFO] [stdout] error[E0433]: cannot find `zestors` in the list of imported crates
[INFO] [stdout]   --> tests/remote.rs:62:19
[INFO] [stdout]    |
[INFO] [stdout] 62 | #[derive(Message, StableId, Serialize, Deserialize, Debug)]
[INFO] [stdout]    |                   ^^^^^^^^ could not find `zestors` in the list of imported crates
[INFO] [stdout]    |
[INFO] [stdout]    = note: this error originates in the derive macro `StableId` (in Nightly builds, run with -Z macro-backtrace for more info)
[INFO] [stdout] 
[INFO] [stdout] 
[INFO] [stdout] error[E0433]: cannot find `zestors` in the list of imported crates
[INFO] [stdout]   --> tests/remote.rs:68:19
[INFO] [stdout]    |
[INFO] [stdout] 68 | #[derive(Message, StableId, Debug, PartialEq)]
[INFO] [stdout]    |                   ^^^^^^^^ could not find `zestors` in the list of imported crates
[INFO] [stdout]    |
[INFO] [stdout]    = note: this error originates in the derive macro `StableId` (in Nightly builds, run with -Z macro-backtrace for more info)
[INFO] [stdout] 
[INFO] [stdout] 
[INFO] [stdout] error[E0433]: cannot find `zestors` in the list of imported crates
[INFO] [stdout]    --> tests/remote.rs:104:19
[INFO] [stdout]     |
[INFO] [stdout] 104 | #[derive(Message, StableId, Serialize, Deserialize, Debug)]
[INFO] [stdout]     |                   ^^^^^^^^ could not find `zestors` in the list of imported crates
[INFO] [stdout]     |
[INFO] [stdout]     = note: this error originates in the derive macro `StableId` (in Nightly builds, run with -Z macro-backtrace for more info)
[INFO] [stdout] 
[INFO] [stdout] 
[INFO] [stdout] error[E0433]: cannot find `zestors` in the list of imported crates
[INFO] [stdout]    --> tests/remote.rs:112:19
[INFO] [stdout]     |
[INFO] [stdout] 112 | #[derive(Message, StableId, Serialize, Deserialize, Debug)]
[INFO] [stdout]     |                   ^^^^^^^^ could not find `zestors` in the list of imported crates
[INFO] [stdout]     |
[INFO] [stdout]     = note: this error originates in the derive macro `StableId` (in Nightly builds, run with -Z macro-backtrace for more info)
[INFO] [stdout] 
[INFO] [stdout] 
[INFO] [stdout] error[E0433]: cannot find `zestors` in the list of imported crates
[INFO] [stdout]    --> tests/remote.rs:119:19
[INFO] [stdout]     |
[INFO] [stdout] 119 | #[derive(Message, StableId, Serialize, Deserialize, Debug)]
[INFO] [stdout]     |                   ^^^^^^^^ could not find `zestors` in the list of imported crates
[INFO] [stdout]     |
[INFO] [stdout]     = note: this error originates in the derive macro `StableId` (in Nightly builds, run with -Z macro-backtrace for more info)
[INFO] [stdout] 
[INFO] [stdout] 
[INFO] [stdout] error[E0433]: cannot find `zestors` in the list of imported crates
[INFO] [stdout]    --> tests/remote.rs:127:19
[INFO] [stdout]     |
[INFO] [stdout] 127 | #[derive(Message, StableId, Serialize, Deserialize, Debug)]
[INFO] [stdout]     |                   ^^^^^^^^ could not find `zestors` in the list of imported crates
[INFO] [stdout]     |
[INFO] [stdout]     = note: this error originates in the derive macro `StableId` (in Nightly builds, run with -Z macro-backtrace for more info)
[INFO] [stdout] 
[INFO] [stdout] 
[INFO] [stdout] error[E0433]: cannot find `zestors` in the list of imported crates
[INFO] [stdout]    --> tests/remote.rs:135:19
[INFO] [stdout]     |
[INFO] [stdout] 135 | #[derive(Message, StableId, Serialize, Deserialize, Debug)]
[INFO] [stdout]     |                   ^^^^^^^^ could not find `zestors` in the list of imported crates
[INFO] [stdout]     |
[INFO] [stdout]     = note: this error originates in the derive macro `StableId` (in Nightly builds, run with -Z macro-backtrace for more info)
[INFO] [stdout] 
[INFO] [stdout] 
[INFO] [stdout] error[E0433]: cannot find `zestors` in the list of imported crates
[INFO] [stdout]    --> tests/remote.rs:144:19
[INFO] [stdout]     |
[INFO] [stdout] 144 | #[derive(Message, StableId, Debug)]
[INFO] [stdout]     |                   ^^^^^^^^ could not find `zestors` in the list of imported crates
[INFO] [stdout]     |
[INFO] [stdout]     = note: this error originates in the derive macro `StableId` (in Nightly builds, run with -Z macro-backtrace for more info)
[INFO] [stdout] 
[INFO] [stdout] 
[INFO] [stderr] error: could not compile `zestors-distr` (test "remote_quic") due to 6 previous errors
[INFO] [stdout] error[E0432]: unresolved import `zestors_distr_quic`
[INFO] [stdout]  --> src/link/tests.rs:7:5
[INFO] [stdout]   |
[INFO] [stdout] 7 | use zestors_distr_quic::{Quic, Tls};
[INFO] [stdout]   |     ^^^^^^^^^^^^^^^^^^ use of unresolved module or unlinked crate `zestors_distr_quic`
[INFO] [stdout]   |
[INFO] [stdout]   = help: if you wanted to use a crate named `zestors_distr_quic`, use `cargo add zestors_distr_quic` to add it to your `Cargo.toml`
[INFO] [stdout] 
[INFO] [stdout] 
[INFO] [stdout] error[E0599]: no method named `address` found for reference `&zestors_supervision::childspec::ChildSpec<SupervisorBlueprint>` in the current scope
[INFO] [stdout]    --> tests/cluster.rs:216:42
[INFO] [stdout]     |
[INFO] [stdout] 216 |         shutdown: node.root_supervisor().address().clone(),
[INFO] [stdout]     |                                          ^^^^^^^ method not found in `&zestors_supervision::childspec::ChildSpec<SupervisorBlueprint>`
[INFO] [stdout]     |
[INFO] [stdout]     = help: items from traits can only be used if the trait is in scope
[INFO] [stdout] help: trait `ActorOps` which provides `address` is implemented but not in scope; perhaps you want to import it
[INFO] [stdout]     |
[INFO] [stdout]   1 + use zestors_runtime::ops::ActorOps;
[INFO] [stdout]     |
[INFO] [stdout] 
[INFO] [stdout] 
[INFO] [stdout] Some errors have detailed explanations: E0432, E0433, E0599.
[INFO] [stdout] 
[INFO] [stdout] For more information about an error, try `rustc --explain E0432`.
[INFO] [stdout] 
[INFO] [stdout] error[E0599]: no method named `address` found for reference `&zestors_supervision::childspec::ChildSpec<SupervisorBlueprint>` in the current scope
[INFO] [stdout]    --> tests/backend.rs:213:42
[INFO] [stdout]     |
[INFO] [stdout] 213 |     let b_shutdown = b.root_supervisor().address().clone();
[INFO] [stdout]     |                                          ^^^^^^^ method not found in `&zestors_supervision::childspec::ChildSpec<SupervisorBlueprint>`
[INFO] [stdout]     |
[INFO] [stdout]     = help: items from traits can only be used if the trait is in scope
[INFO] [stdout] help: trait `ActorOps` which provides `address` is implemented but not in scope; perhaps you want to import it
[INFO] [stdout]     |
[INFO] [stdout]   4 + use zestors_runtime::ops::ActorOps;
[INFO] [stdout]     |
[INFO] [stdout] 
[INFO] [stdout] 
[INFO] [stdout] error[E0599]: no method named `address` found for reference `&zestors_supervision::childspec::ChildSpec<SupervisorBlueprint>` in the current scope
[INFO] [stdout]    --> tests/cluster.rs:268:43
[INFO] [stdout]     |
[INFO] [stdout] 268 |     let shutdown = node.root_supervisor().address().clone();
[INFO] [stdout]     |                                           ^^^^^^^ method not found in `&zestors_supervision::childspec::ChildSpec<SupervisorBlueprint>`
[INFO] [stdout]     |
[INFO] [stdout]     = help: items from traits can only be used if the trait is in scope
[INFO] [stdout] help: trait `ActorOps` which provides `address` is implemented but not in scope; perhaps you want to import it
[INFO] [stdout]     |
[INFO] [stdout]   1 + use zestors_runtime::ops::ActorOps;
[INFO] [stdout]     |
[INFO] [stdout] 
[INFO] [stdout] 
[INFO] [stderr] error: could not compile `zestors-distr` (test "sim") due to 6 previous errors
[INFO] [stdout] error[E0599]: no method named `address` found for reference `&zestors_supervision::childspec::ChildSpec<SupervisorBlueprint>` in the current scope
[INFO] [stdout]    --> tests/backend.rs:214:42
[INFO] [stdout]     |
[INFO] [stdout] 214 |     let a_shutdown = a.root_supervisor().address().clone();
[INFO] [stdout]     |                                          ^^^^^^^ method not found in `&zestors_supervision::childspec::ChildSpec<SupervisorBlueprint>`
[INFO] [stdout]     |
[INFO] [stdout]     = help: items from traits can only be used if the trait is in scope
[INFO] [stdout] help: trait `ActorOps` which provides `address` is implemented but not in scope; perhaps you want to import it
[INFO] [stdout]     |
[INFO] [stdout]   4 + use zestors_runtime::ops::ActorOps;
[INFO] [stdout]     |
[INFO] [stdout] 
[INFO] [stdout] 
[INFO] [stdout] error[E0599]: no method named `address` found for reference `&zestors_supervision::childspec::ChildSpec<SupervisorBlueprint>` in the current scope
[INFO] [stdout]    --> tests/cluster.rs:292:71
[INFO] [stdout]     |
[INFO] [stdout] 292 |     let (cluster, shutdown) = (node.cluster(), node.root_supervisor().address().clone());
[INFO] [stdout]     |                                                                       ^^^^^^^ method not found in `&zestors_supervision::childspec::ChildSpec<SupervisorBlueprint>`
[INFO] [stdout]     |
[INFO] [stdout]     = help: items from traits can only be used if the trait is in scope
[INFO] [stdout] help: trait `ActorOps` which provides `address` is implemented but not in scope; perhaps you want to import it
[INFO] [stdout]     |
[INFO] [stdout]   1 + use zestors_runtime::ops::ActorOps;
[INFO] [stdout]     |
[INFO] [stdout] 
[INFO] [stdout] 
[INFO] [stdout] error[E0599]: no method named `address` found for reference `&zestors_supervision::childspec::ChildSpec<SupervisorBlueprint>` in the current scope
[INFO] [stdout]    --> tests/backend.rs:258:42
[INFO] [stdout]     |
[INFO] [stdout] 258 |     let a_shutdown = a.root_supervisor().address().clone();
[INFO] [stdout]     |                                          ^^^^^^^ method not found in `&zestors_supervision::childspec::ChildSpec<SupervisorBlueprint>`
[INFO] [stdout]     |
[INFO] [stdout]     = help: items from traits can only be used if the trait is in scope
[INFO] [stdout] help: trait `ActorOps` which provides `address` is implemented but not in scope; perhaps you want to import it
[INFO] [stdout]     |
[INFO] [stdout]   4 + use zestors_runtime::ops::ActorOps;
[INFO] [stdout]     |
[INFO] [stdout] 
[INFO] [stdout] 
[INFO] [stdout] error[E0599]: no method named `address` found for reference `&zestors_supervision::childspec::ChildSpec<SupervisorBlueprint>` in the current scope
[INFO] [stdout]    --> tests/backend.rs:273:54
[INFO] [stdout]     |
[INFO] [stdout] 273 |     let mallory_shutdown = mallory.root_supervisor().address().clone();
[INFO] [stdout]     |                                                      ^^^^^^^ method not found in `&zestors_supervision::childspec::ChildSpec<SupervisorBlueprint>`
[INFO] [stdout]     |
[INFO] [stdout]     = help: items from traits can only be used if the trait is in scope
[INFO] [stdout] help: trait `ActorOps` which provides `address` is implemented but not in scope; perhaps you want to import it
[INFO] [stdout]     |
[INFO] [stdout]   4 + use zestors_runtime::ops::ActorOps;
[INFO] [stdout]     |
[INFO] [stdout] 
[INFO] [stdout] 
[INFO] [stdout] Some errors have detailed explanations: E0432, E0433, E0599.
[INFO] [stdout] 
[INFO] [stdout] For more information about an error, try `rustc --explain E0432`.
[INFO] [stdout] 
[INFO] [stdout] error[E0599]: no method named `address` found for reference `&zestors_supervision::childspec::ChildSpec<SupervisorBlueprint>` in the current scope
[INFO] [stdout]    --> tests/backend.rs:281:42
[INFO] [stdout]     |
[INFO] [stdout] 281 |     let c_shutdown = c.root_supervisor().address().clone();
[INFO] [stdout]     |                                          ^^^^^^^ method not found in `&zestors_supervision::childspec::ChildSpec<SupervisorBlueprint>`
[INFO] [stdout]     |
[INFO] [stdout]     = help: items from traits can only be used if the trait is in scope
[INFO] [stdout] help: trait `ActorOps` which provides `address` is implemented but not in scope; perhaps you want to import it
[INFO] [stdout]     |
[INFO] [stdout]   4 + use zestors_runtime::ops::ActorOps;
[INFO] [stdout]     |
[INFO] [stdout] 
[INFO] [stdout] 
[INFO] [stderr] error: could not compile `zestors-distr` (test "cluster") due to 9 previous errors
[INFO] [stdout] Some errors have detailed explanations: E0432, E0433, E0599.
[INFO] [stdout] 
[INFO] [stdout] For more information about an error, try `rustc --explain E0432`.
[INFO] [stdout] 
[INFO] [stderr] error: could not compile `zestors-distr` (test "backend") due to 9 previous errors
[INFO] [stdout] error[E0433]: cannot find `zestors` in the list of imported crates
[INFO] [stdout]   --> tests/remote.rs:58:19
[INFO] [stdout]    |
[INFO] [stdout] 58 | #[derive(Message, StableId, Serialize, Deserialize, Debug)]
[INFO] [stdout]    |                   ^^^^^^^^ could not find `zestors` in the list of imported crates
[INFO] [stdout]    |
[INFO] [stdout]    = note: this error originates in the derive macro `StableId` (in Nightly builds, run with -Z macro-backtrace for more info)
[INFO] [stdout] 
[INFO] [stdout] 
[INFO] [stdout] error[E0433]: cannot find module or crate `zestors` in this scope
[INFO] [stdout]    --> tests/remote.rs:188:44
[INFO] [stdout]     |
[INFO] [stdout] 188 | fn worker(name: &'static str, log: Log) -> zestors::runtime::Child<(), WorkerInterface> {
[INFO] [stdout]     |                                            ^^^^^^^ use of unresolved module or unlinked crate `zestors`
[INFO] [stdout]     |
[INFO] [stdout]     = help: if you wanted to use a crate named `zestors`, use `cargo add zestors` to add it to your `Cargo.toml`
[INFO] [stdout] 
[INFO] [stdout] 
[INFO] [stdout] error[E0433]: cannot find module or crate `zestors` in this scope
[INFO] [stdout]    --> tests/remote.rs:254:15
[INFO] [stdout]     |
[INFO] [stdout] 254 |     shutdown: zestors::runtime::Address<zestors_supervisor::SupervisorInterface>,
[INFO] [stdout]     |               ^^^^^^^ use of unresolved module or unlinked crate `zestors`
[INFO] [stdout]     |
[INFO] [stdout]     = help: if you wanted to use a crate named `zestors`, use `cargo add zestors` to add it to your `Cargo.toml`
[INFO] [stdout] 
[INFO] [stdout] 
[INFO] [stdout] error[E0433]: cannot find module or crate `zestors` in this scope
[INFO] [stdout]    --> tests/remote.rs:352:22
[INFO] [stdout]     |
[INFO] [stdout] 352 | async fn stop(root: &zestors::runtime::Address<zestors_supervisor::SupervisorInterface>) {
[INFO] [stdout]     |                      ^^^^^^^ use of unresolved module or unlinked crate `zestors`
[INFO] [stdout]     |
[INFO] [stdout]     = help: if you wanted to use a crate named `zestors`, use `cargo add zestors` to add it to your `Cargo.toml`
[INFO] [stdout] 
[INFO] [stdout] 
[INFO] [stdout] error[E0277]: the trait bound `Double: RemoteMessage` is not satisfied
[INFO] [stdout]    --> tests/remote.rs:765:35
[INFO] [stdout]     |
[INFO] [stdout] 765 | async fn double_via(target: &impl ClusterAccepts<Double>, n: u32) -> u32 {
[INFO] [stdout]     |                                   ^^^^^^^^^^^^^^^^^^^^^^ unsatisfied trait bound
[INFO] [stdout]     |
[INFO] [stdout] help: the trait `zestors_interface::message::Message` is not implemented for `Double`
[INFO] [stdout]    --> tests/remote.rs:31:1
[INFO] [stdout]     |
[INFO] [stdout]  31 | struct Double(u32);
[INFO] [stdout]     | ^^^^^^^^^^^^^
[INFO] [stdout]     = help: the following other types implement trait `zestors_interface::message::Message`:
[INFO] [stdout]               !
[INFO] [stdout]               &'static str
[INFO] [stdout]               ()
[INFO] [stdout]               (M1,)
[INFO] [stdout]               (M1, M2)
[INFO] [stdout]               (M1, M2, M3)
[INFO] [stdout]               (M1, M2, M3, M4)
[INFO] [stdout]               (M1, M2, M3, M4, M5)
[INFO] [stdout]             and 27 others
[INFO] [stdout]     = note: required for `Double` to implement `RemoteMessage`
[INFO] [stdout] note: required by a bound in `ClusterAccepts`
[INFO] [stdout]    --> src/messaging/send.rs:349:29
[INFO] [stdout]     |
[INFO] [stdout] 349 | pub trait ClusterAccepts<M: RemoteMessage>: Sync {
[INFO] [stdout]     |                             ^^^^^^^^^^^^^ required by this bound in `ClusterAccepts`
[INFO] [stdout] 
[INFO] [stdout] 
[INFO] [stderr] error: could not compile `zestors-distr` (test "remote") due to 23 previous errors
[INFO] [stdout] error[E0277]: the trait bound `Double: RemoteMessage` is not satisfied
[INFO] [stdout]    --> tests/remote.rs:765:35
[INFO] [stdout]     |
[INFO] [stdout] 765 | async fn double_via(target: &impl ClusterAccepts<Double>, n: u32) -> u32 {
[INFO] [stdout]     |                                   ^^^^^^^^^^^^^^^^^^^^^^ unsatisfied trait bound
[INFO] [stdout]     |
[INFO] [stdout] help: the trait `StableId` is not implemented for `Double`
[INFO] [stdout]    --> tests/remote.rs:31:1
[INFO] [stdout]     |
[INFO] [stdout]  31 | struct Double(u32);
[INFO] [stdout]     | ^^^^^^^^^^^^^
[INFO] [stdout]     = note: required for `Double` to implement `RemoteMessage`
[INFO] [stdout] note: required by a bound in `ClusterAccepts`
[INFO] [stdout]    --> src/messaging/send.rs:349:29
[INFO] [stdout]     |
[INFO] [stdout] 349 | pub trait ClusterAccepts<M: RemoteMessage>: Sync {
[INFO] [stdout]     |                             ^^^^^^^^^^^^^ required by this bound in `ClusterAccepts`
[INFO] [stdout] 
[INFO] [stdout] 
[INFO] [stdout] Some errors have detailed explanations: E0277, E0432, E0433.
[INFO] [stdout] 
[INFO] [stdout] For more information about an error, try `rustc --explain E0277`.
[INFO] [stdout] 
[INFO] [stdout] For more information about this error, try `rustc --explain E0432`.
[INFO] [stdout] 
[INFO] [stderr] error: could not compile `zestors-distr` (lib test) due to 1 previous error
[INFO] running `Command { std: "docker" "inspect" "2bcb9cd950cdd49fd2e1b36cf0e3f2cfaced36c6f87c300c191c1cb1d23b60f0", kill_on_drop: false }`
[INFO] running `Command { std: "docker" "rm" "-f" "2bcb9cd950cdd49fd2e1b36cf0e3f2cfaced36c6f87c300c191c1cb1d23b60f0", kill_on_drop: false }`
[INFO] [stdout] 2bcb9cd950cdd49fd2e1b36cf0e3f2cfaced36c6f87c300c191c1cb1d23b60f0
