[INFO] fetching crate zerv 0.8.39...
[INFO] testing zerv-0.8.39 against 1.100.0-beta.1+cargoflags=--release for beta-release-1.100-2
[INFO] extracting crate zerv 0.8.39 into /workspace/builds/worker-2-tc2/source
[INFO] removed /workspace/builds/worker-2-tc2/source/rust-toolchain.toml
[INFO] started tweaking crates.io crate zerv 0.8.39
[INFO] removed 0 missing tests
[INFO] finished tweaking crates.io crate zerv 0.8.39
[INFO] tweaked toml for crates.io crate zerv 0.8.39 written to /workspace/builds/worker-2-tc2/source/Cargo.toml
[INFO] validating manifest of crates.io crate zerv 0.8.39 on toolchain 1.100.0-beta.1
[INFO] running `Command { std: CARGO_HOME="/workspace/cargo-home" RUSTUP_HOME="/workspace/rustup-home" "/workspace/cargo-home/bin/cargo" "+1.100.0-beta.1" "metadata" "--manifest-path" "Cargo.toml" "--no-deps", kill_on_drop: false }`
[INFO] crate crates.io crate zerv 0.8.39 already has a lockfile, it will not be regenerated
[INFO] running `Command { std: CARGO_HOME="/workspace/cargo-home" RUSTUP_HOME="/workspace/rustup-home" "/workspace/cargo-home/bin/cargo" "+1.100.0-beta.1" "fetch" "--manifest-path" "Cargo.toml", kill_on_drop: false }`
[INFO] running `Command { std: "docker" "create" "-v" "/var/lib/crater-agent-workspace/builds/worker-2-tc2/source:/opt/rustwide/workdir:ro,Z" "-v" "/var/lib/crater-agent-workspace/builds/worker-2-tc2/target:/opt/rustwide/target:rw,Z" "-v" "/var/lib/crater-agent-workspace/cargo-home:/opt/rustwide/cargo-home:ro,Z" "-v" "/var/lib/crater-agent-workspace/rustup-home:/opt/rustwide/rustup-home:ro,Z" "-m" "1610612736" "--network" "none" "ghcr.io/rust-lang/crates-build-env/linux@sha256:77db811e55d90add9212f6832c23229e3de5f1c1f9905e8cb07319ea15df73ac" "sleep" "infinity", kill_on_drop: false }`
[INFO] [stdout] b2aa9f3adbba049e72dff1cac2285d802520f6bb76b962166dd9427d9bcbebbd
[INFO] running `Command { std: "docker" "start" "b2aa9f3adbba049e72dff1cac2285d802520f6bb76b962166dd9427d9bcbebbd", kill_on_drop: false }`
[INFO] running `Command { std: "docker" "inspect" "b2aa9f3adbba049e72dff1cac2285d802520f6bb76b962166dd9427d9bcbebbd", kill_on_drop: false }`
[INFO] running `Command { std: "docker" "exec" "-e" "SOURCE_DIR=/opt/rustwide/workdir" "-e" "CARGO_HOME=/opt/rustwide/cargo-home" "-e" "RUSTUP_HOME=/opt/rustwide/rustup-home" "-e" "CARGO_TARGET_DIR=/opt/rustwide/target" "-w" "/opt/rustwide/workdir" "--user" "0:0" "b2aa9f3adbba049e72dff1cac2285d802520f6bb76b962166dd9427d9bcbebbd" "/opt/rustwide/cargo-home/bin/cargo" "+1.100.0-beta.1" "metadata" "--no-deps" "--format-version=1", kill_on_drop: false }`
[INFO] running `Command { std: "docker" "inspect" "b2aa9f3adbba049e72dff1cac2285d802520f6bb76b962166dd9427d9bcbebbd", kill_on_drop: false }`
[INFO] running `Command { std: "docker" "exec" "-e" "SOURCE_DIR=/opt/rustwide/workdir" "-e" "CARGO_HOME=/opt/rustwide/cargo-home" "-e" "RUSTUP_HOME=/opt/rustwide/rustup-home" "-e" "CARGO_TARGET_DIR=/opt/rustwide/target" "-e" "CARGO_INCREMENTAL=0" "-e" "RUST_BACKTRACE=full" "-e" "RUSTFLAGS=--cap-lints=warn" "-e" "RUSTDOCFLAGS=--cap-lints=warn" "-w" "/opt/rustwide/workdir" "--user" "0:0" "b2aa9f3adbba049e72dff1cac2285d802520f6bb76b962166dd9427d9bcbebbd" "/opt/rustwide/cargo-home/bin/cargo" "+1.100.0-beta.1" "build" "--frozen" "--message-format=json" "--release", kill_on_drop: false }`
[INFO] [stderr]    Compiling aho-corasick v1.1.5
[INFO] [stderr]    Compiling clap_lex v1.1.1
[INFO] [stderr]    Compiling libc v0.2.190
[INFO] [stderr]    Compiling syn v3.0.9
[INFO] [stderr]    Compiling syn v2.0.119
[INFO] [stderr]    Compiling bitflags v2.13.2
[INFO] [stderr]    Compiling unicode-ident v1.0.27
[INFO] [stderr]    Compiling equivalent v1.0.3
[INFO] [stderr]    Compiling chrono v0.4.45
[INFO] [stderr]    Compiling serde_json v1.0.154
[INFO] [stderr]    Compiling indexmap v2.14.2
[INFO] [stderr]    Compiling clap_builder v4.6.7
[INFO] [stderr]    Compiling regex-automata v0.4.18
[INFO] [stderr]    Compiling serde_derive v1.0.229
[INFO] [stderr]    Compiling clap_derive v4.6.7
[INFO] [stderr]    Compiling clap v4.6.7
[INFO] [stderr]    Compiling tracing-attributes v0.1.31
[INFO] [stderr]    Compiling strum_macros v0.28.0
[INFO] [stderr]    Compiling matchers v0.2.0
[INFO] [stderr]    Compiling regex v1.13.1
[INFO] [stderr]    Compiling tracing v0.1.44
[INFO] [stderr]    Compiling tracing-subscriber v0.3.23
[INFO] [stderr]    Compiling serde v1.0.229
[INFO] [stderr]    Compiling strum v0.28.0
[INFO] [stderr]    Compiling ron v0.12.2
[INFO] [stderr]    Compiling tera v2.4.0
[INFO] [stderr]    Compiling zerv v0.8.39 (/opt/rustwide/workdir)
[INFO] [stderr] warning: unused dependency `libc`
[INFO] [stderr]   --> Cargo.toml:16:15
[INFO] [stderr]    |
[INFO] [stderr] 16 | [dependencies.libc]
[INFO] [stderr]    |               ^^^^^
[INFO] [stderr]    |
[INFO] [stderr]    = note: `cargo::unused_dependencies` is set to `warn` by default
[INFO] [stderr] help: consider removing the dependency on `libc`
[INFO] [stderr] warning: `zerv` (manifest) generated 1 warning
[INFO] [stderr]     Finished `release` profile [optimized] target(s) in 1m 13s
[INFO] running `Command { std: "docker" "inspect" "b2aa9f3adbba049e72dff1cac2285d802520f6bb76b962166dd9427d9bcbebbd", kill_on_drop: false }`
[INFO] running `Command { std: "docker" "exec" "-e" "SOURCE_DIR=/opt/rustwide/workdir" "-e" "CARGO_HOME=/opt/rustwide/cargo-home" "-e" "RUSTUP_HOME=/opt/rustwide/rustup-home" "-e" "CARGO_TARGET_DIR=/opt/rustwide/target" "-e" "CARGO_INCREMENTAL=0" "-e" "RUST_BACKTRACE=full" "-e" "RUSTFLAGS=--cap-lints=warn" "-e" "RUSTDOCFLAGS=--cap-lints=warn" "-w" "/opt/rustwide/workdir" "--user" "0:0" "b2aa9f3adbba049e72dff1cac2285d802520f6bb76b962166dd9427d9bcbebbd" "/opt/rustwide/cargo-home/bin/cargo" "+1.100.0-beta.1" "test" "--frozen" "--no-run" "--message-format=json" "--release", kill_on_drop: false }`
[INFO] [stderr]    Compiling semver v1.0.28
[INFO] [stderr]    Compiling hashbrown v0.17.1
[INFO] [stderr]    Compiling winnow v1.0.4
[INFO] [stderr]    Compiling equivalent v1.0.3
[INFO] [stderr]    Compiling futures-core v0.3.34
[INFO] [stderr]    Compiling syn v2.0.119
[INFO] [stderr]    Compiling bitflags v2.13.2
[INFO] [stderr]    Compiling toml_datetime v1.1.2+spec-1.1.0
[INFO] [stderr]    Compiling parking_lot_core v0.9.12
[INFO] [stderr]    Compiling glob v0.3.4
[INFO] [stderr]    Compiling relative-path v1.9.3
[INFO] [stderr]    Compiling cfg-if v1.0.5
[INFO] [stderr]    Compiling getrandom v0.4.3
[INFO] [stderr]    Compiling serial_test_derive v4.0.1
[INFO] [stderr]    Compiling futures-timer v3.0.4
[INFO] [stderr]    Compiling dotenvy v0.15.7
[INFO] [stderr]    Compiling futures-util v0.3.34
[INFO] [stderr]    Compiling ron v0.12.2
[INFO] [stderr]    Compiling rustix v1.1.5
[INFO] [stderr]    Compiling rustc_version v0.4.1
[INFO] [stderr]    Compiling parking_lot v0.12.5
[INFO] [stderr]    Compiling rstest_macros v0.27.0
[INFO] [stderr]    Compiling toml_parser v1.1.5+spec-1.1.0
[INFO] [stderr]    Compiling indexmap v2.14.2
[INFO] [stderr]    Compiling toml_edit v0.25.17+spec-1.1.0
[INFO] [stderr]    Compiling futures-executor v0.3.34
[INFO] [stderr]    Compiling serial_test v4.0.1
[INFO] [stderr]    Compiling proc-macro-crate v3.5.0
[INFO] [stderr]    Compiling tempfile v3.27.0
[INFO] [stderr]    Compiling tracing-attributes v0.1.31
[INFO] [stderr]    Compiling strum_macros v0.28.0
[INFO] [stderr]    Compiling tracing v0.1.44
[INFO] [stderr]    Compiling tracing-subscriber v0.3.23
[INFO] [stderr]    Compiling strum v0.28.0
[INFO] [stderr]    Compiling rstest v0.27.0
[INFO] [stderr]    Compiling zerv v0.8.39 (/opt/rustwide/workdir)
[INFO] [stdout] error[E0432]: unresolved import `zerv::test_utils`
[INFO] [stdout]  --> tests/integration_tests/config_file/mod.rs:8:11
[INFO] [stdout]   |
[INFO] [stdout] 8 | use zerv::test_utils::{
[INFO] [stdout]   |           ^^^^^^^^^^ could not find `test_utils` in `zerv`
[INFO] [stdout]   |
[INFO] [stdout] note: found an item that was configured out
[INFO] [stdout]  --> src/lib.rs:8:9
[INFO] [stdout]   |
[INFO] [stdout] 7 | #[cfg(any(test, feature = "test-utils"))]
[INFO] [stdout]   |          ------------------------------ the item is gated here
[INFO] [stdout] 8 | pub mod test_utils;
[INFO] [stdout]   |         ^^^^^^^^^^
[INFO] [stdout] 
[INFO] [stdout] 
[INFO] [stdout] error[E0432]: unresolved import `zerv::test_utils`
[INFO] [stdout]  --> tests/integration_tests/config_file/git_source.rs:7:11
[INFO] [stdout]   |
[INFO] [stdout] 7 | use zerv::test_utils::{
[INFO] [stdout]   |           ^^^^^^^^^^ could not find `test_utils` in `zerv`
[INFO] [stdout]   |
[INFO] [stdout] note: found an item that was configured out
[INFO] [stdout]  --> src/lib.rs:8:9
[INFO] [stdout]   |
[INFO] [stdout] 7 | #[cfg(any(test, feature = "test-utils"))]
[INFO] [stdout]   |          ------------------------------ the item is gated here
[INFO] [stdout] 8 | pub mod test_utils;
[INFO] [stdout]   |         ^^^^^^^^^^
[INFO] [stdout] 
[INFO] [stdout] 
[INFO] [stdout] error[E0432]: unresolved import `zerv::cli::flow::test_utils`
[INFO] [stdout]  --> tests/integration_tests/flow/docs/branch_rules.rs:1:22
[INFO] [stdout]   |
[INFO] [stdout] 1 | use zerv::cli::flow::test_utils::expect_branch_hash;
[INFO] [stdout]   |                      ^^^^^^^^^^ could not find `test_utils` in `flow`
[INFO] [stdout]   |
[INFO] [stdout] note: found an item that was configured out
[INFO] [stdout]  --> src/cli/flow/mod.rs:6:9
[INFO] [stdout]   |
[INFO] [stdout] 5 | #[cfg(any(test, feature = "test-utils"))]
[INFO] [stdout]   |          ------------------------------ the item is gated here
[INFO] [stdout] 6 | pub mod test_utils;
[INFO] [stdout]   |         ^^^^^^^^^^
[INFO] [stdout] 
[INFO] [stdout] 
[INFO] [stdout] error[E0432]: unresolved import `zerv::cli::flow::test_utils`
[INFO] [stdout]  --> tests/integration_tests/flow/docs/override_controls.rs:4:22
[INFO] [stdout]   |
[INFO] [stdout] 4 | use zerv::cli::flow::test_utils::expect_branch_hash;
[INFO] [stdout]   |                      ^^^^^^^^^^ could not find `test_utils` in `flow`
[INFO] [stdout]   |
[INFO] [stdout] note: found an item that was configured out
[INFO] [stdout]  --> src/cli/flow/mod.rs:6:9
[INFO] [stdout]   |
[INFO] [stdout] 5 | #[cfg(any(test, feature = "test-utils"))]
[INFO] [stdout]   |          ------------------------------ the item is gated here
[INFO] [stdout] 6 | pub mod test_utils;
[INFO] [stdout]   |         ^^^^^^^^^^
[INFO] [stdout] 
[INFO] [stdout] 
[INFO] [stdout] error[E0432]: unresolved import `zerv::cli::flow::test_utils`
[INFO] [stdout]  --> tests/integration_tests/flow/docs/quick_start.rs:4:22
[INFO] [stdout]   |
[INFO] [stdout] 4 | use zerv::cli::flow::test_utils::expect_branch_hash;
[INFO] [stdout]   |                      ^^^^^^^^^^ could not find `test_utils` in `flow`
[INFO] [stdout]   |
[INFO] [stdout] note: found an item that was configured out
[INFO] [stdout]  --> src/cli/flow/mod.rs:6:9
[INFO] [stdout]   |
[INFO] [stdout] 5 | #[cfg(any(test, feature = "test-utils"))]
[INFO] [stdout]   |          ------------------------------ the item is gated here
[INFO] [stdout] 6 | pub mod test_utils;
[INFO] [stdout]   |         ^^^^^^^^^^
[INFO] [stdout] 
[INFO] [stdout] 
[INFO] [stdout] error[E0432]: unresolved import `zerv::cli::flow::test_utils`
[INFO] [stdout]  --> tests/integration_tests/flow/docs/schema_variants.rs:4:22
[INFO] [stdout]   |
[INFO] [stdout] 4 | use zerv::cli::flow::test_utils::expect_branch_hash;
[INFO] [stdout]   |                      ^^^^^^^^^^ could not find `test_utils` in `flow`
[INFO] [stdout]   |
[INFO] [stdout] note: found an item that was configured out
[INFO] [stdout]  --> src/cli/flow/mod.rs:6:9
[INFO] [stdout]   |
[INFO] [stdout] 5 | #[cfg(any(test, feature = "test-utils"))]
[INFO] [stdout]   |          ------------------------------ the item is gated here
[INFO] [stdout] 6 | pub mod test_utils;
[INFO] [stdout]   |         ^^^^^^^^^^
[INFO] [stdout] 
[INFO] [stdout] 
[INFO] [stdout] error[E0432]: unresolved import `zerv::test_utils`
[INFO] [stdout]  --> tests/integration_tests/flow/docs/test_utils.rs:7:11
[INFO] [stdout]   |
[INFO] [stdout] 7 | use zerv::test_utils::{
[INFO] [stdout]   |           ^^^^^^^^^^ could not find `test_utils` in `zerv`
[INFO] [stdout]   |
[INFO] [stdout] note: found an item that was configured out
[INFO] [stdout]  --> src/lib.rs:8:9
[INFO] [stdout]   |
[INFO] [stdout] 7 | #[cfg(any(test, feature = "test-utils"))]
[INFO] [stdout]   |          ------------------------------ the item is gated here
[INFO] [stdout] 8 | pub mod test_utils;
[INFO] [stdout]   |         ^^^^^^^^^^
[INFO] [stdout] 
[INFO] [stdout] 
[INFO] [stdout] error[E0432]: unresolved import `zerv::test_utils`
[INFO] [stdout]  --> tests/integration_tests/flow/main/basic_commands.rs:7:11
[INFO] [stdout]   |
[INFO] [stdout] 7 | use zerv::test_utils::ZervFixture;
[INFO] [stdout]   |           ^^^^^^^^^^ could not find `test_utils` in `zerv`
[INFO] [stdout]   |
[INFO] [stdout] note: found an item that was configured out
[INFO] [stdout]  --> src/lib.rs:8:9
[INFO] [stdout]   |
[INFO] [stdout] 7 | #[cfg(any(test, feature = "test-utils"))]
[INFO] [stdout]   |          ------------------------------ the item is gated here
[INFO] [stdout] 8 | pub mod test_utils;
[INFO] [stdout]   |         ^^^^^^^^^^
[INFO] [stdout] 
[INFO] [stdout] 
[INFO] [stdout] error[E0432]: unresolved import `zerv::test_utils`
[INFO] [stdout]  --> tests/integration_tests/flow/main/error_handling.rs:3:11
[INFO] [stdout]   |
[INFO] [stdout] 3 | use zerv::test_utils::ZervFixture;
[INFO] [stdout]   |           ^^^^^^^^^^ could not find `test_utils` in `zerv`
[INFO] [stdout]   |
[INFO] [stdout] note: found an item that was configured out
[INFO] [stdout]  --> src/lib.rs:8:9
[INFO] [stdout]   |
[INFO] [stdout] 7 | #[cfg(any(test, feature = "test-utils"))]
[INFO] [stdout]   |          ------------------------------ the item is gated here
[INFO] [stdout] 8 | pub mod test_utils;
[INFO] [stdout]   |         ^^^^^^^^^^
[INFO] [stdout] 
[INFO] [stdout] 
[INFO] [stdout] error[E0432]: unresolved import `zerv::test_utils`
[INFO] [stdout]  --> tests/integration_tests/flow/main/output_formats.rs:4:11
[INFO] [stdout]   |
[INFO] [stdout] 4 | use zerv::test_utils::ZervFixture;
[INFO] [stdout]   |           ^^^^^^^^^^ could not find `test_utils` in `zerv`
[INFO] [stdout]   |
[INFO] [stdout] note: found an item that was configured out
[INFO] [stdout]  --> src/lib.rs:8:9
[INFO] [stdout]   |
[INFO] [stdout] 7 | #[cfg(any(test, feature = "test-utils"))]
[INFO] [stdout]   |          ------------------------------ the item is gated here
[INFO] [stdout] 8 | pub mod test_utils;
[INFO] [stdout]   |         ^^^^^^^^^^
[INFO] [stdout] 
[INFO] [stdout] 
[INFO] [stdout] error[E0432]: unresolved import `zerv::test_utils`
[INFO] [stdout]  --> tests/integration_tests/flow/main/override.rs:5:11
[INFO] [stdout]   |
[INFO] [stdout] 5 | use zerv::test_utils::ZervFixture;
[INFO] [stdout]   |           ^^^^^^^^^^ could not find `test_utils` in `zerv`
[INFO] [stdout]   |
[INFO] [stdout] note: found an item that was configured out
[INFO] [stdout]  --> src/lib.rs:8:9
[INFO] [stdout]   |
[INFO] [stdout] 7 | #[cfg(any(test, feature = "test-utils"))]
[INFO] [stdout]   |          ------------------------------ the item is gated here
[INFO] [stdout] 8 | pub mod test_utils;
[INFO] [stdout]   |         ^^^^^^^^^^
[INFO] [stdout] 
[INFO] [stdout] 
[INFO] [stdout] error[E0432]: unresolved import `zerv::test_utils`
[INFO] [stdout]  --> tests/integration_tests/flow/main/schema_options.rs:4:11
[INFO] [stdout]   |
[INFO] [stdout] 4 | use zerv::test_utils::ZervFixture;
[INFO] [stdout]   |           ^^^^^^^^^^ could not find `test_utils` in `zerv`
[INFO] [stdout]   |
[INFO] [stdout] note: found an item that was configured out
[INFO] [stdout]  --> src/lib.rs:8:9
[INFO] [stdout]   |
[INFO] [stdout] 7 | #[cfg(any(test, feature = "test-utils"))]
[INFO] [stdout]   |          ------------------------------ the item is gated here
[INFO] [stdout] 8 | pub mod test_utils;
[INFO] [stdout]   |         ^^^^^^^^^^
[INFO] [stdout] 
[INFO] [stdout] 
[INFO] [stdout] error[E0432]: unresolved import `zerv::test_info`
[INFO] [stdout]  --> tests/integration_tests/flow/scenarios/complex_release_branch.rs:7:5
[INFO] [stdout]   |
[INFO] [stdout] 7 | use zerv::test_info;
[INFO] [stdout]   |     ^^^^^^---------
[INFO] [stdout]   |           |
[INFO] [stdout]   |           no `test_info` in the root
[INFO] [stdout] 
[INFO] [stdout] 
[INFO] [stdout] error[E0432]: unresolved import `zerv::test_utils`
[INFO] [stdout]  --> tests/integration_tests/flow/scenarios/complex_release_branch.rs:8:11
[INFO] [stdout]   |
[INFO] [stdout] 8 | use zerv::test_utils::should_run_docker_tests;
[INFO] [stdout]   |           ^^^^^^^^^^ could not find `test_utils` in `zerv`
[INFO] [stdout]   |
[INFO] [stdout] note: found an item that was configured out
[INFO] [stdout]  --> src/lib.rs:8:9
[INFO] [stdout]   |
[INFO] [stdout] 7 | #[cfg(any(test, feature = "test-utils"))]
[INFO] [stdout]   |          ------------------------------ the item is gated here
[INFO] [stdout] 8 | pub mod test_utils;
[INFO] [stdout]   |         ^^^^^^^^^^
[INFO] [stdout] 
[INFO] [stdout] 
[INFO] [stdout] error[E0432]: unresolved import `zerv::cli::flow::test_utils`
[INFO] [stdout]  --> tests/integration_tests/flow/scenarios/detached_head.rs:3:22
[INFO] [stdout]   |
[INFO] [stdout] 3 | use zerv::cli::flow::test_utils::expect_branch_hash;
[INFO] [stdout]   |                      ^^^^^^^^^^ could not find `test_utils` in `flow`
[INFO] [stdout]   |
[INFO] [stdout] note: found an item that was configured out
[INFO] [stdout]  --> src/cli/flow/mod.rs:6:9
[INFO] [stdout]   |
[INFO] [stdout] 5 | #[cfg(any(test, feature = "test-utils"))]
[INFO] [stdout]   |          ------------------------------ the item is gated here
[INFO] [stdout] 6 | pub mod test_utils;
[INFO] [stdout]   |         ^^^^^^^^^^
[INFO] [stdout] 
[INFO] [stdout] 
[INFO] [stdout] error[E0432]: unresolved import `zerv::test_utils`
[INFO] [stdout]  --> tests/integration_tests/flow/scenarios/detached_head.rs:4:11
[INFO] [stdout]   |
[INFO] [stdout] 4 | use zerv::test_utils::should_run_docker_tests;
[INFO] [stdout]   |           ^^^^^^^^^^ could not find `test_utils` in `zerv`
[INFO] [stdout]   |
[INFO] [stdout] note: found an item that was configured out
[INFO] [stdout]  --> src/lib.rs:8:9
[INFO] [stdout]   |
[INFO] [stdout] 7 | #[cfg(any(test, feature = "test-utils"))]
[INFO] [stdout]   |          ------------------------------ the item is gated here
[INFO] [stdout] 8 | pub mod test_utils;
[INFO] [stdout]   |         ^^^^^^^^^^
[INFO] [stdout] 
[INFO] [stdout] 
[INFO] [stdout] error[E0432]: unresolved import `zerv::cli::flow::test_utils`
[INFO] [stdout]  --> tests/integration_tests/flow/scenarios/gitflow.rs:6:22
[INFO] [stdout]   |
[INFO] [stdout] 6 | use zerv::cli::flow::test_utils::{
[INFO] [stdout]   |                      ^^^^^^^^^^ could not find `test_utils` in `flow`
[INFO] [stdout]   |
[INFO] [stdout] note: found an item that was configured out
[INFO] [stdout]  --> src/cli/flow/mod.rs:6:9
[INFO] [stdout]   |
[INFO] [stdout] 5 | #[cfg(any(test, feature = "test-utils"))]
[INFO] [stdout]   |          ------------------------------ the item is gated here
[INFO] [stdout] 6 | pub mod test_utils;
[INFO] [stdout]   |         ^^^^^^^^^^
[INFO] [stdout] 
[INFO] [stdout] 
[INFO] [stdout] error[E0432]: unresolved import `zerv::test_info`
[INFO] [stdout]   --> tests/integration_tests/flow/scenarios/gitflow.rs:10:5
[INFO] [stdout]    |
[INFO] [stdout] 10 | use zerv::test_info;
[INFO] [stdout]    |     ^^^^^^---------
[INFO] [stdout]    |           |
[INFO] [stdout]    |           no `test_info` in the root
[INFO] [stdout] 
[INFO] [stdout] 
[INFO] [stdout] error[E0432]: unresolved import `zerv::test_utils`
[INFO] [stdout]   --> tests/integration_tests/flow/scenarios/gitflow.rs:11:11
[INFO] [stdout]    |
[INFO] [stdout] 11 | use zerv::test_utils::should_run_docker_tests;
[INFO] [stdout]    |           ^^^^^^^^^^ could not find `test_utils` in `zerv`
[INFO] [stdout]    |
[INFO] [stdout] note: found an item that was configured out
[INFO] [stdout]   --> src/lib.rs:8:9
[INFO] [stdout]    |
[INFO] [stdout]  7 | #[cfg(any(test, feature = "test-utils"))]
[INFO] [stdout]    |          ------------------------------ the item is gated here
[INFO] [stdout]  8 | pub mod test_utils;
[INFO] [stdout]    |         ^^^^^^^^^^
[INFO] [stdout] 
[INFO] [stdout] 
[INFO] [stdout] error[E0432]: unresolved import `zerv::cli::flow::test_utils`
[INFO] [stdout]   --> tests/integration_tests/flow/scenarios/test_utils.rs:10:22
[INFO] [stdout]    |
[INFO] [stdout] 10 | use zerv::cli::flow::test_utils::SchemaTestCase;
[INFO] [stdout]    |                      ^^^^^^^^^^ could not find `test_utils` in `flow`
[INFO] [stdout]    |
[INFO] [stdout] note: found an item that was configured out
[INFO] [stdout]   --> src/cli/flow/mod.rs:6:9
[INFO] [stdout]    |
[INFO] [stdout]  5 | #[cfg(any(test, feature = "test-utils"))]
[INFO] [stdout]    |          ------------------------------ the item is gated here
[INFO] [stdout]  6 | pub mod test_utils;
[INFO] [stdout]    |         ^^^^^^^^^^
[INFO] [stdout] 
[INFO] [stdout] 
[INFO] [stdout] error[E0432]: unresolved import `zerv::test_utils`
[INFO] [stdout]   --> tests/integration_tests/flow/scenarios/test_utils.rs:11:11
[INFO] [stdout]    |
[INFO] [stdout] 11 | use zerv::test_utils::{
[INFO] [stdout]    |           ^^^^^^^^^^ could not find `test_utils` in `zerv`
[INFO] [stdout]    |
[INFO] [stdout] note: found an item that was configured out
[INFO] [stdout]   --> src/lib.rs:8:9
[INFO] [stdout]    |
[INFO] [stdout]  7 | #[cfg(any(test, feature = "test-utils"))]
[INFO] [stdout]    |          ------------------------------ the item is gated here
[INFO] [stdout]  8 | pub mod test_utils;
[INFO] [stdout]    |         ^^^^^^^^^^
[INFO] [stdout] 
[INFO] [stdout] 
[INFO] [stdout] error[E0432]: unresolved import `zerv::cli::flow::test_utils`
[INFO] [stdout]  --> tests/integration_tests/flow/scenarios/trunk_based.rs:6:22
[INFO] [stdout]   |
[INFO] [stdout] 6 | use zerv::cli::flow::test_utils::{
[INFO] [stdout]   |                      ^^^^^^^^^^ could not find `test_utils` in `flow`
[INFO] [stdout]   |
[INFO] [stdout] note: found an item that was configured out
[INFO] [stdout]  --> src/cli/flow/mod.rs:6:9
[INFO] [stdout]   |
[INFO] [stdout] 5 | #[cfg(any(test, feature = "test-utils"))]
[INFO] [stdout]   |          ------------------------------ the item is gated here
[INFO] [stdout] 6 | pub mod test_utils;
[INFO] [stdout]   |         ^^^^^^^^^^
[INFO] [stdout] 
[INFO] [stdout] 
[INFO] [stdout] error[E0432]: unresolved import `zerv::test_info`
[INFO] [stdout]   --> tests/integration_tests/flow/scenarios/trunk_based.rs:13:5
[INFO] [stdout]    |
[INFO] [stdout] 13 | use zerv::test_info;
[INFO] [stdout]    |     ^^^^^^---------
[INFO] [stdout]    |           |
[INFO] [stdout]    |           no `test_info` in the root
[INFO] [stdout] 
[INFO] [stdout] 
[INFO] [stdout] error[E0432]: unresolved import `zerv::test_utils`
[INFO] [stdout]   --> tests/integration_tests/flow/scenarios/trunk_based.rs:14:11
[INFO] [stdout]    |
[INFO] [stdout] 14 | use zerv::test_utils::should_run_docker_tests;
[INFO] [stdout]    |           ^^^^^^^^^^ could not find `test_utils` in `zerv`
[INFO] [stdout]    |
[INFO] [stdout] note: found an item that was configured out
[INFO] [stdout]   --> src/lib.rs:8:9
[INFO] [stdout]    |
[INFO] [stdout]  7 | #[cfg(any(test, feature = "test-utils"))]
[INFO] [stdout]    |          ------------------------------ the item is gated here
[INFO] [stdout]  8 | pub mod test_utils;
[INFO] [stdout]    |         ^^^^^^^^^^
[INFO] [stdout] 
[INFO] [stdout] 
[INFO] [stdout] error[E0432]: unresolved import `zerv::test_utils`
[INFO] [stdout]  --> tests/integration_tests/flow/sources.rs:1:11
[INFO] [stdout]   |
[INFO] [stdout] 1 | use zerv::test_utils::ZervFixture;
[INFO] [stdout]   |           ^^^^^^^^^^ could not find `test_utils` in `zerv`
[INFO] [stdout]   |
[INFO] [stdout] note: found an item that was configured out
[INFO] [stdout]  --> src/lib.rs:8:9
[INFO] [stdout]   |
[INFO] [stdout] 7 | #[cfg(any(test, feature = "test-utils"))]
[INFO] [stdout]   |          ------------------------------ the item is gated here
[INFO] [stdout] 8 | pub mod test_utils;
[INFO] [stdout]   |         ^^^^^^^^^^
[INFO] [stdout] 
[INFO] [stdout] 
[INFO] [stdout] error[E0432]: unresolved import `zerv::test_utils`
[INFO] [stdout]   --> tests/integration_tests/util/command.rs:16:11
[INFO] [stdout]    |
[INFO] [stdout] 16 | use zerv::test_utils::TestOutput;
[INFO] [stdout]    |           ^^^^^^^^^^ could not find `test_utils` in `zerv`
[INFO] [stdout]    |
[INFO] [stdout] note: found an item that was configured out
[INFO] [stdout]   --> src/lib.rs:8:9
[INFO] [stdout]    |
[INFO] [stdout]  7 | #[cfg(any(test, feature = "test-utils"))]
[INFO] [stdout]    |          ------------------------------ the item is gated here
[INFO] [stdout]  8 | pub mod test_utils;
[INFO] [stdout]    |         ^^^^^^^^^^
[INFO] [stdout] 
[INFO] [stdout] 
[INFO] [stdout] error[E0432]: unresolved import `zerv::test_utils`
[INFO] [stdout]  --> tests/integration_tests/util/mod.rs:5:15
[INFO] [stdout]   |
[INFO] [stdout] 5 | pub use zerv::test_utils::{
[INFO] [stdout]   |               ^^^^^^^^^^ could not find `test_utils` in `zerv`
[INFO] [stdout]   |
[INFO] [stdout] note: found an item that was configured out
[INFO] [stdout]  --> src/lib.rs:8:9
[INFO] [stdout]   |
[INFO] [stdout] 7 | #[cfg(any(test, feature = "test-utils"))]
[INFO] [stdout]   |          ------------------------------ the item is gated here
[INFO] [stdout] 8 | pub mod test_utils;
[INFO] [stdout]   |         ^^^^^^^^^^
[INFO] [stdout] 
[INFO] [stdout] 
[INFO] [stdout] error[E0432]: unresolved import `zerv::test_utils`
[INFO] [stdout]   --> tests/integration_tests/version/bumps/mod.rs:11:11
[INFO] [stdout]    |
[INFO] [stdout] 11 | use zerv::test_utils::ZervFixture;
[INFO] [stdout]    |           ^^^^^^^^^^ could not find `test_utils` in `zerv`
[INFO] [stdout]    |
[INFO] [stdout] note: found an item that was configured out
[INFO] [stdout]   --> src/lib.rs:8:9
[INFO] [stdout]    |
[INFO] [stdout]  7 | #[cfg(any(test, feature = "test-utils"))]
[INFO] [stdout]    |          ------------------------------ the item is gated here
[INFO] [stdout]  8 | pub mod test_utils;
[INFO] [stdout]    |         ^^^^^^^^^^
[INFO] [stdout] 
[INFO] [stdout] 
[INFO] [stdout] error[E0432]: unresolved import `zerv::test_utils`
[INFO] [stdout]   --> tests/integration_tests/version/bumps/context.rs:11:11
[INFO] [stdout]    |
[INFO] [stdout] 11 | use zerv::test_utils::ZervFixture;
[INFO] [stdout]    |           ^^^^^^^^^^ could not find `test_utils` in `zerv`
[INFO] [stdout]    |
[INFO] [stdout] note: found an item that was configured out
[INFO] [stdout]   --> src/lib.rs:8:9
[INFO] [stdout]    |
[INFO] [stdout]  7 | #[cfg(any(test, feature = "test-utils"))]
[INFO] [stdout]    |          ------------------------------ the item is gated here
[INFO] [stdout]  8 | pub mod test_utils;
[INFO] [stdout]    |         ^^^^^^^^^^
[INFO] [stdout] 
[INFO] [stdout] 
[INFO] [stdout] error[E0432]: unresolved import `zerv::test_utils`
[INFO] [stdout]   --> tests/integration_tests/version/bumps/primary.rs:11:11
[INFO] [stdout]    |
[INFO] [stdout] 11 | use zerv::test_utils::ZervFixture;
[INFO] [stdout]    |           ^^^^^^^^^^ could not find `test_utils` in `zerv`
[INFO] [stdout]    |
[INFO] [stdout] note: found an item that was configured out
[INFO] [stdout]   --> src/lib.rs:8:9
[INFO] [stdout]    |
[INFO] [stdout]  7 | #[cfg(any(test, feature = "test-utils"))]
[INFO] [stdout]    |          ------------------------------ the item is gated here
[INFO] [stdout]  8 | pub mod test_utils;
[INFO] [stdout]    |         ^^^^^^^^^^
[INFO] [stdout] 
[INFO] [stdout] 
[INFO] [stdout] error[E0432]: unresolved import `zerv::test_utils`
[INFO] [stdout]   --> tests/integration_tests/version/bumps/schema.rs:12:11
[INFO] [stdout]    |
[INFO] [stdout] 12 | use zerv::test_utils::ZervFixture;
[INFO] [stdout]    |           ^^^^^^^^^^ could not find `test_utils` in `zerv`
[INFO] [stdout]    |
[INFO] [stdout] note: found an item that was configured out
[INFO] [stdout]   --> src/lib.rs:8:9
[INFO] [stdout]    |
[INFO] [stdout]  7 | #[cfg(any(test, feature = "test-utils"))]
[INFO] [stdout]    |          ------------------------------ the item is gated here
[INFO] [stdout]  8 | pub mod test_utils;
[INFO] [stdout]    |         ^^^^^^^^^^
[INFO] [stdout] 
[INFO] [stdout] 
[INFO] [stdout] error[E0432]: unresolved import `zerv::test_utils`
[INFO] [stdout]   --> tests/integration_tests/version/bumps/secondary.rs:11:11
[INFO] [stdout]    |
[INFO] [stdout] 11 | use zerv::test_utils::ZervFixture;
[INFO] [stdout]    |           ^^^^^^^^^^ could not find `test_utils` in `zerv`
[INFO] [stdout]    |
[INFO] [stdout] note: found an item that was configured out
[INFO] [stdout]   --> src/lib.rs:8:9
[INFO] [stdout]    |
[INFO] [stdout]  7 | #[cfg(any(test, feature = "test-utils"))]
[INFO] [stdout]    |          ------------------------------ the item is gated here
[INFO] [stdout]  8 | pub mod test_utils;
[INFO] [stdout]    |         ^^^^^^^^^^
[INFO] [stdout] 
[INFO] [stdout] 
[INFO] [stdout] error[E0432]: unresolved import `zerv::test_utils`
[INFO] [stdout]   --> tests/integration_tests/version/bumps/combinations.rs:15:11
[INFO] [stdout]    |
[INFO] [stdout] 15 | use zerv::test_utils::ZervFixture;
[INFO] [stdout]    |           ^^^^^^^^^^ could not find `test_utils` in `zerv`
[INFO] [stdout]    |
[INFO] [stdout] note: found an item that was configured out
[INFO] [stdout]   --> src/lib.rs:8:9
[INFO] [stdout]    |
[INFO] [stdout]  7 | #[cfg(any(test, feature = "test-utils"))]
[INFO] [stdout]    |          ------------------------------ the item is gated here
[INFO] [stdout]  8 | pub mod test_utils;
[INFO] [stdout]    |         ^^^^^^^^^^
[INFO] [stdout] 
[INFO] [stdout] 
[INFO] [stdout] error[E0432]: unresolved import `zerv::test_utils`
[INFO] [stdout]  --> tests/integration_tests/version/combinations/complex_workflow_scenarios.rs:8:11
[INFO] [stdout]   |
[INFO] [stdout] 8 | use zerv::test_utils::ZervFixture;
[INFO] [stdout]   |           ^^^^^^^^^^ could not find `test_utils` in `zerv`
[INFO] [stdout]   |
[INFO] [stdout] note: found an item that was configured out
[INFO] [stdout]  --> src/lib.rs:8:9
[INFO] [stdout]   |
[INFO] [stdout] 7 | #[cfg(any(test, feature = "test-utils"))]
[INFO] [stdout]   |          ------------------------------ the item is gated here
[INFO] [stdout] 8 | pub mod test_utils;
[INFO] [stdout]   |         ^^^^^^^^^^
[INFO] [stdout] 
[INFO] [stdout] 
[INFO] [stdout] error[E0432]: unresolved import `zerv::test_utils`
[INFO] [stdout]   --> tests/integration_tests/version/combinations/main_bump_interactions.rs:10:11
[INFO] [stdout]    |
[INFO] [stdout] 10 | use zerv::test_utils::ZervFixture;
[INFO] [stdout]    |           ^^^^^^^^^^ could not find `test_utils` in `zerv`
[INFO] [stdout]    |
[INFO] [stdout] note: found an item that was configured out
[INFO] [stdout]   --> src/lib.rs:8:9
[INFO] [stdout]    |
[INFO] [stdout]  7 | #[cfg(any(test, feature = "test-utils"))]
[INFO] [stdout]    |          ------------------------------ the item is gated here
[INFO] [stdout]  8 | pub mod test_utils;
[INFO] [stdout]    |         ^^^^^^^^^^
[INFO] [stdout] 
[INFO] [stdout] 
[INFO] [stdout] error[E0432]: unresolved import `zerv::test_utils`
[INFO] [stdout]   --> tests/integration_tests/version/combinations/main_override_interactions.rs:11:11
[INFO] [stdout]    |
[INFO] [stdout] 11 | use zerv::test_utils::ZervFixture;
[INFO] [stdout]    |           ^^^^^^^^^^ could not find `test_utils` in `zerv`
[INFO] [stdout]    |
[INFO] [stdout] note: found an item that was configured out
[INFO] [stdout]   --> src/lib.rs:8:9
[INFO] [stdout]    |
[INFO] [stdout]  7 | #[cfg(any(test, feature = "test-utils"))]
[INFO] [stdout]    |          ------------------------------ the item is gated here
[INFO] [stdout]  8 | pub mod test_utils;
[INFO] [stdout]    |         ^^^^^^^^^^
[INFO] [stdout] 
[INFO] [stdout] 
[INFO] [stdout] error[E0432]: unresolved import `zerv::test_utils`
[INFO] [stdout]   --> tests/integration_tests/version/combinations/override_bump_interactions.rs:12:11
[INFO] [stdout]    |
[INFO] [stdout] 12 | use zerv::test_utils::ZervFixture;
[INFO] [stdout]    |           ^^^^^^^^^^ could not find `test_utils` in `zerv`
[INFO] [stdout]    |
[INFO] [stdout] note: found an item that was configured out
[INFO] [stdout]   --> src/lib.rs:8:9
[INFO] [stdout]    |
[INFO] [stdout]  7 | #[cfg(any(test, feature = "test-utils"))]
[INFO] [stdout]    |          ------------------------------ the item is gated here
[INFO] [stdout]  8 | pub mod test_utils;
[INFO] [stdout]    |         ^^^^^^^^^^
[INFO] [stdout] 
[INFO] [stdout] 
[INFO] [stdout] error[E0432]: unresolved import `zerv::test_utils`
[INFO] [stdout]  --> tests/integration_tests/version/main/combinations.rs:3:11
[INFO] [stdout]   |
[INFO] [stdout] 3 | use zerv::test_utils::{
[INFO] [stdout]   |           ^^^^^^^^^^ could not find `test_utils` in `zerv`
[INFO] [stdout]   |
[INFO] [stdout] note: found an item that was configured out
[INFO] [stdout]  --> src/lib.rs:8:9
[INFO] [stdout]   |
[INFO] [stdout] 7 | #[cfg(any(test, feature = "test-utils"))]
[INFO] [stdout]   |          ------------------------------ the item is gated here
[INFO] [stdout] 8 | pub mod test_utils;
[INFO] [stdout]   |         ^^^^^^^^^^
[INFO] [stdout] 
[INFO] [stdout] 
[INFO] [stdout] error[E0432]: unresolved import `zerv::test_utils`
[INFO] [stdout]  --> tests/integration_tests/version/main/directory.rs:4:11
[INFO] [stdout]   |
[INFO] [stdout] 4 | use zerv::test_utils::{
[INFO] [stdout]   |           ^^^^^^^^^^ could not find `test_utils` in `zerv`
[INFO] [stdout]   |
[INFO] [stdout] note: found an item that was configured out
[INFO] [stdout]  --> src/lib.rs:8:9
[INFO] [stdout]   |
[INFO] [stdout] 7 | #[cfg(any(test, feature = "test-utils"))]
[INFO] [stdout]   |          ------------------------------ the item is gated here
[INFO] [stdout] 8 | pub mod test_utils;
[INFO] [stdout]   |         ^^^^^^^^^^
[INFO] [stdout] 
[INFO] [stdout] 
[INFO] [stdout] error[E0432]: unresolved import `zerv::test_utils`
[INFO] [stdout]  --> tests/integration_tests/version/main/formats.rs:3:11
[INFO] [stdout]   |
[INFO] [stdout] 3 | use zerv::test_utils::ZervFixture;
[INFO] [stdout]   |           ^^^^^^^^^^ could not find `test_utils` in `zerv`
[INFO] [stdout]   |
[INFO] [stdout] note: found an item that was configured out
[INFO] [stdout]  --> src/lib.rs:8:9
[INFO] [stdout]   |
[INFO] [stdout] 7 | #[cfg(any(test, feature = "test-utils"))]
[INFO] [stdout]   |          ------------------------------ the item is gated here
[INFO] [stdout] 8 | pub mod test_utils;
[INFO] [stdout]   |         ^^^^^^^^^^
[INFO] [stdout] 
[INFO] [stdout] 
[INFO] [stdout] error[E0432]: unresolved import `zerv::test_utils`
[INFO] [stdout]  --> tests/integration_tests/version/main/schemas.rs:6:11
[INFO] [stdout]   |
[INFO] [stdout] 6 | use zerv::test_utils::{
[INFO] [stdout]   |           ^^^^^^^^^^ could not find `test_utils` in `zerv`
[INFO] [stdout]   |
[INFO] [stdout] note: found an item that was configured out
[INFO] [stdout]  --> src/lib.rs:8:9
[INFO] [stdout]   |
[INFO] [stdout] 7 | #[cfg(any(test, feature = "test-utils"))]
[INFO] [stdout]   |          ------------------------------ the item is gated here
[INFO] [stdout] 8 | pub mod test_utils;
[INFO] [stdout]   |         ^^^^^^^^^^
[INFO] [stdout] 
[INFO] [stdout] 
[INFO] [stdout] error[E0432]: unresolved import `zerv::test_utils`
[INFO] [stdout]  --> tests/integration_tests/version/main/sources/git.rs:2:11
[INFO] [stdout]   |
[INFO] [stdout] 2 | use zerv::test_utils::{
[INFO] [stdout]   |           ^^^^^^^^^^ could not find `test_utils` in `zerv`
[INFO] [stdout]   |
[INFO] [stdout] note: found an item that was configured out
[INFO] [stdout]  --> src/lib.rs:8:9
[INFO] [stdout]   |
[INFO] [stdout] 7 | #[cfg(any(test, feature = "test-utils"))]
[INFO] [stdout]   |          ------------------------------ the item is gated here
[INFO] [stdout] 8 | pub mod test_utils;
[INFO] [stdout]   |         ^^^^^^^^^^
[INFO] [stdout] 
[INFO] [stdout] 
[INFO] [stdout] error[E0432]: unresolved import `zerv::test_utils`
[INFO] [stdout]  --> tests/integration_tests/version/main/sources/smart_default.rs:1:11
[INFO] [stdout]   |
[INFO] [stdout] 1 | use zerv::test_utils::ZervFixture;
[INFO] [stdout]   |           ^^^^^^^^^^ could not find `test_utils` in `zerv`
[INFO] [stdout]   |
[INFO] [stdout] note: found an item that was configured out
[INFO] [stdout]  --> src/lib.rs:8:9
[INFO] [stdout]   |
[INFO] [stdout] 7 | #[cfg(any(test, feature = "test-utils"))]
[INFO] [stdout]   |          ------------------------------ the item is gated here
[INFO] [stdout] 8 | pub mod test_utils;
[INFO] [stdout]   |         ^^^^^^^^^^
[INFO] [stdout] 
[INFO] [stdout] 
[INFO] [stdout] error[E0432]: unresolved import `zerv::test_utils`
[INFO] [stdout]  --> tests/integration_tests/version/main/sources/stdin.rs:3:11
[INFO] [stdout]   |
[INFO] [stdout] 3 | use zerv::test_utils::ZervFixture;
[INFO] [stdout]   |           ^^^^^^^^^^ could not find `test_utils` in `zerv`
[INFO] [stdout]   |
[INFO] [stdout] note: found an item that was configured out
[INFO] [stdout]  --> src/lib.rs:8:9
[INFO] [stdout]   |
[INFO] [stdout] 7 | #[cfg(any(test, feature = "test-utils"))]
[INFO] [stdout]   |          ------------------------------ the item is gated here
[INFO] [stdout] 8 | pub mod test_utils;
[INFO] [stdout]   |         ^^^^^^^^^^
[INFO] [stdout] 
[INFO] [stdout] 
[INFO] [stdout] error[E0432]: unresolved import `zerv::test_utils`
[INFO] [stdout]  --> tests/integration_tests/version/main/templates.rs:3:11
[INFO] [stdout]   |
[INFO] [stdout] 3 | use zerv::test_utils::ZervFixture;
[INFO] [stdout]   |           ^^^^^^^^^^ could not find `test_utils` in `zerv`
[INFO] [stdout]   |
[INFO] [stdout] note: found an item that was configured out
[INFO] [stdout]  --> src/lib.rs:8:9
[INFO] [stdout]   |
[INFO] [stdout] 7 | #[cfg(any(test, feature = "test-utils"))]
[INFO] [stdout]   |          ------------------------------ the item is gated here
[INFO] [stdout] 8 | pub mod test_utils;
[INFO] [stdout]   |         ^^^^^^^^^^
[INFO] [stdout] 
[INFO] [stdout] 
[INFO] [stdout] error[E0432]: unresolved import `zerv::test_utils`
[INFO] [stdout]  --> tests/integration_tests/version/overrides/combinations.rs:6:11
[INFO] [stdout]   |
[INFO] [stdout] 6 | use zerv::test_utils::ZervFixture;
[INFO] [stdout]   |           ^^^^^^^^^^ could not find `test_utils` in `zerv`
[INFO] [stdout]   |
[INFO] [stdout] note: found an item that was configured out
[INFO] [stdout]  --> src/lib.rs:8:9
[INFO] [stdout]   |
[INFO] [stdout] 7 | #[cfg(any(test, feature = "test-utils"))]
[INFO] [stdout]   |          ------------------------------ the item is gated here
[INFO] [stdout] 8 | pub mod test_utils;
[INFO] [stdout]   |         ^^^^^^^^^^
[INFO] [stdout] 
[INFO] [stdout] 
[INFO] [stdout] error[E0432]: unresolved import `zerv::test_utils`
[INFO] [stdout]  --> tests/integration_tests/version/overrides/custom.rs:5:11
[INFO] [stdout]   |
[INFO] [stdout] 5 | use zerv::test_utils::ZervFixture;
[INFO] [stdout]   |           ^^^^^^^^^^ could not find `test_utils` in `zerv`
[INFO] [stdout]   |
[INFO] [stdout] note: found an item that was configured out
[INFO] [stdout]  --> src/lib.rs:8:9
[INFO] [stdout]   |
[INFO] [stdout] 7 | #[cfg(any(test, feature = "test-utils"))]
[INFO] [stdout]   |          ------------------------------ the item is gated here
[INFO] [stdout] 8 | pub mod test_utils;
[INFO] [stdout]   |         ^^^^^^^^^^
[INFO] [stdout] 
[INFO] [stdout] 
[INFO] [stdout] error[E0432]: unresolved import `zerv::test_utils`
[INFO] [stdout]  --> tests/integration_tests/version/overrides/primary.rs:5:11
[INFO] [stdout]   |
[INFO] [stdout] 5 | use zerv::test_utils::ZervFixture;
[INFO] [stdout]   |           ^^^^^^^^^^ could not find `test_utils` in `zerv`
[INFO] [stdout]   |
[INFO] [stdout] note: found an item that was configured out
[INFO] [stdout]  --> src/lib.rs:8:9
[INFO] [stdout]   |
[INFO] [stdout] 7 | #[cfg(any(test, feature = "test-utils"))]
[INFO] [stdout]   |          ------------------------------ the item is gated here
[INFO] [stdout] 8 | pub mod test_utils;
[INFO] [stdout]   |         ^^^^^^^^^^
[INFO] [stdout] 
[INFO] [stdout] 
[INFO] [stdout] error[E0432]: unresolved import `zerv::test_utils`
[INFO] [stdout]  --> tests/integration_tests/version/overrides/schema.rs:6:11
[INFO] [stdout]   |
[INFO] [stdout] 6 | use zerv::test_utils::ZervFixture;
[INFO] [stdout]   |           ^^^^^^^^^^ could not find `test_utils` in `zerv`
[INFO] [stdout]   |
[INFO] [stdout] note: found an item that was configured out
[INFO] [stdout]  --> src/lib.rs:8:9
[INFO] [stdout]   |
[INFO] [stdout] 7 | #[cfg(any(test, feature = "test-utils"))]
[INFO] [stdout]   |          ------------------------------ the item is gated here
[INFO] [stdout] 8 | pub mod test_utils;
[INFO] [stdout]   |         ^^^^^^^^^^
[INFO] [stdout] 
[INFO] [stdout] 
[INFO] [stdout] error[E0432]: unresolved import `zerv::test_utils`
[INFO] [stdout]  --> tests/integration_tests/version/overrides/secondary.rs:5:11
[INFO] [stdout]   |
[INFO] [stdout] 5 | use zerv::test_utils::ZervFixture;
[INFO] [stdout]   |           ^^^^^^^^^^ could not find `test_utils` in `zerv`
[INFO] [stdout]   |
[INFO] [stdout] note: found an item that was configured out
[INFO] [stdout]  --> src/lib.rs:8:9
[INFO] [stdout]   |
[INFO] [stdout] 7 | #[cfg(any(test, feature = "test-utils"))]
[INFO] [stdout]   |          ------------------------------ the item is gated here
[INFO] [stdout] 8 | pub mod test_utils;
[INFO] [stdout]   |         ^^^^^^^^^^
[INFO] [stdout] 
[INFO] [stdout] 
[INFO] [stdout] error[E0432]: unresolved import `zerv::test_utils`
[INFO] [stdout]  --> tests/integration_tests/version/overrides/vcs.rs:6:11
[INFO] [stdout]   |
[INFO] [stdout] 6 | use zerv::test_utils::ZervFixture;
[INFO] [stdout]   |           ^^^^^^^^^^ could not find `test_utils` in `zerv`
[INFO] [stdout]   |
[INFO] [stdout] note: found an item that was configured out
[INFO] [stdout]  --> src/lib.rs:8:9
[INFO] [stdout]   |
[INFO] [stdout] 7 | #[cfg(any(test, feature = "test-utils"))]
[INFO] [stdout]   |          ------------------------------ the item is gated here
[INFO] [stdout] 8 | pub mod test_utils;
[INFO] [stdout]   |         ^^^^^^^^^^
[INFO] [stdout] 
[INFO] [stdout] 
[INFO] [stdout] error[E0432]: unresolved import `zerv::test_utils`
[INFO] [stdout]    --> tests/integration_tests/util/command.rs:317:19
[INFO] [stdout]     |
[INFO] [stdout] 317 |         use zerv::test_utils::ZervFixture;
[INFO] [stdout]     |                   ^^^^^^^^^^ could not find `test_utils` in `zerv`
[INFO] [stdout]     |
[INFO] [stdout] note: found an item that was configured out
[INFO] [stdout]    --> src/lib.rs:8:9
[INFO] [stdout]     |
[INFO] [stdout]   7 | #[cfg(any(test, feature = "test-utils"))]
[INFO] [stdout]     |          ------------------------------ the item is gated here
[INFO] [stdout]   8 | pub mod test_utils;
[INFO] [stdout]     |         ^^^^^^^^^^
[INFO] [stdout] 
[INFO] [stdout] 
[INFO] [stdout] error[E0432]: unresolved import `zerv::test_utils`
[INFO] [stdout]    --> tests/integration_tests/util/command.rs:340:19
[INFO] [stdout]     |
[INFO] [stdout] 340 |         use zerv::test_utils::ZervFixture;
[INFO] [stdout]     |                   ^^^^^^^^^^ could not find `test_utils` in `zerv`
[INFO] [stdout]     |
[INFO] [stdout] note: found an item that was configured out
[INFO] [stdout]    --> src/lib.rs:8:9
[INFO] [stdout]     |
[INFO] [stdout]   7 | #[cfg(any(test, feature = "test-utils"))]
[INFO] [stdout]     |          ------------------------------ the item is gated here
[INFO] [stdout]   8 | pub mod test_utils;
[INFO] [stdout]     |         ^^^^^^^^^^
[INFO] [stdout] 
[INFO] [stdout] 
[INFO] [stdout] error[E0432]: unresolved import `zerv::test_utils`
[INFO] [stdout]    --> tests/integration_tests/util/command.rs:350:19
[INFO] [stdout]     |
[INFO] [stdout] 350 |         use zerv::test_utils::ZervFixture;
[INFO] [stdout]     |                   ^^^^^^^^^^ could not find `test_utils` in `zerv`
[INFO] [stdout]     |
[INFO] [stdout] note: found an item that was configured out
[INFO] [stdout]    --> src/lib.rs:8:9
[INFO] [stdout]     |
[INFO] [stdout]   7 | #[cfg(any(test, feature = "test-utils"))]
[INFO] [stdout]     |          ------------------------------ the item is gated here
[INFO] [stdout]   8 | pub mod test_utils;
[INFO] [stdout]     |         ^^^^^^^^^^
[INFO] [stdout] 
[INFO] [stdout] 
[INFO] [stdout] For more information about this error, try `rustc --explain E0432`.
[INFO] [stdout] 
[INFO] [stderr] error: could not compile `zerv` (test "integration") due to 54 previous errors
[INFO] [stderr] warning: build failed, waiting for other jobs to finish...
[INFO] running `Command { std: "docker" "inspect" "b2aa9f3adbba049e72dff1cac2285d802520f6bb76b962166dd9427d9bcbebbd", kill_on_drop: false }`
[INFO] running `Command { std: "docker" "rm" "-f" "b2aa9f3adbba049e72dff1cac2285d802520f6bb76b962166dd9427d9bcbebbd", kill_on_drop: false }`
[INFO] [stdout] b2aa9f3adbba049e72dff1cac2285d802520f6bb76b962166dd9427d9bcbebbd
