[INFO] fetching crate zerodds-security-runtime 1.0.0-rc.6...
[INFO] testing zerodds-security-runtime-1.0.0-rc.6 against 1.100.0-beta.1+cargoflags=--release for beta-release-1.100-2
[INFO] extracting crate zerodds-security-runtime 1.0.0-rc.6 into /workspace/builds/worker-1-tc2/source
[INFO] started tweaking crates.io crate zerodds-security-runtime 1.0.0-rc.6
[INFO] removed 0 missing tests
[INFO] finished tweaking crates.io crate zerodds-security-runtime 1.0.0-rc.6
[INFO] tweaked toml for crates.io crate zerodds-security-runtime 1.0.0-rc.6 written to /workspace/builds/worker-1-tc2/source/Cargo.toml
[INFO] validating manifest of crates.io crate zerodds-security-runtime 1.0.0-rc.6 on toolchain 1.100.0-beta.1
[INFO] running `Command { std: CARGO_HOME="/workspace/cargo-home" RUSTUP_HOME="/workspace/rustup-home" "/workspace/cargo-home/bin/cargo" "+1.100.0-beta.1" "metadata" "--manifest-path" "Cargo.toml" "--no-deps", kill_on_drop: false }`
[INFO] crate crates.io crate zerodds-security-runtime 1.0.0-rc.6 already has a lockfile, it will not be regenerated
[INFO] running `Command { std: CARGO_HOME="/workspace/cargo-home" RUSTUP_HOME="/workspace/rustup-home" "/workspace/cargo-home/bin/cargo" "+1.100.0-beta.1" "fetch" "--manifest-path" "Cargo.toml", kill_on_drop: false }`
[INFO] running `Command { std: "docker" "create" "-v" "/var/lib/crater-agent-workspace/builds/worker-1-tc2/source:/opt/rustwide/workdir:ro,Z" "-v" "/var/lib/crater-agent-workspace/builds/worker-1-tc2/target:/opt/rustwide/target:rw,Z" "-v" "/var/lib/crater-agent-workspace/cargo-home:/opt/rustwide/cargo-home:ro,Z" "-v" "/var/lib/crater-agent-workspace/rustup-home:/opt/rustwide/rustup-home:ro,Z" "-m" "1610612736" "--network" "none" "ghcr.io/rust-lang/crates-build-env/linux@sha256:77db811e55d90add9212f6832c23229e3de5f1c1f9905e8cb07319ea15df73ac" "sleep" "infinity", kill_on_drop: false }`
[INFO] [stdout] d85287919fc48bf6296d55e0c1c0643d5182c43228233dc221d911a8914a3291
[INFO] running `Command { std: "docker" "start" "d85287919fc48bf6296d55e0c1c0643d5182c43228233dc221d911a8914a3291", kill_on_drop: false }`
[INFO] running `Command { std: "docker" "inspect" "d85287919fc48bf6296d55e0c1c0643d5182c43228233dc221d911a8914a3291", kill_on_drop: false }`
[INFO] running `Command { std: "docker" "exec" "-e" "SOURCE_DIR=/opt/rustwide/workdir" "-e" "CARGO_HOME=/opt/rustwide/cargo-home" "-e" "RUSTUP_HOME=/opt/rustwide/rustup-home" "-e" "CARGO_TARGET_DIR=/opt/rustwide/target" "-w" "/opt/rustwide/workdir" "--user" "0:0" "d85287919fc48bf6296d55e0c1c0643d5182c43228233dc221d911a8914a3291" "/opt/rustwide/cargo-home/bin/cargo" "+1.100.0-beta.1" "metadata" "--no-deps" "--format-version=1", kill_on_drop: false }`
[INFO] running `Command { std: "docker" "inspect" "d85287919fc48bf6296d55e0c1c0643d5182c43228233dc221d911a8914a3291", kill_on_drop: false }`
[INFO] running `Command { std: "docker" "exec" "-e" "SOURCE_DIR=/opt/rustwide/workdir" "-e" "CARGO_HOME=/opt/rustwide/cargo-home" "-e" "RUSTUP_HOME=/opt/rustwide/rustup-home" "-e" "CARGO_TARGET_DIR=/opt/rustwide/target" "-e" "CARGO_INCREMENTAL=0" "-e" "RUST_BACKTRACE=full" "-e" "RUSTFLAGS=--cap-lints=warn" "-e" "RUSTDOCFLAGS=--cap-lints=warn" "-w" "/opt/rustwide/workdir" "--user" "0:0" "d85287919fc48bf6296d55e0c1c0643d5182c43228233dc221d911a8914a3291" "/opt/rustwide/cargo-home/bin/cargo" "+1.100.0-beta.1" "build" "--frozen" "--message-format=json" "--release", kill_on_drop: false }`
[INFO] [stderr]    Compiling zerodds-foundation v1.0.0-rc.6
[INFO] [stderr]    Compiling syn v2.0.117
[INFO] [stderr]    Compiling ring v0.17.14
[INFO] [stderr]    Compiling getrandom v0.2.17
[INFO] [stderr]    Compiling const-oid v0.9.6
[INFO] [stderr]    Compiling flagset v0.4.7
[INFO] [stderr]    Compiling zerodds-security v1.0.0-rc.6
[INFO] [stderr]    Compiling rustls-pki-types v1.14.0
[INFO] [stderr]    Compiling portable-atomic v1.13.1
[INFO] [stderr]    Compiling zerodds-cdr v1.0.0-rc.6
[INFO] [stderr]    Compiling zerodds-monitor v1.0.0-rc.6
[INFO] [stderr]    Compiling digest v0.10.7
[INFO] [stderr]    Compiling sha2 v0.10.9
[INFO] [stderr]    Compiling zerodds-qos v1.0.0-rc.6
[INFO] [stderr]    Compiling zerodds-types v1.0.0-rc.6
[INFO] [stderr]    Compiling roxmltree v0.20.0
[INFO] [stderr]    Compiling zerodds-security-rtps v1.0.0-rc.6
[INFO] [stderr]    Compiling zerodds-rtps v1.0.0-rc.6
[INFO] [stderr]    Compiling der_derive v0.7.3
[INFO] [stderr]    Compiling der v0.7.10
[INFO] [stderr]    Compiling spki v0.7.3
[INFO] [stderr]    Compiling x509-cert v0.2.5
[INFO] [stderr]    Compiling cms v0.2.3
[INFO] [stderr]    Compiling zerodds-security-keyexchange v1.0.0-rc.6
[INFO] [stderr]    Compiling rustls-webpki v0.103.13
[INFO] [stderr]    Compiling zerodds-security-crypto v1.0.0-rc.6
[INFO] [stderr]    Compiling zerodds-security-pki v1.0.0-rc.6
[INFO] [stderr]    Compiling zerodds-security-permissions v1.0.0-rc.6
[INFO] [stderr]    Compiling zerodds-security-runtime v1.0.0-rc.6 (/opt/rustwide/workdir)
[INFO] [stderr]     Finished `release` profile [optimized] target(s) in 26.05s
[INFO] running `Command { std: "docker" "inspect" "d85287919fc48bf6296d55e0c1c0643d5182c43228233dc221d911a8914a3291", kill_on_drop: false }`
[INFO] running `Command { std: "docker" "exec" "-e" "SOURCE_DIR=/opt/rustwide/workdir" "-e" "CARGO_HOME=/opt/rustwide/cargo-home" "-e" "RUSTUP_HOME=/opt/rustwide/rustup-home" "-e" "CARGO_TARGET_DIR=/opt/rustwide/target" "-e" "CARGO_INCREMENTAL=0" "-e" "RUST_BACKTRACE=full" "-e" "RUSTFLAGS=--cap-lints=warn" "-e" "RUSTDOCFLAGS=--cap-lints=warn" "-w" "/opt/rustwide/workdir" "--user" "0:0" "d85287919fc48bf6296d55e0c1c0643d5182c43228233dc221d911a8914a3291" "/opt/rustwide/cargo-home/bin/cargo" "+1.100.0-beta.1" "test" "--frozen" "--no-run" "--message-format=json" "--release", kill_on_drop: false }`
[INFO] [stderr]    Compiling zerodds-security-runtime v1.0.0-rc.6 (/opt/rustwide/workdir)
[INFO] [stdout] error[E0433]: cannot find module or crate `zerodds_discovery` in this scope
[INFO] [stdout]   --> tests/cyclone_live_security_caps.rs:73:5
[INFO] [stdout]    |
[INFO] [stdout] 73 | use zerodds_discovery::spdp::{SpdpBeacon, SpdpReader};
[INFO] [stdout]    |     ^^^^^^^^^^^^^^^^^ use of unresolved module or unlinked crate `zerodds_discovery`
[INFO] [stdout]    |
[INFO] [stdout]    = help: if you wanted to use a crate named `zerodds_discovery`, use `cargo add zerodds_discovery` to add it to your `Cargo.toml`
[INFO] [stdout] 
[INFO] [stdout] 
[INFO] [stdout] error[E0433]: cannot find module or crate `zerodds_discovery` in this scope
[INFO] [stdout]   --> tests/delegation_vehicle_mesh_e2e.rs:40:5
[INFO] [stdout]    |
[INFO] [stdout] 40 | use zerodds_discovery::spdp::{SpdpBeacon, SpdpReader};
[INFO] [stdout]    |     ^^^^^^^^^^^^^^^^^ use of unresolved module or unlinked crate `zerodds_discovery`
[INFO] [stdout]    |
[INFO] [stdout]    = help: if you wanted to use a crate named `zerodds_discovery`, use `cargo add zerodds_discovery` to add it to your `Cargo.toml`
[INFO] [stdout] 
[INFO] [stdout] 
[INFO] [stdout] error[E0433]: cannot find module or crate `zerodds_discovery` in this scope
[INFO] [stdout]   --> tests/spdp_caps_e2e.rs:27:5
[INFO] [stdout]    |
[INFO] [stdout] 27 | use zerodds_discovery::spdp::{SpdpBeacon, SpdpReader};
[INFO] [stdout]    |     ^^^^^^^^^^^^^^^^^ use of unresolved module or unlinked crate `zerodds_discovery`
[INFO] [stdout]    |
[INFO] [stdout]    = help: if you wanted to use a crate named `zerodds_discovery`, use `cargo add zerodds_discovery` to add it to your `Cargo.toml`
[INFO] [stdout] 
[INFO] [stdout] 
[INFO] [stdout] error[E0432]: unresolved import `zerodds_security_logging`
[INFO] [stdout]   --> tests/conformance_matrix.rs:51:5
[INFO] [stdout]    |
[INFO] [stdout] 51 | use zerodds_security_logging::StderrLoggingPlugin;
[INFO] [stdout]    |     ^^^^^^^^^^^^^^^^^^^^^^^^ use of unresolved module or unlinked crate `zerodds_security_logging`
[INFO] [stdout]    |
[INFO] [stdout] help: there is a crate or module with a similar name
[INFO] [stdout]    |
[INFO] [stdout] 51 - use zerodds_security_logging::StderrLoggingPlugin;
[INFO] [stdout] 51 + use zerodds_security_pki::StderrLoggingPlugin;
[INFO] [stdout]    |
[INFO] [stdout] 
[INFO] [stdout] 
[INFO] [stdout] error[E0277]: the size for values of type `[u8]` cannot be known at compilation time
[INFO] [stdout]    --> tests/cyclone_live_security_caps.rs:251:20
[INFO] [stdout]     |
[INFO] [stdout] 251 |             if let Ok(d) = beacon.serialize() {
[INFO] [stdout]     |                    ^^^^^ doesn't have a size known at compile-time
[INFO] [stdout]     |
[INFO] [stdout]     = help: the trait `Sized` is not implemented for `[u8]`
[INFO] [stdout] note: required by a bound in `Ok`
[INFO] [stdout]    --> /rustc/e3feeb59cd1bdd011a2bfcc0747b55125d9b8527/library/core/src/result.rs:562:4
[INFO] [stdout] 
[INFO] [stdout] 
[INFO] [stdout] For more information about this error, try `rustc --explain E0433`.
[INFO] [stdout] 
[INFO] [stdout] For more information about this error, try `rustc --explain E0433`.
[INFO] [stdout] 
[INFO] [stderr] error: could not compile `zerodds-security-runtime` (test "spdp_caps_e2e") due to 1 previous error
[INFO] [stderr] warning: build failed, waiting for other jobs to finish...
[INFO] [stderr] error: could not compile `zerodds-security-runtime` (test "delegation_vehicle_mesh_e2e") due to 1 previous error
[INFO] [stdout] Some errors have detailed explanations: E0277, E0433.
[INFO] [stdout] 
[INFO] [stdout] For more information about an error, try `rustc --explain E0277`.
[INFO] [stdout] 
[INFO] [stderr] error: could not compile `zerodds-security-runtime` (test "cyclone_live_security_caps") due to 2 previous errors
[INFO] [stdout] For more information about this error, try `rustc --explain E0432`.
[INFO] [stdout] 
[INFO] [stderr] error: could not compile `zerodds-security-runtime` (test "conformance_matrix") due to 1 previous error
[INFO] running `Command { std: "docker" "inspect" "d85287919fc48bf6296d55e0c1c0643d5182c43228233dc221d911a8914a3291", kill_on_drop: false }`
[INFO] running `Command { std: "docker" "rm" "-f" "d85287919fc48bf6296d55e0c1c0643d5182c43228233dc221d911a8914a3291", kill_on_drop: false }`
[INFO] [stdout] d85287919fc48bf6296d55e0c1c0643d5182c43228233dc221d911a8914a3291
