[INFO] fetching crate zerodds-dcps 1.0.0-rc.6...
[INFO] testing zerodds-dcps-1.0.0-rc.6 against 1.100.0-beta.1+cargoflags=--release for beta-release-1.100-2
[INFO] extracting crate zerodds-dcps 1.0.0-rc.6 into /workspace/builds/worker-7-tc2/source
[INFO] started tweaking crates.io crate zerodds-dcps 1.0.0-rc.6
[INFO] removed 0 missing examples
[INFO] removed 0 missing tests
[INFO] finished tweaking crates.io crate zerodds-dcps 1.0.0-rc.6
[INFO] tweaked toml for crates.io crate zerodds-dcps 1.0.0-rc.6 written to /workspace/builds/worker-7-tc2/source/Cargo.toml
[INFO] validating manifest of crates.io crate zerodds-dcps 1.0.0-rc.6 on toolchain 1.100.0-beta.1
[INFO] running `Command { std: CARGO_HOME="/workspace/cargo-home" RUSTUP_HOME="/workspace/rustup-home" "/workspace/cargo-home/bin/cargo" "+1.100.0-beta.1" "metadata" "--manifest-path" "Cargo.toml" "--no-deps", kill_on_drop: false }`
[INFO] crate crates.io crate zerodds-dcps 1.0.0-rc.6 already has a lockfile, it will not be regenerated
[INFO] running `Command { std: CARGO_HOME="/workspace/cargo-home" RUSTUP_HOME="/workspace/rustup-home" "/workspace/cargo-home/bin/cargo" "+1.100.0-beta.1" "fetch" "--manifest-path" "Cargo.toml", kill_on_drop: false }`
[INFO] running `Command { std: "docker" "create" "-v" "/var/lib/crater-agent-workspace/builds/worker-7-tc2/source:/opt/rustwide/workdir:ro,Z" "-v" "/var/lib/crater-agent-workspace/builds/worker-7-tc2/target:/opt/rustwide/target:rw,Z" "-v" "/var/lib/crater-agent-workspace/cargo-home:/opt/rustwide/cargo-home:ro,Z" "-v" "/var/lib/crater-agent-workspace/rustup-home:/opt/rustwide/rustup-home:ro,Z" "-m" "1610612736" "--network" "none" "ghcr.io/rust-lang/crates-build-env/linux@sha256:77db811e55d90add9212f6832c23229e3de5f1c1f9905e8cb07319ea15df73ac" "sleep" "infinity", kill_on_drop: false }`
[INFO] [stdout] e87606fdc6d5b447db91ac3c2d6d2927552fd1fe8b3e421ecf3f2ae7a8296e43
[INFO] running `Command { std: "docker" "start" "e87606fdc6d5b447db91ac3c2d6d2927552fd1fe8b3e421ecf3f2ae7a8296e43", kill_on_drop: false }`
[INFO] running `Command { std: "docker" "inspect" "e87606fdc6d5b447db91ac3c2d6d2927552fd1fe8b3e421ecf3f2ae7a8296e43", kill_on_drop: false }`
[INFO] running `Command { std: "docker" "exec" "-e" "SOURCE_DIR=/opt/rustwide/workdir" "-e" "CARGO_HOME=/opt/rustwide/cargo-home" "-e" "RUSTUP_HOME=/opt/rustwide/rustup-home" "-e" "CARGO_TARGET_DIR=/opt/rustwide/target" "-w" "/opt/rustwide/workdir" "--user" "0:0" "e87606fdc6d5b447db91ac3c2d6d2927552fd1fe8b3e421ecf3f2ae7a8296e43" "/opt/rustwide/cargo-home/bin/cargo" "+1.100.0-beta.1" "metadata" "--no-deps" "--format-version=1", kill_on_drop: false }`
[INFO] running `Command { std: "docker" "inspect" "e87606fdc6d5b447db91ac3c2d6d2927552fd1fe8b3e421ecf3f2ae7a8296e43", kill_on_drop: false }`
[INFO] running `Command { std: "docker" "exec" "-e" "SOURCE_DIR=/opt/rustwide/workdir" "-e" "CARGO_HOME=/opt/rustwide/cargo-home" "-e" "RUSTUP_HOME=/opt/rustwide/rustup-home" "-e" "CARGO_TARGET_DIR=/opt/rustwide/target" "-e" "CARGO_INCREMENTAL=0" "-e" "RUST_BACKTRACE=full" "-e" "RUSTFLAGS=--cap-lints=warn" "-e" "RUSTDOCFLAGS=--cap-lints=warn" "-w" "/opt/rustwide/workdir" "--user" "0:0" "e87606fdc6d5b447db91ac3c2d6d2927552fd1fe8b3e421ecf3f2ae7a8296e43" "/opt/rustwide/cargo-home/bin/cargo" "+1.100.0-beta.1" "build" "--frozen" "--message-format=json" "--release", kill_on_drop: false }`
[INFO] [stderr]    Compiling zerodds-foundation v1.0.0-rc.6
[INFO] [stderr]    Compiling portable-atomic v1.13.1
[INFO] [stderr]    Compiling zerodds-security v1.0.0-rc.6
[INFO] [stderr]    Compiling zerodds-sql-filter v1.0.0-rc.6
[INFO] [stderr]    Compiling zerodds-cdr v1.0.0-rc.6
[INFO] [stderr]    Compiling zerodds-monitor v1.0.0-rc.6
[INFO] [stderr]    Compiling zerodds-types v1.0.0-rc.6
[INFO] [stderr]    Compiling zerodds-qos v1.0.0-rc.6
[INFO] [stderr]    Compiling zerodds-rtps v1.0.0-rc.6
[INFO] [stderr]    Compiling zerodds-transport v1.0.0-rc.6
[INFO] [stderr]    Compiling zerodds-discovery v1.0.0-rc.6
[INFO] [stderr]    Compiling zerodds-transport-udp v1.0.0-rc.6
[INFO] [stderr]    Compiling zerodds-transport-tcp v1.0.0-rc.6
[INFO] [stderr]    Compiling zerodds-dcps v1.0.0-rc.6 (/opt/rustwide/workdir)
[INFO] [stderr]     Finished `release` profile [optimized] target(s) in 15.14s
[INFO] running `Command { std: "docker" "inspect" "e87606fdc6d5b447db91ac3c2d6d2927552fd1fe8b3e421ecf3f2ae7a8296e43", kill_on_drop: false }`
[INFO] running `Command { std: "docker" "exec" "-e" "SOURCE_DIR=/opt/rustwide/workdir" "-e" "CARGO_HOME=/opt/rustwide/cargo-home" "-e" "RUSTUP_HOME=/opt/rustwide/rustup-home" "-e" "CARGO_TARGET_DIR=/opt/rustwide/target" "-e" "CARGO_INCREMENTAL=0" "-e" "RUST_BACKTRACE=full" "-e" "RUSTFLAGS=--cap-lints=warn" "-e" "RUSTDOCFLAGS=--cap-lints=warn" "-w" "/opt/rustwide/workdir" "--user" "0:0" "e87606fdc6d5b447db91ac3c2d6d2927552fd1fe8b3e421ecf3f2ae7a8296e43" "/opt/rustwide/cargo-home/bin/cargo" "+1.100.0-beta.1" "test" "--frozen" "--no-run" "--message-format=json" "--release", kill_on_drop: false }`
[INFO] [stderr]    Compiling proc-macro2 v1.0.106
[INFO] [stderr]    Compiling quote v1.0.45
[INFO] [stderr]    Compiling time-core v0.1.4
[INFO] [stderr]    Compiling cc v1.2.60
[INFO] [stderr]    Compiling deranged v0.4.0
[INFO] [stderr]    Compiling num-conv v0.1.0
[INFO] [stderr]    Compiling parking_lot_core v0.9.12
[INFO] [stderr]    Compiling futures-util v0.3.32
[INFO] [stderr]    Compiling sdd v3.0.10
[INFO] [stderr]    Compiling base64 v0.22.1
[INFO] [stderr]    Compiling tempfile v3.27.0
[INFO] [stderr]    Compiling parking_lot v0.12.5
[INFO] [stderr]    Compiling scc v2.4.0
[INFO] [stderr]    Compiling pem v3.0.6
[INFO] [stderr]    Compiling time v0.3.41
[INFO] [stderr]    Compiling syn v2.0.117
[INFO] [stderr]    Compiling ring v0.17.14
[INFO] [stderr]    Compiling yasna v0.5.2
[INFO] [stderr]    Compiling futures-executor v0.3.32
[INFO] [stderr]    Compiling serial_test_derive v3.4.0
[INFO] [stderr]    Compiling serial_test v3.4.0
[INFO] [stderr]    Compiling rcgen v0.13.2
[INFO] [stderr]    Compiling zerodds-dcps v1.0.0-rc.6 (/opt/rustwide/workdir)
[INFO] [stdout] error[E0433]: cannot find module or crate `zerodds_recorder` in this scope
[INFO] [stdout]   --> tests/type_following_record_e2e.rs:36:5
[INFO] [stdout]    |
[INFO] [stdout] 36 | use zerodds_recorder::format::{ParticipantEntry, SampleKind};
[INFO] [stdout]    |     ^^^^^^^^^^^^^^^^ use of unresolved module or unlinked crate `zerodds_recorder`
[INFO] [stdout]    |
[INFO] [stdout] help: there is a crate or module with a similar name
[INFO] [stdout]    |
[INFO] [stdout] 36 - use zerodds_recorder::format::{ParticipantEntry, SampleKind};
[INFO] [stdout] 36 + use zerodds_cdr::format::{ParticipantEntry, SampleKind};
[INFO] [stdout]    |
[INFO] [stdout] 
[INFO] [stdout] 
[INFO] [stdout] error[E0433]: cannot find module or crate `zerodds_recorder` in this scope
[INFO] [stdout]   --> tests/type_following_record_e2e.rs:37:5
[INFO] [stdout]    |
[INFO] [stdout] 37 | use zerodds_recorder::reader::RecordReader;
[INFO] [stdout]    |     ^^^^^^^^^^^^^^^^ use of unresolved module or unlinked crate `zerodds_recorder`
[INFO] [stdout]    |
[INFO] [stdout] help: there is a crate or module with a similar name
[INFO] [stdout]    |
[INFO] [stdout] 37 - use zerodds_recorder::reader::RecordReader;
[INFO] [stdout] 37 + use zerodds_cdr::reader::RecordReader;
[INFO] [stdout]    |
[INFO] [stdout] 
[INFO] [stdout] 
[INFO] [stdout] error[E0433]: cannot find module or crate `zerodds_recorder` in this scope
[INFO] [stdout]   --> tests/type_following_record_e2e.rs:38:5
[INFO] [stdout]    |
[INFO] [stdout] 38 | use zerodds_recorder::session::{RecordingSession, SessionOptions, TopicKey};
[INFO] [stdout]    |     ^^^^^^^^^^^^^^^^ use of unresolved module or unlinked crate `zerodds_recorder`
[INFO] [stdout]    |
[INFO] [stdout] help: there is a crate or module with a similar name
[INFO] [stdout]    |
[INFO] [stdout] 38 - use zerodds_recorder::session::{RecordingSession, SessionOptions, TopicKey};
[INFO] [stdout] 38 + use zerodds_cdr::session::{RecordingSession, SessionOptions, TopicKey};
[INFO] [stdout]    |
[INFO] [stdout] 
[INFO] [stdout] 
[INFO] [stdout] For more information about this error, try `rustc --explain E0433`.
[INFO] [stdout] 
[INFO] [stderr] error: could not compile `zerodds-dcps` (test "type_following_record_e2e") due to 3 previous errors
[INFO] [stderr] warning: build failed, waiting for other jobs to finish...
[INFO] running `Command { std: "docker" "inspect" "e87606fdc6d5b447db91ac3c2d6d2927552fd1fe8b3e421ecf3f2ae7a8296e43", kill_on_drop: false }`
[INFO] running `Command { std: "docker" "rm" "-f" "e87606fdc6d5b447db91ac3c2d6d2927552fd1fe8b3e421ecf3f2ae7a8296e43", kill_on_drop: false }`
[INFO] [stdout] e87606fdc6d5b447db91ac3c2d6d2927552fd1fe8b3e421ecf3f2ae7a8296e43
