[INFO] fetching crate zerodds-amqp-endpoint 1.0.0-rc.6...
[INFO] testing zerodds-amqp-endpoint-1.0.0-rc.6 against 1.99.0-beta.8+cargoflags=--release for beta-release-1.100-2
[INFO] extracting crate zerodds-amqp-endpoint 1.0.0-rc.6 into /workspace/builds/worker-0-tc1/source
[INFO] started tweaking crates.io crate zerodds-amqp-endpoint 1.0.0-rc.6
[INFO] removed 0 missing tests
[INFO] finished tweaking crates.io crate zerodds-amqp-endpoint 1.0.0-rc.6
[INFO] tweaked toml for crates.io crate zerodds-amqp-endpoint 1.0.0-rc.6 written to /workspace/builds/worker-0-tc1/source/Cargo.toml
[INFO] validating manifest of crates.io crate zerodds-amqp-endpoint 1.0.0-rc.6 on toolchain 1.99.0-beta.8
[INFO] running `Command { std: CARGO_HOME="/workspace/cargo-home" RUSTUP_HOME="/workspace/rustup-home" "/workspace/cargo-home/bin/cargo" "+1.99.0-beta.8" "metadata" "--manifest-path" "Cargo.toml" "--no-deps", kill_on_drop: false }`
[INFO] crate crates.io crate zerodds-amqp-endpoint 1.0.0-rc.6 already has a lockfile, it will not be regenerated
[INFO] running `Command { std: CARGO_HOME="/workspace/cargo-home" RUSTUP_HOME="/workspace/rustup-home" "/workspace/cargo-home/bin/cargo" "+1.99.0-beta.8" "fetch" "--manifest-path" "Cargo.toml", kill_on_drop: false }`
[INFO] [stderr]     Blocking waiting for file lock on package cache
[INFO] [stderr]     Updating crates.io index
[INFO] [stderr]     Blocking waiting for file lock on package cache
[INFO] [stderr]  Downloading crates ...
[INFO] [stderr]   Downloaded zerodds-amqp-bridge v1.0.0-rc.6
[INFO] running `Command { std: "docker" "create" "-v" "/var/lib/crater-agent-workspace/builds/worker-0-tc1/source:/opt/rustwide/workdir:ro,Z" "-v" "/var/lib/crater-agent-workspace/builds/worker-0-tc1/target:/opt/rustwide/target:rw,Z" "-v" "/var/lib/crater-agent-workspace/cargo-home:/opt/rustwide/cargo-home:ro,Z" "-v" "/var/lib/crater-agent-workspace/rustup-home:/opt/rustwide/rustup-home:ro,Z" "-m" "1610612736" "--network" "none" "ghcr.io/rust-lang/crates-build-env/linux@sha256:77db811e55d90add9212f6832c23229e3de5f1c1f9905e8cb07319ea15df73ac" "sleep" "infinity", kill_on_drop: false }`
[INFO] [stdout] caded1e1a51794175945de43268e58536fd61559482a68d024b8bc4786165a94
[INFO] running `Command { std: "docker" "start" "caded1e1a51794175945de43268e58536fd61559482a68d024b8bc4786165a94", kill_on_drop: false }`
[INFO] running `Command { std: "docker" "inspect" "caded1e1a51794175945de43268e58536fd61559482a68d024b8bc4786165a94", kill_on_drop: false }`
[INFO] running `Command { std: "docker" "exec" "-e" "SOURCE_DIR=/opt/rustwide/workdir" "-e" "CARGO_HOME=/opt/rustwide/cargo-home" "-e" "RUSTUP_HOME=/opt/rustwide/rustup-home" "-e" "CARGO_TARGET_DIR=/opt/rustwide/target" "-w" "/opt/rustwide/workdir" "--user" "0:0" "caded1e1a51794175945de43268e58536fd61559482a68d024b8bc4786165a94" "/opt/rustwide/cargo-home/bin/cargo" "+1.99.0-beta.8" "metadata" "--no-deps" "--format-version=1", kill_on_drop: false }`
[INFO] running `Command { std: "docker" "inspect" "caded1e1a51794175945de43268e58536fd61559482a68d024b8bc4786165a94", kill_on_drop: false }`
[INFO] running `Command { std: "docker" "exec" "-e" "SOURCE_DIR=/opt/rustwide/workdir" "-e" "CARGO_HOME=/opt/rustwide/cargo-home" "-e" "RUSTUP_HOME=/opt/rustwide/rustup-home" "-e" "CARGO_TARGET_DIR=/opt/rustwide/target" "-e" "CARGO_INCREMENTAL=0" "-e" "RUST_BACKTRACE=full" "-e" "RUSTFLAGS=--cap-lints=warn" "-e" "RUSTDOCFLAGS=--cap-lints=warn" "-w" "/opt/rustwide/workdir" "--user" "0:0" "caded1e1a51794175945de43268e58536fd61559482a68d024b8bc4786165a94" "/opt/rustwide/cargo-home/bin/cargo" "+1.99.0-beta.8" "build" "--frozen" "--message-format=json" "--release", kill_on_drop: false }`
[INFO] [stderr]    Compiling typenum v1.20.0
[INFO] [stderr]    Compiling zeroize v1.8.2
[INFO] [stderr]    Compiling zerodds-foundation v1.0.0-rc.6
[INFO] [stderr]    Compiling rustls v0.23.40
[INFO] [stderr]    Compiling signal-hook v0.3.18
[INFO] [stderr]    Compiling base64 v0.22.1
[INFO] [stderr]    Compiling cc v1.2.60
[INFO] [stderr]    Compiling roxmltree v0.20.0
[INFO] [stderr]    Compiling zerodds-amqp-bridge v1.0.0-rc.6
[INFO] [stderr]    Compiling getrandom v0.2.17
[INFO] [stderr]    Compiling rustls-pki-types v1.14.0
[INFO] [stderr]    Compiling zerodds-cdr v1.0.0-rc.6
[INFO] [stderr]    Compiling zerodds-monitor v1.0.0-rc.6
[INFO] [stderr]    Compiling zerodds-observability-otlp v1.0.0-rc.6
[INFO] [stderr]    Compiling rustls-pemfile v2.2.0
[INFO] [stderr]    Compiling zerodds-qos v1.0.0-rc.6
[INFO] [stderr]    Compiling generic-array v0.14.7
[INFO] [stderr]    Compiling ring v0.17.14
[INFO] [stderr]    Compiling block-buffer v0.10.4
[INFO] [stderr]    Compiling crypto-common v0.1.7
[INFO] [stderr]    Compiling digest v0.10.7
[INFO] [stderr]    Compiling hmac v0.12.1
[INFO] [stderr]    Compiling sha2 v0.10.9
[INFO] [stderr]    Compiling rustls-webpki v0.103.13
[INFO] [stderr]    Compiling zerodds-bridge-security v1.0.0-rc.6
[INFO] [stderr]    Compiling zerodds-amqp-endpoint v1.0.0-rc.6 (/opt/rustwide/workdir)
[INFO] [stderr]     Finished `release` profile [optimized] target(s) in 37.67s
[INFO] running `Command { std: "docker" "inspect" "caded1e1a51794175945de43268e58536fd61559482a68d024b8bc4786165a94", kill_on_drop: false }`
[INFO] running `Command { std: "docker" "exec" "-e" "SOURCE_DIR=/opt/rustwide/workdir" "-e" "CARGO_HOME=/opt/rustwide/cargo-home" "-e" "RUSTUP_HOME=/opt/rustwide/rustup-home" "-e" "CARGO_TARGET_DIR=/opt/rustwide/target" "-e" "CARGO_INCREMENTAL=0" "-e" "RUST_BACKTRACE=full" "-e" "RUSTFLAGS=--cap-lints=warn" "-e" "RUSTDOCFLAGS=--cap-lints=warn" "-w" "/opt/rustwide/workdir" "--user" "0:0" "caded1e1a51794175945de43268e58536fd61559482a68d024b8bc4786165a94" "/opt/rustwide/cargo-home/bin/cargo" "+1.99.0-beta.8" "test" "--frozen" "--no-run" "--message-format=json" "--release", kill_on_drop: false }`
[INFO] [stderr]    Compiling zerocopy v0.8.48
[INFO] [stderr]    Compiling pem v3.0.6
[INFO] [stderr]    Compiling bitflags v2.11.1
[INFO] [stderr]    Compiling time v0.3.41
[INFO] [stderr]    Compiling yasna v0.5.2
[INFO] [stderr]    Compiling rcgen v0.13.2
[INFO] [stderr]    Compiling ppv-lite86 v0.2.21
[INFO] [stderr]    Compiling rand_chacha v0.9.0
[INFO] [stderr]    Compiling proptest v1.11.0
[INFO] [stderr]    Compiling zerodds-amqp-endpoint v1.0.0-rc.6 (/opt/rustwide/workdir)
[INFO] [stdout] error[E0433]: cannot find module or crate `zerodds_amqp_0_9_1` in this scope
[INFO] [stdout]   --> tests/rabbitmq_cross_stack_e2e.rs:15:5
[INFO] [stdout]    |
[INFO] [stdout] 15 | use zerodds_amqp_0_9_1::client::Amqp091Client;
[INFO] [stdout]    |     ^^^^^^^^^^^^^^^^^^ use of unresolved module or unlinked crate `zerodds_amqp_0_9_1`
[INFO] [stdout]    |
[INFO] [stdout] help: there is a crate or module with a similar name
[INFO] [stdout]    |
[INFO] [stdout] 15 - use zerodds_amqp_0_9_1::client::Amqp091Client;
[INFO] [stdout] 15 + use zerodds_amqp_bridge::client::Amqp091Client;
[INFO] [stdout]    |
[INFO] [stdout] 
[INFO] [stdout] 
[INFO] [stdout] For more information about this error, try `rustc --explain E0433`.
[INFO] [stdout] 
[INFO] [stderr] error: could not compile `zerodds-amqp-endpoint` (test "rabbitmq_cross_stack_e2e") due to 1 previous error
[INFO] [stderr] warning: build failed, waiting for other jobs to finish...
[INFO] [stdout] error[E0433]: cannot find module or crate `zerodds_idl` in this scope
[INFO] [stdout]   --> tests/annex_a_idl_roundtrip.rs:38:5
[INFO] [stdout]    |
[INFO] [stdout] 38 | use zerodds_idl::ast::{ConstrTypeDecl, Definition, ModuleDef, StructDcl, TypeDecl};
[INFO] [stdout]    |     ^^^^^^^^^^^ use of unresolved module or unlinked crate `zerodds_idl`
[INFO] [stdout]    |
[INFO] [stdout] help: there is a crate or module with a similar name
[INFO] [stdout]    |
[INFO] [stdout] 38 - use zerodds_idl::ast::{ConstrTypeDecl, Definition, ModuleDef, StructDcl, TypeDecl};
[INFO] [stdout] 38 + use zerodds_qos::ast::{ConstrTypeDecl, Definition, ModuleDef, StructDcl, TypeDecl};
[INFO] [stdout]    |
[INFO] [stdout] 
[INFO] [stdout] 
[INFO] [stdout] error[E0433]: cannot find module or crate `zerodds_idl` in this scope
[INFO] [stdout]   --> tests/annex_a_idl_roundtrip.rs:39:5
[INFO] [stdout]    |
[INFO] [stdout] 39 | use zerodds_idl::config::ParserConfig;
[INFO] [stdout]    |     ^^^^^^^^^^^ use of unresolved module or unlinked crate `zerodds_idl`
[INFO] [stdout]    |
[INFO] [stdout] help: there is a crate or module with a similar name
[INFO] [stdout]    |
[INFO] [stdout] 39 - use zerodds_idl::config::ParserConfig;
[INFO] [stdout] 39 + use zerodds_qos::config::ParserConfig;
[INFO] [stdout]    |
[INFO] [stdout] 
[INFO] [stdout] 
[INFO] [stdout] error[E0433]: cannot find module or crate `zerodds_idl` in this scope
[INFO] [stdout]    --> tests/annex_a_idl_roundtrip.rs:156:23
[INFO] [stdout]     |
[INFO] [stdout] 156 | fn parse_annex_a() -> zerodds_idl::ast::Specification {
[INFO] [stdout]     |                       ^^^^^^^^^^^ use of unresolved module or unlinked crate `zerodds_idl`
[INFO] [stdout]     |
[INFO] [stdout] help: there is a crate or module with a similar name
[INFO] [stdout]     |
[INFO] [stdout] 156 - fn parse_annex_a() -> zerodds_idl::ast::Specification {
[INFO] [stdout] 156 + fn parse_annex_a() -> zerodds_qos::ast::Specification {
[INFO] [stdout]     |
[INFO] [stdout] 
[INFO] [stdout] 
[INFO] [stdout] error[E0433]: cannot find module or crate `zerodds_idl` in this scope
[INFO] [stdout]    --> tests/annex_a_idl_roundtrip.rs:163:29
[INFO] [stdout]     |
[INFO] [stdout] 163 | fn inner_definitions(spec: &zerodds_idl::ast::Specification) -> &[Definition] {
[INFO] [stdout]     |                             ^^^^^^^^^^^ use of unresolved module or unlinked crate `zerodds_idl`
[INFO] [stdout]     |
[INFO] [stdout] help: there is a crate or module with a similar name
[INFO] [stdout]     |
[INFO] [stdout] 163 - fn inner_definitions(spec: &zerodds_idl::ast::Specification) -> &[Definition] {
[INFO] [stdout] 163 + fn inner_definitions(spec: &zerodds_qos::ast::Specification) -> &[Definition] {
[INFO] [stdout]     |
[INFO] [stdout] 
[INFO] [stdout] 
[INFO] [stdout] error[E0433]: cannot find module or crate `zerodds_idl` in this scope
[INFO] [stdout]    --> tests/annex_a_idl_roundtrip.rs:157:5
[INFO] [stdout]     |
[INFO] [stdout] 157 |     zerodds_idl::parse(ANNEX_A_IDL, &ParserConfig::default())
[INFO] [stdout]     |     ^^^^^^^^^^^ use of unresolved module or unlinked crate `zerodds_idl`
[INFO] [stdout]     |
[INFO] [stdout] help: there is a crate or module with a similar name
[INFO] [stdout]     |
[INFO] [stdout] 157 -     zerodds_idl::parse(ANNEX_A_IDL, &ParserConfig::default())
[INFO] [stdout] 157 +     zerodds_qos::parse(ANNEX_A_IDL, &ParserConfig::default())
[INFO] [stdout]     |
[INFO] [stdout] 
[INFO] [stdout] 
[INFO] [stdout] For more information about this error, try `rustc --explain E0433`.
[INFO] [stdout] 
[INFO] [stderr] error: could not compile `zerodds-amqp-endpoint` (test "annex_a_idl_roundtrip") due to 5 previous errors
[INFO] running `Command { std: "docker" "inspect" "caded1e1a51794175945de43268e58536fd61559482a68d024b8bc4786165a94", kill_on_drop: false }`
[INFO] running `Command { std: "docker" "rm" "-f" "caded1e1a51794175945de43268e58536fd61559482a68d024b8bc4786165a94", kill_on_drop: false }`
[INFO] [stdout] caded1e1a51794175945de43268e58536fd61559482a68d024b8bc4786165a94
