[INFO] fetching crate zerodb-core 0.2.0...
[INFO] testing zerodb-core-0.2.0 against 1.99.0-beta.8+cargoflags=--release for beta-release-1.100-2
[INFO] extracting crate zerodb-core 0.2.0 into /workspace/builds/worker-4-tc1/source
[INFO] started tweaking crates.io crate zerodb-core 0.2.0
[INFO] removed 0 missing tests
[INFO] finished tweaking crates.io crate zerodb-core 0.2.0
[INFO] tweaked toml for crates.io crate zerodb-core 0.2.0 written to /workspace/builds/worker-4-tc1/source/Cargo.toml
[INFO] validating manifest of crates.io crate zerodb-core 0.2.0 on toolchain 1.99.0-beta.8
[INFO] running `Command { std: CARGO_HOME="/workspace/cargo-home" RUSTUP_HOME="/workspace/rustup-home" "/workspace/cargo-home/bin/cargo" "+1.99.0-beta.8" "metadata" "--manifest-path" "Cargo.toml" "--no-deps", kill_on_drop: false }`
[INFO] crate crates.io crate zerodb-core 0.2.0 already has a lockfile, it will not be regenerated
[INFO] running `Command { std: CARGO_HOME="/workspace/cargo-home" RUSTUP_HOME="/workspace/rustup-home" "/workspace/cargo-home/bin/cargo" "+1.99.0-beta.8" "fetch" "--manifest-path" "Cargo.toml", kill_on_drop: false }`
[INFO] [stderr]     Updating crates.io index
[INFO] [stderr]  Downloading crates ...
[INFO] [stderr]   Downloaded bitflags v2.13.2
[INFO] [stderr]   Downloaded thiserror v2.0.21
[INFO] [stderr]   Downloaded log v0.4.34
[INFO] [stderr]   Downloaded fnv v1.0.7
[INFO] [stderr]   Downloaded wait-timeout v0.2.1
[INFO] [stderr]   Downloaded rand_xorshift v0.4.0
[INFO] [stderr]   Downloaded bit-set v0.8.0
[INFO] [stderr]   Downloaded thread_local v1.1.10
[INFO] [stderr]   Downloaded scoped-tls v1.0.1
[INFO] [stderr]   Downloaded unarray v0.1.4
[INFO] [stderr]   Downloaded windows-result v0.4.1
[INFO] [stderr]   Downloaded thiserror-impl v2.0.21
[INFO] [stderr]   Downloaded rand_core v0.9.5
[INFO] [stderr]   Downloaded rand_chacha v0.9.0
[INFO] [stderr]   Downloaded rustversion v1.0.23
[INFO] [stderr]   Downloaded quick-error v1.2.3
[INFO] [stderr]   Downloaded rusty-fork v0.3.1
[INFO] [stderr]   Downloaded fastrand v2.5.0
[INFO] [stderr]   Downloaded bit-vec v0.8.0
[INFO] [stderr]   Downloaded generator v0.8.10
[INFO] [stderr]   Downloaded getrandom v0.3.4
[INFO] [stderr]   Downloaded getrandom v0.4.3
[INFO] [stderr]   Downloaded smallvec v1.16.2
[INFO] [stderr]   Downloaded tempfile v3.27.0
[INFO] [stderr]   Downloaded r-efi v5.3.0
[INFO] [stderr]   Downloaded loom v0.7.2
[INFO] [stderr]   Downloaded rand v0.9.5
[INFO] [stderr]   Downloaded cc v1.6.0
[INFO] [stderr]   Downloaded wasip2 v1.0.4+wasi-0.2.12
[INFO] [stderr]   Downloaded aho-corasick v1.1.5
[INFO] [stderr]   Downloaded proptest v1.11.0
[INFO] [stderr]   Downloaded regex-syntax v0.8.11
[INFO] [stderr]   Downloaded rustix v1.1.5
[INFO] [stderr]   Downloaded libc v0.2.190
[INFO] [stderr]   Downloaded regex-automata v0.4.18
[INFO] [stderr]   Downloaded linux-raw-sys v0.12.1
[INFO] running `Command { std: "docker" "create" "-v" "/var/lib/crater-agent-workspace/builds/worker-4-tc1/source:/opt/rustwide/workdir:ro,Z" "-v" "/var/lib/crater-agent-workspace/builds/worker-4-tc1/target:/opt/rustwide/target:rw,Z" "-v" "/var/lib/crater-agent-workspace/cargo-home:/opt/rustwide/cargo-home:ro,Z" "-v" "/var/lib/crater-agent-workspace/rustup-home:/opt/rustwide/rustup-home:ro,Z" "-m" "1610612736" "--network" "none" "ghcr.io/rust-lang/crates-build-env/linux@sha256:77db811e55d90add9212f6832c23229e3de5f1c1f9905e8cb07319ea15df73ac" "sleep" "infinity", kill_on_drop: false }`
[INFO] [stdout] f5835128a5f8ee8d07ebeed678d5dc68e9d5e4cee4a44625f960288e3dc891c0
[INFO] running `Command { std: "docker" "start" "f5835128a5f8ee8d07ebeed678d5dc68e9d5e4cee4a44625f960288e3dc891c0", kill_on_drop: false }`
[INFO] running `Command { std: "docker" "inspect" "f5835128a5f8ee8d07ebeed678d5dc68e9d5e4cee4a44625f960288e3dc891c0", kill_on_drop: false }`
[INFO] running `Command { std: "docker" "exec" "-e" "SOURCE_DIR=/opt/rustwide/workdir" "-e" "CARGO_HOME=/opt/rustwide/cargo-home" "-e" "RUSTUP_HOME=/opt/rustwide/rustup-home" "-e" "CARGO_TARGET_DIR=/opt/rustwide/target" "-w" "/opt/rustwide/workdir" "--user" "0:0" "f5835128a5f8ee8d07ebeed678d5dc68e9d5e4cee4a44625f960288e3dc891c0" "/opt/rustwide/cargo-home/bin/cargo" "+1.99.0-beta.8" "metadata" "--no-deps" "--format-version=1", kill_on_drop: false }`
[INFO] running `Command { std: "docker" "inspect" "f5835128a5f8ee8d07ebeed678d5dc68e9d5e4cee4a44625f960288e3dc891c0", kill_on_drop: false }`
[INFO] running `Command { std: "docker" "exec" "-e" "SOURCE_DIR=/opt/rustwide/workdir" "-e" "CARGO_HOME=/opt/rustwide/cargo-home" "-e" "RUSTUP_HOME=/opt/rustwide/rustup-home" "-e" "CARGO_TARGET_DIR=/opt/rustwide/target" "-e" "CARGO_INCREMENTAL=0" "-e" "RUST_BACKTRACE=full" "-e" "RUSTFLAGS=--cap-lints=warn" "-e" "RUSTDOCFLAGS=--cap-lints=warn" "-w" "/opt/rustwide/workdir" "--user" "0:0" "f5835128a5f8ee8d07ebeed678d5dc68e9d5e4cee4a44625f960288e3dc891c0" "/opt/rustwide/cargo-home/bin/cargo" "+1.99.0-beta.8" "build" "--frozen" "--message-format=json" "--release", kill_on_drop: false }`
[INFO] [stderr]    Compiling syn v3.0.6
[INFO] [stderr]    Compiling thiserror-impl v2.0.21
[INFO] [stderr]    Compiling thiserror v2.0.21
[INFO] [stderr]    Compiling zerodb-core v0.2.0 (/opt/rustwide/workdir)
[INFO] [stderr]     Finished `release` profile [optimized] target(s) in 13.69s
[INFO] running `Command { std: "docker" "inspect" "f5835128a5f8ee8d07ebeed678d5dc68e9d5e4cee4a44625f960288e3dc891c0", kill_on_drop: false }`
[INFO] running `Command { std: "docker" "exec" "-e" "SOURCE_DIR=/opt/rustwide/workdir" "-e" "CARGO_HOME=/opt/rustwide/cargo-home" "-e" "RUSTUP_HOME=/opt/rustwide/rustup-home" "-e" "CARGO_TARGET_DIR=/opt/rustwide/target" "-e" "CARGO_INCREMENTAL=0" "-e" "RUST_BACKTRACE=full" "-e" "RUSTFLAGS=--cap-lints=warn" "-e" "RUSTDOCFLAGS=--cap-lints=warn" "-w" "/opt/rustwide/workdir" "--user" "0:0" "f5835128a5f8ee8d07ebeed678d5dc68e9d5e4cee4a44625f960288e3dc891c0" "/opt/rustwide/cargo-home/bin/cargo" "+1.99.0-beta.8" "test" "--frozen" "--no-run" "--message-format=json" "--release", kill_on_drop: false }`
[INFO] [stderr]    Compiling zerocopy v0.8.59
[INFO] [stderr]    Compiling getrandom v0.3.4
[INFO] [stderr]    Compiling num-traits v0.2.19
[INFO] [stderr]    Compiling getrandom v0.4.3
[INFO] [stderr]    Compiling wait-timeout v0.2.1
[INFO] [stderr]    Compiling rand_core v0.9.5
[INFO] [stderr]    Compiling tempfile v3.27.0
[INFO] [stderr]    Compiling rand_xorshift v0.4.0
[INFO] [stderr]    Compiling rand v0.9.5
[INFO] [stderr]    Compiling rusty-fork v0.3.1
[INFO] [stderr]    Compiling ppv-lite86 v0.2.21
[INFO] [stderr]    Compiling rand_chacha v0.9.0
[INFO] [stderr]    Compiling proptest v1.11.0
[INFO] [stderr]    Compiling zerodb-core v0.2.0 (/opt/rustwide/workdir)
[INFO] [stdout] error[E0433]: cannot find module or crate `zerodb_io` in this scope
[INFO] [stdout]   --> tests/writemap_in_place_miri.rs:30:5
[INFO] [stdout]    |
[INFO] [stdout] 30 | use zerodb_io::testmap::TestWriteMap;
[INFO] [stdout]    |     ^^^^^^^^^ use of unresolved module or unlinked crate `zerodb_io`
[INFO] [stdout]    |
[INFO] [stdout] help: there is a crate or module with a similar name
[INFO] [stdout]    |
[INFO] [stdout] 30 - use zerodb_io::testmap::TestWriteMap;
[INFO] [stdout] 30 + use zerodb_core::testmap::TestWriteMap;
[INFO] [stdout]    |
[INFO] [stdout] 
[INFO] [stdout] 
[INFO] [stdout] For more information about this error, try `rustc --explain E0433`.
[INFO] [stdout] 
[INFO] [stderr] error: could not compile `zerodb-core` (test "writemap_in_place_miri") due to 1 previous error
[INFO] [stderr] warning: build failed, waiting for other jobs to finish...
[INFO] [stdout] error[E0609]: no field `finger_hits` on type `rwtxn::RwTxn<'_>`
[INFO] [stdout]     --> src/rwtxn.rs:6386:17
[INFO] [stdout]      |
[INFO] [stdout] 6386 |             txn.finger_hits >= u64::from(n) / 2,
[INFO] [stdout]      |                 ^^^^^^^^^^^ unknown field
[INFO] [stdout]      |
[INFO] [stdout]      = note: available fields are: `env`, `_guard`, `bytes`, `base`, `txnid` ... and 25 others
[INFO] [stdout] 
[INFO] [stdout] 
[INFO] [stdout] error[E0609]: no field `finger_hits` on type `rwtxn::RwTxn<'_>`
[INFO] [stdout]     --> src/rwtxn.rs:6388:17
[INFO] [stdout]      |
[INFO] [stdout] 6388 |             txn.finger_hits
[INFO] [stdout]      |                 ^^^^^^^^^^^ unknown field
[INFO] [stdout]      |
[INFO] [stdout]      = note: available fields are: `env`, `_guard`, `bytes`, `base`, `txnid` ... and 25 others
[INFO] [stdout] 
[INFO] [stdout] 
[INFO] [stdout] error[E0609]: no field `finger_hits` on type `rwtxn::RwTxn<'_>`
[INFO] [stdout]     --> src/rwtxn.rs:6395:26
[INFO] [stdout]      |
[INFO] [stdout] 6395 |         let before = txn.finger_hits;
[INFO] [stdout]      |                          ^^^^^^^^^^^ unknown field
[INFO] [stdout]      |
[INFO] [stdout]      = note: available fields are: `env`, `_guard`, `bytes`, `base`, `txnid` ... and 25 others
[INFO] [stdout] 
[INFO] [stdout] 
[INFO] [stdout] error[E0609]: no field `finger_hits` on type `rwtxn::RwTxn<'_>`
[INFO] [stdout]     --> src/rwtxn.rs:6401:17
[INFO] [stdout]      |
[INFO] [stdout] 6401 |             txn.finger_hits - before >= u64::from(n) / 2,
[INFO] [stdout]      |                 ^^^^^^^^^^^ unknown field
[INFO] [stdout]      |
[INFO] [stdout]      = note: available fields are: `env`, `_guard`, `bytes`, `base`, `txnid` ... and 25 others
[INFO] [stdout] 
[INFO] [stdout] 
[INFO] [stdout] error[E0609]: no field `finger_hits` on type `rwtxn::RwTxn<'_>`
[INFO] [stdout]     --> src/rwtxn.rs:6403:17
[INFO] [stdout]      |
[INFO] [stdout] 6403 |             txn.finger_hits - before
[INFO] [stdout]      |                 ^^^^^^^^^^^ unknown field
[INFO] [stdout]      |
[INFO] [stdout]      = note: available fields are: `env`, `_guard`, `bytes`, `base`, `txnid` ... and 25 others
[INFO] [stdout] 
[INFO] [stdout] 
[INFO] [stdout] error[E0609]: no field `finger_hits` on type `rwtxn::RwTxn<'_>`
[INFO] [stdout]     --> src/rwtxn.rs:6448:28
[INFO] [stdout]      |
[INFO] [stdout] 6448 |             let hits = txn.finger_hits;
[INFO] [stdout]      |                            ^^^^^^^^^^^ unknown field
[INFO] [stdout]      |
[INFO] [stdout]      = note: available fields are: `env`, `_guard`, `bytes`, `base`, `txnid` ... and 25 others
[INFO] [stdout] 
[INFO] [stdout] 
[INFO] [stdout] error[E0609]: no field `finger_hits` on type `rwtxn::RwTxn<'_>`
[INFO] [stdout]     --> src/rwtxn.rs:6421:28
[INFO] [stdout]      |
[INFO] [stdout] 6421 |             let hits = txn.finger_hits;
[INFO] [stdout]      |                            ^^^^^^^^^^^ unknown field
[INFO] [stdout]      |
[INFO] [stdout]      = note: available fields are: `env`, `_guard`, `bytes`, `base`, `txnid` ... and 25 others
[INFO] [stdout] 
[INFO] [stdout] 
[INFO] [stdout] error[E0609]: no field `finger_hits` on type `rwtxn::RwTxn<'_>`
[INFO] [stdout]     --> src/rwtxn.rs:6571:21
[INFO] [stdout]      |
[INFO] [stdout] 6571 |         assert!(txn.finger_hits > 0, "the interleaving never hit the finger");
[INFO] [stdout]      |                     ^^^^^^^^^^^ unknown field
[INFO] [stdout]      |
[INFO] [stdout]      = note: available fields are: `env`, `_guard`, `bytes`, `base`, `txnid` ... and 25 others
[INFO] [stdout] 
[INFO] [stdout] 
[INFO] [stdout] For more information about this error, try `rustc --explain E0609`.
[INFO] [stdout] 
[INFO] [stderr] error: could not compile `zerodb-core` (lib test) due to 8 previous errors
[INFO] running `Command { std: "docker" "inspect" "f5835128a5f8ee8d07ebeed678d5dc68e9d5e4cee4a44625f960288e3dc891c0", kill_on_drop: false }`
[INFO] running `Command { std: "docker" "rm" "-f" "f5835128a5f8ee8d07ebeed678d5dc68e9d5e4cee4a44625f960288e3dc891c0", kill_on_drop: false }`
[INFO] [stdout] f5835128a5f8ee8d07ebeed678d5dc68e9d5e4cee4a44625f960288e3dc891c0
