[INFO] fetching crate zerocopy-derive 0.8.63...
[INFO] testing zerocopy-derive-0.8.63 against 1.99.0-beta.8+cargoflags=--release for beta-release-1.100-2
[INFO] extracting crate zerocopy-derive 0.8.63 into /workspace/builds/worker-6-tc1/source
[INFO] started tweaking crates.io crate zerocopy-derive 0.8.63
[INFO] removed 0 missing tests
[INFO] finished tweaking crates.io crate zerocopy-derive 0.8.63
[INFO] tweaked toml for crates.io crate zerocopy-derive 0.8.63 written to /workspace/builds/worker-6-tc1/source/Cargo.toml
[INFO] validating manifest of crates.io crate zerocopy-derive 0.8.63 on toolchain 1.99.0-beta.8
[INFO] running `Command { std: CARGO_HOME="/workspace/cargo-home" RUSTUP_HOME="/workspace/rustup-home" "/workspace/cargo-home/bin/cargo" "+1.99.0-beta.8" "metadata" "--manifest-path" "Cargo.toml" "--no-deps", kill_on_drop: false }`
[INFO] crate crates.io crate zerocopy-derive 0.8.63 already has a lockfile, it will not be regenerated
[INFO] running `Command { std: CARGO_HOME="/workspace/cargo-home" RUSTUP_HOME="/workspace/rustup-home" "/workspace/cargo-home/bin/cargo" "+1.99.0-beta.8" "fetch" "--manifest-path" "Cargo.toml", kill_on_drop: false }`
[INFO] [stderr]     Blocking waiting for file lock on package cache
[INFO] [stderr]     Updating crates.io index
[INFO] [stderr]     Blocking waiting for file lock on package cache
[INFO] [stderr]  Downloading crates ...
[INFO] [stderr]   Downloaded proc-macro2 v1.0.80
[INFO] [stderr]   Downloaded quote v1.0.40
[INFO] [stderr]   Downloaded dissimilar v1.0.10
[INFO] [stderr]   Downloaded static_assertions v1.1.0
[INFO] [stderr]   Downloaded rustversion v1.0.22
[INFO] [stderr]   Downloaded syn v2.0.56
[INFO] [stderr]   Downloaded prettyplease v0.2.17
[INFO] running `Command { std: "docker" "create" "-v" "/var/lib/crater-agent-workspace/builds/worker-6-tc1/source:/opt/rustwide/workdir:ro,Z" "-v" "/var/lib/crater-agent-workspace/builds/worker-6-tc1/target:/opt/rustwide/target:rw,Z" "-v" "/var/lib/crater-agent-workspace/cargo-home:/opt/rustwide/cargo-home:ro,Z" "-v" "/var/lib/crater-agent-workspace/rustup-home:/opt/rustwide/rustup-home:ro,Z" "-m" "1610612736" "--network" "none" "ghcr.io/rust-lang/crates-build-env/linux@sha256:77db811e55d90add9212f6832c23229e3de5f1c1f9905e8cb07319ea15df73ac" "sleep" "infinity", kill_on_drop: false }`
[INFO] [stdout] 2f12a840ae6432a6b4dd99bd651c966c6ab208e91231b887db3f2d925a530ff7
[INFO] running `Command { std: "docker" "start" "2f12a840ae6432a6b4dd99bd651c966c6ab208e91231b887db3f2d925a530ff7", kill_on_drop: false }`
[INFO] running `Command { std: "docker" "inspect" "2f12a840ae6432a6b4dd99bd651c966c6ab208e91231b887db3f2d925a530ff7", kill_on_drop: false }`
[INFO] running `Command { std: "docker" "exec" "-e" "SOURCE_DIR=/opt/rustwide/workdir" "-e" "CARGO_HOME=/opt/rustwide/cargo-home" "-e" "RUSTUP_HOME=/opt/rustwide/rustup-home" "-e" "CARGO_TARGET_DIR=/opt/rustwide/target" "-w" "/opt/rustwide/workdir" "--user" "0:0" "2f12a840ae6432a6b4dd99bd651c966c6ab208e91231b887db3f2d925a530ff7" "/opt/rustwide/cargo-home/bin/cargo" "+1.99.0-beta.8" "metadata" "--no-deps" "--format-version=1", kill_on_drop: false }`
[INFO] running `Command { std: "docker" "inspect" "2f12a840ae6432a6b4dd99bd651c966c6ab208e91231b887db3f2d925a530ff7", kill_on_drop: false }`
[INFO] running `Command { std: "docker" "exec" "-e" "SOURCE_DIR=/opt/rustwide/workdir" "-e" "CARGO_HOME=/opt/rustwide/cargo-home" "-e" "RUSTUP_HOME=/opt/rustwide/rustup-home" "-e" "CARGO_TARGET_DIR=/opt/rustwide/target" "-e" "CARGO_INCREMENTAL=0" "-e" "RUST_BACKTRACE=full" "-e" "RUSTFLAGS=--cap-lints=warn" "-e" "RUSTDOCFLAGS=--cap-lints=warn" "-w" "/opt/rustwide/workdir" "--user" "0:0" "2f12a840ae6432a6b4dd99bd651c966c6ab208e91231b887db3f2d925a530ff7" "/opt/rustwide/cargo-home/bin/cargo" "+1.99.0-beta.8" "build" "--frozen" "--message-format=json" "--release", kill_on_drop: false }`
[INFO] [stderr]    Compiling proc-macro2 v1.0.80
[INFO] [stderr]    Compiling quote v1.0.40
[INFO] [stderr]    Compiling syn v2.0.56
[INFO] [stderr]    Compiling zerocopy-derive v0.8.63 (/opt/rustwide/workdir)
[INFO] [stderr]     Finished `release` profile [optimized] target(s) in 15.76s
[INFO] running `Command { std: "docker" "inspect" "2f12a840ae6432a6b4dd99bd651c966c6ab208e91231b887db3f2d925a530ff7", kill_on_drop: false }`
[INFO] running `Command { std: "docker" "exec" "-e" "SOURCE_DIR=/opt/rustwide/workdir" "-e" "CARGO_HOME=/opt/rustwide/cargo-home" "-e" "RUSTUP_HOME=/opt/rustwide/rustup-home" "-e" "CARGO_TARGET_DIR=/opt/rustwide/target" "-e" "CARGO_INCREMENTAL=0" "-e" "RUST_BACKTRACE=full" "-e" "RUSTFLAGS=--cap-lints=warn" "-e" "RUSTDOCFLAGS=--cap-lints=warn" "-w" "/opt/rustwide/workdir" "--user" "0:0" "2f12a840ae6432a6b4dd99bd651c966c6ab208e91231b887db3f2d925a530ff7" "/opt/rustwide/cargo-home/bin/cargo" "+1.99.0-beta.8" "test" "--frozen" "--no-run" "--message-format=json" "--release", kill_on_drop: false }`
[INFO] [stderr]    Compiling prettyplease v0.2.17
[INFO] [stderr]    Compiling syn v2.0.56
[INFO] [stderr]    Compiling proc-macro2 v1.0.80
[INFO] [stderr]    Compiling dissimilar v1.0.10
[INFO] [stderr]    Compiling quote v1.0.40
[INFO] [stderr]    Compiling zerocopy-derive v0.8.63 (/opt/rustwide/workdir)
[INFO] [stdout] error[E0432]: unresolved import `zerocopy_renamed`
[INFO] [stdout]   --> tests/include.rs:40:11
[INFO] [stdout]    |
[INFO] [stdout] 40 |         ::zerocopy_renamed::*,
[INFO] [stdout]    |           ^^^^^^^^^^^^^^^^ could not find `zerocopy_renamed` in the list of imported crates
[INFO] [stdout] 
[INFO] [stdout] 
[INFO] [stdout] error[E0433]: cannot find `pointer` in `imp`
[INFO] [stdout]    --> tests/include.rs:136:13
[INFO] [stdout]     |
[INFO] [stdout] 136 |             pointer::{cast::CastSized, BecauseImmutable},
[INFO] [stdout]     |             ^^^^^^^ could not find `pointer` in `imp`
[INFO] [stdout] 
[INFO] [stdout] 
[INFO] [stdout] error[E0432]: unresolved imports `super::imp::Ptr`, `super::imp::ReadOnly`
[INFO] [stdout]    --> tests/include.rs:110:39
[INFO] [stdout]     |
[INFO] [stdout] 110 |         use super::imp::{MaybeUninit, Ptr, ReadOnly};
[INFO] [stdout]     |                                       ^^^  ^^^^^^^^ no `ReadOnly` in `imp`
[INFO] [stdout]     |                                       |
[INFO] [stdout]     |                                       no `Ptr` in `imp`
[INFO] [stdout]     |
[INFO] [stdout] help: a similar name exists in the module
[INFO] [stdout]     |
[INFO] [stdout] 110 -         use super::imp::{MaybeUninit, Ptr, ReadOnly};
[INFO] [stdout] 110 +         use super::imp::{MaybeUninit, str, ReadOnly};
[INFO] [stdout]     |
[INFO] [stdout] 
[INFO] [stdout] 
[INFO] [stdout] error[E0432]: unresolved import `zerocopy_renamed`
[INFO] [stdout]   --> tests/include.rs:40:11
[INFO] [stdout]    |
[INFO] [stdout] 40 |         ::zerocopy_renamed::*,
[INFO] [stdout]    |           ^^^^^^^^^^^^^^^^ could not find `zerocopy_renamed` in the list of imported crates
[INFO] [stdout] 
[INFO] [stdout] 
[INFO] [stdout] error[E0432]: unresolved imports `super::imp::pointer`, `super::imp::ReadOnly`
[INFO] [stdout]    --> tests/include.rs:136:13
[INFO] [stdout]     |
[INFO] [stdout] 136 |             pointer::{cast::CastSized, BecauseImmutable},
[INFO] [stdout]     |             ^^^^^^^ could not find `pointer` in `imp`
[INFO] [stdout] 137 |             ReadOnly,
[INFO] [stdout]     |             ^^^^^^^^ no `ReadOnly` in `imp`
[INFO] [stdout] 
[INFO] [stdout] 
[INFO] [stdout] error[E0433]: cannot find `KnownLayout` in `imp`
[INFO] [stdout]   --> tests/issue_2117.rs:18:15
[INFO] [stdout]    |
[INFO] [stdout] 18 | #[derive(imp::KnownLayout)]
[INFO] [stdout]    |               ^^^^^^^^^^^ could not find `KnownLayout` in `imp`
[INFO] [stdout] 
[INFO] [stdout] 
[INFO] [stdout] error[E0433]: cannot find `KnownLayout` in `imp`
[INFO] [stdout]   --> tests/include.rs:55:21
[INFO] [stdout]    |
[INFO] [stdout] 55 |         super::imp::KnownLayout,
[INFO] [stdout]    |                     ^^^^^^^^^^^ could not find `KnownLayout` in `imp`
[INFO] [stdout] 
[INFO] [stdout] 
[INFO] [stdout] error[E0433]: cannot find `Immutable` in `imp`
[INFO] [stdout]   --> tests/include.rs:56:21
[INFO] [stdout]    |
[INFO] [stdout] 56 |         super::imp::Immutable,
[INFO] [stdout]    |                     ^^^^^^^^^ could not find `Immutable` in `imp`
[INFO] [stdout] 
[INFO] [stdout] 
[INFO] [stdout] error[E0433]: cannot find `FromBytes` in `imp`
[INFO] [stdout]   --> tests/include.rs:57:21
[INFO] [stdout]    |
[INFO] [stdout] 57 |         super::imp::FromBytes,
[INFO] [stdout]    |                     ^^^^^^^^^ could not find `FromBytes` in `imp`
[INFO] [stdout] 
[INFO] [stdout] 
[INFO] [stdout] error[E0433]: cannot find `IntoBytes` in `imp`
[INFO] [stdout]   --> tests/include.rs:58:21
[INFO] [stdout]    |
[INFO] [stdout] 58 |         super::imp::IntoBytes,
[INFO] [stdout]    |                     ^^^^^^^^^ could not find `IntoBytes` in `imp`
[INFO] [stdout] 
[INFO] [stdout] 
[INFO] [stdout] error[E0432]: unresolved import `zerocopy_renamed`
[INFO] [stdout]   --> tests/include.rs:40:11
[INFO] [stdout]    |
[INFO] [stdout] 40 |         ::zerocopy_renamed::*,
[INFO] [stdout]    |           ^^^^^^^^^^^^^^^^ could not find `zerocopy_renamed` in the list of imported crates
[INFO] [stdout] 
[INFO] [stdout] 
[INFO] [stdout] error: cannot find attribute `zerocopy` in this scope
[INFO] [stdout]   --> tests/issue_2117.rs:19:3
[INFO] [stdout]    |
[INFO] [stdout] 19 | #[zerocopy(crate = "zerocopy_renamed")]
[INFO] [stdout]    |   ^^^^^^^^
[INFO] [stdout]    |
[INFO] [stdout] help: `zerocopy` is an attribute that can be used by the derive macros `ByteEq`, `ByteHash`, `FromBytes`, `FromZeros`, `Immutable`, `IntoBytes`, `KnownLayout`, `Project`, `SplitAt`, `TryFromBytes`, `Unaligned` and `most_traits`, you might be missing a `derive` attribute
[INFO] [stdout]    |
[INFO] [stdout] 21 + #[derive(ByteEq, ByteHash, FromBytes, FromZeros, Immutable, IntoBytes, KnownLayout, Project, SplitAt, TryFromBytes, Unaligned, most_traits)]
[INFO] [stdout] 22 | pub struct Test(pub [u8; 32]);
[INFO] [stdout]    |
[INFO] [stdout] 
[INFO] [stdout] 
[INFO] [stdout] error[E0433]: cannot find `pointer` in `imp`
[INFO] [stdout]    --> tests/include.rs:136:13
[INFO] [stdout]     |
[INFO] [stdout] 136 |             pointer::{cast::CastSized, BecauseImmutable},
[INFO] [stdout]     |             ^^^^^^^ could not find `pointer` in `imp`
[INFO] [stdout] 
[INFO] [stdout] 
[INFO] [stdout] error[E0432]: unresolved imports `super::imp::Ptr`, `super::imp::ReadOnly`
[INFO] [stdout]    --> tests/include.rs:110:39
[INFO] [stdout]     |
[INFO] [stdout] 110 |         use super::imp::{MaybeUninit, Ptr, ReadOnly};
[INFO] [stdout]     |                                       ^^^  ^^^^^^^^ no `ReadOnly` in `imp`
[INFO] [stdout]     |                                       |
[INFO] [stdout]     |                                       no `Ptr` in `imp`
[INFO] [stdout]     |
[INFO] [stdout] help: a similar name exists in the module
[INFO] [stdout]     |
[INFO] [stdout] 110 -         use super::imp::{MaybeUninit, Ptr, ReadOnly};
[INFO] [stdout] 110 +         use super::imp::{MaybeUninit, str, ReadOnly};
[INFO] [stdout]     |
[INFO] [stdout] 
[INFO] [stdout] 
[INFO] [stdout] error[E0433]: cannot find `pointer` in `imp`
[INFO] [stdout]    --> tests/include.rs:136:13
[INFO] [stdout]     |
[INFO] [stdout] 136 |             pointer::{cast::CastSized, BecauseImmutable},
[INFO] [stdout]     |             ^^^^^^^ could not find `pointer` in `imp`
[INFO] [stdout] 
[INFO] [stdout] 
[INFO] [stdout] error: cannot find attribute `zerocopy` in this scope
[INFO] [stdout]   --> tests/include.rs:62:7
[INFO] [stdout]    |
[INFO] [stdout] 62 |     #[zerocopy(crate = "zerocopy_renamed")]
[INFO] [stdout]    |       ^^^^^^^^
[INFO] [stdout]    |
[INFO] [stdout] help: `zerocopy` is an attribute that can be used by the derive macros `ByteEq`, `ByteHash`, `FromBytes`, `FromZeros`, `Immutable`, `IntoBytes`, `KnownLayout`, `Project`, `SplitAt`, `TryFromBytes`, `Unaligned` and `most_traits`, you might be missing a `derive` attribute
[INFO] [stdout]    |
[INFO] [stdout] 64 +     #[derive(ByteEq, ByteHash, FromBytes, FromZeros, Immutable, IntoBytes, KnownLayout, Project, SplitAt, TryFromBytes, Unaligned, most_traits)]
[INFO] [stdout] 65 |     pub struct AU16(pub u16);
[INFO] [stdout]    |
[INFO] [stdout] 
[INFO] [stdout] 
[INFO] [stdout] error[E0432]: unresolved imports `super::imp::Ptr`, `super::imp::ReadOnly`
[INFO] [stdout]    --> tests/include.rs:110:39
[INFO] [stdout]     |
[INFO] [stdout] 110 |         use super::imp::{MaybeUninit, Ptr, ReadOnly};
[INFO] [stdout]     |                                       ^^^  ^^^^^^^^ no `ReadOnly` in `imp`
[INFO] [stdout]     |                                       |
[INFO] [stdout]     |                                       no `Ptr` in `imp`
[INFO] [stdout]     |
[INFO] [stdout] help: a similar name exists in the module
[INFO] [stdout]     |
[INFO] [stdout] 110 -         use super::imp::{MaybeUninit, Ptr, ReadOnly};
[INFO] [stdout] 110 +         use super::imp::{MaybeUninit, str, ReadOnly};
[INFO] [stdout]     |
[INFO] [stdout] 
[INFO] [stdout] 
[INFO] [stdout] error[E0432]: unresolved imports `super::imp::pointer`, `super::imp::ReadOnly`
[INFO] [stdout]    --> tests/include.rs:136:13
[INFO] [stdout]     |
[INFO] [stdout] 136 |             pointer::{cast::CastSized, BecauseImmutable},
[INFO] [stdout]     |             ^^^^^^^ could not find `pointer` in `imp`
[INFO] [stdout] 137 |             ReadOnly,
[INFO] [stdout]     |             ^^^^^^^^ no `ReadOnly` in `imp`
[INFO] [stdout] 
[INFO] [stdout] 
[INFO] [stdout] error[E0433]: cannot find `FromZeros` in `imp`
[INFO] [stdout]   --> tests/enum_from_zeros.rs:98:19
[INFO] [stdout]    |
[INFO] [stdout] 98 |     #[derive(imp::FromZeros)]
[INFO] [stdout]    |                   ^^^^^^^^^ could not find `FromZeros` in `imp`
[INFO] [stdout] 
[INFO] [stdout] 
[INFO] [stdout] error[E0433]: cannot find `FromZeros` in `imp`
[INFO] [stdout]   --> tests/enum_from_zeros.rs:88:19
[INFO] [stdout]    |
[INFO] [stdout] 88 |     #[derive(imp::FromZeros)]
[INFO] [stdout]    |                   ^^^^^^^^^ could not find `FromZeros` in `imp`
[INFO] [stdout] 
[INFO] [stdout] 
[INFO] [stdout] error[E0433]: cannot find `FromZeros` in `imp`
[INFO] [stdout]   --> tests/enum_from_zeros.rs:73:15
[INFO] [stdout]    |
[INFO] [stdout] 73 | #[derive(imp::FromZeros)]
[INFO] [stdout]    |               ^^^^^^^^^ could not find `FromZeros` in `imp`
[INFO] [stdout] 
[INFO] [stdout] 
[INFO] [stdout] error[E0433]: cannot find `FromZeros` in `imp`
[INFO] [stdout]   --> tests/enum_from_zeros.rs:63:15
[INFO] [stdout]    |
[INFO] [stdout] 63 | #[derive(imp::FromZeros)]
[INFO] [stdout]    |               ^^^^^^^^^ could not find `FromZeros` in `imp`
[INFO] [stdout] 
[INFO] [stdout] 
[INFO] [stdout] error[E0433]: cannot find `FromZeros` in `imp`
[INFO] [stdout]   --> tests/enum_from_zeros.rs:53:15
[INFO] [stdout]    |
[INFO] [stdout] 53 | #[derive(imp::FromZeros)]
[INFO] [stdout]    |               ^^^^^^^^^ could not find `FromZeros` in `imp`
[INFO] [stdout] 
[INFO] [stdout] 
[INFO] [stdout] error[E0433]: cannot find `FromZeros` in `imp`
[INFO] [stdout]   --> tests/enum_from_zeros.rs:43:15
[INFO] [stdout]    |
[INFO] [stdout] 43 | #[derive(imp::FromZeros)]
[INFO] [stdout]    |               ^^^^^^^^^ could not find `FromZeros` in `imp`
[INFO] [stdout] 
[INFO] [stdout] 
[INFO] [stdout] error[E0433]: cannot find `FromZeros` in `imp`
[INFO] [stdout]   --> tests/enum_from_zeros.rs:33:15
[INFO] [stdout]    |
[INFO] [stdout] 33 | #[derive(imp::FromZeros)]
[INFO] [stdout]    |               ^^^^^^^^^ could not find `FromZeros` in `imp`
[INFO] [stdout] 
[INFO] [stdout] 
[INFO] [stdout] error[E0432]: unresolved imports `super::imp::pointer`, `super::imp::ReadOnly`
[INFO] [stdout]    --> tests/include.rs:136:13
[INFO] [stdout]     |
[INFO] [stdout] 136 |             pointer::{cast::CastSized, BecauseImmutable},
[INFO] [stdout]     |             ^^^^^^^ could not find `pointer` in `imp`
[INFO] [stdout] 137 |             ReadOnly,
[INFO] [stdout]     |             ^^^^^^^^ no `ReadOnly` in `imp`
[INFO] [stdout] 
[INFO] [stdout] 
[INFO] [stdout] error[E0433]: cannot find `FromZeros` in `imp`
[INFO] [stdout]   --> tests/enum_from_zeros.rs:24:15
[INFO] [stdout]    |
[INFO] [stdout] 24 | #[derive(imp::FromZeros)]
[INFO] [stdout]    |               ^^^^^^^^^ could not find `FromZeros` in `imp`
[INFO] [stdout] 
[INFO] [stdout] 
[INFO] [stdout] error[E0433]: cannot find `FromZeros` in `imp`
[INFO] [stdout]   --> tests/enum_from_zeros.rs:15:15
[INFO] [stdout]    |
[INFO] [stdout] 15 | #[derive(imp::FromZeros)]
[INFO] [stdout]    |               ^^^^^^^^^ could not find `FromZeros` in `imp`
[INFO] [stdout] 
[INFO] [stdout] 
[INFO] [stdout] error[E0433]: cannot find `KnownLayout` in `imp`
[INFO] [stdout]   --> tests/include.rs:55:21
[INFO] [stdout]    |
[INFO] [stdout] 55 |         super::imp::KnownLayout,
[INFO] [stdout]    |                     ^^^^^^^^^^^ could not find `KnownLayout` in `imp`
[INFO] [stdout] 
[INFO] [stdout] 
[INFO] [stdout] error[E0433]: cannot find `Immutable` in `imp`
[INFO] [stdout]   --> tests/include.rs:56:21
[INFO] [stdout]    |
[INFO] [stdout] 56 |         super::imp::Immutable,
[INFO] [stdout]    |                     ^^^^^^^^^ could not find `Immutable` in `imp`
[INFO] [stdout] 
[INFO] [stdout] 
[INFO] [stdout] error[E0433]: cannot find `FromBytes` in `imp`
[INFO] [stdout]   --> tests/include.rs:57:21
[INFO] [stdout]    |
[INFO] [stdout] 57 |         super::imp::FromBytes,
[INFO] [stdout]    |                     ^^^^^^^^^ could not find `FromBytes` in `imp`
[INFO] [stdout] 
[INFO] [stdout] 
[INFO] [stdout] error[E0433]: cannot find `IntoBytes` in `imp`
[INFO] [stdout]   --> tests/include.rs:58:21
[INFO] [stdout]    |
[INFO] [stdout] 58 |         super::imp::IntoBytes,
[INFO] [stdout]    |                     ^^^^^^^^^ could not find `IntoBytes` in `imp`
[INFO] [stdout] 
[INFO] [stdout] 
[INFO] [stdout] error[E0433]: cannot find `KnownLayout` in `imp`
[INFO] [stdout]   --> tests/include.rs:55:21
[INFO] [stdout]    |
[INFO] [stdout] 55 |         super::imp::KnownLayout,
[INFO] [stdout]    |                     ^^^^^^^^^^^ could not find `KnownLayout` in `imp`
[INFO] [stdout] 
[INFO] [stdout] 
[INFO] [stdout] error[E0433]: cannot find `Immutable` in `imp`
[INFO] [stdout]   --> tests/include.rs:56:21
[INFO] [stdout]    |
[INFO] [stdout] 56 |         super::imp::Immutable,
[INFO] [stdout]    |                     ^^^^^^^^^ could not find `Immutable` in `imp`
[INFO] [stdout] 
[INFO] [stdout] 
[INFO] [stdout] error[E0433]: cannot find `FromBytes` in `imp`
[INFO] [stdout]   --> tests/include.rs:57:21
[INFO] [stdout]    |
[INFO] [stdout] 57 |         super::imp::FromBytes,
[INFO] [stdout]    |                     ^^^^^^^^^ could not find `FromBytes` in `imp`
[INFO] [stdout] 
[INFO] [stdout] 
[INFO] [stdout] error[E0433]: cannot find `IntoBytes` in `imp`
[INFO] [stdout]   --> tests/include.rs:58:21
[INFO] [stdout]    |
[INFO] [stdout] 58 |         super::imp::IntoBytes,
[INFO] [stdout]    |                     ^^^^^^^^^ could not find `IntoBytes` in `imp`
[INFO] [stdout] 
[INFO] [stdout] 
[INFO] [stdout] error: cannot find attribute `zerocopy` in this scope
[INFO] [stdout]    --> tests/enum_from_zeros.rs:99:7
[INFO] [stdout]     |
[INFO] [stdout]  99 |     #[zerocopy(crate = "zerocopy_renamed")]
[INFO] [stdout]     |       ^^^^^^^^
[INFO] [stdout]     |
[INFO] [stdout] help: `zerocopy` is an attribute that can be used by the derive macros `ByteEq`, `ByteHash`, `FromBytes`, `FromZeros`, `Immutable`, `IntoBytes`, `KnownLayout`, `Project`, `SplitAt`, `TryFromBytes`, `Unaligned` and `most_traits`, you might be missing a `derive` attribute
[INFO] [stdout]     |
[INFO] [stdout] 101 +     #[derive(ByteEq, ByteHash, FromBytes, FromZeros, Immutable, IntoBytes, KnownLayout, Project, SplitAt, TryFromBytes, Unaligned, most_traits)]
[INFO] [stdout] 102 |     enum ImplicitNonFirstVariantIsZeroable {
[INFO] [stdout]     |
[INFO] [stdout] 
[INFO] [stdout] 
[INFO] [stdout] error: cannot find attribute `zerocopy` in this scope
[INFO] [stdout]   --> tests/include.rs:62:7
[INFO] [stdout]    |
[INFO] [stdout] 62 |     #[zerocopy(crate = "zerocopy_renamed")]
[INFO] [stdout]    |       ^^^^^^^^
[INFO] [stdout]    |
[INFO] [stdout] help: `zerocopy` is an attribute that can be used by the derive macros `ByteEq`, `ByteHash`, `FromBytes`, `FromZeros`, `Immutable`, `IntoBytes`, `KnownLayout`, `Project`, `SplitAt`, `TryFromBytes`, `Unaligned` and `most_traits`, you might be missing a `derive` attribute
[INFO] [stdout]    |
[INFO] [stdout] 64 +     #[derive(ByteEq, ByteHash, FromBytes, FromZeros, Immutable, IntoBytes, KnownLayout, Project, SplitAt, TryFromBytes, Unaligned, most_traits)]
[INFO] [stdout] 65 |     pub struct AU16(pub u16);
[INFO] [stdout]    |
[INFO] [stdout] 
[INFO] [stdout] 
[INFO] [stdout] error: cannot find attribute `zerocopy` in this scope
[INFO] [stdout]   --> tests/enum_from_zeros.rs:89:7
[INFO] [stdout]    |
[INFO] [stdout] 89 |     #[zerocopy(crate = "zerocopy_renamed")]
[INFO] [stdout]    |       ^^^^^^^^
[INFO] [stdout]    |
[INFO] [stdout] help: `zerocopy` is an attribute that can be used by the derive macros `ByteEq`, `ByteHash`, `FromBytes`, `FromZeros`, `Immutable`, `IntoBytes`, `KnownLayout`, `Project`, `SplitAt`, `TryFromBytes`, `Unaligned` and `most_traits`, you might be missing a `derive` attribute
[INFO] [stdout]    |
[INFO] [stdout] 91 +     #[derive(ByteEq, ByteHash, FromBytes, FromZeros, Immutable, IntoBytes, KnownLayout, Project, SplitAt, TryFromBytes, Unaligned, most_traits)]
[INFO] [stdout] 92 |     enum ImplicitFirstVariantIsZeroable {
[INFO] [stdout]    |
[INFO] [stdout] 
[INFO] [stdout] 
[INFO] [stdout] error: cannot find attribute `zerocopy` in this scope
[INFO] [stdout]   --> tests/enum_from_zeros.rs:74:3
[INFO] [stdout]    |
[INFO] [stdout] 74 | #[zerocopy(crate = "zerocopy_renamed")]
[INFO] [stdout]    |   ^^^^^^^^
[INFO] [stdout]    |
[INFO] [stdout] help: `zerocopy` is an attribute that can be used by the derive macros `ByteEq`, `ByteHash`, `FromBytes`, `FromZeros`, `Immutable`, `IntoBytes`, `KnownLayout`, `Project`, `SplitAt`, `TryFromBytes`, `Unaligned` and `most_traits`, you might be missing a `derive` attribute
[INFO] [stdout]    |
[INFO] [stdout] 76 + #[derive(ByteEq, ByteHash, FromBytes, FromZeros, Immutable, IntoBytes, KnownLayout, Project, SplitAt, TryFromBytes, Unaligned, most_traits)]
[INFO] [stdout] 77 | enum FirstVariantIsZeroableSecondIsNot {
[INFO] [stdout]    |
[INFO] [stdout] 
[INFO] [stdout] 
[INFO] [stdout] error: cannot find attribute `zerocopy` in this scope
[INFO] [stdout]   --> tests/enum_from_zeros.rs:64:3
[INFO] [stdout]    |
[INFO] [stdout] 64 | #[zerocopy(crate = "zerocopy_renamed")]
[INFO] [stdout]    |   ^^^^^^^^
[INFO] [stdout]    |
[INFO] [stdout] help: `zerocopy` is an attribute that can be used by the derive macros `ByteEq`, `ByteHash`, `FromBytes`, `FromZeros`, `Immutable`, `IntoBytes`, `KnownLayout`, `Project`, `SplitAt`, `TryFromBytes`, `Unaligned` and `most_traits`, you might be missing a `derive` attribute
[INFO] [stdout]    |
[INFO] [stdout] 66 + #[derive(ByteEq, ByteHash, FromBytes, FromZeros, Immutable, IntoBytes, KnownLayout, Project, SplitAt, TryFromBytes, Unaligned, most_traits)]
[INFO] [stdout] 67 | enum FirstVariantIsZeroable {
[INFO] [stdout]    |
[INFO] [stdout] 
[INFO] [stdout] 
[INFO] [stdout] error: cannot find attribute `zerocopy` in this scope
[INFO] [stdout]   --> tests/enum_from_zeros.rs:54:3
[INFO] [stdout]    |
[INFO] [stdout] 54 | #[zerocopy(crate = "zerocopy_renamed")]
[INFO] [stdout]    |   ^^^^^^^^
[INFO] [stdout]    |
[INFO] [stdout] help: `zerocopy` is an attribute that can be used by the derive macros `ByteEq`, `ByteHash`, `FromBytes`, `FromZeros`, `Immutable`, `IntoBytes`, `KnownLayout`, `Project`, `SplitAt`, `TryFromBytes`, `Unaligned` and `most_traits`, you might be missing a `derive` attribute
[INFO] [stdout]    |
[INFO] [stdout] 56 + #[derive(ByteEq, ByteHash, FromBytes, FromZeros, Immutable, IntoBytes, KnownLayout, Project, SplitAt, TryFromBytes, Unaligned, most_traits)]
[INFO] [stdout] 57 | enum LargeDiscriminant {
[INFO] [stdout]    |
[INFO] [stdout] 
[INFO] [stdout] 
[INFO] [stdout] Some errors have detailed explanations: E0432, E0433.
[INFO] [stdout] 
[INFO] [stdout] For more information about an error, try `rustc --explain E0432`.
[INFO] [stdout] 
[INFO] [stdout] error: cannot find attribute `zerocopy` in this scope
[INFO] [stdout]   --> tests/enum_from_zeros.rs:44:3
[INFO] [stdout]    |
[INFO] [stdout] 44 | #[zerocopy(crate = "zerocopy_renamed")]
[INFO] [stdout]    |   ^^^^^^^^
[INFO] [stdout]    |
[INFO] [stdout] help: `zerocopy` is an attribute that can be used by the derive macros `ByteEq`, `ByteHash`, `FromBytes`, `FromZeros`, `Immutable`, `IntoBytes`, `KnownLayout`, `Project`, `SplitAt`, `TryFromBytes`, `Unaligned` and `most_traits`, you might be missing a `derive` attribute
[INFO] [stdout]    |
[INFO] [stdout] 46 + #[derive(ByteEq, ByteHash, FromBytes, FromZeros, Immutable, IntoBytes, KnownLayout, Project, SplitAt, TryFromBytes, Unaligned, most_traits)]
[INFO] [stdout] 47 | enum ImplicitNonFirstVariantIsZero {
[INFO] [stdout]    |
[INFO] [stdout] 
[INFO] [stdout] 
[INFO] [stderr] error: could not compile `zerocopy-derive` (test "issue_2117") due to 11 previous errors
[INFO] [stderr] warning: build failed, waiting for other jobs to finish...
[INFO] [stdout] Some errors have detailed explanations: E0432, E0433.
[INFO] [stdout] 
[INFO] [stdout] For more information about an error, try `rustc --explain E0432`.
[INFO] [stdout] 
[INFO] [stdout] error: cannot find attribute `zerocopy` in this scope
[INFO] [stdout]   --> tests/enum_from_zeros.rs:34:3
[INFO] [stdout]    |
[INFO] [stdout] 34 | #[zerocopy(crate = "zerocopy_renamed")]
[INFO] [stdout]    |   ^^^^^^^^
[INFO] [stdout]    |
[INFO] [stdout] help: `zerocopy` is an attribute that can be used by the derive macros `ByteEq`, `ByteHash`, `FromBytes`, `FromZeros`, `Immutable`, `IntoBytes`, `KnownLayout`, `Project`, `SplitAt`, `TryFromBytes`, `Unaligned` and `most_traits`, you might be missing a `derive` attribute
[INFO] [stdout]    |
[INFO] [stdout] 36 + #[derive(ByteEq, ByteHash, FromBytes, FromZeros, Immutable, IntoBytes, KnownLayout, Project, SplitAt, TryFromBytes, Unaligned, most_traits)]
[INFO] [stdout] 37 | enum TwoVariantsHasExplicitZero {
[INFO] [stdout]    |
[INFO] [stdout] 
[INFO] [stdout] 
[INFO] [stderr] error: could not compile `zerocopy-derive` (test "include") due to 9 previous errors
[INFO] [stdout] error[E0432]: unresolved import `zerocopy_renamed`
[INFO] [stdout]   --> tests/include.rs:40:11
[INFO] [stdout]    |
[INFO] [stdout] 40 |         ::zerocopy_renamed::*,
[INFO] [stdout]    |           ^^^^^^^^^^^^^^^^ could not find `zerocopy_renamed` in the list of imported crates
[INFO] [stdout] 
[INFO] [stdout] 
[INFO] [stdout] error: cannot find attribute `zerocopy` in this scope
[INFO] [stdout]   --> tests/enum_from_zeros.rs:25:3
[INFO] [stdout]    |
[INFO] [stdout] 25 | #[zerocopy(crate = "zerocopy_renamed")]
[INFO] [stdout]    |   ^^^^^^^^
[INFO] [stdout]    |
[INFO] [stdout] help: `zerocopy` is an attribute that can be used by the derive macros `ByteEq`, `ByteHash`, `FromBytes`, `FromZeros`, `Immutable`, `IntoBytes`, `KnownLayout`, `Project`, `SplitAt`, `TryFromBytes`, `Unaligned` and `most_traits`, you might be missing a `derive` attribute
[INFO] [stdout]    |
[INFO] [stdout] 27 + #[derive(ByteEq, ByteHash, FromBytes, FromZeros, Immutable, IntoBytes, KnownLayout, Project, SplitAt, TryFromBytes, Unaligned, most_traits)]
[INFO] [stdout] 28 | enum Bar {
[INFO] [stdout]    |
[INFO] [stdout] 
[INFO] [stdout] 
[INFO] [stdout] error: cannot find attribute `zerocopy` in this scope
[INFO] [stdout]   --> tests/enum_from_zeros.rs:16:3
[INFO] [stdout]    |
[INFO] [stdout] 16 | #[zerocopy(crate = "zerocopy_renamed")]
[INFO] [stdout]    |   ^^^^^^^^
[INFO] [stdout]    |
[INFO] [stdout] help: `zerocopy` is an attribute that can be used by the derive macros `ByteEq`, `ByteHash`, `FromBytes`, `FromZeros`, `Immutable`, `IntoBytes`, `KnownLayout`, `Project`, `SplitAt`, `TryFromBytes`, `Unaligned` and `most_traits`, you might be missing a `derive` attribute
[INFO] [stdout]    |
[INFO] [stdout] 18 + #[derive(ByteEq, ByteHash, FromBytes, FromZeros, Immutable, IntoBytes, KnownLayout, Project, SplitAt, TryFromBytes, Unaligned, most_traits)]
[INFO] [stdout] 19 | enum Foo {
[INFO] [stdout]    |
[INFO] [stdout] 
[INFO] [stdout] 
[INFO] [stdout] error: cannot find attribute `zerocopy` in this scope
[INFO] [stdout]   --> tests/include.rs:62:7
[INFO] [stdout]    |
[INFO] [stdout] 62 |     #[zerocopy(crate = "zerocopy_renamed")]
[INFO] [stdout]    |       ^^^^^^^^
[INFO] [stdout]    |
[INFO] [stdout] help: `zerocopy` is an attribute that can be used by the derive macros `ByteEq`, `ByteHash`, `FromBytes`, `FromZeros`, `Immutable`, `IntoBytes`, `KnownLayout`, `Project`, `SplitAt`, `TryFromBytes`, `Unaligned` and `most_traits`, you might be missing a `derive` attribute
[INFO] [stdout]    |
[INFO] [stdout] 64 +     #[derive(ByteEq, ByteHash, FromBytes, FromZeros, Immutable, IntoBytes, KnownLayout, Project, SplitAt, TryFromBytes, Unaligned, most_traits)]
[INFO] [stdout] 65 |     pub struct AU16(pub u16);
[INFO] [stdout]    |
[INFO] [stdout] 
[INFO] [stdout] 
[INFO] [stdout] error[E0432]: unresolved import `zerocopy_renamed`
[INFO] [stdout]   --> tests/include.rs:40:11
[INFO] [stdout]    |
[INFO] [stdout] 40 |         ::zerocopy_renamed::*,
[INFO] [stdout]    |           ^^^^^^^^^^^^^^^^ could not find `zerocopy_renamed` in the list of imported crates
[INFO] [stdout] 
[INFO] [stdout] 
[INFO] [stdout] error[E0432]: unresolved import `zerocopy_renamed`
[INFO] [stdout]   --> tests/include.rs:40:11
[INFO] [stdout]    |
[INFO] [stdout] 40 |         ::zerocopy_renamed::*,
[INFO] [stdout]    |           ^^^^^^^^^^^^^^^^ could not find `zerocopy_renamed` in the list of imported crates
[INFO] [stdout] 
[INFO] [stdout] 
[INFO] [stdout] error[E0433]: cannot find `pointer` in `imp`
[INFO] [stdout]    --> tests/include.rs:136:13
[INFO] [stdout]     |
[INFO] [stdout] 136 |             pointer::{cast::CastSized, BecauseImmutable},
[INFO] [stdout]     |             ^^^^^^^ could not find `pointer` in `imp`
[INFO] [stdout] 
[INFO] [stdout] 
[INFO] [stdout] error[E0432]: unresolved imports `super::imp::Ptr`, `super::imp::ReadOnly`
[INFO] [stdout]    --> tests/include.rs:110:39
[INFO] [stdout]     |
[INFO] [stdout] 110 |         use super::imp::{MaybeUninit, Ptr, ReadOnly};
[INFO] [stdout]     |                                       ^^^  ^^^^^^^^ no `ReadOnly` in `imp`
[INFO] [stdout]     |                                       |
[INFO] [stdout]     |                                       no `Ptr` in `imp`
[INFO] [stdout]     |
[INFO] [stdout] help: a similar name exists in the module
[INFO] [stdout]     |
[INFO] [stdout] 110 -         use super::imp::{MaybeUninit, Ptr, ReadOnly};
[INFO] [stdout] 110 +         use super::imp::{MaybeUninit, str, ReadOnly};
[INFO] [stdout]     |
[INFO] [stdout] 
[INFO] [stdout] 
[INFO] [stdout] error[E0433]: cannot find `pointer` in `imp`
[INFO] [stdout]    --> tests/include.rs:136:13
[INFO] [stdout]     |
[INFO] [stdout] 136 |             pointer::{cast::CastSized, BecauseImmutable},
[INFO] [stdout]     |             ^^^^^^^ could not find `pointer` in `imp`
[INFO] [stdout] 
[INFO] [stdout] 
[INFO] [stdout] error[E0432]: unresolved imports `super::imp::Ptr`, `super::imp::ReadOnly`
[INFO] [stdout]    --> tests/include.rs:110:39
[INFO] [stdout]     |
[INFO] [stdout] 110 |         use super::imp::{MaybeUninit, Ptr, ReadOnly};
[INFO] [stdout]     |                                       ^^^  ^^^^^^^^ no `ReadOnly` in `imp`
[INFO] [stdout]     |                                       |
[INFO] [stdout]     |                                       no `Ptr` in `imp`
[INFO] [stdout]     |
[INFO] [stdout] help: a similar name exists in the module
[INFO] [stdout]     |
[INFO] [stdout] 110 -         use super::imp::{MaybeUninit, Ptr, ReadOnly};
[INFO] [stdout] 110 +         use super::imp::{MaybeUninit, str, ReadOnly};
[INFO] [stdout]     |
[INFO] [stdout] 
[INFO] [stdout] 
[INFO] [stdout] error[E0433]: cannot find `pointer` in `imp`
[INFO] [stdout]    --> tests/include.rs:136:13
[INFO] [stdout]     |
[INFO] [stdout] 136 |             pointer::{cast::CastSized, BecauseImmutable},
[INFO] [stdout]     |             ^^^^^^^ could not find `pointer` in `imp`
[INFO] [stdout] 
[INFO] [stdout] 
[INFO] [stdout] error[E0432]: unresolved imports `super::imp::Ptr`, `super::imp::ReadOnly`
[INFO] [stdout]    --> tests/include.rs:110:39
[INFO] [stdout]     |
[INFO] [stdout] 110 |         use super::imp::{MaybeUninit, Ptr, ReadOnly};
[INFO] [stdout]     |                                       ^^^  ^^^^^^^^ no `ReadOnly` in `imp`
[INFO] [stdout]     |                                       |
[INFO] [stdout]     |                                       no `Ptr` in `imp`
[INFO] [stdout]     |
[INFO] [stdout] help: a similar name exists in the module
[INFO] [stdout]     |
[INFO] [stdout] 110 -         use super::imp::{MaybeUninit, Ptr, ReadOnly};
[INFO] [stdout] 110 +         use super::imp::{MaybeUninit, str, ReadOnly};
[INFO] [stdout]     |
[INFO] [stdout] 
[INFO] [stdout] 
[INFO] [stdout] error[E0432]: unresolved imports `super::imp::pointer`, `super::imp::ReadOnly`
[INFO] [stdout]    --> tests/include.rs:136:13
[INFO] [stdout]     |
[INFO] [stdout] 136 |             pointer::{cast::CastSized, BecauseImmutable},
[INFO] [stdout]     |             ^^^^^^^ could not find `pointer` in `imp`
[INFO] [stdout] 137 |             ReadOnly,
[INFO] [stdout]     |             ^^^^^^^^ no `ReadOnly` in `imp`
[INFO] [stdout] 
[INFO] [stdout] 
[INFO] [stdout] error[E0433]: cannot find `Immutable` in `imp`
[INFO] [stdout]   --> tests/struct_no_cell.rs:91:15
[INFO] [stdout]    |
[INFO] [stdout] 91 | #[derive(imp::Immutable)]
[INFO] [stdout]    |               ^^^^^^^^^ could not find `Immutable` in `imp`
[INFO] [stdout] 
[INFO] [stdout] 
[INFO] [stdout] error[E0433]: cannot find `Immutable` in `imp`
[INFO] [stdout]   --> tests/struct_no_cell.rs:81:15
[INFO] [stdout]    |
[INFO] [stdout] 81 | #[derive(imp::Immutable)]
[INFO] [stdout]    |               ^^^^^^^^^ could not find `Immutable` in `imp`
[INFO] [stdout] 
[INFO] [stdout] 
[INFO] [stdout] error[E0433]: cannot find `Immutable` in `imp`
[INFO] [stdout]   --> tests/struct_no_cell.rs:54:15
[INFO] [stdout]    |
[INFO] [stdout] 54 | #[derive(imp::Immutable)]
[INFO] [stdout]    |               ^^^^^^^^^ could not find `Immutable` in `imp`
[INFO] [stdout] 
[INFO] [stdout] 
[INFO] [stdout] error[E0433]: cannot find `Immutable` in `imp`
[INFO] [stdout]   --> tests/struct_no_cell.rs:46:15
[INFO] [stdout]    |
[INFO] [stdout] 46 | #[derive(imp::Immutable)]
[INFO] [stdout]    |               ^^^^^^^^^ could not find `Immutable` in `imp`
[INFO] [stdout] 
[INFO] [stdout] 
[INFO] [stdout] error[E0433]: cannot find `Immutable` in `imp`
[INFO] [stdout]   --> tests/struct_no_cell.rs:38:15
[INFO] [stdout]    |
[INFO] [stdout] 38 | #[derive(imp::Immutable)]
[INFO] [stdout]    |               ^^^^^^^^^ could not find `Immutable` in `imp`
[INFO] [stdout] 
[INFO] [stdout] 
[INFO] [stdout] error[E0433]: cannot find `Immutable` in `imp`
[INFO] [stdout]   --> tests/struct_no_cell.rs:29:15
[INFO] [stdout]    |
[INFO] [stdout] 29 | #[derive(imp::Immutable)]
[INFO] [stdout]    |               ^^^^^^^^^ could not find `Immutable` in `imp`
[INFO] [stdout] 
[INFO] [stdout] 
[INFO] [stdout] error[E0433]: cannot find `Immutable` in `imp`
[INFO] [stdout]   --> tests/struct_no_cell.rs:21:15
[INFO] [stdout]    |
[INFO] [stdout] 21 | #[derive(imp::Immutable)]
[INFO] [stdout]    |               ^^^^^^^^^ could not find `Immutable` in `imp`
[INFO] [stdout] 
[INFO] [stdout] 
[INFO] [stdout] error[E0433]: cannot find `Immutable` in `imp`
[INFO] [stdout]   --> tests/struct_no_cell.rs:15:15
[INFO] [stdout]    |
[INFO] [stdout] 15 | #[derive(imp::Immutable)]
[INFO] [stdout]    |               ^^^^^^^^^ could not find `Immutable` in `imp`
[INFO] [stdout] 
[INFO] [stdout] 
[INFO] [stdout] error[E0433]: cannot find `KnownLayout` in `imp`
[INFO] [stdout]   --> tests/include.rs:55:21
[INFO] [stdout]    |
[INFO] [stdout] 55 |         super::imp::KnownLayout,
[INFO] [stdout]    |                     ^^^^^^^^^^^ could not find `KnownLayout` in `imp`
[INFO] [stdout] 
[INFO] [stdout] 
[INFO] [stdout] error[E0433]: cannot find `Immutable` in `imp`
[INFO] [stdout]   --> tests/include.rs:56:21
[INFO] [stdout]    |
[INFO] [stdout] 56 |         super::imp::Immutable,
[INFO] [stdout]    |                     ^^^^^^^^^ could not find `Immutable` in `imp`
[INFO] [stdout] 
[INFO] [stdout] 
[INFO] [stdout] error[E0433]: cannot find `FromBytes` in `imp`
[INFO] [stdout]   --> tests/include.rs:57:21
[INFO] [stdout]    |
[INFO] [stdout] 57 |         super::imp::FromBytes,
[INFO] [stdout]    |                     ^^^^^^^^^ could not find `FromBytes` in `imp`
[INFO] [stdout] 
[INFO] [stdout] 
[INFO] [stdout] error[E0433]: cannot find `IntoBytes` in `imp`
[INFO] [stdout]   --> tests/include.rs:58:21
[INFO] [stdout]    |
[INFO] [stdout] 58 |         super::imp::IntoBytes,
[INFO] [stdout]    |                     ^^^^^^^^^ could not find `IntoBytes` in `imp`
[INFO] [stdout] 
[INFO] [stdout] 
[INFO] [stdout] error[E0432]: unresolved import `zerocopy_renamed`
[INFO] [stdout]   --> tests/include.rs:40:11
[INFO] [stdout]    |
[INFO] [stdout] 40 |         ::zerocopy_renamed::*,
[INFO] [stdout]    |           ^^^^^^^^^^^^^^^^ could not find `zerocopy_renamed` in the list of imported crates
[INFO] [stdout] 
[INFO] [stdout] 
[INFO] [stdout] error[E0432]: unresolved imports `super::imp::pointer`, `super::imp::ReadOnly`
[INFO] [stdout]    --> tests/include.rs:136:13
[INFO] [stdout]     |
[INFO] [stdout] 136 |             pointer::{cast::CastSized, BecauseImmutable},
[INFO] [stdout]     |             ^^^^^^^ could not find `pointer` in `imp`
[INFO] [stdout] 137 |             ReadOnly,
[INFO] [stdout]     |             ^^^^^^^^ no `ReadOnly` in `imp`
[INFO] [stdout] 
[INFO] [stdout] 
[INFO] [stdout] error[E0433]: cannot find `TryFromBytes` in `imp`
[INFO] [stdout]    --> tests/enum_try_from_bytes.rs:690:15
[INFO] [stdout]     |
[INFO] [stdout] 690 | #[derive(imp::TryFromBytes)]
[INFO] [stdout]     |               ^^^^^^^^^^^^ could not find `TryFromBytes` in `imp`
[INFO] [stdout] 
[INFO] [stdout] 
[INFO] [stdout] error[E0433]: cannot find `TryFromBytes` in `imp`
[INFO] [stdout]    --> tests/enum_try_from_bytes.rs:680:19
[INFO] [stdout]     |
[INFO] [stdout] 680 |     #[derive(imp::TryFromBytes)]
[INFO] [stdout]     |                   ^^^^^^^^^^^^ could not find `TryFromBytes` in `imp`
[INFO] [stdout] 
[INFO] [stdout] 
[INFO] [stdout] error[E0433]: cannot find `TryFromBytes` in `imp`
[INFO] [stdout]    --> tests/enum_try_from_bytes.rs:401:15
[INFO] [stdout]     |
[INFO] [stdout] 401 | #[derive(imp::TryFromBytes)]
[INFO] [stdout]     |               ^^^^^^^^^^^^ could not find `TryFromBytes` in `imp`
[INFO] [stdout] 
[INFO] [stdout] 
[INFO] [stdout] error[E0433]: cannot find `TryFromBytes` in `imp`
[INFO] [stdout]    --> tests/enum_try_from_bytes.rs:393:15
[INFO] [stdout]     |
[INFO] [stdout] 393 | #[derive(imp::TryFromBytes)]
[INFO] [stdout]     |               ^^^^^^^^^^^^ could not find `TryFromBytes` in `imp`
[INFO] [stdout] 
[INFO] [stdout] 
[INFO] [stdout] error[E0433]: cannot find `TryFromBytes` in `imp`
[INFO] [stdout]    --> tests/enum_try_from_bytes.rs:389:28
[INFO] [stdout]     |
[INFO] [stdout] 389 | #[derive(Clone, Copy, imp::TryFromBytes)]
[INFO] [stdout]     |                            ^^^^^^^^^^^^ could not find `TryFromBytes` in `imp`
[INFO] [stdout] 
[INFO] [stdout] 
[INFO] [stdout] error[E0432]: unresolved imports `super::imp::pointer`, `super::imp::ReadOnly`
[INFO] [stdout]    --> tests/include.rs:136:13
[INFO] [stdout]     |
[INFO] [stdout] 136 |             pointer::{cast::CastSized, BecauseImmutable},
[INFO] [stdout]     |             ^^^^^^^ could not find `pointer` in `imp`
[INFO] [stdout] 137 |             ReadOnly,
[INFO] [stdout]     |             ^^^^^^^^ no `ReadOnly` in `imp`
[INFO] [stdout] 
[INFO] [stdout] 
[INFO] [stdout] error[E0433]: cannot find `KnownLayout` in `imp`
[INFO] [stdout]    --> tests/enum_try_from_bytes.rs:381:15
[INFO] [stdout]     |
[INFO] [stdout] 381 | #[derive(imp::KnownLayout, imp::TryFromBytes, imp::Immutable)]
[INFO] [stdout]     |               ^^^^^^^^^^^ could not find `KnownLayout` in `imp`
[INFO] [stdout] 
[INFO] [stdout] 
[INFO] [stdout] error[E0433]: cannot find `TryFromBytes` in `imp`
[INFO] [stdout]    --> tests/enum_try_from_bytes.rs:381:33
[INFO] [stdout]     |
[INFO] [stdout] 381 | #[derive(imp::KnownLayout, imp::TryFromBytes, imp::Immutable)]
[INFO] [stdout]     |                                 ^^^^^^^^^^^^ could not find `TryFromBytes` in `imp`
[INFO] [stdout] 
[INFO] [stdout] 
[INFO] [stdout] error[E0433]: cannot find `Immutable` in `imp`
[INFO] [stdout]    --> tests/enum_try_from_bytes.rs:381:52
[INFO] [stdout]     |
[INFO] [stdout] 381 | #[derive(imp::KnownLayout, imp::TryFromBytes, imp::Immutable)]
[INFO] [stdout]     |                                                    ^^^^^^^^^ could not find `Immutable` in `imp`
[INFO] [stdout] 
[INFO] [stdout] 
[INFO] [stdout] error[E0433]: cannot find `KnownLayout` in `imp`
[INFO] [stdout]    --> tests/enum_try_from_bytes.rs:370:15
[INFO] [stdout]     |
[INFO] [stdout] 370 | #[derive(imp::KnownLayout, imp::TryFromBytes, imp::Immutable)]
[INFO] [stdout]     |               ^^^^^^^^^^^ could not find `KnownLayout` in `imp`
[INFO] [stdout] 
[INFO] [stdout] 
[INFO] [stdout] error[E0433]: cannot find `TryFromBytes` in `imp`
[INFO] [stdout]    --> tests/enum_try_from_bytes.rs:370:33
[INFO] [stdout]     |
[INFO] [stdout] 370 | #[derive(imp::KnownLayout, imp::TryFromBytes, imp::Immutable)]
[INFO] [stdout]     |                                 ^^^^^^^^^^^^ could not find `TryFromBytes` in `imp`
[INFO] [stdout] 
[INFO] [stdout] 
[INFO] [stdout] error[E0433]: cannot find `Immutable` in `imp`
[INFO] [stdout]    --> tests/enum_try_from_bytes.rs:370:52
[INFO] [stdout]     |
[INFO] [stdout] 370 | #[derive(imp::KnownLayout, imp::TryFromBytes, imp::Immutable)]
[INFO] [stdout]     |                                                    ^^^^^^^^^ could not find `Immutable` in `imp`
[INFO] [stdout] 
[INFO] [stdout] 
[INFO] [stdout] error[E0433]: cannot find `KnownLayout` in `imp`
[INFO] [stdout]    --> tests/enum_try_from_bytes.rs:359:15
[INFO] [stdout]     |
[INFO] [stdout] 359 | #[derive(imp::KnownLayout, imp::TryFromBytes, imp::Immutable)]
[INFO] [stdout]     |               ^^^^^^^^^^^ could not find `KnownLayout` in `imp`
[INFO] [stdout] 
[INFO] [stdout] 
[INFO] [stdout] error[E0433]: cannot find `TryFromBytes` in `imp`
[INFO] [stdout]    --> tests/enum_try_from_bytes.rs:359:33
[INFO] [stdout]     |
[INFO] [stdout] 359 | #[derive(imp::KnownLayout, imp::TryFromBytes, imp::Immutable)]
[INFO] [stdout]     |                                 ^^^^^^^^^^^^ could not find `TryFromBytes` in `imp`
[INFO] [stdout] 
[INFO] [stdout] 
[INFO] [stdout] error[E0433]: cannot find `Immutable` in `imp`
[INFO] [stdout]    --> tests/enum_try_from_bytes.rs:359:52
[INFO] [stdout]     |
[INFO] [stdout] 359 | #[derive(imp::KnownLayout, imp::TryFromBytes, imp::Immutable)]
[INFO] [stdout]     |                                                    ^^^^^^^^^ could not find `Immutable` in `imp`
[INFO] [stdout] 
[INFO] [stdout] 
[INFO] [stdout] error[E0433]: cannot find `TryFromBytes` in `imp`
[INFO] [stdout]    --> tests/enum_try_from_bytes.rs:349:15
[INFO] [stdout]     |
[INFO] [stdout] 349 | #[derive(imp::TryFromBytes)]
[INFO] [stdout]     |               ^^^^^^^^^^^^ could not find `TryFromBytes` in `imp`
[INFO] [stdout] 
[INFO] [stdout] 
[INFO] [stdout] error[E0433]: cannot find `zerocopy_renamed` in the list of imported crates
[INFO] [stdout]    --> tests/enum_try_from_bytes.rs:338:31
[INFO] [stdout]     |
[INFO] [stdout] 338 |     let bytes: [u8; SIZE] = ::zerocopy_renamed::transmute!(wrap(HasFieldsPrimitive::B {
[INFO] [stdout]     |                               ^^^^^^^^^^^^^^^^ could not find `zerocopy_renamed` in the list of imported crates
[INFO] [stdout] 
[INFO] [stdout] 
[INFO] [stdout] error[E0433]: cannot find `zerocopy_renamed` in the list of imported crates
[INFO] [stdout]    --> tests/enum_try_from_bytes.rs:332:31
[INFO] [stdout]     |
[INFO] [stdout] 332 |     let bytes: [u8; SIZE] = ::zerocopy_renamed::transmute!(wrap(HasFieldsPrimitive::A(10)));
[INFO] [stdout]     |                               ^^^^^^^^^^^^^^^^ could not find `zerocopy_renamed` in the list of imported crates
[INFO] [stdout] 
[INFO] [stdout] 
[INFO] [stdout] error[E0433]: cannot find `IntoBytes` in `imp`
[INFO] [stdout]    --> tests/enum_try_from_bytes.rs:322:19
[INFO] [stdout]     |
[INFO] [stdout] 322 |     #[derive(imp::IntoBytes)]
[INFO] [stdout]     |                   ^^^^^^^^^ could not find `IntoBytes` in `imp`
[INFO] [stdout] 
[INFO] [stdout] 
[INFO] [stdout] error[E0433]: cannot find `KnownLayout` in `imp`
[INFO] [stdout]    --> tests/enum_try_from_bytes.rs:308:37
[INFO] [stdout]     |
[INFO] [stdout] 308 | #[derive(Eq, PartialEq, Debug, imp::KnownLayout, imp::Immutable, imp::TryFromBytes)]
[INFO] [stdout]     |                                     ^^^^^^^^^^^ could not find `KnownLayout` in `imp`
[INFO] [stdout] 
[INFO] [stdout] 
[INFO] [stdout] error[E0433]: cannot find `Immutable` in `imp`
[INFO] [stdout]    --> tests/enum_try_from_bytes.rs:308:55
[INFO] [stdout]     |
[INFO] [stdout] 308 | #[derive(Eq, PartialEq, Debug, imp::KnownLayout, imp::Immutable, imp::TryFromBytes)]
[INFO] [stdout]     |                                                       ^^^^^^^^^ could not find `Immutable` in `imp`
[INFO] [stdout] 
[INFO] [stdout] 
[INFO] [stdout] error[E0433]: cannot find `TryFromBytes` in `imp`
[INFO] [stdout]    --> tests/enum_try_from_bytes.rs:308:71
[INFO] [stdout]     |
[INFO] [stdout] 308 | #[derive(Eq, PartialEq, Debug, imp::KnownLayout, imp::Immutable, imp::TryFromBytes)]
[INFO] [stdout]     |                                                                       ^^^^^^^^^^^^ could not find `TryFromBytes` in `imp`
[INFO] [stdout] 
[INFO] [stdout] 
[INFO] [stdout] error[E0433]: cannot find `zerocopy_renamed` in the list of imported crates
[INFO] [stdout]    --> tests/enum_try_from_bytes.rs:299:31
[INFO] [stdout]     |
[INFO] [stdout] 299 |     let bytes: [u8; SIZE] = ::zerocopy_renamed::transmute!(HasFieldsPrimitive::B {
[INFO] [stdout]     |                               ^^^^^^^^^^^^^^^^ could not find `zerocopy_renamed` in the list of imported crates
[INFO] [stdout] 
[INFO] [stdout] 
[INFO] [stdout] error[E0433]: cannot find `zerocopy_renamed` in the list of imported crates
[INFO] [stdout]    --> tests/enum_try_from_bytes.rs:293:31
[INFO] [stdout]     |
[INFO] [stdout] 293 |     let bytes: [u8; SIZE] = ::zerocopy_renamed::transmute!(HasFieldsPrimitive::A(10));
[INFO] [stdout]     |                               ^^^^^^^^^^^^^^^^ could not find `zerocopy_renamed` in the list of imported crates
[INFO] [stdout] 
[INFO] [stdout] 
[INFO] [stdout] error[E0433]: cannot find `KnownLayout` in `imp`
[INFO] [stdout]    --> tests/enum_try_from_bytes.rs:280:32
[INFO] [stdout]     |
[INFO] [stdout] 280 |     Eq, PartialEq, Debug, imp::KnownLayout, imp::Immutable, imp::TryFromBytes, imp::IntoBytes,
[INFO] [stdout]     |                                ^^^^^^^^^^^ could not find `KnownLayout` in `imp`
[INFO] [stdout] 
[INFO] [stdout] 
[INFO] [stdout] error[E0433]: cannot find `Immutable` in `imp`
[INFO] [stdout]    --> tests/enum_try_from_bytes.rs:280:50
[INFO] [stdout]     |
[INFO] [stdout] 280 |     Eq, PartialEq, Debug, imp::KnownLayout, imp::Immutable, imp::TryFromBytes, imp::IntoBytes,
[INFO] [stdout]     |                                                  ^^^^^^^^^ could not find `Immutable` in `imp`
[INFO] [stdout] 
[INFO] [stdout] 
[INFO] [stdout] error[E0433]: cannot find `TryFromBytes` in `imp`
[INFO] [stdout]    --> tests/enum_try_from_bytes.rs:280:66
[INFO] [stdout]     |
[INFO] [stdout] 280 |     Eq, PartialEq, Debug, imp::KnownLayout, imp::Immutable, imp::TryFromBytes, imp::IntoBytes,
[INFO] [stdout]     |                                                                  ^^^^^^^^^^^^ could not find `TryFromBytes` in `imp`
[INFO] [stdout] 
[INFO] [stdout] 
[INFO] [stdout] error[E0433]: cannot find `IntoBytes` in `imp`
[INFO] [stdout]    --> tests/enum_try_from_bytes.rs:280:85
[INFO] [stdout]     |
[INFO] [stdout] 280 |     Eq, PartialEq, Debug, imp::KnownLayout, imp::Immutable, imp::TryFromBytes, imp::IntoBytes,
[INFO] [stdout]     |                                                                                     ^^^^^^^^^ could not find `IntoBytes` in `imp`
[INFO] [stdout] 
[INFO] [stdout] 
[INFO] [stdout] error[E0433]: cannot find `zerocopy_renamed` in the list of imported crates
[INFO] [stdout]    --> tests/enum_try_from_bytes.rs:270:31
[INFO] [stdout]     |
[INFO] [stdout] 270 |     let bytes: [u8; SIZE] = ::zerocopy_renamed::transmute!(wrap(HasFields::B {
[INFO] [stdout]     |                               ^^^^^^^^^^^^^^^^ could not find `zerocopy_renamed` in the list of imported crates
[INFO] [stdout] 
[INFO] [stdout] 
[INFO] [stdout] error[E0433]: cannot find `zerocopy_renamed` in the list of imported crates
[INFO] [stdout]    --> tests/enum_try_from_bytes.rs:264:31
[INFO] [stdout]     |
[INFO] [stdout] 264 |     let bytes: [u8; SIZE] = ::zerocopy_renamed::transmute!(wrap(HasFields::A(10)));
[INFO] [stdout]     |                               ^^^^^^^^^^^^^^^^ could not find `zerocopy_renamed` in the list of imported crates
[INFO] [stdout] 
[INFO] [stdout] 
[INFO] [stdout] error[E0433]: cannot find `IntoBytes` in `imp`
[INFO] [stdout]    --> tests/enum_try_from_bytes.rs:254:19
[INFO] [stdout]     |
[INFO] [stdout] 254 |     #[derive(imp::IntoBytes)]
[INFO] [stdout]     |                   ^^^^^^^^^ could not find `IntoBytes` in `imp`
[INFO] [stdout] 
[INFO] [stdout] 
[INFO] [stdout] error[E0433]: cannot find `KnownLayout` in `imp`
[INFO] [stdout]    --> tests/enum_try_from_bytes.rs:240:37
[INFO] [stdout]     |
[INFO] [stdout] 240 | #[derive(Eq, PartialEq, Debug, imp::KnownLayout, imp::Immutable, imp::TryFromBytes)]
[INFO] [stdout]     |                                     ^^^^^^^^^^^ could not find `KnownLayout` in `imp`
[INFO] [stdout] 
[INFO] [stdout] 
[INFO] [stdout] error[E0433]: cannot find `Immutable` in `imp`
[INFO] [stdout]    --> tests/enum_try_from_bytes.rs:240:55
[INFO] [stdout]     |
[INFO] [stdout] 240 | #[derive(Eq, PartialEq, Debug, imp::KnownLayout, imp::Immutable, imp::TryFromBytes)]
[INFO] [stdout]     |                                                       ^^^^^^^^^ could not find `Immutable` in `imp`
[INFO] [stdout] 
[INFO] [stdout] 
[INFO] [stdout] error[E0433]: cannot find `TryFromBytes` in `imp`
[INFO] [stdout]    --> tests/enum_try_from_bytes.rs:240:71
[INFO] [stdout]     |
[INFO] [stdout] 240 | #[derive(Eq, PartialEq, Debug, imp::KnownLayout, imp::Immutable, imp::TryFromBytes)]
[INFO] [stdout]     |                                                                       ^^^^^^^^^^^^ could not find `TryFromBytes` in `imp`
[INFO] [stdout] 
[INFO] [stdout] 
[INFO] [stdout] error[E0433]: cannot find `zerocopy_renamed` in the list of imported crates
[INFO] [stdout]    --> tests/enum_try_from_bytes.rs:231:31
[INFO] [stdout]     |
[INFO] [stdout] 231 |     let bytes: [u8; SIZE] = ::zerocopy_renamed::transmute!(HasFields::B {
[INFO] [stdout]     |                               ^^^^^^^^^^^^^^^^ could not find `zerocopy_renamed` in the list of imported crates
[INFO] [stdout] 
[INFO] [stdout] 
[INFO] [stdout] error[E0433]: cannot find `zerocopy_renamed` in the list of imported crates
[INFO] [stdout]    --> tests/enum_try_from_bytes.rs:225:31
[INFO] [stdout]     |
[INFO] [stdout] 225 |     let bytes: [u8; SIZE] = ::zerocopy_renamed::transmute!(HasFields::A(10));
[INFO] [stdout]     |                               ^^^^^^^^^^^^^^^^ could not find `zerocopy_renamed` in the list of imported crates
[INFO] [stdout] 
[INFO] [stdout] 
[INFO] [stdout] error[E0433]: cannot find `KnownLayout` in `imp`
[INFO] [stdout]    --> tests/enum_try_from_bytes.rs:212:32
[INFO] [stdout]     |
[INFO] [stdout] 212 |     Eq, PartialEq, Debug, imp::KnownLayout, imp::Immutable, imp::TryFromBytes, imp::IntoBytes,
[INFO] [stdout]     |                                ^^^^^^^^^^^ could not find `KnownLayout` in `imp`
[INFO] [stdout] 
[INFO] [stdout] 
[INFO] [stdout] error[E0433]: cannot find `Immutable` in `imp`
[INFO] [stdout]    --> tests/enum_try_from_bytes.rs:212:50
[INFO] [stdout]     |
[INFO] [stdout] 212 |     Eq, PartialEq, Debug, imp::KnownLayout, imp::Immutable, imp::TryFromBytes, imp::IntoBytes,
[INFO] [stdout]     |                                                  ^^^^^^^^^ could not find `Immutable` in `imp`
[INFO] [stdout] 
[INFO] [stdout] 
[INFO] [stdout] error[E0433]: cannot find `TryFromBytes` in `imp`
[INFO] [stdout]    --> tests/enum_try_from_bytes.rs:212:66
[INFO] [stdout]     |
[INFO] [stdout] 212 |     Eq, PartialEq, Debug, imp::KnownLayout, imp::Immutable, imp::TryFromBytes, imp::IntoBytes,
[INFO] [stdout]     |                                                                  ^^^^^^^^^^^^ could not find `TryFromBytes` in `imp`
[INFO] [stdout] 
[INFO] [stdout] 
[INFO] [stdout] error[E0433]: cannot find `IntoBytes` in `imp`
[INFO] [stdout]    --> tests/enum_try_from_bytes.rs:212:85
[INFO] [stdout]     |
[INFO] [stdout] 212 |     Eq, PartialEq, Debug, imp::KnownLayout, imp::Immutable, imp::TryFromBytes, imp::IntoBytes,
[INFO] [stdout]     |                                                                                     ^^^^^^^^^ could not find `IntoBytes` in `imp`
[INFO] [stdout] 
[INFO] [stdout] 
[INFO] [stdout] error[E0433]: cannot find `zerocopy_renamed` in the list of imported crates
[INFO] [stdout]    --> tests/enum_try_from_bytes.rs:199:30
[INFO] [stdout]     |
[INFO] [stdout] 199 |     let disc: [u8; SIZE] = ::zerocopy_renamed::transmute!(WeirdDiscriminants::C);
[INFO] [stdout]     |                              ^^^^^^^^^^^^^^^^ could not find `zerocopy_renamed` in the list of imported crates
[INFO] [stdout] 
[INFO] [stdout] 
[INFO] [stdout] error[E0433]: cannot find `zerocopy_renamed` in the list of imported crates
[INFO] [stdout]    --> tests/enum_try_from_bytes.rs:194:30
[INFO] [stdout]     |
[INFO] [stdout] 194 |     let disc: [u8; SIZE] = ::zerocopy_renamed::transmute!(WeirdDiscriminants::B);
[INFO] [stdout]     |                              ^^^^^^^^^^^^^^^^ could not find `zerocopy_renamed` in the list of imported crates
[INFO] [stdout] 
[INFO] [stdout] 
[INFO] [stdout] error[E0433]: cannot find `zerocopy_renamed` in the list of imported crates
[INFO] [stdout]    --> tests/enum_try_from_bytes.rs:189:30
[INFO] [stdout]     |
[INFO] [stdout] 189 |     let disc: [u8; SIZE] = ::zerocopy_renamed::transmute!(WeirdDiscriminants::A);
[INFO] [stdout]     |                              ^^^^^^^^^^^^^^^^ could not find `zerocopy_renamed` in the list of imported crates
[INFO] [stdout] 
[INFO] [stdout] 
[INFO] [stdout] error[E0433]: cannot find `KnownLayout` in `imp`
[INFO] [stdout]    --> tests/enum_try_from_bytes.rs:176:32
[INFO] [stdout]     |
[INFO] [stdout] 176 |     Eq, PartialEq, Debug, imp::KnownLayout, imp::Immutable, imp::TryFromBytes, imp::IntoBytes,
[INFO] [stdout]     |                                ^^^^^^^^^^^ could not find `KnownLayout` in `imp`
[INFO] [stdout] 
[INFO] [stdout] 
[INFO] [stdout] error[E0433]: cannot find `Immutable` in `imp`
[INFO] [stdout]    --> tests/enum_try_from_bytes.rs:176:50
[INFO] [stdout]     |
[INFO] [stdout] 176 |     Eq, PartialEq, Debug, imp::KnownLayout, imp::Immutable, imp::TryFromBytes, imp::IntoBytes,
[INFO] [stdout]     |                                                  ^^^^^^^^^ could not find `Immutable` in `imp`
[INFO] [stdout] 
[INFO] [stdout] 
[INFO] [stdout] error[E0433]: cannot find `TryFromBytes` in `imp`
[INFO] [stdout]    --> tests/enum_try_from_bytes.rs:176:66
[INFO] [stdout]     |
[INFO] [stdout] 176 |     Eq, PartialEq, Debug, imp::KnownLayout, imp::Immutable, imp::TryFromBytes, imp::IntoBytes,
[INFO] [stdout]     |                                                                  ^^^^^^^^^^^^ could not find `TryFromBytes` in `imp`
[INFO] [stdout] 
[INFO] [stdout] 
[INFO] [stdout] error[E0433]: cannot find `IntoBytes` in `imp`
[INFO] [stdout]    --> tests/enum_try_from_bytes.rs:176:85
[INFO] [stdout]     |
[INFO] [stdout] 176 |     Eq, PartialEq, Debug, imp::KnownLayout, imp::Immutable, imp::TryFromBytes, imp::IntoBytes,
[INFO] [stdout]     |                                                                                     ^^^^^^^^^ could not find `IntoBytes` in `imp`
[INFO] [stdout] 
[INFO] [stdout] 
[INFO] [stdout] error[E0433]: cannot find `zerocopy_renamed` in the list of imported crates
[INFO] [stdout]    --> tests/enum_try_from_bytes.rs:164:30
[INFO] [stdout]     |
[INFO] [stdout] 164 |     let disc: [u8; SIZE] = ::zerocopy_renamed::transmute!(FieldlessButNotUnitOnly::C {});
[INFO] [stdout]     |                              ^^^^^^^^^^^^^^^^ could not find `zerocopy_renamed` in the list of imported crates
[INFO] [stdout] 
[INFO] [stdout] 
[INFO] [stdout] error[E0433]: cannot find `zerocopy_renamed` in the list of imported crates
[INFO] [stdout]    --> tests/enum_try_from_bytes.rs:159:30
[INFO] [stdout]     |
[INFO] [stdout] 159 |     let disc: [u8; SIZE] = ::zerocopy_renamed::transmute!(FieldlessButNotUnitOnly::B());
[INFO] [stdout]     |                              ^^^^^^^^^^^^^^^^ could not find `zerocopy_renamed` in the list of imported crates
[INFO] [stdout] 
[INFO] [stdout] 
[INFO] [stdout] error[E0433]: cannot find `zerocopy_renamed` in the list of imported crates
[INFO] [stdout]    --> tests/enum_try_from_bytes.rs:154:30
[INFO] [stdout]     |
[INFO] [stdout] 154 |     let disc: [u8; SIZE] = ::zerocopy_renamed::transmute!(FieldlessButNotUnitOnly::A);
[INFO] [stdout]     |                              ^^^^^^^^^^^^^^^^ could not find `zerocopy_renamed` in the list of imported crates
[INFO] [stdout] 
[INFO] [stdout] 
[INFO] [stdout] error[E0433]: cannot find `KnownLayout` in `imp`
[INFO] [stdout]    --> tests/enum_try_from_bytes.rs:141:32
[INFO] [stdout]     |
[INFO] [stdout] 141 |     Eq, PartialEq, Debug, imp::KnownLayout, imp::Immutable, imp::TryFromBytes, imp::IntoBytes,
[INFO] [stdout]     |                                ^^^^^^^^^^^ could not find `KnownLayout` in `imp`
[INFO] [stdout] 
[INFO] [stdout] 
[INFO] [stdout] error[E0433]: cannot find `Immutable` in `imp`
[INFO] [stdout]    --> tests/enum_try_from_bytes.rs:141:50
[INFO] [stdout]     |
[INFO] [stdout] 141 |     Eq, PartialEq, Debug, imp::KnownLayout, imp::Immutable, imp::TryFromBytes, imp::IntoBytes,
[INFO] [stdout]     |                                                  ^^^^^^^^^ could not find `Immutable` in `imp`
[INFO] [stdout] 
[INFO] [stdout] 
[INFO] [stdout] error[E0433]: cannot find `TryFromBytes` in `imp`
[INFO] [stdout]    --> tests/enum_try_from_bytes.rs:141:66
[INFO] [stdout]     |
[INFO] [stdout] 141 |     Eq, PartialEq, Debug, imp::KnownLayout, imp::Immutable, imp::TryFromBytes, imp::IntoBytes,
[INFO] [stdout]     |                                                                  ^^^^^^^^^^^^ could not find `TryFromBytes` in `imp`
[INFO] [stdout] 
[INFO] [stdout] 
[INFO] [stdout] error[E0433]: cannot find `IntoBytes` in `imp`
[INFO] [stdout]    --> tests/enum_try_from_bytes.rs:141:85
[INFO] [stdout]     |
[INFO] [stdout] 141 |     Eq, PartialEq, Debug, imp::KnownLayout, imp::Immutable, imp::TryFromBytes, imp::IntoBytes,
[INFO] [stdout]     |                                                                                     ^^^^^^^^^ could not find `IntoBytes` in `imp`
[INFO] [stdout] 
[INFO] [stdout] 
[INFO] [stdout] error[E0433]: cannot find `KnownLayout` in `imp`
[INFO] [stdout]    --> tests/enum_try_from_bytes.rs:105:37
[INFO] [stdout]     |
[INFO] [stdout] 105 | #[derive(Eq, PartialEq, Debug, imp::KnownLayout, imp::Immutable, imp::TryFromBytes)]
[INFO] [stdout]     |                                     ^^^^^^^^^^^ could not find `KnownLayout` in `imp`
[INFO] [stdout] 
[INFO] [stdout] 
[INFO] [stdout] error[E0433]: cannot find `Immutable` in `imp`
[INFO] [stdout]    --> tests/enum_try_from_bytes.rs:105:55
[INFO] [stdout]     |
[INFO] [stdout] 105 | #[derive(Eq, PartialEq, Debug, imp::KnownLayout, imp::Immutable, imp::TryFromBytes)]
[INFO] [stdout]     |                                                       ^^^^^^^^^ could not find `Immutable` in `imp`
[INFO] [stdout] 
[INFO] [stdout] 
[INFO] [stdout] error[E0433]: cannot find `TryFromBytes` in `imp`
[INFO] [stdout]    --> tests/enum_try_from_bytes.rs:105:71
[INFO] [stdout]     |
[INFO] [stdout] 105 | #[derive(Eq, PartialEq, Debug, imp::KnownLayout, imp::Immutable, imp::TryFromBytes)]
[INFO] [stdout]     |                                                                       ^^^^^^^^^^^^ could not find `TryFromBytes` in `imp`
[INFO] [stdout] 
[INFO] [stdout] 
[INFO] [stdout] error[E0433]: cannot find `KnownLayout` in `imp`
[INFO] [stdout]   --> tests/enum_try_from_bytes.rs:72:37
[INFO] [stdout]    |
[INFO] [stdout] 72 | #[derive(Eq, PartialEq, Debug, imp::KnownLayout, imp::Immutable, imp::TryFromBytes)]
[INFO] [stdout]    |                                     ^^^^^^^^^^^ could not find `KnownLayout` in `imp`
[INFO] [stdout] 
[INFO] [stdout] 
[INFO] [stdout] error[E0433]: cannot find `Immutable` in `imp`
[INFO] [stdout]   --> tests/enum_try_from_bytes.rs:72:55
[INFO] [stdout]    |
[INFO] [stdout] 72 | #[derive(Eq, PartialEq, Debug, imp::KnownLayout, imp::Immutable, imp::TryFromBytes)]
[INFO] [stdout]    |                                                       ^^^^^^^^^ could not find `Immutable` in `imp`
[INFO] [stdout] 
[INFO] [stdout] 
[INFO] [stdout] error[E0433]: cannot find `TryFromBytes` in `imp`
[INFO] [stdout]   --> tests/enum_try_from_bytes.rs:72:71
[INFO] [stdout]    |
[INFO] [stdout] 72 | #[derive(Eq, PartialEq, Debug, imp::KnownLayout, imp::Immutable, imp::TryFromBytes)]
[INFO] [stdout]    |                                                                       ^^^^^^^^^^^^ could not find `TryFromBytes` in `imp`
[INFO] [stdout] 
[INFO] [stdout] 
[INFO] [stdout] error[E0433]: cannot find `KnownLayout` in `imp`
[INFO] [stdout]   --> tests/enum_try_from_bytes.rs:54:37
[INFO] [stdout]    |
[INFO] [stdout] 54 | #[derive(Eq, PartialEq, Debug, imp::KnownLayout, imp::Immutable, imp::TryFromBytes)]
[INFO] [stdout]    |                                     ^^^^^^^^^^^ could not find `KnownLayout` in `imp`
[INFO] [stdout] 
[INFO] [stdout] 
[INFO] [stdout] error[E0433]: cannot find `Immutable` in `imp`
[INFO] [stdout]   --> tests/enum_try_from_bytes.rs:54:55
[INFO] [stdout]    |
[INFO] [stdout] 54 | #[derive(Eq, PartialEq, Debug, imp::KnownLayout, imp::Immutable, imp::TryFromBytes)]
[INFO] [stdout]    |                                                       ^^^^^^^^^ could not find `Immutable` in `imp`
[INFO] [stdout] 
[INFO] [stdout] 
[INFO] [stdout] error[E0433]: cannot find `TryFromBytes` in `imp`
[INFO] [stdout]   --> tests/enum_try_from_bytes.rs:54:71
[INFO] [stdout]    |
[INFO] [stdout] 54 | #[derive(Eq, PartialEq, Debug, imp::KnownLayout, imp::Immutable, imp::TryFromBytes)]
[INFO] [stdout]    |                                                                       ^^^^^^^^^^^^ could not find `TryFromBytes` in `imp`
[INFO] [stdout] 
[INFO] [stdout] 
[INFO] [stdout] error[E0433]: cannot find `Immutable` in `imp`
[INFO] [stdout]   --> tests/enum_try_from_bytes.rs:37:37
[INFO] [stdout]    |
[INFO] [stdout] 37 | #[derive(Eq, PartialEq, Debug, imp::Immutable, imp::KnownLayout, imp::TryFromBytes)]
[INFO] [stdout]    |                                     ^^^^^^^^^ could not find `Immutable` in `imp`
[INFO] [stdout] 
[INFO] [stdout] 
[INFO] [stdout] error[E0433]: cannot find `KnownLayout` in `imp`
[INFO] [stdout]   --> tests/enum_try_from_bytes.rs:37:53
[INFO] [stdout]    |
[INFO] [stdout] 37 | #[derive(Eq, PartialEq, Debug, imp::Immutable, imp::KnownLayout, imp::TryFromBytes)]
[INFO] [stdout]    |                                                     ^^^^^^^^^^^ could not find `KnownLayout` in `imp`
[INFO] [stdout] 
[INFO] [stdout] 
[INFO] [stdout] error[E0433]: cannot find `TryFromBytes` in `imp`
[INFO] [stdout]   --> tests/enum_try_from_bytes.rs:37:71
[INFO] [stdout]    |
[INFO] [stdout] 37 | #[derive(Eq, PartialEq, Debug, imp::Immutable, imp::KnownLayout, imp::TryFromBytes)]
[INFO] [stdout]    |                                                                       ^^^^^^^^^^^^ could not find `TryFromBytes` in `imp`
[INFO] [stdout] 
[INFO] [stdout] 
[INFO] [stdout] error[E0433]: cannot find `TryFromBytes` in `imp`
[INFO] [stdout]   --> tests/enum_try_from_bytes.rs:15:15
[INFO] [stdout]    |
[INFO] [stdout] 15 | #[derive(imp::TryFromBytes)]
[INFO] [stdout]    |               ^^^^^^^^^^^^ could not find `TryFromBytes` in `imp`
[INFO] [stdout] 
[INFO] [stdout] 
[INFO] [stdout] error[E0433]: cannot find `KnownLayout` in `imp`
[INFO] [stdout]   --> tests/include.rs:55:21
[INFO] [stdout]    |
[INFO] [stdout] 55 |         super::imp::KnownLayout,
[INFO] [stdout]    |                     ^^^^^^^^^^^ could not find `KnownLayout` in `imp`
[INFO] [stdout] 
[INFO] [stdout] 
[INFO] [stdout] error[E0433]: cannot find `Immutable` in `imp`
[INFO] [stdout]   --> tests/include.rs:56:21
[INFO] [stdout]    |
[INFO] [stdout] 56 |         super::imp::Immutable,
[INFO] [stdout]    |                     ^^^^^^^^^ could not find `Immutable` in `imp`
[INFO] [stdout] 
[INFO] [stdout] 
[INFO] [stdout] error[E0433]: cannot find `FromBytes` in `imp`
[INFO] [stdout]   --> tests/include.rs:57:21
[INFO] [stdout]    |
[INFO] [stdout] 57 |         super::imp::FromBytes,
[INFO] [stdout]    |                     ^^^^^^^^^ could not find `FromBytes` in `imp`
[INFO] [stdout] 
[INFO] [stdout] 
[INFO] [stdout] error[E0433]: cannot find `IntoBytes` in `imp`
[INFO] [stdout]   --> tests/include.rs:58:21
[INFO] [stdout]    |
[INFO] [stdout] 58 |         super::imp::IntoBytes,
[INFO] [stdout]    |                     ^^^^^^^^^ could not find `IntoBytes` in `imp`
[INFO] [stdout] 
[INFO] [stdout] 
[INFO] [stdout] error: cannot find attribute `zerocopy` in this scope
[INFO] [stdout]   --> tests/struct_no_cell.rs:92:3
[INFO] [stdout]    |
[INFO] [stdout] 92 | #[zerocopy(crate = "zerocopy_renamed")]
[INFO] [stdout]    |   ^^^^^^^^
[INFO] [stdout]    |
[INFO] [stdout] help: `zerocopy` is an attribute that can be used by the derive macros `ByteEq`, `ByteHash`, `FromBytes`, `FromZeros`, `Immutable`, `IntoBytes`, `KnownLayout`, `Project`, `SplitAt`, `TryFromBytes`, `Unaligned` and `most_traits`, you might be missing a `derive` attribute
[INFO] [stdout]    |
[INFO] [stdout] 94 + #[derive(ByteEq, ByteHash, FromBytes, FromZeros, Immutable, IntoBytes, KnownLayout, Project, SplitAt, TryFromBytes, Unaligned, most_traits)]
[INFO] [stdout] 95 | struct WithParams<'a: 'b, 'b: 'a, T: 'a + 'b + imp::Immutable, const N: usize>(
[INFO] [stdout]    |
[INFO] [stdout] 
[INFO] [stdout] 
[INFO] [stdout] error[E0433]: cannot find `FromZeros` in `imp`
[INFO] [stdout]   --> tests/union_from_zeros.rs:76:15
[INFO] [stdout]    |
[INFO] [stdout] 76 | #[derive(imp::FromZeros)]
[INFO] [stdout]    |               ^^^^^^^^^ could not find `FromZeros` in `imp`
[INFO] [stdout] 
[INFO] [stdout] 
[INFO] [stdout] error[E0433]: cannot find `Immutable` in `imp`
[INFO] [stdout]   --> tests/union_from_zeros.rs:61:15
[INFO] [stdout]    |
[INFO] [stdout] 61 | #[derive(imp::Immutable, imp::FromZeros)]
[INFO] [stdout]    |               ^^^^^^^^^ could not find `Immutable` in `imp`
[INFO] [stdout] 
[INFO] [stdout] 
[INFO] [stdout] error[E0433]: cannot find `FromZeros` in `imp`
[INFO] [stdout]   --> tests/union_from_zeros.rs:61:31
[INFO] [stdout]    |
[INFO] [stdout] 61 | #[derive(imp::Immutable, imp::FromZeros)]
[INFO] [stdout]    |                               ^^^^^^^^^ could not find `FromZeros` in `imp`
[INFO] [stdout] 
[INFO] [stdout] 
[INFO] [stdout] error[E0433]: cannot find `Immutable` in `imp`
[INFO] [stdout]   --> tests/union_from_zeros.rs:43:15
[INFO] [stdout]    |
[INFO] [stdout] 43 | #[derive(imp::Immutable, imp::FromZeros)]
[INFO] [stdout]    |               ^^^^^^^^^ could not find `Immutable` in `imp`
[INFO] [stdout] 
[INFO] [stdout] 
[INFO] [stdout] error[E0433]: cannot find `FromZeros` in `imp`
[INFO] [stdout]   --> tests/union_from_zeros.rs:43:31
[INFO] [stdout]    |
[INFO] [stdout] 43 | #[derive(imp::Immutable, imp::FromZeros)]
[INFO] [stdout]    |                               ^^^^^^^^^ could not find `FromZeros` in `imp`
[INFO] [stdout] 
[INFO] [stdout] 
[INFO] [stdout] error[E0433]: cannot find `Immutable` in `imp`
[INFO] [stdout]   --> tests/union_from_zeros.rs:34:15
[INFO] [stdout]    |
[INFO] [stdout] 34 | #[derive(imp::Immutable, imp::FromZeros)]
[INFO] [stdout]    |               ^^^^^^^^^ could not find `Immutable` in `imp`
[INFO] [stdout] 
[INFO] [stdout] 
[INFO] [stdout] error[E0433]: cannot find `FromZeros` in `imp`
[INFO] [stdout]   --> tests/union_from_zeros.rs:34:31
[INFO] [stdout]    |
[INFO] [stdout] 34 | #[derive(imp::Immutable, imp::FromZeros)]
[INFO] [stdout]    |                               ^^^^^^^^^ could not find `FromZeros` in `imp`
[INFO] [stdout] 
[INFO] [stdout] 
[INFO] [stdout] error[E0433]: cannot find `Immutable` in `imp`
[INFO] [stdout]   --> tests/union_from_zeros.rs:26:15
[INFO] [stdout]    |
[INFO] [stdout] 26 | #[derive(imp::Immutable, imp::FromZeros)]
[INFO] [stdout]    |               ^^^^^^^^^ could not find `Immutable` in `imp`
[INFO] [stdout] 
[INFO] [stdout] 
[INFO] [stdout] error[E0433]: cannot find `FromZeros` in `imp`
[INFO] [stdout]   --> tests/union_from_zeros.rs:26:31
[INFO] [stdout]    |
[INFO] [stdout] 26 | #[derive(imp::Immutable, imp::FromZeros)]
[INFO] [stdout]    |                               ^^^^^^^^^ could not find `FromZeros` in `imp`
[INFO] [stdout] 
[INFO] [stdout] 
[INFO] [stdout] error[E0433]: cannot find `Immutable` in `imp`
[INFO] [stdout]   --> tests/union_from_zeros.rs:18:28
[INFO] [stdout]    |
[INFO] [stdout] 18 | #[derive(Clone, Copy, imp::Immutable, imp::FromZeros)]
[INFO] [stdout]    |                            ^^^^^^^^^ could not find `Immutable` in `imp`
[INFO] [stdout] 
[INFO] [stdout] 
[INFO] [stdout] error[E0433]: cannot find `FromZeros` in `imp`
[INFO] [stdout]   --> tests/union_from_zeros.rs:18:44
[INFO] [stdout]    |
[INFO] [stdout] 18 | #[derive(Clone, Copy, imp::Immutable, imp::FromZeros)]
[INFO] [stdout]    |                                            ^^^^^^^^^ could not find `FromZeros` in `imp`
[INFO] [stdout] 
[INFO] [stdout] 
[INFO] [stdout] error[E0433]: cannot find `KnownLayout` in `imp`
[INFO] [stdout]   --> tests/include.rs:55:21
[INFO] [stdout]    |
[INFO] [stdout] 55 |         super::imp::KnownLayout,
[INFO] [stdout]    |                     ^^^^^^^^^^^ could not find `KnownLayout` in `imp`
[INFO] [stdout] 
[INFO] [stdout] 
[INFO] [stdout] error[E0433]: cannot find `Immutable` in `imp`
[INFO] [stdout]   --> tests/include.rs:56:21
[INFO] [stdout]    |
[INFO] [stdout] 56 |         super::imp::Immutable,
[INFO] [stdout]    |                     ^^^^^^^^^ could not find `Immutable` in `imp`
[INFO] [stdout] 
[INFO] [stdout] 
[INFO] [stdout] error[E0433]: cannot find `FromBytes` in `imp`
[INFO] [stdout]   --> tests/include.rs:57:21
[INFO] [stdout]    |
[INFO] [stdout] 57 |         super::imp::FromBytes,
[INFO] [stdout]    |                     ^^^^^^^^^ could not find `FromBytes` in `imp`
[INFO] [stdout] 
[INFO] [stdout] 
[INFO] [stdout] error[E0433]: cannot find `IntoBytes` in `imp`
[INFO] [stdout]   --> tests/include.rs:58:21
[INFO] [stdout]    |
[INFO] [stdout] 58 |         super::imp::IntoBytes,
[INFO] [stdout]    |                     ^^^^^^^^^ could not find `IntoBytes` in `imp`
[INFO] [stdout] 
[INFO] [stdout] 
[INFO] [stdout] error[E0433]: cannot find `pointer` in `imp`
[INFO] [stdout]    --> tests/include.rs:136:13
[INFO] [stdout]     |
[INFO] [stdout] 136 |             pointer::{cast::CastSized, BecauseImmutable},
[INFO] [stdout]     |             ^^^^^^^ could not find `pointer` in `imp`
[INFO] [stdout] 
[INFO] [stdout] 
[INFO] [stdout] error[E0432]: unresolved imports `super::imp::Ptr`, `super::imp::ReadOnly`
[INFO] [stdout]    --> tests/include.rs:110:39
[INFO] [stdout]     |
[INFO] [stdout] 110 |         use super::imp::{MaybeUninit, Ptr, ReadOnly};
[INFO] [stdout]     |                                       ^^^  ^^^^^^^^ no `ReadOnly` in `imp`
[INFO] [stdout]     |                                       |
[INFO] [stdout]     |                                       no `Ptr` in `imp`
[INFO] [stdout]     |
[INFO] [stdout] help: a similar name exists in the module
[INFO] [stdout]     |
[INFO] [stdout] 110 -         use super::imp::{MaybeUninit, Ptr, ReadOnly};
[INFO] [stdout] 110 +         use super::imp::{MaybeUninit, str, ReadOnly};
[INFO] [stdout]     |
[INFO] [stdout] 
[INFO] [stdout] 
[INFO] [stdout] error: cannot find attribute `zerocopy` in this scope
[INFO] [stdout]    --> tests/enum_try_from_bytes.rs:691:3
[INFO] [stdout]     |
[INFO] [stdout] 691 | #[zerocopy(crate = "zerocopy_renamed")]
[INFO] [stdout]     |   ^^^^^^^^
[INFO] [stdout]     |
[INFO] [stdout] help: `zerocopy` is an attribute that can be used by the derive macros `ByteEq`, `ByteHash`, `FromBytes`, `FromZeros`, `Immutable`, `IntoBytes`, `KnownLayout`, `Project`, `SplitAt`, `TryFromBytes`, `Unaligned` and `most_traits`, you might be missing a `derive` attribute
[INFO] [stdout]     |
[INFO] [stdout] 693 + #[derive(ByteEq, ByteHash, FromBytes, FromZeros, Immutable, IntoBytes, KnownLayout, Project, SplitAt, TryFromBytes, Unaligned, most_traits)]
[INFO] [stdout] 694 | enum RawIdentifierVariant {
[INFO] [stdout]     |
[INFO] [stdout] 
[INFO] [stdout] 
[INFO] [stdout] error[E0432]: unresolved imports `super::imp::pointer`, `super::imp::ReadOnly`
[INFO] [stdout]    --> tests/include.rs:136:13
[INFO] [stdout]     |
[INFO] [stdout] 136 |             pointer::{cast::CastSized, BecauseImmutable},
[INFO] [stdout]     |             ^^^^^^^ could not find `pointer` in `imp`
[INFO] [stdout] 137 |             ReadOnly,
[INFO] [stdout]     |             ^^^^^^^^ no `ReadOnly` in `imp`
[INFO] [stdout] 
[INFO] [stdout] 
[INFO] [stdout] error[E0433]: cannot find `ident_id` in `imp`
[INFO] [stdout]    --> tests/project.rs:350:90
[INFO] [stdout]     |
[INFO] [stdout] 350 |         .project::<imp::project_clients::ProjectDerive, _, { imp::ident_id!(B) }, { imp::ident_id!(field) }>();
[INFO] [stdout]     |                                                                                          ^^^^^^^^ could not find `ident_id` in `imp`
[INFO] [stdout] 
[INFO] [stdout] 
[INFO] [stdout] error[E0433]: cannot find `ident_id` in `imp`
[INFO] [stdout]    --> tests/project.rs:350:67
[INFO] [stdout]     |
[INFO] [stdout] 350 |         .project::<imp::project_clients::ProjectDerive, _, { imp::ident_id!(B) }, { imp::ident_id!(field) }>();
[INFO] [stdout]     |                                                                   ^^^^^^^^ could not find `ident_id` in `imp`
[INFO] [stdout] 
[INFO] [stdout] 
[INFO] [stdout] error[E0433]: cannot find `ident_id` in `imp`
[INFO] [stdout]    --> tests/project.rs:342:101
[INFO] [stdout]     |
[INFO] [stdout] 342 |         .project::<imp::project_clients::ProjectDerive, _, { imp::REPR_C_UNION_VARIANT_ID }, { imp::ident_id!(field) }>();
[INFO] [stdout]     |                                                                                                     ^^^^^^^^ could not find `ident_id` in `imp`
[INFO] [stdout] 
[INFO] [stdout] 
[INFO] [stdout] error[E0433]: cannot find `ident_id` in `imp`
[INFO] [stdout]    --> tests/project.rs:332:95
[INFO] [stdout]     |
[INFO] [stdout] 332 |         .project::<imp::project_clients::ProjectDerive, _, { imp::STRUCT_VARIANT_ID }, { imp::ident_id!(field) }>();
[INFO] [stdout]     |                                                                                               ^^^^^^^^ could not find `ident_id` in `imp`
[INFO] [stdout] 
[INFO] [stdout] 
[INFO] [stdout] error[E0433]: cannot find `Project` in `imp`
[INFO] [stdout]    --> tests/project.rs:311:15
[INFO] [stdout]     |
[INFO] [stdout] 311 | #[derive(imp::Project, imp::TryFromBytes)]
[INFO] [stdout]     |               ^^^^^^^ could not find `Project` in `imp`
[INFO] [stdout] 
[INFO] [stdout] 
[INFO] [stdout] error[E0433]: cannot find `TryFromBytes` in `imp`
[INFO] [stdout]    --> tests/project.rs:311:29
[INFO] [stdout]     |
[INFO] [stdout] 311 | #[derive(imp::Project, imp::TryFromBytes)]
[INFO] [stdout]     |                             ^^^^^^^^^^^^ could not find `TryFromBytes` in `imp`
[INFO] [stdout] 
[INFO] [stdout] 
[INFO] [stdout] error[E0433]: cannot find `TryFromBytes` in `imp`
[INFO] [stdout]    --> tests/project.rs:304:15
[INFO] [stdout]     |
[INFO] [stdout] 304 | #[derive(imp::TryFromBytes, imp::Project)]
[INFO] [stdout]     |               ^^^^^^^^^^^^ could not find `TryFromBytes` in `imp`
[INFO] [stdout] 
[INFO] [stdout] 
[INFO] [stdout] error[E0433]: cannot find `Project` in `imp`
[INFO] [stdout]    --> tests/project.rs:304:34
[INFO] [stdout]     |
[INFO] [stdout] 304 | #[derive(imp::TryFromBytes, imp::Project)]
[INFO] [stdout]     |                                  ^^^^^^^ could not find `Project` in `imp`
[INFO] [stdout] 
[INFO] [stdout] 
[INFO] [stdout] error[E0433]: cannot find `Project` in `imp`
[INFO] [stdout]    --> tests/project.rs:298:15
[INFO] [stdout]     |
[INFO] [stdout] 298 | #[derive(imp::Project, imp::TryFromBytes)]
[INFO] [stdout]     |               ^^^^^^^ could not find `Project` in `imp`
[INFO] [stdout] 
[INFO] [stdout] 
[INFO] [stdout] error[E0433]: cannot find `TryFromBytes` in `imp`
[INFO] [stdout]    --> tests/project.rs:298:29
[INFO] [stdout]     |
[INFO] [stdout] 298 | #[derive(imp::Project, imp::TryFromBytes)]
[INFO] [stdout]     |                             ^^^^^^^^^^^^ could not find `TryFromBytes` in `imp`
[INFO] [stdout] 
[INFO] [stdout] 
[INFO] [stdout] error[E0433]: cannot find `ident_id` in `imp`
[INFO] [stdout]    --> tests/project.rs:294:95
[INFO] [stdout]     |
[INFO] [stdout] 294 |         .project::<imp::project_clients::ProjectDerive, _, { imp::STRUCT_VARIANT_ID }, { imp::ident_id!(field) }>();
[INFO] [stdout]     |                                                                                               ^^^^^^^^ could not find `ident_id` in `imp`
[INFO] [stdout] 
[INFO] [stdout] 
[INFO] [stdout] error[E0433]: cannot find `Project` in `imp`
[INFO] [stdout]    --> tests/project.rs:275:26
[INFO] [stdout]     |
[INFO] [stdout] 275 |     #[derive(super::imp::Project)]
[INFO] [stdout]     |                          ^^^^^^^ could not find `Project` in `imp`
[INFO] [stdout] 
[INFO] [stdout] 
[INFO] [stdout] error[E0433]: cannot find `ident_id` in `imp`
[INFO] [stdout]    --> tests/project.rs:270:97
[INFO] [stdout]     |
[INFO] [stdout] 270 |         .project::<imp::project_clients::ProjectDerive, _, { imp::ident_id!(Borrowed) }, { imp::ident_id!(0) }>();
[INFO] [stdout]     |                                                                                                 ^^^^^^^^ could not find `ident_id` in `imp`
[INFO] [stdout] 
[INFO] [stdout] 
[INFO] [stdout] error[E0433]: cannot find `ident_id` in `imp`
[INFO] [stdout]    --> tests/project.rs:270:67
[INFO] [stdout]     |
[INFO] [stdout] 270 |         .project::<imp::project_clients::ProjectDerive, _, { imp::ident_id!(Borrowed) }, { imp::ident_id!(0) }>();
[INFO] [stdout]     |                                                                   ^^^^^^^^ could not find `ident_id` in `imp`
[INFO] [stdout] 
[INFO] [stdout] 
[INFO] [stdout] error[E0433]: cannot find `Project` in `imp`
[INFO] [stdout]    --> tests/project.rs:254:15
[INFO] [stdout]     |
[INFO] [stdout] 254 | #[derive(imp::Project)]
[INFO] [stdout]     |               ^^^^^^^ could not find `Project` in `imp`
[INFO] [stdout] 
[INFO] [stdout] 
[INFO] [stdout] error[E0433]: cannot find `ident_id` in `imp`
[INFO] [stdout]    --> tests/project.rs:250:95
[INFO] [stdout]     |
[INFO] [stdout] 250 |         .project::<imp::project_clients::ProjectDerive, _, { imp::STRUCT_VARIANT_ID }, { imp::ident_id!(second) }>();
[INFO] [stdout]     |                                                                                               ^^^^^^^^ could not find `ident_id` in `imp`
[INFO] [stdout] 
[INFO] [stdout] 
[INFO] [stdout] error[E0433]: cannot find `Project` in `imp`
[INFO] [stdout]    --> tests/project.rs:236:15
[INFO] [stdout]     |
[INFO] [stdout] 236 | #[derive(imp::Project)]
[INFO] [stdout]     |               ^^^^^^^ could not find `Project` in `imp`
[INFO] [stdout] 
[INFO] [stdout] 
[INFO] [stdout] error[E0433]: cannot find `ident_id` in `imp`
[INFO] [stdout]    --> tests/project.rs:231:90
[INFO] [stdout]     |
[INFO] [stdout] 231 |         .project::<imp::project_clients::ProjectDerive, _, { imp::ident_id!(B) }, { imp::ident_id!(0) }>();
[INFO] [stdout]     |                                                                                          ^^^^^^^^ could not find `ident_id` in `imp`
[INFO] [stdout] 
[INFO] [stdout] 
[INFO] [stdout] error[E0433]: cannot find `ident_id` in `imp`
[INFO] [stdout]    --> tests/project.rs:231:67
[INFO] [stdout]     |
[INFO] [stdout] 231 |         .project::<imp::project_clients::ProjectDerive, _, { imp::ident_id!(B) }, { imp::ident_id!(0) }>();
[INFO] [stdout]     |                                                                   ^^^^^^^^ could not find `ident_id` in `imp`
[INFO] [stdout] 
[INFO] [stdout] 
[INFO] [stdout] error[E0433]: cannot find `ident_id` in `imp`
[INFO] [stdout]    --> tests/project.rs:220:96
[INFO] [stdout]     |
[INFO] [stdout] 220 |     > = uninit.project::<imp::project_clients::ProjectDerive, _, { imp::ident_id!(B) }, { imp::ident_id!(0) }>();
[INFO] [stdout]     |                                                                                                ^^^^^^^^ could not find `ident_id` in `imp`
[INFO] [stdout] 
[INFO] [stdout] 
[INFO] [stdout] error[E0433]: cannot find `ident_id` in `imp`
[INFO] [stdout]    --> tests/project.rs:220:73
[INFO] [stdout]     |
[INFO] [stdout] 220 |     > = uninit.project::<imp::project_clients::ProjectDerive, _, { imp::ident_id!(B) }, { imp::ident_id!(0) }>();
[INFO] [stdout]     |                                                                         ^^^^^^^^ could not find `ident_id` in `imp`
[INFO] [stdout] 
[INFO] [stdout] 
[INFO] [stdout] error[E0433]: cannot find `ident_id` in `imp`
[INFO] [stdout]    --> tests/project.rs:211:90
[INFO] [stdout]     |
[INFO] [stdout] 211 |         .project::<imp::project_clients::ProjectDerive, _, { imp::ident_id!(B) }, { imp::ident_id!(0) }>();
[INFO] [stdout]     |                                                                                          ^^^^^^^^ could not find `ident_id` in `imp`
[INFO] [stdout] 
[INFO] [stdout] 
[INFO] [stdout] error[E0433]: cannot find `ident_id` in `imp`
[INFO] [stdout]    --> tests/project.rs:211:67
[INFO] [stdout]     |
[INFO] [stdout] 211 |         .project::<imp::project_clients::ProjectDerive, _, { imp::ident_id!(B) }, { imp::ident_id!(0) }>();
[INFO] [stdout]     |                                                                   ^^^^^^^^ could not find `ident_id` in `imp`
[INFO] [stdout] 
[INFO] [stdout] 
[INFO] [stdout] error[E0433]: cannot find `ident_id` in `imp`
[INFO] [stdout]    --> tests/project.rs:204:90
[INFO] [stdout]     |
[INFO] [stdout] 204 |         .project::<imp::project_clients::ProjectDerive, _, { imp::ident_id!(A) }, { imp::ident_id!(0) }>();
[INFO] [stdout]     |                                                                                          ^^^^^^^^ could not find `ident_id` in `imp`
[INFO] [stdout] 
[INFO] [stdout] 
[INFO] [stdout] error[E0433]: cannot find `ident_id` in `imp`
[INFO] [stdout]    --> tests/project.rs:204:67
[INFO] [stdout]     |
[INFO] [stdout] 204 |         .project::<imp::project_clients::ProjectDerive, _, { imp::ident_id!(A) }, { imp::ident_id!(0) }>();
[INFO] [stdout]     |                                                                   ^^^^^^^^ could not find `ident_id` in `imp`
[INFO] [stdout] 
[INFO] [stdout] 
[INFO] [stdout] error[E0433]: cannot find `Project` in `imp`
[INFO] [stdout]    --> tests/project.rs:188:15
[INFO] [stdout]     |
[INFO] [stdout] 188 | #[derive(imp::Project)]
[INFO] [stdout]     |               ^^^^^^^ could not find `Project` in `imp`
[INFO] [stdout] 
[INFO] [stdout] 
[INFO] [stdout] error[E0433]: cannot find `ident_id` in `imp`
[INFO] [stdout]    --> tests/project.rs:184:95
[INFO] [stdout]     |
[INFO] [stdout] 184 |         .project::<imp::project_clients::ProjectDerive, _, { imp::ident_id!(Number) }, { imp::ident_id!(0) }>();
[INFO] [stdout]     |                                                                                               ^^^^^^^^ could not find `ident_id` in `imp`
[INFO] [stdout] 
[INFO] [stdout] 
[INFO] [stdout] error[E0433]: cannot find `ident_id` in `imp`
[INFO] [stdout]    --> tests/project.rs:184:67
[INFO] [stdout]     |
[INFO] [stdout] 184 |         .project::<imp::project_clients::ProjectDerive, _, { imp::ident_id!(Number) }, { imp::ident_id!(0) }>();
[INFO] [stdout]     |                                                                   ^^^^^^^^ could not find `ident_id` in `imp`
[INFO] [stdout] 
[INFO] [stdout] 
[INFO] [stdout] error[E0433]: cannot find `ident_id` in `imp`
[INFO] [stdout]    --> tests/project.rs:177:93
[INFO] [stdout]     |
[INFO] [stdout] 177 |         .project::<imp::project_clients::ProjectDerive, _, { imp::ident_id!(Flag) }, { imp::ident_id!(value) }>();
[INFO] [stdout]     |                                                                                             ^^^^^^^^ could not find `ident_id` in `imp`
[INFO] [stdout] 
[INFO] [stdout] 
[INFO] [stdout] error[E0433]: cannot find `ident_id` in `imp`
[INFO] [stdout]    --> tests/project.rs:177:67
[INFO] [stdout]     |
[INFO] [stdout] 177 |         .project::<imp::project_clients::ProjectDerive, _, { imp::ident_id!(Flag) }, { imp::ident_id!(value) }>();
[INFO] [stdout]     |                                                                   ^^^^^^^^ could not find `ident_id` in `imp`
[INFO] [stdout] 
[INFO] [stdout] 
[INFO] [stdout] error[E0433]: cannot find `Project` in `imp`
[INFO] [stdout]    --> tests/project.rs:162:15
[INFO] [stdout]     |
[INFO] [stdout] 162 | #[derive(imp::Project)]
[INFO] [stdout]     |               ^^^^^^^ could not find `Project` in `imp`
[INFO] [stdout] 
[INFO] [stdout] 
[INFO] [stdout] error[E0433]: cannot find `Project` in `imp`
[INFO] [stdout]    --> tests/project.rs:155:15
[INFO] [stdout]     |
[INFO] [stdout] 155 | #[derive(imp::Project)]
[INFO] [stdout]     |               ^^^^^^^ could not find `Project` in `imp`
[INFO] [stdout] 
[INFO] [stdout] 
[INFO] [stdout] error[E0433]: cannot find `ident_id` in `imp`
[INFO] [stdout]    --> tests/project.rs:151:101
[INFO] [stdout]     |
[INFO] [stdout] 151 |         .project::<imp::project_clients::ProjectDerive, _, { imp::REPR_C_UNION_VARIANT_ID }, { imp::ident_id!(signed) }>();
[INFO] [stdout]     |                                                                                                     ^^^^^^^^ could not find `ident_id` in `imp`
[INFO] [stdout] 
[INFO] [stdout] 
[INFO] [stdout] error[E0433]: cannot find `ident_id` in `imp`
[INFO] [stdout]    --> tests/project.rs:141:101
[INFO] [stdout]     |
[INFO] [stdout] 141 |         .project::<imp::project_clients::ProjectDerive, _, { imp::REPR_C_UNION_VARIANT_ID }, { imp::ident_id!(signed) }>();
[INFO] [stdout]     |                                                                                                     ^^^^^^^^ could not find `ident_id` in `imp`
[INFO] [stdout] 
[INFO] [stdout] 
[INFO] [stdout] error[E0433]: cannot find `Project` in `imp`
[INFO] [stdout]    --> tests/project.rs:123:15
[INFO] [stdout]     |
[INFO] [stdout] 123 | #[derive(imp::Project)]
[INFO] [stdout]     |               ^^^^^^^ could not find `Project` in `imp`
[INFO] [stdout] 
[INFO] [stdout] 
[INFO] [stdout] error[E0433]: cannot find `ident_id` in `imp`
[INFO] [stdout]    --> tests/project.rs:120:96
[INFO] [stdout]     |
[INFO] [stdout] 120 |     value.project::<imp::project_clients::ProjectDerive, _, { imp::STRUCT_VARIANT_ID }, { imp::ident_id!(tail) }>()
[INFO] [stdout]     |                                                                                                ^^^^^^^^ could not find `ident_id` in `imp`
[INFO] [stdout] 
[INFO] [stdout] 
[INFO] [stdout] error[E0433]: cannot find `Project` in `imp`
[INFO] [stdout]    --> tests/project.rs:106:15
[INFO] [stdout]     |
[INFO] [stdout] 106 | #[derive(imp::Project)]
[INFO] [stdout]     |               ^^^^^^^ could not find `Project` in `imp`
[INFO] [stdout] 
[INFO] [stdout] 
[INFO] [stdout] error[E0433]: cannot find `ident_id` in `imp`
[INFO] [stdout]    --> tests/project.rs:102:95
[INFO] [stdout]     |
[INFO] [stdout] 102 |         .project::<imp::project_clients::ProjectDerive, _, { imp::STRUCT_VARIANT_ID }, { imp::ident_id!(word) }>();
[INFO] [stdout]     |                                                                                               ^^^^^^^^ could not find `ident_id` in `imp`
[INFO] [stdout] 
[INFO] [stdout] 
[INFO] [stdout] error[E0433]: cannot find `Project` in `imp`
[INFO] [stdout]   --> tests/project.rs:87:15
[INFO] [stdout]    |
[INFO] [stdout] 87 | #[derive(imp::Project)]
[INFO] [stdout]    |               ^^^^^^^ could not find `Project` in `imp`
[INFO] [stdout] 
[INFO] [stdout] 
[INFO] [stdout] error[E0433]: cannot find `ident_id` in `imp`
[INFO] [stdout]   --> tests/project.rs:83:95
[INFO] [stdout]    |
[INFO] [stdout] 83 |         .project::<imp::project_clients::ProjectDerive, _, { imp::STRUCT_VARIANT_ID }, { imp::ident_id!(second) }>();
[INFO] [stdout]    |                                                                                               ^^^^^^^^ could not find `ident_id` in `imp`
[INFO] [stdout] 
[INFO] [stdout] 
[INFO] [stdout] error[E0433]: cannot find `ident_id` in `imp`
[INFO] [stdout]   --> tests/project.rs:76:95
[INFO] [stdout]    |
[INFO] [stdout] 76 |         .project::<imp::project_clients::ProjectDerive, _, { imp::STRUCT_VARIANT_ID }, { imp::ident_id!(second) }>();
[INFO] [stdout]    |                                                                                               ^^^^^^^^ could not find `ident_id` in `imp`
[INFO] [stdout] 
[INFO] [stdout] 
[INFO] [stdout] error[E0433]: cannot find `ident_id` in `imp`
[INFO] [stdout]   --> tests/project.rs:66:95
[INFO] [stdout]    |
[INFO] [stdout] 66 |         .project::<imp::project_clients::ProjectDerive, _, { imp::STRUCT_VARIANT_ID }, { imp::ident_id!(second) }>();
[INFO] [stdout]    |                                                                                               ^^^^^^^^ could not find `ident_id` in `imp`
[INFO] [stdout] 
[INFO] [stdout] 
[INFO] [stdout] error[E0433]: cannot find `Project` in `imp`
[INFO] [stdout]   --> tests/project.rs:48:15
[INFO] [stdout]    |
[INFO] [stdout] 48 | #[derive(imp::Project)]
[INFO] [stdout]    |               ^^^^^^^ could not find `Project` in `imp`
[INFO] [stdout] 
[INFO] [stdout] 
[INFO] [stdout] error[E0433]: cannot find `ident_id` in `imp`
[INFO] [stdout]   --> tests/project.rs:44:95
[INFO] [stdout]    |
[INFO] [stdout] 44 |         .project::<imp::project_clients::ProjectDerive, _, { imp::STRUCT_VARIANT_ID }, { imp::ident_id!(1) }>();
[INFO] [stdout]    |                                                                                               ^^^^^^^^ could not find `ident_id` in `imp`
[INFO] [stdout] 
[INFO] [stdout] 
[INFO] [stdout] error[E0433]: cannot find `ident_id` in `imp`
[INFO] [stdout]   --> tests/project.rs:36:95
[INFO] [stdout]    |
[INFO] [stdout] 36 |         .project::<imp::project_clients::ProjectDerive, _, { imp::STRUCT_VARIANT_ID }, { imp::ident_id!(word) }>();
[INFO] [stdout]    |                                                                                               ^^^^^^^^ could not find `ident_id` in `imp`
[INFO] [stdout] 
[INFO] [stdout] 
[INFO] [stdout] error[E0433]: cannot find `Project` in `imp`
[INFO] [stdout]   --> tests/project.rs:25:15
[INFO] [stdout]    |
[INFO] [stdout] 25 | #[derive(imp::Project)]
[INFO] [stdout]    |               ^^^^^^^ could not find `Project` in `imp`
[INFO] [stdout] 
[INFO] [stdout] 
[INFO] [stdout] error[E0433]: cannot find `Project` in `imp`
[INFO] [stdout]   --> tests/project.rs:18:15
[INFO] [stdout]    |
[INFO] [stdout] 18 | #[derive(imp::Project)]
[INFO] [stdout]    |               ^^^^^^^ could not find `Project` in `imp`
[INFO] [stdout] 
[INFO] [stdout] 
[INFO] [stdout] error[E0433]: cannot find `KnownLayout` in `imp`
[INFO] [stdout]   --> tests/include.rs:55:21
[INFO] [stdout]    |
[INFO] [stdout] 55 |         super::imp::KnownLayout,
[INFO] [stdout]    |                     ^^^^^^^^^^^ could not find `KnownLayout` in `imp`
[INFO] [stdout] 
[INFO] [stdout] 
[INFO] [stdout] error[E0433]: cannot find `Immutable` in `imp`
[INFO] [stdout]   --> tests/include.rs:56:21
[INFO] [stdout]    |
[INFO] [stdout] 56 |         super::imp::Immutable,
[INFO] [stdout]    |                     ^^^^^^^^^ could not find `Immutable` in `imp`
[INFO] [stdout] 
[INFO] [stdout] 
[INFO] [stdout] error[E0433]: cannot find `FromBytes` in `imp`
[INFO] [stdout]   --> tests/include.rs:57:21
[INFO] [stdout]    |
[INFO] [stdout] 57 |         super::imp::FromBytes,
[INFO] [stdout]    |                     ^^^^^^^^^ could not find `FromBytes` in `imp`
[INFO] [stdout] 
[INFO] [stdout] 
[INFO] [stdout] error[E0433]: cannot find `IntoBytes` in `imp`
[INFO] [stdout]   --> tests/include.rs:58:21
[INFO] [stdout]    |
[INFO] [stdout] 58 |         super::imp::IntoBytes,
[INFO] [stdout]    |                     ^^^^^^^^^ could not find `IntoBytes` in `imp`
[INFO] [stdout] 
[INFO] [stdout] 
[INFO] [stdout] error: cannot find attribute `zerocopy` in this scope
[INFO] [stdout]   --> tests/struct_no_cell.rs:82:3
[INFO] [stdout]    |
[INFO] [stdout] 82 | #[zerocopy(crate = "zerocopy_renamed")]
[INFO] [stdout]    |   ^^^^^^^^
[INFO] [stdout]    |
[INFO] [stdout] help: `zerocopy` is an attribute that can be used by the derive macros `ByteEq`, `ByteHash`, `FromBytes`, `FromZeros`, `Immutable`, `IntoBytes`, `KnownLayout`, `Project`, `SplitAt`, `TryFromBytes`, `Unaligned` and `most_traits`, you might be missing a `derive` attribute
[INFO] [stdout]    |
[INFO] [stdout] 83 + #[derive(ByteEq, ByteHash, FromBytes, FromZeros, Immutable, IntoBytes, KnownLayout, Project, SplitAt, TryFromBytes, Unaligned, most_traits)]
[INFO] [stdout] 84 | struct WithAssocType<T: Trait> {
[INFO] [stdout]    |
[INFO] [stdout] 
[INFO] [stdout] 
[INFO] [stdout] error: cannot find attribute `zerocopy` in this scope
[INFO] [stdout]    --> tests/project.rs:312:3
[INFO] [stdout]     |
[INFO] [stdout] 312 | #[zerocopy(crate = "zerocopy_renamed")]
[INFO] [stdout]     |   ^^^^^^^^
[INFO] [stdout]     |
[INFO] [stdout] help: `zerocopy` is an attribute that can be used by the derive macros `ByteEq`, `ByteHash`, `FromBytes`, `FromZeros`, `Immutable`, `IntoBytes`, `KnownLayout`, `Project`, `SplitAt`, `TryFromBytes`, `Unaligned` and `most_traits`, you might be missing a `derive` attribute
[INFO] [stdout]     |
[INFO] [stdout] 314 + #[derive(ByteEq, ByteHash, FromBytes, FromZeros, Immutable, IntoBytes, KnownLayout, Project, SplitAt, TryFromBytes, Unaligned, most_traits)]
[INFO] [stdout] 315 | enum ProjectAndTryFromBytes {
[INFO] [stdout]     |
[INFO] [stdout] 
[INFO] [stdout] 
[INFO] [stdout] error: cannot find attribute `zerocopy` in this scope
[INFO] [stdout]    --> tests/enum_try_from_bytes.rs:681:7
[INFO] [stdout]     |
[INFO] [stdout] 681 |     #[zerocopy(crate = "zerocopy_renamed")]
[INFO] [stdout]     |       ^^^^^^^^
[INFO] [stdout]     |
[INFO] [stdout] help: `zerocopy` is an attribute that can be used by the derive macros `ByteEq`, `ByteHash`, `FromBytes`, `FromZeros`, `Immutable`, `IntoBytes`, `KnownLayout`, `Project`, `SplitAt`, `TryFromBytes`, `Unaligned` and `most_traits`, you might be missing a `derive` attribute
[INFO] [stdout]     |
[INFO] [stdout] 683 +     #[derive(ByteEq, ByteHash, FromBytes, FromZeros, Immutable, IntoBytes, KnownLayout, Project, SplitAt, TryFromBytes, Unaligned, most_traits)]
[INFO] [stdout] 684 |     pub enum Code {
[INFO] [stdout]     |
[INFO] [stdout] 
[INFO] [stdout] 
[INFO] [stdout] error: cannot find attribute `zerocopy` in this scope
[INFO] [stdout]    --> tests/project.rs:305:3
[INFO] [stdout]     |
[INFO] [stdout] 305 | #[zerocopy(crate = "zerocopy_renamed")]
[INFO] [stdout]     |   ^^^^^^^^
[INFO] [stdout]     |
[INFO] [stdout] help: `zerocopy` is an attribute that can be used by the derive macros `ByteEq`, `ByteHash`, `FromBytes`, `FromZeros`, `Immutable`, `IntoBytes`, `KnownLayout`, `Project`, `SplitAt`, `TryFromBytes`, `Unaligned` and `most_traits`, you might be missing a `derive` attribute
[INFO] [stdout]     |
[INFO] [stdout] 307 + #[derive(ByteEq, ByteHash, FromBytes, FromZeros, Immutable, IntoBytes, KnownLayout, Project, SplitAt, TryFromBytes, Unaligned, most_traits)]
[INFO] [stdout] 308 | union TryFromBytesThenProject {
[INFO] [stdout]     |
[INFO] [stdout] 
[INFO] [stdout] 
[INFO] [stdout] error: cannot find attribute `zerocopy` in this scope
[INFO] [stdout]   --> tests/union_from_zeros.rs:77:3
[INFO] [stdout]    |
[INFO] [stdout] 77 | #[zerocopy(crate = "zerocopy_renamed")]
[INFO] [stdout]    |   ^^^^^^^^
[INFO] [stdout]    |
[INFO] [stdout] help: `zerocopy` is an attribute that can be used by the derive macros `ByteEq`, `ByteHash`, `FromBytes`, `FromZeros`, `Immutable`, `IntoBytes`, `KnownLayout`, `Project`, `SplitAt`, `TryFromBytes`, `Unaligned` and `most_traits`, you might be missing a `derive` attribute
[INFO] [stdout]    |
[INFO] [stdout] 79 + #[derive(ByteEq, ByteHash, FromBytes, FromZeros, Immutable, IntoBytes, KnownLayout, Project, SplitAt, TryFromBytes, Unaligned, most_traits)]
[INFO] [stdout] 80 | union UnsafeCellUnion {
[INFO] [stdout]    |
[INFO] [stdout] 
[INFO] [stdout] 
[INFO] [stdout] error: cannot find attribute `zerocopy` in this scope
[INFO] [stdout]    --> tests/project.rs:299:3
[INFO] [stdout]     |
[INFO] [stdout] 299 | #[zerocopy(crate = "zerocopy_renamed")]
[INFO] [stdout]     |   ^^^^^^^^
[INFO] [stdout]     |
[INFO] [stdout] help: `zerocopy` is an attribute that can be used by the derive macros `ByteEq`, `ByteHash`, `FromBytes`, `FromZeros`, `Immutable`, `IntoBytes`, `KnownLayout`, `Project`, `SplitAt`, `TryFromBytes`, `Unaligned` and `most_traits`, you might be missing a `derive` attribute
[INFO] [stdout]     |
[INFO] [stdout] 300 + #[derive(ByteEq, ByteHash, FromBytes, FromZeros, Immutable, IntoBytes, KnownLayout, Project, SplitAt, TryFromBytes, Unaligned, most_traits)]
[INFO] [stdout] 301 | struct ProjectThenTryFromBytes {
[INFO] [stdout]     |
[INFO] [stdout] 
[INFO] [stdout] 
[INFO] [stdout] error: cannot find attribute `zerocopy` in this scope
[INFO] [stdout]   --> tests/struct_no_cell.rs:55:3
[INFO] [stdout]    |
[INFO] [stdout] 55 | #[zerocopy(crate = "zerocopy_renamed")]
[INFO] [stdout]    |   ^^^^^^^^
[INFO] [stdout]    |
[INFO] [stdout] help: `zerocopy` is an attribute that can be used by the derive macros `ByteEq`, `ByteHash`, `FromBytes`, `FromZeros`, `Immutable`, `IntoBytes`, `KnownLayout`, `Project`, `SplitAt`, `TryFromBytes`, `Unaligned` and `most_traits`, you might be missing a `derive` attribute
[INFO] [stdout]    |
[INFO] [stdout] 56 + #[derive(ByteEq, ByteHash, FromBytes, FromZeros, Immutable, IntoBytes, KnownLayout, Project, SplitAt, TryFromBytes, Unaligned, most_traits)]
[INFO] [stdout] 57 | struct TypeParams<'a, T, U, I: imp::Iterator> {
[INFO] [stdout]    |
[INFO] [stdout] 
[INFO] [stdout] 
[INFO] [stdout] error: cannot find attribute `zerocopy` in this scope
[INFO] [stdout]    --> tests/enum_try_from_bytes.rs:402:3
[INFO] [stdout]     |
[INFO] [stdout] 402 | #[zerocopy(crate = "zerocopy_renamed")]
[INFO] [stdout]     |   ^^^^^^^^
[INFO] [stdout]     |
[INFO] [stdout] help: `zerocopy` is an attribute that can be used by the derive macros `ByteEq`, `ByteHash`, `FromBytes`, `FromZeros`, `Immutable`, `IntoBytes`, `KnownLayout`, `Project`, `SplitAt`, `TryFromBytes`, `Unaligned` and `most_traits`, you might be missing a `derive` attribute
[INFO] [stdout]     |
[INFO] [stdout] 404 + #[derive(ByteEq, ByteHash, FromBytes, FromZeros, Immutable, IntoBytes, KnownLayout, Project, SplitAt, TryFromBytes, Unaligned, most_traits)]
[INFO] [stdout] 405 | enum FooU8 {
[INFO] [stdout]     |
[INFO] [stdout] 
[INFO] [stdout] 
[INFO] [stdout] error: cannot find attribute `zerocopy` in this scope
[INFO] [stdout]   --> tests/union_from_zeros.rs:62:3
[INFO] [stdout]    |
[INFO] [stdout] 62 | #[zerocopy(crate = "zerocopy_renamed")]
[INFO] [stdout]    |   ^^^^^^^^
[INFO] [stdout]    |
[INFO] [stdout] help: `zerocopy` is an attribute that can be used by the derive macros `ByteEq`, `ByteHash`, `FromBytes`, `FromZeros`, `Immutable`, `IntoBytes`, `KnownLayout`, `Project`, `SplitAt`, `TryFromBytes`, `Unaligned` and `most_traits`, you might be missing a `derive` attribute
[INFO] [stdout]    |
[INFO] [stdout] 64 + #[derive(ByteEq, ByteHash, FromBytes, FromZeros, Immutable, IntoBytes, KnownLayout, Project, SplitAt, TryFromBytes, Unaligned, most_traits)]
[INFO] [stdout] 65 | union WithParams<'a: 'b, 'b: 'a, T: 'a + 'b + imp::FromZeros, const N: usize>
[INFO] [stdout]    |
[INFO] [stdout] 
[INFO] [stdout] 
[INFO] [stdout] error: cannot find attribute `zerocopy` in this scope
[INFO] [stdout]    --> tests/project.rs:276:7
[INFO] [stdout]     |
[INFO] [stdout] 276 |     #[zerocopy(crate = "zerocopy_renamed")]
[INFO] [stdout]     |       ^^^^^^^^
[INFO] [stdout]     |
[INFO] [stdout] help: `zerocopy` is an attribute that can be used by the derive macros `ByteEq`, `ByteHash`, `FromBytes`, `FromZeros`, `Immutable`, `IntoBytes`, `KnownLayout`, `Project`, `SplitAt`, `TryFromBytes`, `Unaligned` and `most_traits`, you might be missing a `derive` attribute
[INFO] [stdout]     |
[INFO] [stdout] 277 +     #[derive(ByteEq, ByteHash, FromBytes, FromZeros, Immutable, IntoBytes, KnownLayout, Project, SplitAt, TryFromBytes, Unaligned, most_traits)]
[INFO] [stdout] 278 |     pub struct Public {
[INFO] [stdout]     |
[INFO] [stdout] 
[INFO] [stdout] 
[INFO] [stdout] error: cannot find attribute `zerocopy` in this scope
[INFO] [stdout]   --> tests/struct_no_cell.rs:47:3
[INFO] [stdout]    |
[INFO] [stdout] 47 | #[zerocopy(crate = "zerocopy_renamed")]
[INFO] [stdout]    |   ^^^^^^^^
[INFO] [stdout]    |
[INFO] [stdout] help: `zerocopy` is an attribute that can be used by the derive macros `ByteEq`, `ByteHash`, `FromBytes`, `FromZeros`, `Immutable`, `IntoBytes`, `KnownLayout`, `Project`, `SplitAt`, `TryFromBytes`, `Unaligned` and `most_traits`, you might be missing a `derive` attribute
[INFO] [stdout]    |
[INFO] [stdout] 48 + #[derive(ByteEq, ByteHash, FromBytes, FromZeros, Immutable, IntoBytes, KnownLayout, Project, SplitAt, TryFromBytes, Unaligned, most_traits)]
[INFO] [stdout] 49 | struct Four<'a> {
[INFO] [stdout]    |
[INFO] [stdout] 
[INFO] [stdout] 
[INFO] [stdout] error: cannot find attribute `zerocopy` in this scope
[INFO] [stdout]    --> tests/enum_try_from_bytes.rs:394:3
[INFO] [stdout]     |
[INFO] [stdout] 394 | #[zerocopy(crate = "zerocopy_renamed")]
[INFO] [stdout]     |   ^^^^^^^^
[INFO] [stdout]     |
[INFO] [stdout] help: `zerocopy` is an attribute that can be used by the derive macros `ByteEq`, `ByteHash`, `FromBytes`, `FromZeros`, `Immutable`, `IntoBytes`, `KnownLayout`, `Project`, `SplitAt`, `TryFromBytes`, `Unaligned` and `most_traits`, you might be missing a `derive` attribute
[INFO] [stdout]     |
[INFO] [stdout] 396 + #[derive(ByteEq, ByteHash, FromBytes, FromZeros, Immutable, IntoBytes, KnownLayout, Project, SplitAt, TryFromBytes, Unaligned, most_traits)]
[INFO] [stdout] 397 | enum B {
[INFO] [stdout]     |
[INFO] [stdout] 
[INFO] [stdout] 
[INFO] [stdout] Some errors have detailed explanations: E0432, E0433.
[INFO] [stdout] 
[INFO] [stdout] error: cannot find attribute `zerocopy` in this scope
[INFO] [stdout]    --> tests/project.rs:255:3
[INFO] [stdout]     |
[INFO] [stdout] 255 | #[zerocopy(crate = "zerocopy_renamed")]
[INFO] [stdout]     |   ^^^^^^^^
[INFO] [stdout]     |
[INFO] [stdout] help: `zerocopy` is an attribute that can be used by the derive macros `ByteEq`, `ByteHash`, `FromBytes`, `FromZeros`, `Immutable`, `IntoBytes`, `KnownLayout`, `Project`, `SplitAt`, `TryFromBytes`, `Unaligned` and `most_traits`, you might be missing a `derive` attribute
[INFO] [stdout]     |
[INFO] [stdout] 257 + #[derive(ByteEq, ByteHash, FromBytes, FromZeros, Immutable, IntoBytes, KnownLayout, Project, SplitAt, TryFromBytes, Unaligned, most_traits)]
[INFO] [stdout] 258 | enum GenericEnum<'a, T, const N: usize> {
[INFO] [stdout]     |
[INFO] [stdout] 
[INFO] [stdout] 
[INFO] [stdout] For more information about an error, try `rustc --explain E0432`.
[INFO] [stdout] 
[INFO] [stdout] error: cannot find attribute `zerocopy` in this scope
[INFO] [stdout]    --> tests/project.rs:237:3
[INFO] [stdout]     |
[INFO] [stdout] 237 | #[zerocopy(crate = "zerocopy_renamed")]
[INFO] [stdout]     |   ^^^^^^^^
[INFO] [stdout]     |
[INFO] [stdout] help: `zerocopy` is an attribute that can be used by the derive macros `ByteEq`, `ByteHash`, `FromBytes`, `FromZeros`, `Immutable`, `IntoBytes`, `KnownLayout`, `Project`, `SplitAt`, `TryFromBytes`, `Unaligned` and `most_traits`, you might be missing a `derive` attribute
[INFO] [stdout]     |
[INFO] [stdout] 238 + #[derive(ByteEq, ByteHash, FromBytes, FromZeros, Immutable, IntoBytes, KnownLayout, Project, SplitAt, TryFromBytes, Unaligned, most_traits)]
[INFO] [stdout] 239 | struct Generic<T, U> {
[INFO] [stdout]     |
[INFO] [stdout] 
[INFO] [stdout] 
[INFO] [stdout] error: cannot find attribute `zerocopy` in this scope
[INFO] [stdout]    --> tests/enum_try_from_bytes.rs:390:3
[INFO] [stdout]     |
[INFO] [stdout] 390 | #[zerocopy(crate = "zerocopy_renamed")]
[INFO] [stdout]     |   ^^^^^^^^
[INFO] [stdout]     |
[INFO] [stdout] help: `zerocopy` is an attribute that can be used by the derive macros `ByteEq`, `ByteHash`, `FromBytes`, `FromZeros`, `Immutable`, `IntoBytes`, `KnownLayout`, `Project`, `SplitAt`, `TryFromBytes`, `Unaligned` and `most_traits`, you might be missing a `derive` attribute
[INFO] [stdout]     |
[INFO] [stdout] 391 + #[derive(ByteEq, ByteHash, FromBytes, FromZeros, Immutable, IntoBytes, KnownLayout, Project, SplitAt, TryFromBytes, Unaligned, most_traits)]
[INFO] [stdout] 392 | struct A;
[INFO] [stdout]     |
[INFO] [stdout] 
[INFO] [stdout] 
[INFO] [stdout] error: cannot find attribute `zerocopy` in this scope
[INFO] [stdout]   --> tests/struct_no_cell.rs:39:3
[INFO] [stdout]    |
[INFO] [stdout] 39 | #[zerocopy(crate = "zerocopy_renamed")]
[INFO] [stdout]    |   ^^^^^^^^
[INFO] [stdout]    |
[INFO] [stdout] help: `zerocopy` is an attribute that can be used by the derive macros `ByteEq`, `ByteHash`, `FromBytes`, `FromZeros`, `Immutable`, `IntoBytes`, `KnownLayout`, `Project`, `SplitAt`, `TryFromBytes`, `Unaligned` and `most_traits`, you might be missing a `derive` attribute
[INFO] [stdout]    |
[INFO] [stdout] 40 + #[derive(ByteEq, ByteHash, FromBytes, FromZeros, Immutable, IntoBytes, KnownLayout, Project, SplitAt, TryFromBytes, Unaligned, most_traits)]
[INFO] [stdout] 41 | struct Three {
[INFO] [stdout]    |
[INFO] [stdout] 
[INFO] [stdout] 
[INFO] [stdout] error: cannot find attribute `zerocopy` in this scope
[INFO] [stdout]   --> tests/union_from_zeros.rs:44:3
[INFO] [stdout]    |
[INFO] [stdout] 44 | #[zerocopy(crate = "zerocopy_renamed")]
[INFO] [stdout]    |   ^^^^^^^^
[INFO] [stdout]    |
[INFO] [stdout] help: `zerocopy` is an attribute that can be used by the derive macros `ByteEq`, `ByteHash`, `FromBytes`, `FromZeros`, `Immutable`, `IntoBytes`, `KnownLayout`, `Project`, `SplitAt`, `TryFromBytes`, `Unaligned` and `most_traits`, you might be missing a `derive` attribute
[INFO] [stdout]    |
[INFO] [stdout] 45 + #[derive(ByteEq, ByteHash, FromBytes, FromZeros, Immutable, IntoBytes, KnownLayout, Project, SplitAt, TryFromBytes, Unaligned, most_traits)]
[INFO] [stdout] 46 | union TypeParams<'a, T: imp::Copy, I: imp::Iterator>
[INFO] [stdout]    |
[INFO] [stdout] 
[INFO] [stdout] 
[INFO] [stdout] error: cannot find attribute `zerocopy` in this scope
[INFO] [stdout]    --> tests/project.rs:189:3
[INFO] [stdout]     |
[INFO] [stdout] 189 | #[zerocopy(crate = "zerocopy_renamed")]
[INFO] [stdout]     |   ^^^^^^^^
[INFO] [stdout]     |
[INFO] [stdout] help: `zerocopy` is an attribute that can be used by the derive macros `ByteEq`, `ByteHash`, `FromBytes`, `FromZeros`, `Immutable`, `IntoBytes`, `KnownLayout`, `Project`, `SplitAt`, `TryFromBytes`, `Unaligned` and `most_traits`, you might be missing a `derive` attribute
[INFO] [stdout]     |
[INFO] [stdout] 191 + #[derive(ByteEq, ByteHash, FromBytes, FromZeros, Immutable, IntoBytes, KnownLayout, Project, SplitAt, TryFromBytes, Unaligned, most_traits)]
[INFO] [stdout] 192 | enum U8Enum {
[INFO] [stdout]     |
[INFO] [stdout] 
[INFO] [stdout] 
[INFO] [stdout] error: cannot find attribute `zerocopy` in this scope
[INFO] [stdout]    --> tests/project.rs:163:3
[INFO] [stdout]     |
[INFO] [stdout] 163 | #[zerocopy(crate = "zerocopy_renamed")]
[INFO] [stdout]     |   ^^^^^^^^
[INFO] [stdout]     |
[INFO] [stdout] help: `zerocopy` is an attribute that can be used by the derive macros `ByteEq`, `ByteHash`, `FromBytes`, `FromZeros`, `Immutable`, `IntoBytes`, `KnownLayout`, `Project`, `SplitAt`, `TryFromBytes`, `Unaligned` and `most_traits`, you might be missing a `derive` attribute
[INFO] [stdout]     |
[INFO] [stdout] 165 + #[derive(ByteEq, ByteHash, FromBytes, FromZeros, Immutable, IntoBytes, KnownLayout, Project, SplitAt, TryFromBytes, Unaligned, most_traits)]
[INFO] [stdout] 166 | enum CEnum {
[INFO] [stdout]     |
[INFO] [stdout] 
[INFO] [stdout] 
[INFO] [stdout] error: cannot find attribute `zerocopy` in this scope
[INFO] [stdout]    --> tests/enum_try_from_bytes.rs:382:3
[INFO] [stdout]     |
[INFO] [stdout] 382 | #[zerocopy(crate = "zerocopy_renamed")]
[INFO] [stdout]     |   ^^^^^^^^
[INFO] [stdout]     |
[INFO] [stdout] help: `zerocopy` is an attribute that can be used by the derive macros `ByteEq`, `ByteHash`, `FromBytes`, `FromZeros`, `Immutable`, `IntoBytes`, `KnownLayout`, `Project`, `SplitAt`, `TryFromBytes`, `Unaligned` and `most_traits`, you might be missing a `derive` attribute
[INFO] [stdout]     |
[INFO] [stdout] 384 + #[derive(ByteEq, ByteHash, FromBytes, FromZeros, Immutable, IntoBytes, KnownLayout, Project, SplitAt, TryFromBytes, Unaligned, most_traits)]
[INFO] [stdout] 385 | enum GenericWithLifetimes<'a, 'b, X: 'a, Y: 'b> {
[INFO] [stdout]     |
[INFO] [stdout] 
[INFO] [stdout] 
[INFO] [stdout] error: cannot find attribute `zerocopy` in this scope
[INFO] [stdout]   --> tests/struct_no_cell.rs:30:3
[INFO] [stdout]    |
[INFO] [stdout] 30 | #[zerocopy(crate = "zerocopy_renamed")]
[INFO] [stdout]    |   ^^^^^^^^
[INFO] [stdout]    |
[INFO] [stdout] help: `zerocopy` is an attribute that can be used by the derive macros `ByteEq`, `ByteHash`, `FromBytes`, `FromZeros`, `Immutable`, `IntoBytes`, `KnownLayout`, `Project`, `SplitAt`, `TryFromBytes`, `Unaligned` and `most_traits`, you might be missing a `derive` attribute
[INFO] [stdout]    |
[INFO] [stdout] 31 + #[derive(ByteEq, ByteHash, FromBytes, FromZeros, Immutable, IntoBytes, KnownLayout, Project, SplitAt, TryFromBytes, Unaligned, most_traits)]
[INFO] [stdout] 32 | struct Two {
[INFO] [stdout]    |
[INFO] [stdout] 
[INFO] [stdout] 
[INFO] [stdout] error: cannot find attribute `zerocopy` in this scope
[INFO] [stdout]    --> tests/project.rs:156:3
[INFO] [stdout]     |
[INFO] [stdout] 156 | #[zerocopy(crate = "zerocopy_renamed")]
[INFO] [stdout]     |   ^^^^^^^^
[INFO] [stdout]     |
[INFO] [stdout] help: `zerocopy` is an attribute that can be used by the derive macros `ByteEq`, `ByteHash`, `FromBytes`, `FromZeros`, `Immutable`, `IntoBytes`, `KnownLayout`, `Project`, `SplitAt`, `TryFromBytes`, `Unaligned` and `most_traits`, you might be missing a `derive` attribute
[INFO] [stdout]     |
[INFO] [stdout] 157 + #[derive(ByteEq, ByteHash, FromBytes, FromZeros, Immutable, IntoBytes, KnownLayout, Project, SplitAt, TryFromBytes, Unaligned, most_traits)]
[INFO] [stdout] 158 | enum Fieldless {
[INFO] [stdout]     |
[INFO] [stdout] 
[INFO] [stdout] 
[INFO] [stdout] error: cannot find attribute `zerocopy` in this scope
[INFO] [stdout]   --> tests/union_from_zeros.rs:35:3
[INFO] [stdout]    |
[INFO] [stdout] 35 | #[zerocopy(crate = "zerocopy_renamed")]
[INFO] [stdout]    |   ^^^^^^^^
[INFO] [stdout]    |
[INFO] [stdout] help: `zerocopy` is an attribute that can be used by the derive macros `ByteEq`, `ByteHash`, `FromBytes`, `FromZeros`, `Immutable`, `IntoBytes`, `KnownLayout`, `Project`, `SplitAt`, `TryFromBytes`, `Unaligned` and `most_traits`, you might be missing a `derive` attribute
[INFO] [stdout]    |
[INFO] [stdout] 36 + #[derive(ByteEq, ByteHash, FromBytes, FromZeros, Immutable, IntoBytes, KnownLayout, Project, SplitAt, TryFromBytes, Unaligned, most_traits)]
[INFO] [stdout] 37 | union Two {
[INFO] [stdout]    |
[INFO] [stdout] 
[INFO] [stdout] 
[INFO] [stdout] error: cannot find attribute `zerocopy` in this scope
[INFO] [stdout]    --> tests/project.rs:124:3
[INFO] [stdout]     |
[INFO] [stdout] 124 | #[zerocopy(crate = "zerocopy_renamed")]
[INFO] [stdout]     |   ^^^^^^^^
[INFO] [stdout]     |
[INFO] [stdout] help: `zerocopy` is an attribute that can be used by the derive macros `ByteEq`, `ByteHash`, `FromBytes`, `FromZeros`, `Immutable`, `IntoBytes`, `KnownLayout`, `Project`, `SplitAt`, `TryFromBytes`, `Unaligned` and `most_traits`, you might be missing a `derive` attribute
[INFO] [stdout]     |
[INFO] [stdout] 126 + #[derive(ByteEq, ByteHash, FromBytes, FromZeros, Immutable, IntoBytes, KnownLayout, Project, SplitAt, TryFromBytes, Unaligned, most_traits)]
[INFO] [stdout] 127 | union Union {
[INFO] [stdout]     |
[INFO] [stdout] 
[INFO] [stdout] 
[INFO] [stdout] error: cannot find attribute `zerocopy` in this scope
[INFO] [stdout]   --> tests/struct_no_cell.rs:22:3
[INFO] [stdout]    |
[INFO] [stdout] 22 | #[zerocopy(crate = "zerocopy_renamed")]
[INFO] [stdout]    |   ^^^^^^^^
[INFO] [stdout]    |
[INFO] [stdout] help: `zerocopy` is an attribute that can be used by the derive macros `ByteEq`, `ByteHash`, `FromBytes`, `FromZeros`, `Immutable`, `IntoBytes`, `KnownLayout`, `Project`, `SplitAt`, `TryFromBytes`, `Unaligned` and `most_traits`, you might be missing a `derive` attribute
[INFO] [stdout]    |
[INFO] [stdout] 23 + #[derive(ByteEq, ByteHash, FromBytes, FromZeros, Immutable, IntoBytes, KnownLayout, Project, SplitAt, TryFromBytes, Unaligned, most_traits)]
[INFO] [stdout] 24 | struct One {
[INFO] [stdout]    |
[INFO] [stdout] 
[INFO] [stdout] 
[INFO] [stdout] error: cannot find attribute `zerocopy` in this scope
[INFO] [stdout]    --> tests/project.rs:107:3
[INFO] [stdout]     |
[INFO] [stdout] 107 | #[zerocopy(crate = "zerocopy_renamed")]
[INFO] [stdout]     |   ^^^^^^^^
[INFO] [stdout]     |
[INFO] [stdout] help: `zerocopy` is an attribute that can be used by the derive macros `ByteEq`, `ByteHash`, `FromBytes`, `FromZeros`, `Immutable`, `IntoBytes`, `KnownLayout`, `Project`, `SplitAt`, `TryFromBytes`, `Unaligned` and `most_traits`, you might be missing a `derive` attribute
[INFO] [stdout]     |
[INFO] [stdout] 109 + #[derive(ByteEq, ByteHash, FromBytes, FromZeros, Immutable, IntoBytes, KnownLayout, Project, SplitAt, TryFromBytes, Unaligned, most_traits)]
[INFO] [stdout] 110 | struct Unsized<T: ?imp::Sized> {
[INFO] [stdout]     |
[INFO] [stdout] 
[INFO] [stdout] 
[INFO] [stdout] error: cannot find attribute `zerocopy` in this scope
[INFO] [stdout]    --> tests/enum_try_from_bytes.rs:371:3
[INFO] [stdout]     |
[INFO] [stdout] 371 | #[zerocopy(crate = "zerocopy_renamed")]
[INFO] [stdout]     |   ^^^^^^^^
[INFO] [stdout]     |
[INFO] [stdout] help: `zerocopy` is an attribute that can be used by the derive macros `ByteEq`, `ByteHash`, `FromBytes`, `FromZeros`, `Immutable`, `IntoBytes`, `KnownLayout`, `Project`, `SplitAt`, `TryFromBytes`, `Unaligned` and `most_traits`, you might be missing a `derive` attribute
[INFO] [stdout]     |
[INFO] [stdout] 373 + #[derive(ByteEq, ByteHash, FromBytes, FromZeros, Immutable, IntoBytes, KnownLayout, Project, SplitAt, TryFromBytes, Unaligned, most_traits)]
[INFO] [stdout] 374 | enum ComplexWithGenerics<X, Y> {
[INFO] [stdout]     |
[INFO] [stdout] 
[INFO] [stdout] 
[INFO] [stderr] error: could not compile `zerocopy-derive` (test "enum_from_zeros") due to 27 previous errors
[INFO] [stdout] error: cannot find attribute `zerocopy` in this scope
[INFO] [stdout]   --> tests/project.rs:88:3
[INFO] [stdout]    |
[INFO] [stdout] 88 | #[zerocopy(crate = "zerocopy_renamed")]
[INFO] [stdout]    |   ^^^^^^^^
[INFO] [stdout]    |
[INFO] [stdout] help: `zerocopy` is an attribute that can be used by the derive macros `ByteEq`, `ByteHash`, `FromBytes`, `FromZeros`, `Immutable`, `IntoBytes`, `KnownLayout`, `Project`, `SplitAt`, `TryFromBytes`, `Unaligned` and `most_traits`, you might be missing a `derive` attribute
[INFO] [stdout]    |
[INFO] [stdout] 90 + #[derive(ByteEq, ByteHash, FromBytes, FromZeros, Immutable, IntoBytes, KnownLayout, Project, SplitAt, TryFromBytes, Unaligned, most_traits)]
[INFO] [stdout] 91 | struct Packed {
[INFO] [stdout]    |
[INFO] [stdout] 
[INFO] [stdout] 
[INFO] [stdout] error: cannot find attribute `zerocopy` in this scope
[INFO] [stdout]   --> tests/struct_no_cell.rs:16:3
[INFO] [stdout]    |
[INFO] [stdout] 16 | #[zerocopy(crate = "zerocopy_renamed")]
[INFO] [stdout]    |   ^^^^^^^^
[INFO] [stdout]    |
[INFO] [stdout] help: `zerocopy` is an attribute that can be used by the derive macros `ByteEq`, `ByteHash`, `FromBytes`, `FromZeros`, `Immutable`, `IntoBytes`, `KnownLayout`, `Project`, `SplitAt`, `TryFromBytes`, `Unaligned` and `most_traits`, you might be missing a `derive` attribute
[INFO] [stdout]    |
[INFO] [stdout] 17 + #[derive(ByteEq, ByteHash, FromBytes, FromZeros, Immutable, IntoBytes, KnownLayout, Project, SplitAt, TryFromBytes, Unaligned, most_traits)]
[INFO] [stdout] 18 | struct Zst;
[INFO] [stdout]    |
[INFO] [stdout] 
[INFO] [stdout] 
[INFO] [stdout] error: cannot find attribute `zerocopy` in this scope
[INFO] [stdout]   --> tests/union_from_zeros.rs:27:3
[INFO] [stdout]    |
[INFO] [stdout] 27 | #[zerocopy(crate = "zerocopy_renamed")]
[INFO] [stdout]    |   ^^^^^^^^
[INFO] [stdout]    |
[INFO] [stdout] help: `zerocopy` is an attribute that can be used by the derive macros `ByteEq`, `ByteHash`, `FromBytes`, `FromZeros`, `Immutable`, `IntoBytes`, `KnownLayout`, `Project`, `SplitAt`, `TryFromBytes`, `Unaligned` and `most_traits`, you might be missing a `derive` attribute
[INFO] [stdout]    |
[INFO] [stdout] 28 + #[derive(ByteEq, ByteHash, FromBytes, FromZeros, Immutable, IntoBytes, KnownLayout, Project, SplitAt, TryFromBytes, Unaligned, most_traits)]
[INFO] [stdout] 29 | union One {
[INFO] [stdout]    |
[INFO] [stdout] 
[INFO] [stdout] 
[INFO] [stdout] error: cannot find attribute `zerocopy` in this scope
[INFO] [stdout]    --> tests/enum_try_from_bytes.rs:360:3
[INFO] [stdout]     |
[INFO] [stdout] 360 | #[zerocopy(crate = "zerocopy_renamed")]
[INFO] [stdout]     |   ^^^^^^^^
[INFO] [stdout]     |
[INFO] [stdout] help: `zerocopy` is an attribute that can be used by the derive macros `ByteEq`, `ByteHash`, `FromBytes`, `FromZeros`, `Immutable`, `IntoBytes`, `KnownLayout`, `Project`, `SplitAt`, `TryFromBytes`, `Unaligned` and `most_traits`, you might be missing a `derive` attribute
[INFO] [stdout]     |
[INFO] [stdout] 362 + #[derive(ByteEq, ByteHash, FromBytes, FromZeros, Immutable, IntoBytes, KnownLayout, Project, SplitAt, TryFromBytes, Unaligned, most_traits)]
[INFO] [stdout] 363 | enum Complex {
[INFO] [stdout]     |
[INFO] [stdout] 
[INFO] [stdout] 
[INFO] [stdout] error: cannot find attribute `zerocopy` in this scope
[INFO] [stdout]   --> tests/project.rs:49:3
[INFO] [stdout]    |
[INFO] [stdout] 49 | #[zerocopy(crate = "zerocopy_renamed")]
[INFO] [stdout]    |   ^^^^^^^^
[INFO] [stdout]    |
[INFO] [stdout] help: `zerocopy` is an attribute that can be used by the derive macros `ByteEq`, `ByteHash`, `FromBytes`, `FromZeros`, `Immutable`, `IntoBytes`, `KnownLayout`, `Project`, `SplitAt`, `TryFromBytes`, `Unaligned` and `most_traits`, you might be missing a `derive` attribute
[INFO] [stdout]    |
[INFO] [stdout] 51 + #[derive(ByteEq, ByteHash, FromBytes, FromZeros, Immutable, IntoBytes, KnownLayout, Project, SplitAt, TryFromBytes, Unaligned, most_traits)]
[INFO] [stdout] 52 | struct NoPadding {
[INFO] [stdout]    |
[INFO] [stdout] 
[INFO] [stdout] 
[INFO] [stdout] error: cannot find attribute `zerocopy` in this scope
[INFO] [stdout]   --> tests/union_from_zeros.rs:19:3
[INFO] [stdout]    |
[INFO] [stdout] 19 | #[zerocopy(crate = "zerocopy_renamed")]
[INFO] [stdout]    |   ^^^^^^^^
[INFO] [stdout]    |
[INFO] [stdout] help: `zerocopy` is an attribute that can be used by the derive macros `ByteEq`, `ByteHash`, `FromBytes`, `FromZeros`, `Immutable`, `IntoBytes`, `KnownLayout`, `Project`, `SplitAt`, `TryFromBytes`, `Unaligned` and `most_traits`, you might be missing a `derive` attribute
[INFO] [stdout]    |
[INFO] [stdout] 20 + #[derive(ByteEq, ByteHash, FromBytes, FromZeros, Immutable, IntoBytes, KnownLayout, Project, SplitAt, TryFromBytes, Unaligned, most_traits)]
[INFO] [stdout] 21 | union Zst {
[INFO] [stdout]    |
[INFO] [stdout] 
[INFO] [stdout] 
[INFO] [stdout] error: cannot find attribute `zerocopy` in this scope
[INFO] [stdout]    --> tests/enum_try_from_bytes.rs:350:3
[INFO] [stdout]     |
[INFO] [stdout] 350 | #[zerocopy(crate = "zerocopy_renamed")]
[INFO] [stdout]     |   ^^^^^^^^
[INFO] [stdout]     |
[INFO] [stdout] help: `zerocopy` is an attribute that can be used by the derive macros `ByteEq`, `ByteHash`, `FromBytes`, `FromZeros`, `Immutable`, `IntoBytes`, `KnownLayout`, `Project`, `SplitAt`, `TryFromBytes`, `Unaligned` and `most_traits`, you might be missing a `derive` attribute
[INFO] [stdout]     |
[INFO] [stdout] 352 + #[derive(ByteEq, ByteHash, FromBytes, FromZeros, Immutable, IntoBytes, KnownLayout, Project, SplitAt, TryFromBytes, Unaligned, most_traits)]
[INFO] [stdout] 353 | enum HasReprAlignFirst {
[INFO] [stdout]     |
[INFO] [stdout] 
[INFO] [stdout] 
[INFO] [stdout] error: cannot find attribute `zerocopy` in this scope
[INFO] [stdout]   --> tests/project.rs:26:3
[INFO] [stdout]    |
[INFO] [stdout] 26 | #[zerocopy(crate = "zerocopy_renamed")]
[INFO] [stdout]    |   ^^^^^^^^
[INFO] [stdout]    |
[INFO] [stdout] help: `zerocopy` is an attribute that can be used by the derive macros `ByteEq`, `ByteHash`, `FromBytes`, `FromZeros`, `Immutable`, `IntoBytes`, `KnownLayout`, `Project`, `SplitAt`, `TryFromBytes`, `Unaligned` and `most_traits`, you might be missing a `derive` attribute
[INFO] [stdout]    |
[INFO] [stdout] 27 + #[derive(ByteEq, ByteHash, FromBytes, FromZeros, Immutable, IntoBytes, KnownLayout, Project, SplitAt, TryFromBytes, Unaligned, most_traits)]
[INFO] [stdout] 28 | struct Tuple(u8, u16);
[INFO] [stdout]    |
[INFO] [stdout] 
[INFO] [stdout] 
[INFO] [stdout] error: cannot find attribute `zerocopy` in this scope
[INFO] [stdout]   --> tests/include.rs:62:7
[INFO] [stdout]    |
[INFO] [stdout] 62 |     #[zerocopy(crate = "zerocopy_renamed")]
[INFO] [stdout]    |       ^^^^^^^^
[INFO] [stdout]    |
[INFO] [stdout] help: `zerocopy` is an attribute that can be used by the derive macros `ByteEq`, `ByteHash`, `FromBytes`, `FromZeros`, `Immutable`, `IntoBytes`, `KnownLayout`, `Project`, `SplitAt`, `TryFromBytes`, `Unaligned` and `most_traits`, you might be missing a `derive` attribute
[INFO] [stdout]    |
[INFO] [stdout] 64 +     #[derive(ByteEq, ByteHash, FromBytes, FromZeros, Immutable, IntoBytes, KnownLayout, Project, SplitAt, TryFromBytes, Unaligned, most_traits)]
[INFO] [stdout] 65 |     pub struct AU16(pub u16);
[INFO] [stdout]    |
[INFO] [stdout] 
[INFO] [stdout] 
[INFO] [stdout] error: cannot find attribute `zerocopy` in this scope
[INFO] [stdout]   --> tests/include.rs:62:7
[INFO] [stdout]    |
[INFO] [stdout] 62 |     #[zerocopy(crate = "zerocopy_renamed")]
[INFO] [stdout]    |       ^^^^^^^^
[INFO] [stdout]    |
[INFO] [stdout] help: `zerocopy` is an attribute that can be used by the derive macros `ByteEq`, `ByteHash`, `FromBytes`, `FromZeros`, `Immutable`, `IntoBytes`, `KnownLayout`, `Project`, `SplitAt`, `TryFromBytes`, `Unaligned` and `most_traits`, you might be missing a `derive` attribute
[INFO] [stdout]    |
[INFO] [stdout] 64 +     #[derive(ByteEq, ByteHash, FromBytes, FromZeros, Immutable, IntoBytes, KnownLayout, Project, SplitAt, TryFromBytes, Unaligned, most_traits)]
[INFO] [stdout] 65 |     pub struct AU16(pub u16);
[INFO] [stdout]    |
[INFO] [stdout] 
[INFO] [stdout] 
[INFO] [stdout] error: cannot find attribute `zerocopy` in this scope
[INFO] [stdout]   --> tests/project.rs:19:3
[INFO] [stdout]    |
[INFO] [stdout] 19 | #[zerocopy(crate = "zerocopy_renamed")]
[INFO] [stdout]    |   ^^^^^^^^
[INFO] [stdout]    |
[INFO] [stdout] help: `zerocopy` is an attribute that can be used by the derive macros `ByteEq`, `ByteHash`, `FromBytes`, `FromZeros`, `Immutable`, `IntoBytes`, `KnownLayout`, `Project`, `SplitAt`, `TryFromBytes`, `Unaligned` and `most_traits`, you might be missing a `derive` attribute
[INFO] [stdout]    |
[INFO] [stdout] 20 + #[derive(ByteEq, ByteHash, FromBytes, FromZeros, Immutable, IntoBytes, KnownLayout, Project, SplitAt, TryFromBytes, Unaligned, most_traits)]
[INFO] [stdout] 21 | struct Named {
[INFO] [stdout]    |
[INFO] [stdout] 
[INFO] [stdout] 
[INFO] [stdout] error: cannot find attribute `zerocopy` in this scope
[INFO] [stdout]    --> tests/enum_try_from_bytes.rs:323:7
[INFO] [stdout]     |
[INFO] [stdout] 323 |     #[zerocopy(crate = "zerocopy_renamed")]
[INFO] [stdout]     |       ^^^^^^^^
[INFO] [stdout]     |
[INFO] [stdout]     = note: `zerocopy` is an attribute that can be used by the derive macros `ByteEq`, `ByteHash`, `FromBytes`, `FromZeros`, `Immutable`, `IntoBytes`, `KnownLayout`, `Project`, `SplitAt`, `TryFromBytes`, `Unaligned` and `most_traits`, you might be missing a `derive` attribute
[INFO] [stdout] 
[INFO] [stdout] 
[INFO] [stdout] error: cannot find attribute `zerocopy` in this scope
[INFO] [stdout]   --> tests/include.rs:62:7
[INFO] [stdout]    |
[INFO] [stdout] 62 |     #[zerocopy(crate = "zerocopy_renamed")]
[INFO] [stdout]    |       ^^^^^^^^
[INFO] [stdout]    |
[INFO] [stdout] help: `zerocopy` is an attribute that can be used by the derive macros `ByteEq`, `ByteHash`, `FromBytes`, `FromZeros`, `Immutable`, `IntoBytes`, `KnownLayout`, `Project`, `SplitAt`, `TryFromBytes`, `Unaligned` and `most_traits`, you might be missing a `derive` attribute
[INFO] [stdout]    |
[INFO] [stdout] 64 +     #[derive(ByteEq, ByteHash, FromBytes, FromZeros, Immutable, IntoBytes, KnownLayout, Project, SplitAt, TryFromBytes, Unaligned, most_traits)]
[INFO] [stdout] 65 |     pub struct AU16(pub u16);
[INFO] [stdout]    |
[INFO] [stdout] 
[INFO] [stdout] 
[INFO] [stdout] error: cannot find attribute `zerocopy` in this scope
[INFO] [stdout]    --> tests/enum_try_from_bytes.rs:309:3
[INFO] [stdout]     |
[INFO] [stdout] 309 | #[zerocopy(crate = "zerocopy_renamed")]
[INFO] [stdout]     |   ^^^^^^^^
[INFO] [stdout]     |
[INFO] [stdout] help: `zerocopy` is an attribute that can be used by the derive macros `ByteEq`, `ByteHash`, `FromBytes`, `FromZeros`, `Immutable`, `IntoBytes`, `KnownLayout`, `Project`, `SplitAt`, `TryFromBytes`, `Unaligned` and `most_traits`, you might be missing a `derive` attribute
[INFO] [stdout]     |
[INFO] [stdout] 311 + #[derive(ByteEq, ByteHash, FromBytes, FromZeros, Immutable, IntoBytes, KnownLayout, Project, SplitAt, TryFromBytes, Unaligned, most_traits)]
[INFO] [stdout] 312 | enum HasFieldsPrimitiveAligned {
[INFO] [stdout]     |
[INFO] [stdout] 
[INFO] [stdout] 
[INFO] [stdout] error: cannot find attribute `zerocopy` in this scope
[INFO] [stdout]    --> tests/enum_try_from_bytes.rs:282:3
[INFO] [stdout]     |
[INFO] [stdout] 282 | #[zerocopy(crate = "zerocopy_renamed")]
[INFO] [stdout]     |   ^^^^^^^^
[INFO] [stdout]     |
[INFO] [stdout] help: `zerocopy` is an attribute that can be used by the derive macros `ByteEq`, `ByteHash`, `FromBytes`, `FromZeros`, `Immutable`, `IntoBytes`, `KnownLayout`, `Project`, `SplitAt`, `TryFromBytes`, `Unaligned` and `most_traits`, you might be missing a `derive` attribute
[INFO] [stdout]     |
[INFO] [stdout] 284 + #[derive(ByteEq, ByteHash, FromBytes, FromZeros, Immutable, IntoBytes, KnownLayout, Project, SplitAt, TryFromBytes, Unaligned, most_traits)]
[INFO] [stdout] 285 | enum HasFieldsPrimitive {
[INFO] [stdout]     |
[INFO] [stdout] 
[INFO] [stdout] 
[INFO] [stdout] error: cannot find attribute `zerocopy` in this scope
[INFO] [stdout]    --> tests/enum_try_from_bytes.rs:255:7
[INFO] [stdout]     |
[INFO] [stdout] 255 |     #[zerocopy(crate = "zerocopy_renamed")]
[INFO] [stdout]     |       ^^^^^^^^
[INFO] [stdout]     |
[INFO] [stdout]     = note: `zerocopy` is an attribute that can be used by the derive macros `ByteEq`, `ByteHash`, `FromBytes`, `FromZeros`, `Immutable`, `IntoBytes`, `KnownLayout`, `Project`, `SplitAt`, `TryFromBytes`, `Unaligned` and `most_traits`, you might be missing a `derive` attribute
[INFO] [stdout] 
[INFO] [stdout] 
[INFO] [stdout] error: cannot find attribute `zerocopy` in this scope
[INFO] [stdout]    --> tests/enum_try_from_bytes.rs:241:3
[INFO] [stdout]     |
[INFO] [stdout] 241 | #[zerocopy(crate = "zerocopy_renamed")]
[INFO] [stdout]     |   ^^^^^^^^
[INFO] [stdout]     |
[INFO] [stdout] help: `zerocopy` is an attribute that can be used by the derive macros `ByteEq`, `ByteHash`, `FromBytes`, `FromZeros`, `Immutable`, `IntoBytes`, `KnownLayout`, `Project`, `SplitAt`, `TryFromBytes`, `Unaligned` and `most_traits`, you might be missing a `derive` attribute
[INFO] [stdout]     |
[INFO] [stdout] 243 + #[derive(ByteEq, ByteHash, FromBytes, FromZeros, Immutable, IntoBytes, KnownLayout, Project, SplitAt, TryFromBytes, Unaligned, most_traits)]
[INFO] [stdout] 244 | enum HasFieldsAligned {
[INFO] [stdout]     |
[INFO] [stdout] 
[INFO] [stdout] 
[INFO] [stdout] error: cannot find attribute `zerocopy` in this scope
[INFO] [stdout]    --> tests/enum_try_from_bytes.rs:214:3
[INFO] [stdout]     |
[INFO] [stdout] 214 | #[zerocopy(crate = "zerocopy_renamed")]
[INFO] [stdout]     |   ^^^^^^^^
[INFO] [stdout]     |
[INFO] [stdout] help: `zerocopy` is an attribute that can be used by the derive macros `ByteEq`, `ByteHash`, `FromBytes`, `FromZeros`, `Immutable`, `IntoBytes`, `KnownLayout`, `Project`, `SplitAt`, `TryFromBytes`, `Unaligned` and `most_traits`, you might be missing a `derive` attribute
[INFO] [stdout]     |
[INFO] [stdout] 216 + #[derive(ByteEq, ByteHash, FromBytes, FromZeros, Immutable, IntoBytes, KnownLayout, Project, SplitAt, TryFromBytes, Unaligned, most_traits)]
[INFO] [stdout] 217 | enum HasFields {
[INFO] [stdout]     |
[INFO] [stdout] 
[INFO] [stdout] 
[INFO] [stdout] error: cannot find attribute `zerocopy` in this scope
[INFO] [stdout]    --> tests/enum_try_from_bytes.rs:178:3
[INFO] [stdout]     |
[INFO] [stdout] 178 | #[zerocopy(crate = "zerocopy_renamed")]
[INFO] [stdout]     |   ^^^^^^^^
[INFO] [stdout]     |
[INFO] [stdout] help: `zerocopy` is an attribute that can be used by the derive macros `ByteEq`, `ByteHash`, `FromBytes`, `FromZeros`, `Immutable`, `IntoBytes`, `KnownLayout`, `Project`, `SplitAt`, `TryFromBytes`, `Unaligned` and `most_traits`, you might be missing a `derive` attribute
[INFO] [stdout]     |
[INFO] [stdout] 180 + #[derive(ByteEq, ByteHash, FromBytes, FromZeros, Immutable, IntoBytes, KnownLayout, Project, SplitAt, TryFromBytes, Unaligned, most_traits)]
[INFO] [stdout] 181 | enum WeirdDiscriminants {
[INFO] [stdout]     |
[INFO] [stdout] 
[INFO] [stdout] 
[INFO] [stdout] Some errors have detailed explanations: E0432, E0433.
[INFO] [stdout] 
[INFO] [stdout] For more information about an error, try `rustc --explain E0432`.
[INFO] [stdout] 
[INFO] [stderr] error: could not compile `zerocopy-derive` (test "struct_no_cell") due to 25 previous errors
[INFO] [stdout] error: cannot find attribute `zerocopy` in this scope
[INFO] [stdout]    --> tests/enum_try_from_bytes.rs:143:3
[INFO] [stdout]     |
[INFO] [stdout] 143 | #[zerocopy(crate = "zerocopy_renamed")]
[INFO] [stdout]     |   ^^^^^^^^
[INFO] [stdout]     |
[INFO] [stdout] help: `zerocopy` is an attribute that can be used by the derive macros `ByteEq`, `ByteHash`, `FromBytes`, `FromZeros`, `Immutable`, `IntoBytes`, `KnownLayout`, `Project`, `SplitAt`, `TryFromBytes`, `Unaligned` and `most_traits`, you might be missing a `derive` attribute
[INFO] [stdout]     |
[INFO] [stdout] 145 + #[derive(ByteEq, ByteHash, FromBytes, FromZeros, Immutable, IntoBytes, KnownLayout, Project, SplitAt, TryFromBytes, Unaligned, most_traits)]
[INFO] [stdout] 146 | enum FieldlessButNotUnitOnly {
[INFO] [stdout]     |
[INFO] [stdout] 
[INFO] [stdout] 
[INFO] [stdout] Some errors have detailed explanations: E0432, E0433.
[INFO] [stdout] 
[INFO] [stdout] For more information about an error, try `rustc --explain E0432`.
[INFO] [stdout] 
[INFO] [stdout] error: cannot find attribute `zerocopy` in this scope
[INFO] [stdout]    --> tests/enum_try_from_bytes.rs:106:3
[INFO] [stdout]     |
[INFO] [stdout] 106 | #[zerocopy(crate = "zerocopy_renamed")]
[INFO] [stdout]     |   ^^^^^^^^
[INFO] [stdout]     |
[INFO] [stdout] help: `zerocopy` is an attribute that can be used by the derive macros `ByteEq`, `ByteHash`, `FromBytes`, `FromZeros`, `Immutable`, `IntoBytes`, `KnownLayout`, `Project`, `SplitAt`, `TryFromBytes`, `Unaligned` and `most_traits`, you might be missing a `derive` attribute
[INFO] [stdout]     |
[INFO] [stdout] 108 + #[derive(ByteEq, ByteHash, FromBytes, FromZeros, Immutable, IntoBytes, KnownLayout, Project, SplitAt, TryFromBytes, Unaligned, most_traits)]
[INFO] [stdout] 109 | enum Blah {
[INFO] [stdout]     |
[INFO] [stdout] 
[INFO] [stdout] 
[INFO] [stderr] error: could not compile `zerocopy-derive` (test "union_from_zeros") due to 26 previous errors
[INFO] [stdout] error: cannot find attribute `zerocopy` in this scope
[INFO] [stdout]   --> tests/enum_try_from_bytes.rs:73:3
[INFO] [stdout]    |
[INFO] [stdout] 73 | #[zerocopy(crate = "zerocopy_renamed")]
[INFO] [stdout]    |   ^^^^^^^^
[INFO] [stdout]    |
[INFO] [stdout] help: `zerocopy` is an attribute that can be used by the derive macros `ByteEq`, `ByteHash`, `FromBytes`, `FromZeros`, `Immutable`, `IntoBytes`, `KnownLayout`, `Project`, `SplitAt`, `TryFromBytes`, `Unaligned` and `most_traits`, you might be missing a `derive` attribute
[INFO] [stdout]    |
[INFO] [stdout] 75 + #[derive(ByteEq, ByteHash, FromBytes, FromZeros, Immutable, IntoBytes, KnownLayout, Project, SplitAt, TryFromBytes, Unaligned, most_traits)]
[INFO] [stdout] 76 | enum Baz {
[INFO] [stdout]    |
[INFO] [stdout] 
[INFO] [stdout] 
[INFO] [stdout] error: cannot find attribute `zerocopy` in this scope
[INFO] [stdout]   --> tests/enum_try_from_bytes.rs:55:3
[INFO] [stdout]    |
[INFO] [stdout] 55 | #[zerocopy(crate = "zerocopy_renamed")]
[INFO] [stdout]    |   ^^^^^^^^
[INFO] [stdout]    |
[INFO] [stdout] help: `zerocopy` is an attribute that can be used by the derive macros `ByteEq`, `ByteHash`, `FromBytes`, `FromZeros`, `Immutable`, `IntoBytes`, `KnownLayout`, `Project`, `SplitAt`, `TryFromBytes`, `Unaligned` and `most_traits`, you might be missing a `derive` attribute
[INFO] [stdout]    |
[INFO] [stdout] 57 + #[derive(ByteEq, ByteHash, FromBytes, FromZeros, Immutable, IntoBytes, KnownLayout, Project, SplitAt, TryFromBytes, Unaligned, most_traits)]
[INFO] [stdout] 58 | enum Bar {
[INFO] [stdout]    |
[INFO] [stdout] 
[INFO] [stdout] 
[INFO] [stdout] error: cannot find attribute `zerocopy` in this scope
[INFO] [stdout]   --> tests/enum_try_from_bytes.rs:38:3
[INFO] [stdout]    |
[INFO] [stdout] 38 | #[zerocopy(crate = "zerocopy_renamed")]
[INFO] [stdout]    |   ^^^^^^^^
[INFO] [stdout]    |
[INFO] [stdout] help: `zerocopy` is an attribute that can be used by the derive macros `ByteEq`, `ByteHash`, `FromBytes`, `FromZeros`, `Immutable`, `IntoBytes`, `KnownLayout`, `Project`, `SplitAt`, `TryFromBytes`, `Unaligned` and `most_traits`, you might be missing a `derive` attribute
[INFO] [stdout]    |
[INFO] [stdout] 40 + #[derive(ByteEq, ByteHash, FromBytes, FromZeros, Immutable, IntoBytes, KnownLayout, Project, SplitAt, TryFromBytes, Unaligned, most_traits)]
[INFO] [stdout] 41 | enum Foo {
[INFO] [stdout]    |
[INFO] [stdout] 
[INFO] [stdout] 
[INFO] [stdout] error: cannot find attribute `zerocopy` in this scope
[INFO] [stdout]   --> tests/enum_try_from_bytes.rs:16:3
[INFO] [stdout]    |
[INFO] [stdout] 16 | #[zerocopy(crate = "zerocopy_renamed")]
[INFO] [stdout]    |   ^^^^^^^^
[INFO] [stdout]    |
[INFO] [stdout] help: `zerocopy` is an attribute that can be used by the derive macros `ByteEq`, `ByteHash`, `FromBytes`, `FromZeros`, `Immutable`, `IntoBytes`, `KnownLayout`, `Project`, `SplitAt`, `TryFromBytes`, `Unaligned` and `most_traits`, you might be missing a `derive` attribute
[INFO] [stdout]    |
[INFO] [stdout] 18 + #[derive(ByteEq, ByteHash, FromBytes, FromZeros, Immutable, IntoBytes, KnownLayout, Project, SplitAt, TryFromBytes, Unaligned, most_traits)]
[INFO] [stdout] 19 | enum FieldBindings {
[INFO] [stdout]    |
[INFO] [stdout] 
[INFO] [stdout] 
[INFO] [stdout] error: cannot find attribute `zerocopy` in this scope
[INFO] [stdout]   --> tests/include.rs:62:7
[INFO] [stdout]    |
[INFO] [stdout] 62 |     #[zerocopy(crate = "zerocopy_renamed")]
[INFO] [stdout]    |       ^^^^^^^^
[INFO] [stdout]    |
[INFO] [stdout] help: `zerocopy` is an attribute that can be used by the derive macros `ByteEq`, `ByteHash`, `FromBytes`, `FromZeros`, `Immutable`, `IntoBytes`, `KnownLayout`, `Project`, `SplitAt`, `TryFromBytes`, `Unaligned` and `most_traits`, you might be missing a `derive` attribute
[INFO] [stdout]    |
[INFO] [stdout] 64 +     #[derive(ByteEq, ByteHash, FromBytes, FromZeros, Immutable, IntoBytes, KnownLayout, Project, SplitAt, TryFromBytes, Unaligned, most_traits)]
[INFO] [stdout] 65 |     pub struct AU16(pub u16);
[INFO] [stdout]    |
[INFO] [stdout] 
[INFO] [stdout] 
[INFO] [stdout] Some errors have detailed explanations: E0432, E0433.
[INFO] [stdout] 
[INFO] [stdout] For more information about an error, try `rustc --explain E0432`.
[INFO] [stdout] 
[INFO] [stderr] error: could not compile `zerocopy-derive` (test "enum_try_from_bytes") due to 97 previous errors
[INFO] [stdout] Some errors have detailed explanations: E0432, E0433.
[INFO] [stdout] 
[INFO] [stdout] For more information about an error, try `rustc --explain E0432`.
[INFO] [stdout] 
[INFO] [stderr] error: could not compile `zerocopy-derive` (test "project") due to 71 previous errors
[INFO] running `Command { std: "docker" "inspect" "2f12a840ae6432a6b4dd99bd651c966c6ab208e91231b887db3f2d925a530ff7", kill_on_drop: false }`
[INFO] running `Command { std: "docker" "rm" "-f" "2f12a840ae6432a6b4dd99bd651c966c6ab208e91231b887db3f2d925a530ff7", kill_on_drop: false }`
[INFO] [stdout] 2f12a840ae6432a6b4dd99bd651c966c6ab208e91231b887db3f2d925a530ff7
