[INFO] fetching crate zero-bls12-381 0.1.11...
[INFO] testing zero-bls12-381-0.1.11 against 1.99.0-beta.8+cargoflags=--release for beta-release-1.100-2
[INFO] extracting crate zero-bls12-381 0.1.11 into /workspace/builds/worker-1-tc1/source
[INFO] started tweaking crates.io crate zero-bls12-381 0.1.11
[INFO] finished tweaking crates.io crate zero-bls12-381 0.1.11
[INFO] tweaked toml for crates.io crate zero-bls12-381 0.1.11 written to /workspace/builds/worker-1-tc1/source/Cargo.toml
[INFO] validating manifest of crates.io crate zero-bls12-381 0.1.11 on toolchain 1.99.0-beta.8
[INFO] running `Command { std: CARGO_HOME="/workspace/cargo-home" RUSTUP_HOME="/workspace/rustup-home" "/workspace/cargo-home/bin/cargo" "+1.99.0-beta.8" "metadata" "--manifest-path" "Cargo.toml" "--no-deps", kill_on_drop: false }`
[INFO] running `Command { std: CARGO_HOME="/workspace/cargo-home" RUSTUP_HOME="/workspace/rustup-home" "/workspace/cargo-home/bin/cargo" "+1.99.0-beta.8" "generate-lockfile" "--manifest-path" "Cargo.toml", kill_on_drop: false }`
[INFO] [stderr]     Updating crates.io index
[INFO] [stderr]      Locking 68 packages to highest compatible versions
[INFO] [stderr]       Adding parity-scale-codec v2.3.1 (available: v3.7.5)
[INFO] [stderr]       Adding rand_core v0.6.4 (available: v0.10.1)
[INFO] running `Command { std: CARGO_HOME="/workspace/cargo-home" RUSTUP_HOME="/workspace/rustup-home" "/workspace/cargo-home/bin/cargo" "+1.99.0-beta.8" "fetch" "--manifest-path" "Cargo.toml", kill_on_drop: false }`
[INFO] [stderr]  Downloading crates ...
[INFO] [stderr]   Downloaded parity-scale-codec-derive v2.3.1
[INFO] [stderr]   Downloaded paste v1.0.15
[INFO] [stderr]   Downloaded zero-crypto v0.1.11
[INFO] [stderr]   Downloaded sp-std v3.0.0
[INFO] [stderr]   Downloaded parity-scale-codec v2.3.1
[INFO] [stderr]   Downloaded proc-macro-crate v1.3.1
[INFO] [stderr]   Downloaded byte-slice-cast v1.2.3
[INFO] [stderr]   Downloaded winnow v0.5.40
[INFO] [stderr]   Downloaded derive-hex v0.1.3
[INFO] [stderr]   Downloaded toml_edit v0.19.15
[INFO] [stderr]   Downloaded impl-trait-for-tuples v0.2.3
[INFO] [stderr]   Downloaded arrayvec v0.7.8
[INFO] [stderr]   Downloaded dusk-bytes v0.1.8
[INFO] running `Command { std: "docker" "create" "-v" "/var/lib/crater-agent-workspace/builds/worker-1-tc1/source:/opt/rustwide/workdir:ro,Z" "-v" "/var/lib/crater-agent-workspace/builds/worker-1-tc1/target:/opt/rustwide/target:rw,Z" "-v" "/var/lib/crater-agent-workspace/cargo-home:/opt/rustwide/cargo-home:ro,Z" "-v" "/var/lib/crater-agent-workspace/rustup-home:/opt/rustwide/rustup-home:ro,Z" "-m" "1610612736" "--network" "none" "ghcr.io/rust-lang/crates-build-env/linux@sha256:77db811e55d90add9212f6832c23229e3de5f1c1f9905e8cb07319ea15df73ac" "sleep" "infinity", kill_on_drop: false }`
[INFO] [stdout] 2e36c45371fd9c4353de2a5194b0e7b6abe83c7de1c52208c0c69c97a8359bdc
[INFO] running `Command { std: "docker" "start" "2e36c45371fd9c4353de2a5194b0e7b6abe83c7de1c52208c0c69c97a8359bdc", kill_on_drop: false }`
[INFO] running `Command { std: "docker" "inspect" "2e36c45371fd9c4353de2a5194b0e7b6abe83c7de1c52208c0c69c97a8359bdc", kill_on_drop: false }`
[INFO] running `Command { std: "docker" "exec" "-e" "SOURCE_DIR=/opt/rustwide/workdir" "-e" "CARGO_HOME=/opt/rustwide/cargo-home" "-e" "RUSTUP_HOME=/opt/rustwide/rustup-home" "-e" "CARGO_TARGET_DIR=/opt/rustwide/target" "-w" "/opt/rustwide/workdir" "--user" "0:0" "2e36c45371fd9c4353de2a5194b0e7b6abe83c7de1c52208c0c69c97a8359bdc" "/opt/rustwide/cargo-home/bin/cargo" "+1.99.0-beta.8" "metadata" "--no-deps" "--format-version=1", kill_on_drop: false }`
[INFO] running `Command { std: "docker" "inspect" "2e36c45371fd9c4353de2a5194b0e7b6abe83c7de1c52208c0c69c97a8359bdc", kill_on_drop: false }`
[INFO] running `Command { std: "docker" "exec" "-e" "SOURCE_DIR=/opt/rustwide/workdir" "-e" "CARGO_HOME=/opt/rustwide/cargo-home" "-e" "RUSTUP_HOME=/opt/rustwide/rustup-home" "-e" "CARGO_TARGET_DIR=/opt/rustwide/target" "-e" "CARGO_INCREMENTAL=0" "-e" "RUST_BACKTRACE=full" "-e" "RUSTFLAGS=--cap-lints=warn" "-e" "RUSTDOCFLAGS=--cap-lints=warn" "-w" "/opt/rustwide/workdir" "--user" "0:0" "2e36c45371fd9c4353de2a5194b0e7b6abe83c7de1c52208c0c69c97a8359bdc" "/opt/rustwide/cargo-home/bin/cargo" "+1.99.0-beta.8" "build" "--frozen" "--message-format=json" "--release", kill_on_drop: false }`
[INFO] [stderr]    Compiling unicode-ident v1.0.27
[INFO] [stderr]    Compiling hashbrown v0.17.1
[INFO] [stderr]    Compiling equivalent v1.0.3
[INFO] [stderr]    Compiling winnow v0.5.40
[INFO] [stderr]    Compiling syn v1.0.109
[INFO] [stderr]    Compiling toml_datetime v0.6.11
[INFO] [stderr]    Compiling once_cell v1.21.4
[INFO] [stderr]    Compiling serde_core v1.0.229
[INFO] [stderr]    Compiling paste v1.0.15
[INFO] [stderr]    Compiling byte-slice-cast v1.2.3
[INFO] [stderr]    Compiling arrayvec v0.7.8
[INFO] [stderr]    Compiling serde v1.0.229
[INFO] [stderr]    Compiling rand_core v0.6.4
[INFO] [stderr]    Compiling sp-std v3.0.0
[INFO] [stderr]    Compiling proc-macro2 v1.0.107
[INFO] [stderr]    Compiling indexmap v2.14.2
[INFO] [stderr]    Compiling quote v1.0.47
[INFO] [stderr]    Compiling syn v3.0.9
[INFO] [stderr]    Compiling syn v2.0.119
[INFO] [stderr]    Compiling derive-hex v0.1.3
[INFO] [stderr]    Compiling serde_derive v1.0.229
[INFO] [stderr]    Compiling dusk-bytes v0.1.8
[INFO] [stderr]    Compiling toml_edit v0.19.15
[INFO] [stderr]    Compiling proc-macro-crate v1.3.1
[INFO] [stderr]    Compiling parity-scale-codec-derive v2.3.1
[INFO] [stderr]    Compiling impl-trait-for-tuples v0.2.3
[INFO] [stderr]    Compiling parity-scale-codec v2.3.1
[INFO] [stderr]    Compiling zero-crypto v0.1.11
[INFO] [stderr]    Compiling zero-bls12-381 v0.1.11 (/opt/rustwide/workdir)
[INFO] [stdout] warning: unexpected `cfg` condition value: `std`
[INFO] [stdout]   --> src/lib.rs:17:17
[INFO] [stdout]    |
[INFO] [stdout] 17 | #![cfg_attr(not(feature = "std"), no_std)]
[INFO] [stdout]    |                 ^^^^^^^^^^^^^^^ help: remove the condition
[INFO] [stdout]    |
[INFO] [stdout]    = note: no expected values for `feature`
[INFO] [stdout]    = help: consider adding `std` as a feature in `Cargo.toml`
[INFO] [stdout]    = note: see <https://doc.rust-lang.org/nightly/rustc/check-cfg/cargo-specifics.html> for more information about checking conditional configuration
[INFO] [stdout]    = note: `#[warn(unexpected_cfgs)]` on by default
[INFO] [stdout] 
[INFO] [stdout] 
[INFO] [stderr]     Finished `release` profile [optimized] target(s) in 18.75s
[INFO] running `Command { std: "docker" "inspect" "2e36c45371fd9c4353de2a5194b0e7b6abe83c7de1c52208c0c69c97a8359bdc", kill_on_drop: false }`
[INFO] running `Command { std: "docker" "exec" "-e" "SOURCE_DIR=/opt/rustwide/workdir" "-e" "CARGO_HOME=/opt/rustwide/cargo-home" "-e" "RUSTUP_HOME=/opt/rustwide/rustup-home" "-e" "CARGO_TARGET_DIR=/opt/rustwide/target" "-e" "CARGO_INCREMENTAL=0" "-e" "RUST_BACKTRACE=full" "-e" "RUSTFLAGS=--cap-lints=warn" "-e" "RUSTDOCFLAGS=--cap-lints=warn" "-w" "/opt/rustwide/workdir" "--user" "0:0" "2e36c45371fd9c4353de2a5194b0e7b6abe83c7de1c52208c0c69c97a8359bdc" "/opt/rustwide/cargo-home/bin/cargo" "+1.99.0-beta.8" "test" "--frozen" "--no-run" "--message-format=json" "--release", kill_on_drop: false }`
[INFO] [stderr]    Compiling libc v0.2.191
[INFO] [stderr]    Compiling cfg-if v1.0.5
[INFO] [stderr]    Compiling rustix v1.1.5
[INFO] [stderr]    Compiling linux-raw-sys v0.12.1
[INFO] [stderr]    Compiling bitflags v2.13.2
[INFO] [stderr]    Compiling autocfg v1.5.1
[INFO] [stderr]    Compiling once_cell v1.21.4
[INFO] [stderr]    Compiling fastrand v2.5.0
[INFO] [stderr]    Compiling cpufeatures v0.3.1
[INFO] [stderr]    Compiling bit-vec v0.10.1
[INFO] [stderr]    Compiling quick-error v1.2.3
[INFO] [stderr]    Compiling fnv v1.0.7
[INFO] [stderr]    Compiling rand_xorshift v0.5.0
[INFO] [stderr]    Compiling unarray v0.1.4
[INFO] [stderr]    Compiling core_detect v1.0.0
[INFO] [stderr]    Compiling regex-syntax v0.8.11
[INFO] [stdout] warning: unexpected `cfg` condition value: `std`
[INFO] [stdout]   --> src/lib.rs:17:17
[INFO] [stdout]    |
[INFO] [stdout] 17 | #![cfg_attr(not(feature = "std"), no_std)]
[INFO] [stdout]    |                 ^^^^^^^^^^^^^^^ help: remove the condition
[INFO] [stdout]    |
[INFO] [stdout]    = note: no expected values for `feature`
[INFO] [stdout]    = help: consider adding `std` as a feature in `Cargo.toml`
[INFO] [stdout]    = note: see <https://doc.rust-lang.org/nightly/rustc/check-cfg/cargo-specifics.html> for more information about checking conditional configuration
[INFO] [stdout]    = note: `#[warn(unexpected_cfgs)]` on by default
[INFO] [stdout] 
[INFO] [stdout] 
[INFO] [stderr]    Compiling chacha20 v0.10.2
[INFO] [stderr]    Compiling num-traits v0.2.19
[INFO] [stderr]    Compiling bit-set v0.11.1
[INFO] [stderr]    Compiling getrandom v0.4.3
[INFO] [stderr]    Compiling wait-timeout v0.2.1
[INFO] [stderr]    Compiling rand v0.10.3
[INFO] [stderr]    Compiling tempfile v3.27.0
[INFO] [stderr]    Compiling rusty-fork v0.3.1
[INFO] [stderr]    Compiling proptest v1.12.0
[INFO] [stderr]    Compiling zero-bls12-381 v0.1.11 (/opt/rustwide/workdir)
[INFO] [stdout] error[E0432]: unresolved import `rand_core::OsRng`
[INFO] [stdout]    --> src/fqn.rs:170:9
[INFO] [stdout]     |
[INFO] [stdout] 170 |     use rand_core::OsRng;
[INFO] [stdout]     |         ^^^^^^^^^^^-----
[INFO] [stdout]     |                    |
[INFO] [stdout]     |                    no `OsRng` in the root
[INFO] [stdout]     |
[INFO] [stdout] note: found an item that was configured out
[INFO] [stdout]    --> /opt/rustwide/cargo-home/registry/src/index.crates.io-1949cf8c6b5b557f/rand_core-0.6.4/src/lib.rs:49:43
[INFO] [stdout]     |
[INFO] [stdout]  49 | #[cfg(feature = "getrandom")] pub use os::OsRng;
[INFO] [stdout]     |       ---------------------               ^^^^^
[INFO] [stdout]     |       |
[INFO] [stdout]     |       the item is gated behind the `getrandom` feature
[INFO] [stdout] 
[INFO] [stdout] 
[INFO] [stdout] error[E0432]: unresolved import `rand_core::OsRng`
[INFO] [stdout]    --> src/fr.rs:159:9
[INFO] [stdout]     |
[INFO] [stdout] 159 |     use rand_core::OsRng;
[INFO] [stdout]     |         ^^^^^^^^^^^-----
[INFO] [stdout]     |                    |
[INFO] [stdout]     |                    no `OsRng` in the root
[INFO] [stdout]     |
[INFO] [stdout] note: found an item that was configured out
[INFO] [stdout]    --> /opt/rustwide/cargo-home/registry/src/index.crates.io-1949cf8c6b5b557f/rand_core-0.6.4/src/lib.rs:49:43
[INFO] [stdout]     |
[INFO] [stdout]  49 | #[cfg(feature = "getrandom")] pub use os::OsRng;
[INFO] [stdout]     |       ---------------------               ^^^^^
[INFO] [stdout]     |       |
[INFO] [stdout]     |       the item is gated behind the `getrandom` feature
[INFO] [stdout] 
[INFO] [stdout] 
[INFO] [stdout] error[E0432]: unresolved import `rand_core::OsRng`
[INFO] [stdout]    --> src/g1.rs:400:5
[INFO] [stdout]     |
[INFO] [stdout] 400 |     curve_test!(bls12_381, Fr, G1Affine, G1Projective, 100);
[INFO] [stdout]     |     ^^^^^^^^^^^^^^^^^^^^^^^^^^^^^^^^^^^^^^^^^^^^^^^^^^^^^^^ no `OsRng` in the root
[INFO] [stdout]     |
[INFO] [stdout] note: found an item that was configured out
[INFO] [stdout]    --> /opt/rustwide/cargo-home/registry/src/index.crates.io-1949cf8c6b5b557f/rand_core-0.6.4/src/lib.rs:49:43
[INFO] [stdout]     |
[INFO] [stdout]  49 | #[cfg(feature = "getrandom")] pub use os::OsRng;
[INFO] [stdout]     |       ---------------------               ^^^^^
[INFO] [stdout]     |       |
[INFO] [stdout]     |       the item is gated behind the `getrandom` feature
[INFO] [stdout]     = note: this error originates in the macro `curve_test` (in Nightly builds, run with -Z macro-backtrace for more info)
[INFO] [stdout] 
[INFO] [stdout] 
[INFO] [stdout] error[E0432]: unresolved import `rand_core::OsRng`
[INFO] [stdout]    --> src/g2.rs:416:5
[INFO] [stdout]     |
[INFO] [stdout] 416 |     curve_test!(bls12_381, Fr, G2Affine, G2Projective, 50);
[INFO] [stdout]     |     ^^^^^^^^^^^^^^^^^^^^^^^^^^^^^^^^^^^^^^^^^^^^^^^^^^^^^^ no `OsRng` in the root
[INFO] [stdout]     |
[INFO] [stdout] note: found an item that was configured out
[INFO] [stdout]    --> /opt/rustwide/cargo-home/registry/src/index.crates.io-1949cf8c6b5b557f/rand_core-0.6.4/src/lib.rs:49:43
[INFO] [stdout]     |
[INFO] [stdout]  49 | #[cfg(feature = "getrandom")] pub use os::OsRng;
[INFO] [stdout]     |       ---------------------               ^^^^^
[INFO] [stdout]     |       |
[INFO] [stdout]     |       the item is gated behind the `getrandom` feature
[INFO] [stdout]     = note: this error originates in the macro `curve_test` (in Nightly builds, run with -Z macro-backtrace for more info)
[INFO] [stdout] 
[INFO] [stdout] 
[INFO] [stdout] warning: unexpected `cfg` condition value: `std`
[INFO] [stdout]   --> src/lib.rs:17:17
[INFO] [stdout]    |
[INFO] [stdout] 17 | #![cfg_attr(not(feature = "std"), no_std)]
[INFO] [stdout]    |                 ^^^^^^^^^^^^^^^ help: remove the condition
[INFO] [stdout]    |
[INFO] [stdout]    = note: no expected values for `feature`
[INFO] [stdout]    = help: consider adding `std` as a feature in `Cargo.toml`
[INFO] [stdout]    = note: see <https://doc.rust-lang.org/nightly/rustc/check-cfg/cargo-specifics.html> for more information about checking conditional configuration
[INFO] [stdout]    = note: `#[warn(unexpected_cfgs)]` on by default
[INFO] [stdout] 
[INFO] [stdout] 
[INFO] [stdout] For more information about this error, try `rustc --explain E0432`.
[INFO] [stdout] 
[INFO] [stderr] error: could not compile `zero-bls12-381` (lib test) due to 4 previous errors; 1 warning emitted
[INFO] running `Command { std: "docker" "inspect" "2e36c45371fd9c4353de2a5194b0e7b6abe83c7de1c52208c0c69c97a8359bdc", kill_on_drop: false }`
[INFO] running `Command { std: "docker" "rm" "-f" "2e36c45371fd9c4353de2a5194b0e7b6abe83c7de1c52208c0c69c97a8359bdc", kill_on_drop: false }`
[INFO] [stdout] 2e36c45371fd9c4353de2a5194b0e7b6abe83c7de1c52208c0c69c97a8359bdc
