[INFO] fetching crate zer-schema 1.1.1...
[INFO] testing zer-schema-1.1.1 against 1.99.0-beta.8+cargoflags=--release for beta-release-1.100-2
[INFO] extracting crate zer-schema 1.1.1 into /workspace/builds/worker-4-tc1/source
[INFO] started tweaking crates.io crate zer-schema 1.1.1
[INFO] removed 0 missing examples
[INFO] removed 0 missing tests
[INFO] finished tweaking crates.io crate zer-schema 1.1.1
[INFO] tweaked toml for crates.io crate zer-schema 1.1.1 written to /workspace/builds/worker-4-tc1/source/Cargo.toml
[INFO] validating manifest of crates.io crate zer-schema 1.1.1 on toolchain 1.99.0-beta.8
[INFO] running `Command { std: CARGO_HOME="/workspace/cargo-home" RUSTUP_HOME="/workspace/rustup-home" "/workspace/cargo-home/bin/cargo" "+1.99.0-beta.8" "metadata" "--manifest-path" "Cargo.toml" "--no-deps", kill_on_drop: false }`
[INFO] crate crates.io crate zer-schema 1.1.1 already has a lockfile, it will not be regenerated
[INFO] running `Command { std: CARGO_HOME="/workspace/cargo-home" RUSTUP_HOME="/workspace/rustup-home" "/workspace/cargo-home/bin/cargo" "+1.99.0-beta.8" "fetch" "--manifest-path" "Cargo.toml", kill_on_drop: false }`
[INFO] [stderr]     Blocking waiting for file lock on package cache
[INFO] [stderr]     Blocking waiting for file lock on package cache
[INFO] running `Command { std: "docker" "create" "-v" "/var/lib/crater-agent-workspace/builds/worker-4-tc1/source:/opt/rustwide/workdir:ro,Z" "-v" "/var/lib/crater-agent-workspace/builds/worker-4-tc1/target:/opt/rustwide/target:rw,Z" "-v" "/var/lib/crater-agent-workspace/cargo-home:/opt/rustwide/cargo-home:ro,Z" "-v" "/var/lib/crater-agent-workspace/rustup-home:/opt/rustwide/rustup-home:ro,Z" "-m" "1610612736" "--network" "none" "ghcr.io/rust-lang/crates-build-env/linux@sha256:77db811e55d90add9212f6832c23229e3de5f1c1f9905e8cb07319ea15df73ac" "sleep" "infinity", kill_on_drop: false }`
[INFO] [stdout] 83939a10d475940766fa855ebaea495bfaf70948a758b0795b46981b68b3e8e0
[INFO] running `Command { std: "docker" "start" "83939a10d475940766fa855ebaea495bfaf70948a758b0795b46981b68b3e8e0", kill_on_drop: false }`
[INFO] running `Command { std: "docker" "inspect" "83939a10d475940766fa855ebaea495bfaf70948a758b0795b46981b68b3e8e0", kill_on_drop: false }`
[INFO] running `Command { std: "docker" "exec" "-e" "SOURCE_DIR=/opt/rustwide/workdir" "-e" "CARGO_HOME=/opt/rustwide/cargo-home" "-e" "RUSTUP_HOME=/opt/rustwide/rustup-home" "-e" "CARGO_TARGET_DIR=/opt/rustwide/target" "-w" "/opt/rustwide/workdir" "--user" "0:0" "83939a10d475940766fa855ebaea495bfaf70948a758b0795b46981b68b3e8e0" "/opt/rustwide/cargo-home/bin/cargo" "+1.99.0-beta.8" "metadata" "--no-deps" "--format-version=1", kill_on_drop: false }`
[INFO] running `Command { std: "docker" "inspect" "83939a10d475940766fa855ebaea495bfaf70948a758b0795b46981b68b3e8e0", kill_on_drop: false }`
[INFO] running `Command { std: "docker" "exec" "-e" "SOURCE_DIR=/opt/rustwide/workdir" "-e" "CARGO_HOME=/opt/rustwide/cargo-home" "-e" "RUSTUP_HOME=/opt/rustwide/rustup-home" "-e" "CARGO_TARGET_DIR=/opt/rustwide/target" "-e" "CARGO_INCREMENTAL=0" "-e" "RUST_BACKTRACE=full" "-e" "RUSTFLAGS=--cap-lints=warn" "-e" "RUSTDOCFLAGS=--cap-lints=warn" "-w" "/opt/rustwide/workdir" "--user" "0:0" "83939a10d475940766fa855ebaea495bfaf70948a758b0795b46981b68b3e8e0" "/opt/rustwide/cargo-home/bin/cargo" "+1.99.0-beta.8" "build" "--frozen" "--message-format=json" "--release", kill_on_drop: false }`
[INFO] [stderr]    Compiling quote v1.0.46
[INFO] [stderr]    Compiling typenum v1.20.1
[INFO] [stderr]    Compiling zerocopy v0.8.52
[INFO] [stderr]    Compiling getrandom v0.3.4
[INFO] [stderr]    Compiling memchr v2.8.2
[INFO] [stderr]    Compiling winnow v0.7.15
[INFO] [stderr]    Compiling libc v0.2.186
[INFO] [stderr]    Compiling ahash v0.8.12
[INFO] [stderr]    Compiling toml_write v0.1.2
[INFO] [stderr]    Compiling syn v2.0.118
[INFO] [stderr]    Compiling aho-corasick v1.1.4
[INFO] [stderr]    Compiling generic-array v0.14.7
[INFO] [stderr]    Compiling crypto-common v0.1.7
[INFO] [stderr]    Compiling block-buffer v0.10.4
[INFO] [stderr]    Compiling digest v0.10.7
[INFO] [stderr]    Compiling sha2 v0.10.9
[INFO] [stderr]    Compiling regex-automata v0.4.14
[INFO] [stderr]    Compiling serde_derive v1.0.228
[INFO] [stderr]    Compiling thiserror-impl v2.0.18
[INFO] [stderr]    Compiling tracing-attributes v0.1.31
[INFO] [stderr]    Compiling regex v1.12.4
[INFO] [stderr]    Compiling tracing v0.1.44
[INFO] [stderr]    Compiling thiserror v2.0.18
[INFO] [stderr]    Compiling serde v1.0.228
[INFO] [stderr]    Compiling toml_datetime v0.6.11
[INFO] [stderr]    Compiling serde_spanned v0.6.9
[INFO] [stderr]    Compiling bincode v1.3.3
[INFO] [stderr]    Compiling toml_edit v0.22.27
[INFO] [stderr]    Compiling zer-core v1.1.1
[INFO] [stderr]    Compiling toml v0.8.23
[INFO] [stderr]    Compiling zer-schema v1.1.1 (/opt/rustwide/workdir)
[INFO] [stderr]     Finished `release` profile [optimized] target(s) in 39.37s
[INFO] running `Command { std: "docker" "inspect" "83939a10d475940766fa855ebaea495bfaf70948a758b0795b46981b68b3e8e0", kill_on_drop: false }`
[INFO] running `Command { std: "docker" "exec" "-e" "SOURCE_DIR=/opt/rustwide/workdir" "-e" "CARGO_HOME=/opt/rustwide/cargo-home" "-e" "RUSTUP_HOME=/opt/rustwide/rustup-home" "-e" "CARGO_TARGET_DIR=/opt/rustwide/target" "-e" "CARGO_INCREMENTAL=0" "-e" "RUST_BACKTRACE=full" "-e" "RUSTFLAGS=--cap-lints=warn" "-e" "RUSTDOCFLAGS=--cap-lints=warn" "-w" "/opt/rustwide/workdir" "--user" "0:0" "83939a10d475940766fa855ebaea495bfaf70948a758b0795b46981b68b3e8e0" "/opt/rustwide/cargo-home/bin/cargo" "+1.99.0-beta.8" "test" "--frozen" "--no-run" "--message-format=json" "--release", kill_on_drop: false }`
[INFO] [stderr]    Compiling serde_core v1.0.228
[INFO] [stderr]    Compiling getrandom v0.4.3
[INFO] [stderr]    Compiling rustix v1.1.4
[INFO] [stderr]    Compiling linux-raw-sys v0.12.1
[INFO] [stderr]    Compiling bitflags v2.13.0
[INFO] [stderr]    Compiling csv-core v0.1.13
[INFO] [stderr]    Compiling fastrand v2.4.1
[INFO] [stderr]    Compiling tempfile v3.27.0
[INFO] [stderr]    Compiling serde v1.0.228
[INFO] [stderr]    Compiling csv v1.4.0
[INFO] [stderr]    Compiling toml_datetime v0.6.11
[INFO] [stderr]    Compiling serde_spanned v0.6.9
[INFO] [stderr]    Compiling ahash v0.8.12
[INFO] [stderr]    Compiling bincode v1.3.3
[INFO] [stderr]    Compiling toml_edit v0.22.27
[INFO] [stderr]    Compiling zer-core v1.1.1
[INFO] [stderr]    Compiling toml v0.8.23
[INFO] [stderr]    Compiling zer-schema v1.1.1 (/opt/rustwide/workdir)
[INFO] [stdout] error[E0433]: cannot find module or crate `zer_test_utils` in this scope
[INFO] [stdout]   --> tests/test_infer.rs:12:5
[INFO] [stdout]    |
[INFO] [stdout] 12 |     zer_test_utils::dataset_path(
[INFO] [stdout]    |     ^^^^^^^^^^^^^^ use of unresolved module or unlinked crate `zer_test_utils`
[INFO] [stdout]    |
[INFO] [stdout]    = help: if you wanted to use a crate named `zer_test_utils`, use `cargo add zer_test_utils` to add it to your `Cargo.toml`
[INFO] [stdout] 
[INFO] [stdout] 
[INFO] [stdout] error[E0433]: cannot find module or crate `zer_test_utils` in this scope
[INFO] [stdout]   --> tests/test_infer.rs:18:5
[INFO] [stdout]    |
[INFO] [stdout] 18 |     zer_test_utils::dataset_path(
[INFO] [stdout]    |     ^^^^^^^^^^^^^^ use of unresolved module or unlinked crate `zer_test_utils`
[INFO] [stdout]    |
[INFO] [stdout]    = help: if you wanted to use a crate named `zer_test_utils`, use `cargo add zer_test_utils` to add it to your `Cargo.toml`
[INFO] [stdout] 
[INFO] [stdout] 
[INFO] [stdout] error[E0433]: cannot find module or crate `zer_test_utils` in this scope
[INFO] [stdout]   --> examples/schema_inference.rs:16:5
[INFO] [stdout]    |
[INFO] [stdout] 16 |     zer_test_utils::dataset_path(
[INFO] [stdout]    |     ^^^^^^^^^^^^^^ use of unresolved module or unlinked crate `zer_test_utils`
[INFO] [stdout]    |
[INFO] [stdout]    = help: if you wanted to use a crate named `zer_test_utils`, use `cargo add zer_test_utils` to add it to your `Cargo.toml`
[INFO] [stdout] 
[INFO] [stdout] 
[INFO] [stdout] error[E0433]: cannot find module or crate `zer_test_utils` in this scope
[INFO] [stdout]   --> examples/registry_save.rs:25:5
[INFO] [stdout]    |
[INFO] [stdout] 25 |     zer_test_utils::dataset_path(
[INFO] [stdout]    |     ^^^^^^^^^^^^^^ use of unresolved module or unlinked crate `zer_test_utils`
[INFO] [stdout]    |
[INFO] [stdout]    = help: if you wanted to use a crate named `zer_test_utils`, use `cargo add zer_test_utils` to add it to your `Cargo.toml`
[INFO] [stdout] 
[INFO] [stdout] 
[INFO] [stdout] error[E0433]: cannot find module or crate `zer_test_utils` in this scope
[INFO] [stdout]   --> examples/schema_inference.rs:22:5
[INFO] [stdout]    |
[INFO] [stdout] 22 |     zer_test_utils::dataset_path(
[INFO] [stdout]    |     ^^^^^^^^^^^^^^ use of unresolved module or unlinked crate `zer_test_utils`
[INFO] [stdout]    |
[INFO] [stdout]    = help: if you wanted to use a crate named `zer_test_utils`, use `cargo add zer_test_utils` to add it to your `Cargo.toml`
[INFO] [stdout] 
[INFO] [stdout] 
[INFO] [stdout] error[E0433]: cannot find module or crate `zer_test_utils` in this scope
[INFO] [stdout]   --> examples/registry_load.rs:24:5
[INFO] [stdout]    |
[INFO] [stdout] 24 |     zer_test_utils::dataset_path(
[INFO] [stdout]    |     ^^^^^^^^^^^^^^ use of unresolved module or unlinked crate `zer_test_utils`
[INFO] [stdout]    |
[INFO] [stdout]    = help: if you wanted to use a crate named `zer_test_utils`, use `cargo add zer_test_utils` to add it to your `Cargo.toml`
[INFO] [stdout] 
[INFO] [stdout] 
[INFO] [stdout] error[E0433]: cannot find module or crate `zer_test_utils` in this scope
[INFO] [stdout]   --> examples/registry_load.rs:30:5
[INFO] [stdout]    |
[INFO] [stdout] 30 |     zer_test_utils::dataset_path(
[INFO] [stdout]    |     ^^^^^^^^^^^^^^ use of unresolved module or unlinked crate `zer_test_utils`
[INFO] [stdout]    |
[INFO] [stdout]    = help: if you wanted to use a crate named `zer_test_utils`, use `cargo add zer_test_utils` to add it to your `Cargo.toml`
[INFO] [stdout] 
[INFO] [stdout] 
[INFO] [stdout] error[E0433]: cannot find module or crate `zer_test_utils` in this scope
[INFO] [stdout]   --> tests/test_fingerprint.rs:16:5
[INFO] [stdout]    |
[INFO] [stdout] 16 |     zer_test_utils::dataset_path(
[INFO] [stdout]    |     ^^^^^^^^^^^^^^ use of unresolved module or unlinked crate `zer_test_utils`
[INFO] [stdout]    |
[INFO] [stdout]    = help: if you wanted to use a crate named `zer_test_utils`, use `cargo add zer_test_utils` to add it to your `Cargo.toml`
[INFO] [stdout] 
[INFO] [stdout] 
[INFO] [stdout] error[E0433]: cannot find module or crate `zer_test_utils` in this scope
[INFO] [stdout]   --> tests/test_fingerprint.rs:22:5
[INFO] [stdout]    |
[INFO] [stdout] 22 |     zer_test_utils::dataset_path(
[INFO] [stdout]    |     ^^^^^^^^^^^^^^ use of unresolved module or unlinked crate `zer_test_utils`
[INFO] [stdout]    |
[INFO] [stdout]    = help: if you wanted to use a crate named `zer_test_utils`, use `cargo add zer_test_utils` to add it to your `Cargo.toml`
[INFO] [stdout] 
[INFO] [stdout] 
[INFO] [stdout] error[E0433]: cannot find module or crate `zer_test_utils` in this scope
[INFO] [stdout]   --> tests/test_fingerprint.rs:28:5
[INFO] [stdout]    |
[INFO] [stdout] 28 |     zer_test_utils::dataset_path(
[INFO] [stdout]    |     ^^^^^^^^^^^^^^ use of unresolved module or unlinked crate `zer_test_utils`
[INFO] [stdout]    |
[INFO] [stdout]    = help: if you wanted to use a crate named `zer_test_utils`, use `cargo add zer_test_utils` to add it to your `Cargo.toml`
[INFO] [stdout] 
[INFO] [stdout] 
[INFO] [stdout] For more information about this error, try `rustc --explain E0433`.
[INFO] [stdout] 
[INFO] [stdout] For more information about this error, try `rustc --explain E0433`.
[INFO] [stdout] 
[INFO] [stderr] error: could not compile `zer-schema` (example "registry_save") due to 1 previous error
[INFO] [stderr] warning: build failed, waiting for other jobs to finish...
[INFO] [stderr] error: could not compile `zer-schema` (test "test_infer") due to 2 previous errors
[INFO] [stdout] For more information about this error, try `rustc --explain E0433`.
[INFO] [stdout] 
[INFO] [stdout] error[E0433]: cannot find module or crate `zer_test_utils` in this scope
[INFO] [stdout]   --> tests/test_registry.rs:98:5
[INFO] [stdout]    |
[INFO] [stdout] 98 |     zer_test_utils::dataset_path(
[INFO] [stdout]    |     ^^^^^^^^^^^^^^ use of unresolved module or unlinked crate `zer_test_utils`
[INFO] [stdout]    |
[INFO] [stdout]    = help: if you wanted to use a crate named `zer_test_utils`, use `cargo add zer_test_utils` to add it to your `Cargo.toml`
[INFO] [stdout] 
[INFO] [stdout] 
[INFO] [stdout] error[E0433]: cannot find module or crate `zer_test_utils` in this scope
[INFO] [stdout]    --> tests/test_registry.rs:104:5
[INFO] [stdout]     |
[INFO] [stdout] 104 |     zer_test_utils::dataset_path(
[INFO] [stdout]     |     ^^^^^^^^^^^^^^ use of unresolved module or unlinked crate `zer_test_utils`
[INFO] [stdout]     |
[INFO] [stdout]     = help: if you wanted to use a crate named `zer_test_utils`, use `cargo add zer_test_utils` to add it to your `Cargo.toml`
[INFO] [stdout] 
[INFO] [stdout] 
[INFO] [stdout] error[E0433]: cannot find module or crate `zer_test_utils` in this scope
[INFO] [stdout]    --> tests/test_registry.rs:110:5
[INFO] [stdout]     |
[INFO] [stdout] 110 |     zer_test_utils::dataset_path(
[INFO] [stdout]     |     ^^^^^^^^^^^^^^ use of unresolved module or unlinked crate `zer_test_utils`
[INFO] [stdout]     |
[INFO] [stdout]     = help: if you wanted to use a crate named `zer_test_utils`, use `cargo add zer_test_utils` to add it to your `Cargo.toml`
[INFO] [stdout] 
[INFO] [stdout] 
[INFO] [stderr] error: could not compile `zer-schema` (example "schema_inference") due to 2 previous errors
[INFO] [stdout] For more information about this error, try `rustc --explain E0433`.
[INFO] [stdout] 
[INFO] [stderr] error: could not compile `zer-schema` (example "registry_load") due to 2 previous errors
[INFO] [stdout] error[E0433]: cannot find module or crate `zer_test_utils` in this scope
[INFO] [stdout]   --> examples/registry_warmstart.rs:21:5
[INFO] [stdout]    |
[INFO] [stdout] 21 |     zer_test_utils::dataset_path(
[INFO] [stdout]    |     ^^^^^^^^^^^^^^ use of unresolved module or unlinked crate `zer_test_utils`
[INFO] [stdout]    |
[INFO] [stdout]    = help: if you wanted to use a crate named `zer_test_utils`, use `cargo add zer_test_utils` to add it to your `Cargo.toml`
[INFO] [stdout] 
[INFO] [stdout] 
[INFO] [stdout] error[E0433]: cannot find module or crate `zer_test_utils` in this scope
[INFO] [stdout]   --> examples/registry_warmstart.rs:27:5
[INFO] [stdout]    |
[INFO] [stdout] 27 |     zer_test_utils::dataset_path(
[INFO] [stdout]    |     ^^^^^^^^^^^^^^ use of unresolved module or unlinked crate `zer_test_utils`
[INFO] [stdout]    |
[INFO] [stdout]    = help: if you wanted to use a crate named `zer_test_utils`, use `cargo add zer_test_utils` to add it to your `Cargo.toml`
[INFO] [stdout] 
[INFO] [stdout] 
[INFO] [stderr] error: could not compile `zer-schema` (example "registry_warmstart") due to 2 previous errors
[INFO] [stdout] For more information about this error, try `rustc --explain E0433`.
[INFO] [stdout] 
[INFO] [stderr] error: could not compile `zer-schema` (test "test_fingerprint") due to 3 previous errors
[INFO] [stdout] For more information about this error, try `rustc --explain E0433`.
[INFO] [stdout] 
[INFO] [stdout] For more information about this error, try `rustc --explain E0433`.
[INFO] [stdout] 
[INFO] [stderr] error: could not compile `zer-schema` (test "test_registry") due to 3 previous errors
[INFO] running `Command { std: "docker" "inspect" "83939a10d475940766fa855ebaea495bfaf70948a758b0795b46981b68b3e8e0", kill_on_drop: false }`
[INFO] running `Command { std: "docker" "rm" "-f" "83939a10d475940766fa855ebaea495bfaf70948a758b0795b46981b68b3e8e0", kill_on_drop: false }`
[INFO] [stdout] 83939a10d475940766fa855ebaea495bfaf70948a758b0795b46981b68b3e8e0
