[INFO] fetching crate zer-blocking 1.1.1...
[INFO] testing zer-blocking-1.1.1 against 1.99.0-beta.8+cargoflags=--release for beta-release-1.100-2
[INFO] extracting crate zer-blocking 1.1.1 into /workspace/builds/worker-0-tc1/source
[INFO] started tweaking crates.io crate zer-blocking 1.1.1
[INFO] removed 0 missing examples
[INFO] removed 0 missing tests
[INFO] finished tweaking crates.io crate zer-blocking 1.1.1
[INFO] tweaked toml for crates.io crate zer-blocking 1.1.1 written to /workspace/builds/worker-0-tc1/source/Cargo.toml
[INFO] validating manifest of crates.io crate zer-blocking 1.1.1 on toolchain 1.99.0-beta.8
[INFO] running `Command { std: CARGO_HOME="/workspace/cargo-home" RUSTUP_HOME="/workspace/rustup-home" "/workspace/cargo-home/bin/cargo" "+1.99.0-beta.8" "metadata" "--manifest-path" "Cargo.toml" "--no-deps", kill_on_drop: false }`
[INFO] crate crates.io crate zer-blocking 1.1.1 already has a lockfile, it will not be regenerated
[INFO] running `Command { std: CARGO_HOME="/workspace/cargo-home" RUSTUP_HOME="/workspace/rustup-home" "/workspace/cargo-home/bin/cargo" "+1.99.0-beta.8" "fetch" "--manifest-path" "Cargo.toml", kill_on_drop: false }`
[INFO] [stderr]     Blocking waiting for file lock on package cache
[INFO] [stderr]     Updating crates.io index
[INFO] [stderr]     Blocking waiting for file lock on package cache
[INFO] [stderr]  Downloading crates ...
[INFO] [stderr]   Downloaded any_ascii v0.3.3
[INFO] running `Command { std: "docker" "create" "-v" "/var/lib/crater-agent-workspace/builds/worker-0-tc1/source:/opt/rustwide/workdir:ro,Z" "-v" "/var/lib/crater-agent-workspace/builds/worker-0-tc1/target:/opt/rustwide/target:rw,Z" "-v" "/var/lib/crater-agent-workspace/cargo-home:/opt/rustwide/cargo-home:ro,Z" "-v" "/var/lib/crater-agent-workspace/rustup-home:/opt/rustwide/rustup-home:ro,Z" "-m" "1610612736" "--network" "none" "ghcr.io/rust-lang/crates-build-env/linux@sha256:77db811e55d90add9212f6832c23229e3de5f1c1f9905e8cb07319ea15df73ac" "sleep" "infinity", kill_on_drop: false }`
[INFO] [stdout] 7efe5dd233f795bbaa6106690ed8c93bc4a96db92fcf94369cb4c5e451452131
[INFO] running `Command { std: "docker" "start" "7efe5dd233f795bbaa6106690ed8c93bc4a96db92fcf94369cb4c5e451452131", kill_on_drop: false }`
[INFO] running `Command { std: "docker" "inspect" "7efe5dd233f795bbaa6106690ed8c93bc4a96db92fcf94369cb4c5e451452131", kill_on_drop: false }`
[INFO] running `Command { std: "docker" "exec" "-e" "SOURCE_DIR=/opt/rustwide/workdir" "-e" "CARGO_HOME=/opt/rustwide/cargo-home" "-e" "RUSTUP_HOME=/opt/rustwide/rustup-home" "-e" "CARGO_TARGET_DIR=/opt/rustwide/target" "-w" "/opt/rustwide/workdir" "--user" "0:0" "7efe5dd233f795bbaa6106690ed8c93bc4a96db92fcf94369cb4c5e451452131" "/opt/rustwide/cargo-home/bin/cargo" "+1.99.0-beta.8" "metadata" "--no-deps" "--format-version=1", kill_on_drop: false }`
[INFO] running `Command { std: "docker" "inspect" "7efe5dd233f795bbaa6106690ed8c93bc4a96db92fcf94369cb4c5e451452131", kill_on_drop: false }`
[INFO] running `Command { std: "docker" "exec" "-e" "SOURCE_DIR=/opt/rustwide/workdir" "-e" "CARGO_HOME=/opt/rustwide/cargo-home" "-e" "RUSTUP_HOME=/opt/rustwide/rustup-home" "-e" "CARGO_TARGET_DIR=/opt/rustwide/target" "-e" "CARGO_INCREMENTAL=0" "-e" "RUST_BACKTRACE=full" "-e" "RUSTFLAGS=--cap-lints=warn" "-e" "RUSTDOCFLAGS=--cap-lints=warn" "-w" "/opt/rustwide/workdir" "--user" "0:0" "7efe5dd233f795bbaa6106690ed8c93bc4a96db92fcf94369cb4c5e451452131" "/opt/rustwide/cargo-home/bin/cargo" "+1.99.0-beta.8" "build" "--frozen" "--message-format=json" "--release", kill_on_drop: false }`
[INFO] [stderr]    Compiling memchr v2.8.2
[INFO] [stderr]    Compiling libc v0.2.186
[INFO] [stderr]    Compiling zerocopy v0.8.52
[INFO] [stderr]    Compiling tinyvec_macros v0.1.1
[INFO] [stderr]    Compiling ahash v0.8.12
[INFO] [stderr]    Compiling once_cell v1.21.4
[INFO] [stderr]    Compiling either v1.16.0
[INFO] [stderr]    Compiling lazy_static v1.5.0
[INFO] [stderr]    Compiling any_ascii v0.3.3
[INFO] [stderr]    Compiling syn v2.0.118
[INFO] [stderr]    Compiling rayon-core v1.13.0
[INFO] [stderr]    Compiling tinyvec v1.11.0
[INFO] [stderr]    Compiling unicode-normalization v0.1.25
[INFO] [stderr]    Compiling rayon v1.12.0
[INFO] [stderr]    Compiling aho-corasick v1.1.4
[INFO] [stderr]    Compiling nom v8.0.0
[INFO] [stderr]    Compiling getrandom v0.3.4
[INFO] [stderr]    Compiling serde_derive v1.0.228
[INFO] [stderr]    Compiling enum-iterator-derive v1.5.0
[INFO] [stderr]    Compiling thiserror-impl v2.0.18
[INFO] [stderr]    Compiling regex-automata v0.4.14
[INFO] [stderr]    Compiling enum-iterator v2.3.0
[INFO] [stderr]    Compiling thiserror v2.0.18
[INFO] [stderr]    Compiling regex v1.12.4
[INFO] [stderr]    Compiling serde v1.0.228
[INFO] [stderr]    Compiling rphonetic v3.0.6
[INFO] [stderr]    Compiling zer-core v1.1.1
[INFO] [stderr]    Compiling zer-blocking v1.1.1 (/opt/rustwide/workdir)
[INFO] [stderr]     Finished `release` profile [optimized] target(s) in 31.70s
[INFO] running `Command { std: "docker" "inspect" "7efe5dd233f795bbaa6106690ed8c93bc4a96db92fcf94369cb4c5e451452131", kill_on_drop: false }`
[INFO] running `Command { std: "docker" "exec" "-e" "SOURCE_DIR=/opt/rustwide/workdir" "-e" "CARGO_HOME=/opt/rustwide/cargo-home" "-e" "RUSTUP_HOME=/opt/rustwide/rustup-home" "-e" "CARGO_TARGET_DIR=/opt/rustwide/target" "-e" "CARGO_INCREMENTAL=0" "-e" "RUST_BACKTRACE=full" "-e" "RUSTFLAGS=--cap-lints=warn" "-e" "RUSTDOCFLAGS=--cap-lints=warn" "-w" "/opt/rustwide/workdir" "--user" "0:0" "7efe5dd233f795bbaa6106690ed8c93bc4a96db92fcf94369cb4c5e451452131" "/opt/rustwide/cargo-home/bin/cargo" "+1.99.0-beta.8" "test" "--frozen" "--no-run" "--message-format=json" "--release", kill_on_drop: false }`
[INFO] [stderr]    Compiling serde_core v1.0.228
[INFO] [stderr]    Compiling zmij v1.0.21
[INFO] [stderr]    Compiling serde_json v1.0.150
[INFO] [stderr]    Compiling csv-core v0.1.13
[INFO] [stderr]    Compiling serde v1.0.228
[INFO] [stderr]    Compiling csv v1.4.0
[INFO] [stderr]    Compiling ahash v0.8.12
[INFO] [stderr]    Compiling rphonetic v3.0.6
[INFO] [stderr]    Compiling zer-core v1.1.1
[INFO] [stderr]    Compiling zer-blocking v1.1.1 (/opt/rustwide/workdir)
[INFO] [stdout] error[E0433]: cannot find module or crate `zer_test_utils` in this scope
[INFO] [stdout]   --> tests/test_blocking_anpr.rs:26:5
[INFO] [stdout]    |
[INFO] [stdout] 26 |     zer_test_utils::dataset_path(env!("CARGO_MANIFEST_DIR"), "tests/anpr/anpr_passages.csv")
[INFO] [stdout]    |     ^^^^^^^^^^^^^^ use of unresolved module or unlinked crate `zer_test_utils`
[INFO] [stdout]    |
[INFO] [stdout]    = help: if you wanted to use a crate named `zer_test_utils`, use `cargo add zer_test_utils` to add it to your `Cargo.toml`
[INFO] [stdout] 
[INFO] [stdout] 
[INFO] [stdout] error[E0433]: cannot find module or crate `zer_test_utils` in this scope
[INFO] [stdout]   --> tests/test_blocking_anpr.rs:29:5
[INFO] [stdout]    |
[INFO] [stdout] 29 |     zer_test_utils::dataset_path(
[INFO] [stdout]    |     ^^^^^^^^^^^^^^ use of unresolved module or unlinked crate `zer_test_utils`
[INFO] [stdout]    |
[INFO] [stdout]    = help: if you wanted to use a crate named `zer_test_utils`, use `cargo add zer_test_utils` to add it to your `Cargo.toml`
[INFO] [stdout] 
[INFO] [stdout] 
[INFO] [stdout] For more information about this error, try `rustc --explain E0433`.
[INFO] [stdout] 
[INFO] [stderr] error: could not compile `zer-blocking` (test "test_blocking_anpr") due to 2 previous errors
[INFO] [stderr] warning: build failed, waiting for other jobs to finish...
[INFO] [stdout] error[E0433]: cannot find module or crate `zer_test_utils` in this scope
[INFO] [stdout]   --> tests/test_blocking_kvk.rs:17:5
[INFO] [stdout]    |
[INFO] [stdout] 17 |     zer_test_utils::dataset_path(
[INFO] [stdout]    |     ^^^^^^^^^^^^^^ use of unresolved module or unlinked crate `zer_test_utils`
[INFO] [stdout]    |
[INFO] [stdout]    = help: if you wanted to use a crate named `zer_test_utils`, use `cargo add zer_test_utils` to add it to your `Cargo.toml`
[INFO] [stdout] 
[INFO] [stdout] 
[INFO] [stdout] error[E0433]: cannot find module or crate `zer_test_utils` in this scope
[INFO] [stdout]   --> tests/test_blocking_kvk.rs:23:5
[INFO] [stdout]    |
[INFO] [stdout] 23 |     zer_test_utils::dataset_path(
[INFO] [stdout]    |     ^^^^^^^^^^^^^^ use of unresolved module or unlinked crate `zer_test_utils`
[INFO] [stdout]    |
[INFO] [stdout]    = help: if you wanted to use a crate named `zer_test_utils`, use `cargo add zer_test_utils` to add it to your `Cargo.toml`
[INFO] [stdout] 
[INFO] [stdout] 
[INFO] [stdout] error[E0433]: cannot find module or crate `zer_test_utils` in this scope
[INFO] [stdout]   --> tests/test_blocking_sis.rs:27:5
[INFO] [stdout]    |
[INFO] [stdout] 27 |     zer_test_utils::dataset_path(env!("CARGO_MANIFEST_DIR"), "tests/sis/sis_persons.csv")
[INFO] [stdout]    |     ^^^^^^^^^^^^^^ use of unresolved module or unlinked crate `zer_test_utils`
[INFO] [stdout]    |
[INFO] [stdout]    = help: if you wanted to use a crate named `zer_test_utils`, use `cargo add zer_test_utils` to add it to your `Cargo.toml`
[INFO] [stdout] 
[INFO] [stdout] 
[INFO] [stdout] error[E0433]: cannot find module or crate `zer_test_utils` in this scope
[INFO] [stdout]   --> tests/test_blocking_sis.rs:30:5
[INFO] [stdout]    |
[INFO] [stdout] 30 |     zer_test_utils::dataset_path(
[INFO] [stdout]    |     ^^^^^^^^^^^^^^ use of unresolved module or unlinked crate `zer_test_utils`
[INFO] [stdout]    |
[INFO] [stdout]    = help: if you wanted to use a crate named `zer_test_utils`, use `cargo add zer_test_utils` to add it to your `Cargo.toml`
[INFO] [stdout] 
[INFO] [stdout] 
[INFO] [stdout] For more information about this error, try `rustc --explain E0433`.
[INFO] [stdout] 
[INFO] [stderr] error: could not compile `zer-blocking` (test "test_blocking_kvk") due to 2 previous errors
[INFO] [stdout] For more information about this error, try `rustc --explain E0433`.
[INFO] [stdout] 
[INFO] [stderr] error: could not compile `zer-blocking` (test "test_blocking_sis") due to 2 previous errors
[INFO] running `Command { std: "docker" "inspect" "7efe5dd233f795bbaa6106690ed8c93bc4a96db92fcf94369cb4c5e451452131", kill_on_drop: false }`
[INFO] running `Command { std: "docker" "rm" "-f" "7efe5dd233f795bbaa6106690ed8c93bc4a96db92fcf94369cb4c5e451452131", kill_on_drop: false }`
[INFO] [stdout] 7efe5dd233f795bbaa6106690ed8c93bc4a96db92fcf94369cb4c5e451452131
