[INFO] fetching crate zeppelin-embed 0.7.0...
[INFO] testing zeppelin-embed-0.7.0 against 1.100.0-beta.1+cargoflags=--release for beta-release-1.100-2
[INFO] extracting crate zeppelin-embed 0.7.0 into /workspace/builds/worker-0-tc2/source
[INFO] started tweaking crates.io crate zeppelin-embed 0.7.0
[INFO] removed 0 missing examples
[INFO] removed 0 missing tests
[INFO] finished tweaking crates.io crate zeppelin-embed 0.7.0
[INFO] tweaked toml for crates.io crate zeppelin-embed 0.7.0 written to /workspace/builds/worker-0-tc2/source/Cargo.toml
[INFO] validating manifest of crates.io crate zeppelin-embed 0.7.0 on toolchain 1.100.0-beta.1
[INFO] running `Command { std: CARGO_HOME="/workspace/cargo-home" RUSTUP_HOME="/workspace/rustup-home" "/workspace/cargo-home/bin/cargo" "+1.100.0-beta.1" "metadata" "--manifest-path" "Cargo.toml" "--no-deps", kill_on_drop: false }`
[INFO] crate crates.io crate zeppelin-embed 0.7.0 already has a lockfile, it will not be regenerated
[INFO] running `Command { std: CARGO_HOME="/workspace/cargo-home" RUSTUP_HOME="/workspace/rustup-home" "/workspace/cargo-home/bin/cargo" "+1.100.0-beta.1" "fetch" "--manifest-path" "Cargo.toml", kill_on_drop: false }`
[INFO] [stderr] warning: `package.homepage` is redundant with `package.repository`
[INFO] [stderr]   --> Cargo.toml:93:12
[INFO] [stderr]    |
[INFO] [stderr] 93 | homepage = "https://github.com/zepdb/zeppelin-embed"
[INFO] [stderr]    |            ^^^^^^^^^^^^^^^^^^^^^^^^^^^^^^^^^^^^^^^^^
[INFO] [stderr] ...
[INFO] [stderr] 98 | repository = "https://github.com/zepdb/zeppelin-embed"
[INFO] [stderr]    |              -----------------------------------------
[INFO] [stderr]    |
[INFO] [stderr]    = note: `cargo::redundant_homepage` is set to `warn` by default
[INFO] [stderr] help: consider removing `package.homepage`
[INFO] [stderr] warning: `zeppelin-embed` (manifest) generated 1 warning
[INFO] running `Command { std: "docker" "create" "-v" "/var/lib/crater-agent-workspace/builds/worker-0-tc2/source:/opt/rustwide/workdir:ro,Z" "-v" "/var/lib/crater-agent-workspace/builds/worker-0-tc2/target:/opt/rustwide/target:rw,Z" "-v" "/var/lib/crater-agent-workspace/cargo-home:/opt/rustwide/cargo-home:ro,Z" "-v" "/var/lib/crater-agent-workspace/rustup-home:/opt/rustwide/rustup-home:ro,Z" "-m" "1610612736" "--network" "none" "ghcr.io/rust-lang/crates-build-env/linux@sha256:77db811e55d90add9212f6832c23229e3de5f1c1f9905e8cb07319ea15df73ac" "sleep" "infinity", kill_on_drop: false }`
[INFO] [stdout] 4bf93e85a5fc0306018006a8ed965ae446cf04f06d12fd012f1dcc896a64358f
[INFO] running `Command { std: "docker" "start" "4bf93e85a5fc0306018006a8ed965ae446cf04f06d12fd012f1dcc896a64358f", kill_on_drop: false }`
[INFO] running `Command { std: "docker" "inspect" "4bf93e85a5fc0306018006a8ed965ae446cf04f06d12fd012f1dcc896a64358f", kill_on_drop: false }`
[INFO] running `Command { std: "docker" "exec" "-e" "SOURCE_DIR=/opt/rustwide/workdir" "-e" "CARGO_HOME=/opt/rustwide/cargo-home" "-e" "RUSTUP_HOME=/opt/rustwide/rustup-home" "-e" "CARGO_TARGET_DIR=/opt/rustwide/target" "-w" "/opt/rustwide/workdir" "--user" "0:0" "4bf93e85a5fc0306018006a8ed965ae446cf04f06d12fd012f1dcc896a64358f" "/opt/rustwide/cargo-home/bin/cargo" "+1.100.0-beta.1" "metadata" "--no-deps" "--format-version=1", kill_on_drop: false }`
[INFO] running `Command { std: "docker" "inspect" "4bf93e85a5fc0306018006a8ed965ae446cf04f06d12fd012f1dcc896a64358f", kill_on_drop: false }`
[INFO] running `Command { std: "docker" "exec" "-e" "SOURCE_DIR=/opt/rustwide/workdir" "-e" "CARGO_HOME=/opt/rustwide/cargo-home" "-e" "RUSTUP_HOME=/opt/rustwide/rustup-home" "-e" "CARGO_TARGET_DIR=/opt/rustwide/target" "-e" "CARGO_INCREMENTAL=0" "-e" "RUST_BACKTRACE=full" "-e" "RUSTFLAGS=--cap-lints=warn" "-e" "RUSTDOCFLAGS=--cap-lints=warn" "-w" "/opt/rustwide/workdir" "--user" "0:0" "4bf93e85a5fc0306018006a8ed965ae446cf04f06d12fd012f1dcc896a64358f" "/opt/rustwide/cargo-home/bin/cargo" "+1.100.0-beta.1" "build" "--frozen" "--message-format=json" "--release", kill_on_drop: false }`
[INFO] [stderr] warning: `package.homepage` is redundant with `package.repository`
[INFO] [stderr]   --> Cargo.toml:93:12
[INFO] [stderr]    |
[INFO] [stderr] 93 | homepage = "https://github.com/zepdb/zeppelin-embed"
[INFO] [stderr]    |            ^^^^^^^^^^^^^^^^^^^^^^^^^^^^^^^^^^^^^^^^^
[INFO] [stderr] ...
[INFO] [stderr] 98 | repository = "https://github.com/zepdb/zeppelin-embed"
[INFO] [stderr]    |              -----------------------------------------
[INFO] [stderr]    |
[INFO] [stderr]    = note: `cargo::redundant_homepage` is set to `warn` by default
[INFO] [stderr] help: consider removing `package.homepage`
[INFO] [stderr] warning: `zeppelin-embed` (manifest) generated 1 warning
[INFO] [stderr]    Compiling xxhash-rust v0.8.18
[INFO] [stderr]    Compiling roaring v0.10.12
[INFO] [stderr]    Compiling zeppelin-embed v0.7.0 (/opt/rustwide/workdir)
[INFO] [stdout] warning: use of deprecated method `std::sync::atomic::Atomic::<u64>::fetch_update`: renamed to `try_update` for consistency
[INFO] [stdout]   --> src/lifecycle/snapshot_view.rs:77:14
[INFO] [stdout]    |
[INFO] [stdout] 77 |             .fetch_update(Ordering::AcqRel, Ordering::Acquire, |count| {
[INFO] [stdout]    |              ^^^^^^^^^^^^
[INFO] [stdout]    |
[INFO] [stdout]    = note: `#[warn(deprecated)]` on by default
[INFO] [stdout] help: replace the use of the deprecated method
[INFO] [stdout]    |
[INFO] [stdout] 77 -             .fetch_update(Ordering::AcqRel, Ordering::Acquire, |count| {
[INFO] [stdout] 77 +             .try_update(Ordering::AcqRel, Ordering::Acquire, |count| {
[INFO] [stdout]    |
[INFO] [stdout] 
[INFO] [stdout] 
[INFO] [stdout] warning: use of deprecated method `std::sync::atomic::Atomic::<u64>::fetch_update`: renamed to `try_update` for consistency
[INFO] [stdout]    --> src/segment/reader.rs:228:29
[INFO] [stdout]     |
[INFO] [stdout] 228 |             let _ = counter.fetch_update(Ordering::Relaxed, Ordering::Relaxed, |current| {
[INFO] [stdout]     |                             ^^^^^^^^^^^^
[INFO] [stdout]     |
[INFO] [stdout] help: replace the use of the deprecated method
[INFO] [stdout]     |
[INFO] [stdout] 228 -             let _ = counter.fetch_update(Ordering::Relaxed, Ordering::Relaxed, |current| {
[INFO] [stdout] 228 +             let _ = counter.try_update(Ordering::Relaxed, Ordering::Relaxed, |current| {
[INFO] [stdout]     |
[INFO] [stdout] 
[INFO] [stdout] 
[INFO] [stderr]     Finished `release` profile [optimized] target(s) in 53.06s
[INFO] running `Command { std: "docker" "inspect" "4bf93e85a5fc0306018006a8ed965ae446cf04f06d12fd012f1dcc896a64358f", kill_on_drop: false }`
[INFO] running `Command { std: "docker" "exec" "-e" "SOURCE_DIR=/opt/rustwide/workdir" "-e" "CARGO_HOME=/opt/rustwide/cargo-home" "-e" "RUSTUP_HOME=/opt/rustwide/rustup-home" "-e" "CARGO_TARGET_DIR=/opt/rustwide/target" "-e" "CARGO_INCREMENTAL=0" "-e" "RUST_BACKTRACE=full" "-e" "RUSTFLAGS=--cap-lints=warn" "-e" "RUSTDOCFLAGS=--cap-lints=warn" "-w" "/opt/rustwide/workdir" "--user" "0:0" "4bf93e85a5fc0306018006a8ed965ae446cf04f06d12fd012f1dcc896a64358f" "/opt/rustwide/cargo-home/bin/cargo" "+1.100.0-beta.1" "test" "--frozen" "--no-run" "--message-format=json" "--release", kill_on_drop: false }`
[INFO] [stderr] warning: `package.homepage` is redundant with `package.repository`
[INFO] [stderr]   --> Cargo.toml:93:12
[INFO] [stderr]    |
[INFO] [stderr] 93 | homepage = "https://github.com/zepdb/zeppelin-embed"
[INFO] [stderr]    |            ^^^^^^^^^^^^^^^^^^^^^^^^^^^^^^^^^^^^^^^^^
[INFO] [stderr] ...
[INFO] [stderr] 98 | repository = "https://github.com/zepdb/zeppelin-embed"
[INFO] [stderr]    |              -----------------------------------------
[INFO] [stderr]    |
[INFO] [stderr]    = note: `cargo::redundant_homepage` is set to `warn` by default
[INFO] [stderr] help: consider removing `package.homepage`
[INFO] [stderr] warning: `zeppelin-embed` (manifest) generated 1 warning
[INFO] [stderr]    Compiling zerocopy v0.8.52
[INFO] [stderr]    Compiling rustix v1.1.3
[INFO] [stderr]    Compiling linux-raw-sys v0.11.0
[INFO] [stderr]    Compiling regex-automata v0.4.18
[INFO] [stderr]    Compiling getrandom v0.3.4
[INFO] [stderr]    Compiling wait-timeout v0.2.1
[INFO] [stderr]    Compiling zerocopy-derive v0.8.52
[INFO] [stderr]    Compiling clap v4.6.1
[INFO] [stdout] warning: use of deprecated method `std::sync::atomic::Atomic::<u64>::fetch_update`: renamed to `try_update` for consistency
[INFO] [stdout]   --> src/lifecycle/snapshot_view.rs:77:14
[INFO] [stdout]    |
[INFO] [stdout] 77 |             .fetch_update(Ordering::AcqRel, Ordering::Acquire, |count| {
[INFO] [stdout]    |              ^^^^^^^^^^^^
[INFO] [stdout]    |
[INFO] [stdout]    = note: `#[warn(deprecated)]` on by default
[INFO] [stdout] help: replace the use of the deprecated method
[INFO] [stdout]    |
[INFO] [stdout] 77 -             .fetch_update(Ordering::AcqRel, Ordering::Acquire, |count| {
[INFO] [stdout] 77 +             .try_update(Ordering::AcqRel, Ordering::Acquire, |count| {
[INFO] [stdout]    |
[INFO] [stdout] 
[INFO] [stdout] 
[INFO] [stdout] warning: use of deprecated method `std::sync::atomic::Atomic::<u64>::fetch_update`: renamed to `try_update` for consistency
[INFO] [stdout]    --> src/segment/reader.rs:228:29
[INFO] [stdout]     |
[INFO] [stdout] 228 |             let _ = counter.fetch_update(Ordering::Relaxed, Ordering::Relaxed, |current| {
[INFO] [stdout]     |                             ^^^^^^^^^^^^
[INFO] [stdout]     |
[INFO] [stdout] help: replace the use of the deprecated method
[INFO] [stdout]     |
[INFO] [stdout] 228 -             let _ = counter.fetch_update(Ordering::Relaxed, Ordering::Relaxed, |current| {
[INFO] [stdout] 228 +             let _ = counter.try_update(Ordering::Relaxed, Ordering::Relaxed, |current| {
[INFO] [stdout]     |
[INFO] [stdout] 
[INFO] [stdout] 
[INFO] [stderr]    Compiling rand_core v0.9.5
[INFO] [stderr]    Compiling rand_xorshift v0.4.0
[INFO] [stderr]    Compiling regex v1.13.1
[INFO] [stderr]    Compiling tempfile v3.25.0
[INFO] [stderr]    Compiling rusty-fork v0.3.1
[INFO] [stderr]    Compiling ppv-lite86 v0.2.21
[INFO] [stderr]    Compiling half v2.7.1
[INFO] [stderr]    Compiling ciborium-ll v0.2.2
[INFO] [stderr]    Compiling rand_chacha v0.9.0
[INFO] [stderr]    Compiling ciborium v0.2.2
[INFO] [stderr]    Compiling rand v0.9.5
[INFO] [stderr]    Compiling criterion v0.5.1
[INFO] [stderr]    Compiling proptest v1.10.0
[INFO] [stderr]    Compiling zeppelin-embed v0.7.0 (/opt/rustwide/workdir)
[INFO] [stdout] error[E0432]: unresolved import `zeppelin_embed::kernels::vector_fault`
[INFO] [stdout]   --> tests/vector_execution_contract.rs:12:30
[INFO] [stdout]    |
[INFO] [stdout] 12 | use zeppelin_embed::kernels::vector_fault::{KernelFaultController, KernelOperationId};
[INFO] [stdout]    |                              ^^^^^^^^^^^^ could not find `vector_fault` in `kernels`
[INFO] [stdout]    |
[INFO] [stdout] note: found an item that was configured out
[INFO] [stdout]   --> src/kernels/mod.rs:21:9
[INFO] [stdout]    |
[INFO] [stdout] 19 | #[cfg(any(test, feature = "test-seams"))]
[INFO] [stdout]    |          ------------------------------ the item is gated here
[INFO] [stdout] 20 | #[doc(hidden)]
[INFO] [stdout] 21 | pub mod vector_fault;
[INFO] [stdout]    |         ^^^^^^^^^^^^
[INFO] [stdout] 
[INFO] [stdout] 
[INFO] [stdout] error[E0432]: unresolved import `zeppelin_embed::kernels::KernelBackendId`
[INFO] [stdout]   --> tests/vector_execution_contract.rs:13:31
[INFO] [stdout]    |
[INFO] [stdout] 13 | use zeppelin_embed::kernels::{KernelBackendId, KernelVariant};
[INFO] [stdout]    |                               ^^^^^^^^^^^^^^^ no `KernelBackendId` in `kernels`
[INFO] [stdout]    |
[INFO] [stdout] note: found an item that was configured out
[INFO] [stdout]   --> src/kernels/mod.rs:95:10
[INFO] [stdout]    |
[INFO] [stdout] 92 | #[cfg(any(test, feature = "benchmark-kernels"))]
[INFO] [stdout]    |          ------------------------------------- the item is gated here
[INFO] [stdout] ...
[INFO] [stdout] 95 | pub enum KernelBackendId {
[INFO] [stdout]    |          ^^^^^^^^^^^^^^^
[INFO] [stdout] help: a similar name exists in the module
[INFO] [stdout]    |
[INFO] [stdout] 13 - use zeppelin_embed::kernels::{KernelBackendId, KernelVariant};
[INFO] [stdout] 13 + use zeppelin_embed::kernels::{KernelBackendTag, KernelVariant};
[INFO] [stdout]    |
[INFO] [stdout] 
[INFO] [stdout] 
[INFO] [stdout] error[E0432]: unresolved import `zeppelin_embed::lifecycle::StoreTestDependencies`
[INFO] [stdout]   --> tests/vector_execution_contract.rs:16:51
[INFO] [stdout]    |
[INFO] [stdout] 16 |     SearchOptions, SearchTier, Store, StoreError, StoreTestDependencies, SystemMonotonicClock,
[INFO] [stdout]    |                                                   ^^^^^^^^^^^^^^^^^^^^^ no `StoreTestDependencies` in `lifecycle`
[INFO] [stdout]    |
[INFO] [stdout] note: found an item that was configured out
[INFO] [stdout]   --> src/lifecycle/mod.rs:92:12
[INFO] [stdout]    |
[INFO] [stdout] 90 | #[cfg(any(test, feature = "test-seams"))]
[INFO] [stdout]    |          ------------------------------ the item is gated here
[INFO] [stdout] 91 | #[derive(Clone)]
[INFO] [stdout] 92 | pub struct StoreTestDependencies {
[INFO] [stdout]    |            ^^^^^^^^^^^^^^^^^^^^^
[INFO] [stdout] 
[INFO] [stdout] 
[INFO] [stdout] error[E0432]: unresolved import `zeppelin_embed::scan::vector_fault`
[INFO] [stdout]   --> tests/vector_execution_contract.rs:23:27
[INFO] [stdout]    |
[INFO] [stdout] 23 | use zeppelin_embed::scan::vector_fault::{
[INFO] [stdout]    |                           ^^^^^^^^^^^^ could not find `vector_fault` in `scan`
[INFO] [stdout]    |
[INFO] [stdout] note: found an item that was configured out
[INFO] [stdout]   --> src/scan/mod.rs:7:9
[INFO] [stdout]    |
[INFO] [stdout]  5 | #[cfg(any(test, feature = "test-seams"))]
[INFO] [stdout]    |          ------------------------------ the item is gated here
[INFO] [stdout]  6 | #[doc(hidden)]
[INFO] [stdout]  7 | pub mod vector_fault;
[INFO] [stdout]    |         ^^^^^^^^^^^^
[INFO] [stdout] 
[INFO] [stdout] 
[INFO] [stdout] error[E0432]: unresolved import `zeppelin_embed::segment::reader::SegmentCostAudit`
[INFO] [stdout]   --> tests/vector_execution_contract.rs:31:39
[INFO] [stdout]    |
[INFO] [stdout] 31 | use zeppelin_embed::segment::reader::{SegmentCostAudit, SegmentReader};
[INFO] [stdout]    |                                       ^^^^^^^^^^^^^^^^ no `SegmentCostAudit` in `segment::reader`
[INFO] [stdout]    |
[INFO] [stdout] note: found an item that was configured out
[INFO] [stdout]   --> src/segment/reader.rs:90:12
[INFO] [stdout]    |
[INFO] [stdout] 88 | #[cfg(any(test, feature = "test-seams"))]
[INFO] [stdout]    |          ------------------------------ the item is gated here
[INFO] [stdout] 89 | #[derive(Clone, Default)]
[INFO] [stdout] 90 | pub struct SegmentCostAudit {
[INFO] [stdout]    |            ^^^^^^^^^^^^^^^^
[INFO] [stdout] 
[INFO] [stdout] 
[INFO] [stdout] error[E0432]: unresolved import `zeppelin_embed::scan::vector_fault`
[INFO] [stdout]     --> tests/vector_execution_contract.rs:2276:31
[INFO] [stdout]      |
[INFO] [stdout] 2276 |     use zeppelin_embed::scan::vector_fault::ExactWorkerFault;
[INFO] [stdout]      |                               ^^^^^^^^^^^^ could not find `vector_fault` in `scan`
[INFO] [stdout]      |
[INFO] [stdout] note: found an item that was configured out
[INFO] [stdout]     --> src/scan/mod.rs:7:9
[INFO] [stdout]      |
[INFO] [stdout]    5 | #[cfg(any(test, feature = "test-seams"))]
[INFO] [stdout]      |          ------------------------------ the item is gated here
[INFO] [stdout]    6 | #[doc(hidden)]
[INFO] [stdout]    7 | pub mod vector_fault;
[INFO] [stdout]      |         ^^^^^^^^^^^^
[INFO] [stdout] 
[INFO] [stdout] 
[INFO] [stdout] error[E0432]: unresolved imports `zeppelin_embed::graph::search::begin_graph_query_test_observations`, `zeppelin_embed::graph::search::take_graph_query_test_observations`
[INFO] [stdout]     --> tests/store_graph_search.rs:1194:9
[INFO] [stdout]      |
[INFO] [stdout] 1194 |         begin_graph_query_test_observations, take_graph_query_test_observations,
[INFO] [stdout]      |         ^^^^^^^^^^^^^^^^^^^^^^^^^^^^^^^^^^^  ^^^^^^^^^^^^^^^^^^^^^^^^^^^^^^^^^^ no `take_graph_query_test_observations` in `graph::search`
[INFO] [stdout]      |         |
[INFO] [stdout]      |         no `begin_graph_query_test_observations` in `graph::search`
[INFO] [stdout]      |
[INFO] [stdout] note: found an item that was configured out
[INFO] [stdout]     --> src/graph/search.rs:47:8
[INFO] [stdout]      |
[INFO] [stdout]   45 | #[cfg(any(test, feature = "test-seams"))]
[INFO] [stdout]      |          ------------------------------ the item is gated here
[INFO] [stdout]   46 | #[doc(hidden)]
[INFO] [stdout]   47 | pub fn begin_graph_query_test_observations() {
[INFO] [stdout]      |        ^^^^^^^^^^^^^^^^^^^^^^^^^^^^^^^^^^^
[INFO] [stdout] note: found an item that was configured out
[INFO] [stdout]     --> src/graph/search.rs:56:8
[INFO] [stdout]      |
[INFO] [stdout]   54 | #[cfg(any(test, feature = "test-seams"))]
[INFO] [stdout]      |          ------------------------------ the item is gated here
[INFO] [stdout]   55 | #[doc(hidden)]
[INFO] [stdout]   56 | pub fn take_graph_query_test_observations() -> GraphQueryTestObservations {
[INFO] [stdout]      |        ^^^^^^^^^^^^^^^^^^^^^^^^^^^^^^^^^^
[INFO] [stdout] 
[INFO] [stdout] 
[INFO] [stdout] error[E0432]: unresolved import `zeppelin_embed::lifecycle::StoreTestDependencies`
[INFO] [stdout]    --> tests/namespace_batch.rs:668:32
[INFO] [stdout]     |
[INFO] [stdout] 668 |         LiveNamespaceMutation, StoreTestDependencies, SystemMonotonicClock, namespace_batch_live,
[INFO] [stdout]     |                                ^^^^^^^^^^^^^^^^^^^^^ no `StoreTestDependencies` in `lifecycle`
[INFO] [stdout]     |
[INFO] [stdout] note: found an item that was configured out
[INFO] [stdout]    --> src/lifecycle/mod.rs:92:12
[INFO] [stdout]     |
[INFO] [stdout]  90 | #[cfg(any(test, feature = "test-seams"))]
[INFO] [stdout]     |          ------------------------------ the item is gated here
[INFO] [stdout]  91 | #[derive(Clone)]
[INFO] [stdout]  92 | pub struct StoreTestDependencies {
[INFO] [stdout]     |            ^^^^^^^^^^^^^^^^^^^^^
[INFO] [stdout] 
[INFO] [stdout] 
[INFO] [stdout] error[E0432]: unresolved imports `zeppelin_embed::ingest::IngestRetentionFaultController`, `zeppelin_embed::ingest::IngestRetentionTestFault`
[INFO] [stdout]   --> tests/retention.rs:9:5
[INFO] [stdout]    |
[INFO] [stdout]  9 |     IngestRetentionFaultController, IngestRetentionTestFault, RetentionPolicy, Revision,
[INFO] [stdout]    |     ^^^^^^^^^^^^^^^^^^^^^^^^^^^^^^  ^^^^^^^^^^^^^^^^^^^^^^^^ no `IngestRetentionTestFault` in `ingest`
[INFO] [stdout]    |     |
[INFO] [stdout]    |     no `IngestRetentionFaultController` in `ingest`
[INFO] [stdout]    |
[INFO] [stdout] note: found an item that was configured out
[INFO] [stdout]   --> src/ingest/mod.rs:51:32
[INFO] [stdout]    |
[INFO] [stdout] 49 | #[cfg(any(test, feature = "test-seams"))]
[INFO] [stdout]    |          ------------------------------ the item is gated here
[INFO] [stdout] 50 | pub use retention_fault::{
[INFO] [stdout] 51 |     IngestRetentionCheckpoint, IngestRetentionFaultController, IngestRetentionFaultEffect,
[INFO] [stdout]    |                                ^^^^^^^^^^^^^^^^^^^^^^^^^^^^^^
[INFO] [stdout] note: found an item that was configured out
[INFO] [stdout]   --> src/ingest/mod.rs:53:68
[INFO] [stdout]    |
[INFO] [stdout] 49 | #[cfg(any(test, feature = "test-seams"))]
[INFO] [stdout]    |          ------------------------------ the item is gated here
[INFO] [stdout] ...
[INFO] [stdout] 53 |     IngestRetentionOperation, IngestRetentionPurgeCrashCheckpoint, IngestRetentionTestFault,
[INFO] [stdout]    |                                                                    ^^^^^^^^^^^^^^^^^^^^^^^^
[INFO] [stdout] 
[INFO] [stdout] 
[INFO] [stdout] error[E0432]: unresolved import `zeppelin_embed::lifecycle::StoreTestDependencies`
[INFO] [stdout]   --> tests/retention.rs:14:52
[INFO] [stdout]    |
[INFO] [stdout] 14 |     CancelToken, OpenOptions, QueryControl, Store, StoreTestDependencies, SystemMonotonicClock,
[INFO] [stdout]    |                                                    ^^^^^^^^^^^^^^^^^^^^^ no `StoreTestDependencies` in `lifecycle`
[INFO] [stdout]    |
[INFO] [stdout] note: found an item that was configured out
[INFO] [stdout]   --> src/lifecycle/mod.rs:92:12
[INFO] [stdout]    |
[INFO] [stdout] 90 | #[cfg(any(test, feature = "test-seams"))]
[INFO] [stdout]    |          ------------------------------ the item is gated here
[INFO] [stdout] 91 | #[derive(Clone)]
[INFO] [stdout] 92 | pub struct StoreTestDependencies {
[INFO] [stdout]    |            ^^^^^^^^^^^^^^^^^^^^^
[INFO] [stdout] 
[INFO] [stdout] 
[INFO] [stdout] error[E0432]: unresolved imports `zeppelin_embed::graph::search::begin_graph_query_test_observations`, `zeppelin_embed::graph::search::take_graph_query_test_observations`
[INFO] [stdout]     --> tests/store_graph_search.rs:1249:9
[INFO] [stdout]      |
[INFO] [stdout] 1249 |         begin_graph_query_test_observations, take_graph_query_test_observations,
[INFO] [stdout]      |         ^^^^^^^^^^^^^^^^^^^^^^^^^^^^^^^^^^^  ^^^^^^^^^^^^^^^^^^^^^^^^^^^^^^^^^^ no `take_graph_query_test_observations` in `graph::search`
[INFO] [stdout]      |         |
[INFO] [stdout]      |         no `begin_graph_query_test_observations` in `graph::search`
[INFO] [stdout]      |
[INFO] [stdout] note: found an item that was configured out
[INFO] [stdout]     --> src/graph/search.rs:47:8
[INFO] [stdout]      |
[INFO] [stdout]   45 | #[cfg(any(test, feature = "test-seams"))]
[INFO] [stdout]      |          ------------------------------ the item is gated here
[INFO] [stdout]   46 | #[doc(hidden)]
[INFO] [stdout]   47 | pub fn begin_graph_query_test_observations() {
[INFO] [stdout]      |        ^^^^^^^^^^^^^^^^^^^^^^^^^^^^^^^^^^^
[INFO] [stdout] note: found an item that was configured out
[INFO] [stdout]     --> src/graph/search.rs:56:8
[INFO] [stdout]      |
[INFO] [stdout]   54 | #[cfg(any(test, feature = "test-seams"))]
[INFO] [stdout]      |          ------------------------------ the item is gated here
[INFO] [stdout]   55 | #[doc(hidden)]
[INFO] [stdout]   56 | pub fn take_graph_query_test_observations() -> GraphQueryTestObservations {
[INFO] [stdout]      |        ^^^^^^^^^^^^^^^^^^^^^^^^^^^^^^^^^^
[INFO] [stdout] 
[INFO] [stdout] 
[INFO] [stdout] error[E0432]: unresolved import `zeppelin_embed::fts::preparation_observer`
[INFO] [stdout]    --> tests/hybrid_bounded.rs:850:31
[INFO] [stdout]     |
[INFO] [stdout] 850 |     use zeppelin_embed::fts::{preparation_observer, query::LexicalQuery};
[INFO] [stdout]     |                               ^^^^^^^^^^^^^^^^^^^^ no `preparation_observer` in `fts`
[INFO] [stdout]     |
[INFO] [stdout] note: found an item that was configured out
[INFO] [stdout]    --> src/fts/mod.rs:13:9
[INFO] [stdout]     |
[INFO] [stdout]  11 | #[cfg(any(test, feature = "test-seams"))]
[INFO] [stdout]     |          ------------------------------ the item is gated here
[INFO] [stdout]  12 | #[doc(hidden)]
[INFO] [stdout]  13 | pub mod preparation_observer;
[INFO] [stdout]     |         ^^^^^^^^^^^^^^^^^^^^
[INFO] [stdout] 
[INFO] [stdout] 
[INFO] [stdout] error[E0432]: unresolved import `zeppelin_embed::fts::preparation_observer`
[INFO] [stdout]    --> tests/hybrid_bounded.rs:905:31
[INFO] [stdout]     |
[INFO] [stdout] 905 |     use zeppelin_embed::fts::{preparation_observer, query::LexicalQuery};
[INFO] [stdout]     |                               ^^^^^^^^^^^^^^^^^^^^ no `preparation_observer` in `fts`
[INFO] [stdout]     |
[INFO] [stdout] note: found an item that was configured out
[INFO] [stdout]    --> src/fts/mod.rs:13:9
[INFO] [stdout]     |
[INFO] [stdout]  11 | #[cfg(any(test, feature = "test-seams"))]
[INFO] [stdout]     |          ------------------------------ the item is gated here
[INFO] [stdout]  12 | #[doc(hidden)]
[INFO] [stdout]  13 | pub mod preparation_observer;
[INFO] [stdout]     |         ^^^^^^^^^^^^^^^^^^^^
[INFO] [stdout] 
[INFO] [stdout] 
[INFO] [stdout] error[E0432]: unresolved imports `zeppelin_embed::lifecycle::begin_hybrid_score_test_observations`, `zeppelin_embed::lifecycle::take_hybrid_score_test_observations`
[INFO] [stdout]     --> tests/hybrid_bounded.rs:1288:9
[INFO] [stdout]      |
[INFO] [stdout] 1288 |         begin_hybrid_score_test_observations, take_hybrid_score_test_observations,
[INFO] [stdout]      |         ^^^^^^^^^^^^^^^^^^^^^^^^^^^^^^^^^^^^  ^^^^^^^^^^^^^^^^^^^^^^^^^^^^^^^^^^^ no `take_hybrid_score_test_observations` in `lifecycle`
[INFO] [stdout]      |         |
[INFO] [stdout]      |         no `begin_hybrid_score_test_observations` in `lifecycle`
[INFO] [stdout]      |
[INFO] [stdout] note: found an item that was configured out
[INFO] [stdout]     --> src/lifecycle/mod.rs:56:5
[INFO] [stdout]      |
[INFO] [stdout]   53 | #[cfg(any(test, feature = "test-seams"))]
[INFO] [stdout]      |          ------------------------------ the item is gated here
[INFO] [stdout] ...
[INFO] [stdout]   56 |     begin_hybrid_score_test_observations, take_hybrid_score_test_observations,
[INFO] [stdout]      |     ^^^^^^^^^^^^^^^^^^^^^^^^^^^^^^^^^^^^
[INFO] [stdout] note: found an item that was configured out
[INFO] [stdout]     --> src/lifecycle/mod.rs:56:43
[INFO] [stdout]      |
[INFO] [stdout]   53 | #[cfg(any(test, feature = "test-seams"))]
[INFO] [stdout]      |          ------------------------------ the item is gated here
[INFO] [stdout] ...
[INFO] [stdout]   56 |     begin_hybrid_score_test_observations, take_hybrid_score_test_observations,
[INFO] [stdout]      |                                           ^^^^^^^^^^^^^^^^^^^^^^^^^^^^^^^^^^^
[INFO] [stdout] 
[INFO] [stdout] 
[INFO] [stdout] error[E0432]: unresolved imports `zeppelin_embed::graph::search::begin_graph_query_test_observations`, `zeppelin_embed::graph::search::take_graph_query_test_observations`
[INFO] [stdout]     --> tests/store_graph_search.rs:1318:9
[INFO] [stdout]      |
[INFO] [stdout] 1318 |         begin_graph_query_test_observations, take_graph_query_test_observations,
[INFO] [stdout]      |         ^^^^^^^^^^^^^^^^^^^^^^^^^^^^^^^^^^^  ^^^^^^^^^^^^^^^^^^^^^^^^^^^^^^^^^^ no `take_graph_query_test_observations` in `graph::search`
[INFO] [stdout]      |         |
[INFO] [stdout]      |         no `begin_graph_query_test_observations` in `graph::search`
[INFO] [stdout]      |
[INFO] [stdout] note: found an item that was configured out
[INFO] [stdout]     --> src/graph/search.rs:47:8
[INFO] [stdout]      |
[INFO] [stdout]   45 | #[cfg(any(test, feature = "test-seams"))]
[INFO] [stdout]      |          ------------------------------ the item is gated here
[INFO] [stdout]   46 | #[doc(hidden)]
[INFO] [stdout]   47 | pub fn begin_graph_query_test_observations() {
[INFO] [stdout]      |        ^^^^^^^^^^^^^^^^^^^^^^^^^^^^^^^^^^^
[INFO] [stdout] note: found an item that was configured out
[INFO] [stdout]     --> src/graph/search.rs:56:8
[INFO] [stdout]      |
[INFO] [stdout]   54 | #[cfg(any(test, feature = "test-seams"))]
[INFO] [stdout]      |          ------------------------------ the item is gated here
[INFO] [stdout]   55 | #[doc(hidden)]
[INFO] [stdout]   56 | pub fn take_graph_query_test_observations() -> GraphQueryTestObservations {
[INFO] [stdout]      |        ^^^^^^^^^^^^^^^^^^^^^^^^^^^^^^^^^^
[INFO] [stdout] 
[INFO] [stdout] 
[INFO] [stdout] error[E0433]: cannot find `ManualMonotonicClock` in `lifecycle`
[INFO] [stdout]     --> tests/vector_execution_contract.rs:2288:61
[INFO] [stdout]      |
[INFO] [stdout] 2288 |             let clock = Arc::new(zeppelin_embed::lifecycle::ManualMonotonicClock::new());
[INFO] [stdout]      |                                                             ^^^^^^^^^^^^^^^^^^^^ could not find `ManualMonotonicClock` in `lifecycle`
[INFO] [stdout]      |
[INFO] [stdout] note: found an item that was configured out
[INFO] [stdout]     --> src/lifecycle/mod.rs:51:16
[INFO] [stdout]      |
[INFO] [stdout]   50 | #[cfg(any(test, feature = "test-seams"))]
[INFO] [stdout]      |          ------------------------------ the item is gated here
[INFO] [stdout]   51 | pub use clock::ManualMonotonicClock;
[INFO] [stdout]      |                ^^^^^^^^^^^^^^^^^^^^
[INFO] [stdout] help: a trait with a similar name exists
[INFO] [stdout]      |
[INFO] [stdout] 2288 -             let clock = Arc::new(zeppelin_embed::lifecycle::ManualMonotonicClock::new());
[INFO] [stdout] 2288 +             let clock = Arc::new(zeppelin_embed::lifecycle::MonotonicClock::new());
[INFO] [stdout]      |
[INFO] [stdout] 
[INFO] [stdout] 
[INFO] [stdout] error[E0432]: unresolved imports `zeppelin_embed::quant::begin_query_preparation_test_observations`, `zeppelin_embed::quant::take_query_preparation_test_observations`
[INFO] [stdout]     --> tests/hybrid_bounded.rs:1345:9
[INFO] [stdout]      |
[INFO] [stdout] 1345 |         begin_query_preparation_test_observations, take_query_preparation_test_observations,
[INFO] [stdout]      |         ^^^^^^^^^^^^^^^^^^^^^^^^^^^^^^^^^^^^^^^^^  ^^^^^^^^^^^^^^^^^^^^^^^^^^^^^^^^^^^^^^^^ no `take_query_preparation_test_observations` in `quant`
[INFO] [stdout]      |         |
[INFO] [stdout]      |         no `begin_query_preparation_test_observations` in `quant`
[INFO] [stdout]      |
[INFO] [stdout] note: found an item that was configured out
[INFO] [stdout]     --> src/quant.rs:27:8
[INFO] [stdout]      |
[INFO] [stdout]   25 | #[cfg(any(test, feature = "test-seams"))]
[INFO] [stdout]      |          ------------------------------ the item is gated here
[INFO] [stdout]   26 | #[doc(hidden)]
[INFO] [stdout]   27 | pub fn begin_query_preparation_test_observations() {
[INFO] [stdout]      |        ^^^^^^^^^^^^^^^^^^^^^^^^^^^^^^^^^^^^^^^^^
[INFO] [stdout] note: found an item that was configured out
[INFO] [stdout]     --> src/quant.rs:35:8
[INFO] [stdout]      |
[INFO] [stdout]   33 | #[cfg(any(test, feature = "test-seams"))]
[INFO] [stdout]      |          ------------------------------ the item is gated here
[INFO] [stdout]   34 | #[doc(hidden)]
[INFO] [stdout]   35 | pub fn take_query_preparation_test_observations() -> QueryPreparationTestObservations {
[INFO] [stdout]      |        ^^^^^^^^^^^^^^^^^^^^^^^^^^^^^^^^^^^^^^^^
[INFO] [stdout] 
[INFO] [stdout] 
[INFO] [stdout] error[E0432]: unresolved import `zeppelin_embed::fts::preparation_observer`
[INFO] [stdout]     --> tests/hybrid_bounded.rs:1401:9
[INFO] [stdout]      |
[INFO] [stdout] 1401 |     use zeppelin_embed::fts::preparation_observer;
[INFO] [stdout]      |         ^^^^^^^^^^^^^^^^^^^^^--------------------
[INFO] [stdout]      |                              |
[INFO] [stdout]      |                              no `preparation_observer` in `fts`
[INFO] [stdout]      |
[INFO] [stdout] note: found an item that was configured out
[INFO] [stdout]     --> src/fts/mod.rs:13:9
[INFO] [stdout]      |
[INFO] [stdout]   11 | #[cfg(any(test, feature = "test-seams"))]
[INFO] [stdout]      |          ------------------------------ the item is gated here
[INFO] [stdout]   12 | #[doc(hidden)]
[INFO] [stdout]   13 | pub mod preparation_observer;
[INFO] [stdout]      |         ^^^^^^^^^^^^^^^^^^^^
[INFO] [stdout] 
[INFO] [stdout] 
[INFO] [stdout] error[E0432]: unresolved import `zeppelin_embed::fts::preparation_observer`
[INFO] [stdout]     --> tests/hybrid_bounded.rs:1438:31
[INFO] [stdout]      |
[INFO] [stdout] 1438 |     use zeppelin_embed::fts::{preparation_observer, query::LexicalQuery};
[INFO] [stdout]      |                               ^^^^^^^^^^^^^^^^^^^^ no `preparation_observer` in `fts`
[INFO] [stdout]      |
[INFO] [stdout] note: found an item that was configured out
[INFO] [stdout]     --> src/fts/mod.rs:13:9
[INFO] [stdout]      |
[INFO] [stdout]   11 | #[cfg(any(test, feature = "test-seams"))]
[INFO] [stdout]      |          ------------------------------ the item is gated here
[INFO] [stdout]   12 | #[doc(hidden)]
[INFO] [stdout]   13 | pub mod preparation_observer;
[INFO] [stdout]      |         ^^^^^^^^^^^^^^^^^^^^
[INFO] [stdout] 
[INFO] [stdout] 
[INFO] [stdout] error[E0432]: unresolved imports `zeppelin_embed::lifecycle::begin_hybrid_score_test_observations`, `zeppelin_embed::lifecycle::take_hybrid_score_test_observations`
[INFO] [stdout]     --> tests/hybrid_bounded.rs:1472:9
[INFO] [stdout]      |
[INFO] [stdout] 1472 |         begin_hybrid_score_test_observations, take_hybrid_score_test_observations,
[INFO] [stdout]      |         ^^^^^^^^^^^^^^^^^^^^^^^^^^^^^^^^^^^^  ^^^^^^^^^^^^^^^^^^^^^^^^^^^^^^^^^^^ no `take_hybrid_score_test_observations` in `lifecycle`
[INFO] [stdout]      |         |
[INFO] [stdout]      |         no `begin_hybrid_score_test_observations` in `lifecycle`
[INFO] [stdout]      |
[INFO] [stdout] note: found an item that was configured out
[INFO] [stdout]     --> src/lifecycle/mod.rs:56:5
[INFO] [stdout]      |
[INFO] [stdout]   53 | #[cfg(any(test, feature = "test-seams"))]
[INFO] [stdout]      |          ------------------------------ the item is gated here
[INFO] [stdout] ...
[INFO] [stdout]   56 |     begin_hybrid_score_test_observations, take_hybrid_score_test_observations,
[INFO] [stdout]      |     ^^^^^^^^^^^^^^^^^^^^^^^^^^^^^^^^^^^^
[INFO] [stdout] note: found an item that was configured out
[INFO] [stdout]     --> src/lifecycle/mod.rs:56:43
[INFO] [stdout]      |
[INFO] [stdout]   53 | #[cfg(any(test, feature = "test-seams"))]
[INFO] [stdout]      |          ------------------------------ the item is gated here
[INFO] [stdout] ...
[INFO] [stdout]   56 |     begin_hybrid_score_test_observations, take_hybrid_score_test_observations,
[INFO] [stdout]      |                                           ^^^^^^^^^^^^^^^^^^^^^^^^^^^^^^^^^^^
[INFO] [stdout] 
[INFO] [stdout] 
[INFO] [stdout] error[E0599]: no associated function or constant named `open_with_test_dependencies` found for struct `zeppelin_embed::lifecycle::Store` in the current scope
[INFO] [stdout]     --> tests/namespace_batch.rs:674:24
[INFO] [stdout]      |
[INFO] [stdout]  674 |         let a = Store::open_with_test_dependencies(
[INFO] [stdout]      |                        ^^^^^^^^^^^^^^^^^^^^^^^^^^^ associated function or constant not found in `zeppelin_embed::lifecycle::Store`
[INFO] [stdout]      |
[INFO] [stdout] note: if you're trying to build a new `zeppelin_embed::lifecycle::Store` consider using one of the following associated functions:
[INFO] [stdout]       zeppelin_embed::lifecycle::Store::open_for_inspection
[INFO] [stdout]       zeppelin_embed::lifecycle::Store::open
[INFO] [stdout]     --> src/lifecycle/mod.rs:2932:5
[INFO] [stdout]      |
[INFO] [stdout] 2932 |     pub fn open_for_inspection(path: impl AsRef<Path>) -> Result<Self, StoreError> {
[INFO] [stdout]      |     ^^^^^^^^^^^^^^^^^^^^^^^^^^^^^^^^^^^^^^^^^^^^^^^^^^^^^^^^^^^^^^^^^^^^^^^^^^^^^^
[INFO] [stdout] ...
[INFO] [stdout] 2939 |     pub fn open(path: impl AsRef<Path>, options: OpenOptions) -> Result<Self, StoreError> {
[INFO] [stdout]      |     ^^^^^^^^^^^^^^^^^^^^^^^^^^^^^^^^^^^^^^^^^^^^^^^^^^^^^^^^^^^^^^^^^^^^^^^^^^^^^^^^^^^^^
[INFO] [stdout] 
[INFO] [stdout] 
[INFO] [stdout] error[E0432]: unresolved imports `zeppelin_embed::lifecycle::begin_hybrid_score_test_observations`, `zeppelin_embed::lifecycle::take_hybrid_score_test_observations`
[INFO] [stdout]     --> tests/hybrid_bounded.rs:1530:9
[INFO] [stdout]      |
[INFO] [stdout] 1530 |         begin_hybrid_score_test_observations, take_hybrid_score_test_observations,
[INFO] [stdout]      |         ^^^^^^^^^^^^^^^^^^^^^^^^^^^^^^^^^^^^  ^^^^^^^^^^^^^^^^^^^^^^^^^^^^^^^^^^^ no `take_hybrid_score_test_observations` in `lifecycle`
[INFO] [stdout]      |         |
[INFO] [stdout]      |         no `begin_hybrid_score_test_observations` in `lifecycle`
[INFO] [stdout]      |
[INFO] [stdout] note: found an item that was configured out
[INFO] [stdout]     --> src/lifecycle/mod.rs:56:5
[INFO] [stdout]      |
[INFO] [stdout]   53 | #[cfg(any(test, feature = "test-seams"))]
[INFO] [stdout]      |          ------------------------------ the item is gated here
[INFO] [stdout] ...
[INFO] [stdout]   56 |     begin_hybrid_score_test_observations, take_hybrid_score_test_observations,
[INFO] [stdout]      |     ^^^^^^^^^^^^^^^^^^^^^^^^^^^^^^^^^^^^
[INFO] [stdout] note: found an item that was configured out
[INFO] [stdout]     --> src/lifecycle/mod.rs:56:43
[INFO] [stdout]      |
[INFO] [stdout]   53 | #[cfg(any(test, feature = "test-seams"))]
[INFO] [stdout]      |          ------------------------------ the item is gated here
[INFO] [stdout] ...
[INFO] [stdout]   56 |     begin_hybrid_score_test_observations, take_hybrid_score_test_observations,
[INFO] [stdout]      |                                           ^^^^^^^^^^^^^^^^^^^^^^^^^^^^^^^^^^^
[INFO] [stdout] 
[INFO] [stdout] 
[INFO] [stdout] error[E0599]: no associated function or constant named `open_with_test_dependencies` found for struct `zeppelin_embed::lifecycle::Store` in the current scope
[INFO] [stdout]     --> tests/namespace_batch.rs:680:24
[INFO] [stdout]      |
[INFO] [stdout]  680 |         let b = Store::open_with_test_dependencies(
[INFO] [stdout]      |                        ^^^^^^^^^^^^^^^^^^^^^^^^^^^ associated function or constant not found in `zeppelin_embed::lifecycle::Store`
[INFO] [stdout]      |
[INFO] [stdout] note: if you're trying to build a new `zeppelin_embed::lifecycle::Store` consider using one of the following associated functions:
[INFO] [stdout]       zeppelin_embed::lifecycle::Store::open_for_inspection
[INFO] [stdout]       zeppelin_embed::lifecycle::Store::open
[INFO] [stdout]     --> src/lifecycle/mod.rs:2932:5
[INFO] [stdout]      |
[INFO] [stdout] 2932 |     pub fn open_for_inspection(path: impl AsRef<Path>) -> Result<Self, StoreError> {
[INFO] [stdout]      |     ^^^^^^^^^^^^^^^^^^^^^^^^^^^^^^^^^^^^^^^^^^^^^^^^^^^^^^^^^^^^^^^^^^^^^^^^^^^^^^
[INFO] [stdout] ...
[INFO] [stdout] 2939 |     pub fn open(path: impl AsRef<Path>, options: OpenOptions) -> Result<Self, StoreError> {
[INFO] [stdout]      |     ^^^^^^^^^^^^^^^^^^^^^^^^^^^^^^^^^^^^^^^^^^^^^^^^^^^^^^^^^^^^^^^^^^^^^^^^^^^^^^^^^^^^^
[INFO] [stdout] 
[INFO] [stdout] 
[INFO] [stdout] error[E0432]: unresolved imports `zeppelin_embed::lifecycle::begin_hybrid_fresh_round_test_observations`, `zeppelin_embed::lifecycle::begin_hybrid_score_test_observations`, `zeppelin_embed::lifecycle::take_hybrid_score_test_observations`
[INFO] [stdout]     --> tests/hybrid_bounded.rs:1590:9
[INFO] [stdout]      |
[INFO] [stdout] 1590 |         begin_hybrid_fresh_round_test_observations, begin_hybrid_score_test_observations,
[INFO] [stdout]      |         ^^^^^^^^^^^^^^^^^^^^^^^^^^^^^^^^^^^^^^^^^^  ^^^^^^^^^^^^^^^^^^^^^^^^^^^^^^^^^^^^ no `begin_hybrid_score_test_observations` in `lifecycle`
[INFO] [stdout]      |         |
[INFO] [stdout]      |         no `begin_hybrid_fresh_round_test_observations` in `lifecycle`
[INFO] [stdout] 1591 |         take_hybrid_score_test_observations,
[INFO] [stdout]      |         ^^^^^^^^^^^^^^^^^^^^^^^^^^^^^^^^^^^ no `take_hybrid_score_test_observations` in `lifecycle`
[INFO] [stdout]      |
[INFO] [stdout] note: found an item that was configured out
[INFO] [stdout]     --> src/lifecycle/mod.rs:55:34
[INFO] [stdout]      |
[INFO] [stdout]   53 | #[cfg(any(test, feature = "test-seams"))]
[INFO] [stdout]      |          ------------------------------ the item is gated here
[INFO] [stdout]   54 | pub use hybrid::{
[INFO] [stdout]   55 |     HybridScoreTestObservations, begin_hybrid_fresh_round_test_observations,
[INFO] [stdout]      |                                  ^^^^^^^^^^^^^^^^^^^^^^^^^^^^^^^^^^^^^^^^^^
[INFO] [stdout] note: found an item that was configured out
[INFO] [stdout]     --> src/lifecycle/mod.rs:56:5
[INFO] [stdout]      |
[INFO] [stdout]   53 | #[cfg(any(test, feature = "test-seams"))]
[INFO] [stdout]      |          ------------------------------ the item is gated here
[INFO] [stdout] ...
[INFO] [stdout]   56 |     begin_hybrid_score_test_observations, take_hybrid_score_test_observations,
[INFO] [stdout]      |     ^^^^^^^^^^^^^^^^^^^^^^^^^^^^^^^^^^^^
[INFO] [stdout] note: found an item that was configured out
[INFO] [stdout]     --> src/lifecycle/mod.rs:56:43
[INFO] [stdout]      |
[INFO] [stdout]   53 | #[cfg(any(test, feature = "test-seams"))]
[INFO] [stdout]      |          ------------------------------ the item is gated here
[INFO] [stdout] ...
[INFO] [stdout]   56 |     begin_hybrid_score_test_observations, take_hybrid_score_test_observations,
[INFO] [stdout]      |                                           ^^^^^^^^^^^^^^^^^^^^^^^^^^^^^^^^^^^
[INFO] [stdout] 
[INFO] [stdout] 
[INFO] [stdout] error[E0432]: unresolved imports `zeppelin_embed::lifecycle::begin_hybrid_fresh_round_test_observations`, `zeppelin_embed::lifecycle::begin_hybrid_score_test_observations`, `zeppelin_embed::lifecycle::take_hybrid_score_test_observations`
[INFO] [stdout]     --> tests/hybrid_bounded.rs:1761:9
[INFO] [stdout]      |
[INFO] [stdout] 1761 |         begin_hybrid_fresh_round_test_observations, begin_hybrid_score_test_observations,
[INFO] [stdout]      |         ^^^^^^^^^^^^^^^^^^^^^^^^^^^^^^^^^^^^^^^^^^  ^^^^^^^^^^^^^^^^^^^^^^^^^^^^^^^^^^^^ no `begin_hybrid_score_test_observations` in `lifecycle`
[INFO] [stdout]      |         |
[INFO] [stdout]      |         no `begin_hybrid_fresh_round_test_observations` in `lifecycle`
[INFO] [stdout] 1762 |         take_hybrid_score_test_observations,
[INFO] [stdout]      |         ^^^^^^^^^^^^^^^^^^^^^^^^^^^^^^^^^^^ no `take_hybrid_score_test_observations` in `lifecycle`
[INFO] [stdout]      |
[INFO] [stdout] note: found an item that was configured out
[INFO] [stdout]     --> src/lifecycle/mod.rs:55:34
[INFO] [stdout]      |
[INFO] [stdout]   53 | #[cfg(any(test, feature = "test-seams"))]
[INFO] [stdout]      |          ------------------------------ the item is gated here
[INFO] [stdout]   54 | pub use hybrid::{
[INFO] [stdout]   55 |     HybridScoreTestObservations, begin_hybrid_fresh_round_test_observations,
[INFO] [stdout]      |                                  ^^^^^^^^^^^^^^^^^^^^^^^^^^^^^^^^^^^^^^^^^^
[INFO] [stdout] note: found an item that was configured out
[INFO] [stdout]     --> src/lifecycle/mod.rs:56:5
[INFO] [stdout]      |
[INFO] [stdout]   53 | #[cfg(any(test, feature = "test-seams"))]
[INFO] [stdout]      |          ------------------------------ the item is gated here
[INFO] [stdout] ...
[INFO] [stdout]   56 |     begin_hybrid_score_test_observations, take_hybrid_score_test_observations,
[INFO] [stdout]      |     ^^^^^^^^^^^^^^^^^^^^^^^^^^^^^^^^^^^^
[INFO] [stdout] note: found an item that was configured out
[INFO] [stdout]     --> src/lifecycle/mod.rs:56:43
[INFO] [stdout]      |
[INFO] [stdout]   53 | #[cfg(any(test, feature = "test-seams"))]
[INFO] [stdout]      |          ------------------------------ the item is gated here
[INFO] [stdout] ...
[INFO] [stdout]   56 |     begin_hybrid_score_test_observations, take_hybrid_score_test_observations,
[INFO] [stdout]      |                                           ^^^^^^^^^^^^^^^^^^^^^^^^^^^^^^^^^^^
[INFO] [stdout] 
[INFO] [stdout] 
[INFO] [stdout] error[E0599]: no associated function or constant named `open_with_test_dependencies` found for struct `zeppelin_embed::lifecycle::Store` in the current scope
[INFO] [stdout]     --> tests/retention.rs:406:16
[INFO] [stdout]      |
[INFO] [stdout]  406 |         Store::open_with_test_dependencies(directory.path(), OpenOptions::default(), dependencies)
[INFO] [stdout]      |                ^^^^^^^^^^^^^^^^^^^^^^^^^^^ associated function or constant not found in `zeppelin_embed::lifecycle::Store`
[INFO] [stdout]      |
[INFO] [stdout] note: if you're trying to build a new `zeppelin_embed::lifecycle::Store` consider using one of the following associated functions:
[INFO] [stdout]       zeppelin_embed::lifecycle::Store::open_for_inspection
[INFO] [stdout]       zeppelin_embed::lifecycle::Store::open
[INFO] [stdout]     --> src/lifecycle/mod.rs:2932:5
[INFO] [stdout]      |
[INFO] [stdout] 2932 |     pub fn open_for_inspection(path: impl AsRef<Path>) -> Result<Self, StoreError> {
[INFO] [stdout]      |     ^^^^^^^^^^^^^^^^^^^^^^^^^^^^^^^^^^^^^^^^^^^^^^^^^^^^^^^^^^^^^^^^^^^^^^^^^^^^^^
[INFO] [stdout] ...
[INFO] [stdout] 2939 |     pub fn open(path: impl AsRef<Path>, options: OpenOptions) -> Result<Self, StoreError> {
[INFO] [stdout]      |     ^^^^^^^^^^^^^^^^^^^^^^^^^^^^^^^^^^^^^^^^^^^^^^^^^^^^^^^^^^^^^^^^^^^^^^^^^^^^^^^^^^^^^
[INFO] [stdout] 
[INFO] [stdout] 
[INFO] [stdout] error[E0599]: no associated function or constant named `open_with_test_dependencies` found for struct `zeppelin_embed::lifecycle::Store` in the current scope
[INFO] [stdout]     --> tests/retention.rs:510:16
[INFO] [stdout]      |
[INFO] [stdout]  510 |         Store::open_with_test_dependencies(directory.path(), OpenOptions::default(), dependencies)
[INFO] [stdout]      |                ^^^^^^^^^^^^^^^^^^^^^^^^^^^ associated function or constant not found in `zeppelin_embed::lifecycle::Store`
[INFO] [stdout]      |
[INFO] [stdout] note: if you're trying to build a new `zeppelin_embed::lifecycle::Store` consider using one of the following associated functions:
[INFO] [stdout]       zeppelin_embed::lifecycle::Store::open_for_inspection
[INFO] [stdout]       zeppelin_embed::lifecycle::Store::open
[INFO] [stdout]     --> src/lifecycle/mod.rs:2932:5
[INFO] [stdout]      |
[INFO] [stdout] 2932 |     pub fn open_for_inspection(path: impl AsRef<Path>) -> Result<Self, StoreError> {
[INFO] [stdout]      |     ^^^^^^^^^^^^^^^^^^^^^^^^^^^^^^^^^^^^^^^^^^^^^^^^^^^^^^^^^^^^^^^^^^^^^^^^^^^^^^
[INFO] [stdout] ...
[INFO] [stdout] 2939 |     pub fn open(path: impl AsRef<Path>, options: OpenOptions) -> Result<Self, StoreError> {
[INFO] [stdout]      |     ^^^^^^^^^^^^^^^^^^^^^^^^^^^^^^^^^^^^^^^^^^^^^^^^^^^^^^^^^^^^^^^^^^^^^^^^^^^^^^^^^^^^^
[INFO] [stdout] 
[INFO] [stdout] 
[INFO] [stdout] error[E0599]: no associated function or constant named `retained_query_view_bytes` found for struct `SegmentReader` in the current scope
[INFO] [stdout]     --> tests/store_graph_search.rs:1009:29
[INFO] [stdout]      |
[INFO] [stdout] 1009 |         .map(SegmentReader::retained_query_view_bytes)
[INFO] [stdout]      |                             ^^^^^^^^^^^^^^^^^^^^^^^^^ associated function or constant not found in `SegmentReader`
[INFO] [stdout] 
[INFO] [stdout] 
[INFO] [stdout] error[E0599]: no associated function or constant named `retained_query_view_bytes` found for struct `SegmentReader` in the current scope
[INFO] [stdout]     --> tests/store_graph_search.rs:1028:29
[INFO] [stdout]      |
[INFO] [stdout] 1028 |         .map(SegmentReader::retained_query_view_bytes)
[INFO] [stdout]      |                             ^^^^^^^^^^^^^^^^^^^^^^^^^ associated function or constant not found in `SegmentReader`
[INFO] [stdout] 
[INFO] [stdout] 
[INFO] [stdout] Some errors have detailed explanations: E0432, E0599.
[INFO] [stdout] 
[INFO] [stdout] For more information about an error, try `rustc --explain E0432`.
[INFO] [stdout] 
[INFO] [stdout] error[E0599]: no associated function or constant named `open_with_test_dependencies` found for struct `zeppelin_embed::lifecycle::Store` in the current scope
[INFO] [stdout]     --> tests/vector_execution_contract.rs:470:28
[INFO] [stdout]      |
[INFO] [stdout]  470 |         let store = Store::open_with_test_dependencies(
[INFO] [stdout]      |                            ^^^^^^^^^^^^^^^^^^^^^^^^^^^ associated function or constant not found in `zeppelin_embed::lifecycle::Store`
[INFO] [stdout]      |
[INFO] [stdout] note: if you're trying to build a new `zeppelin_embed::lifecycle::Store` consider using one of the following associated functions:
[INFO] [stdout]       zeppelin_embed::lifecycle::Store::open_for_inspection
[INFO] [stdout]       zeppelin_embed::lifecycle::Store::open
[INFO] [stdout]     --> src/lifecycle/mod.rs:2932:5
[INFO] [stdout]      |
[INFO] [stdout] 2932 |     pub fn open_for_inspection(path: impl AsRef<Path>) -> Result<Self, StoreError> {
[INFO] [stdout]      |     ^^^^^^^^^^^^^^^^^^^^^^^^^^^^^^^^^^^^^^^^^^^^^^^^^^^^^^^^^^^^^^^^^^^^^^^^^^^^^^
[INFO] [stdout] ...
[INFO] [stdout] 2939 |     pub fn open(path: impl AsRef<Path>, options: OpenOptions) -> Result<Self, StoreError> {
[INFO] [stdout]      |     ^^^^^^^^^^^^^^^^^^^^^^^^^^^^^^^^^^^^^^^^^^^^^^^^^^^^^^^^^^^^^^^^^^^^^^^^^^^^^^^^^^^^^
[INFO] [stdout] 
[INFO] [stdout] 
[INFO] [stdout] error[E0599]: no associated function or constant named `open_with_test_dependencies` found for struct `zeppelin_embed::lifecycle::Store` in the current scope
[INFO] [stdout]     --> tests/vector_execution_contract.rs:575:25
[INFO] [stdout]      |
[INFO] [stdout]  575 |     let faulty = Store::open_with_test_dependencies(
[INFO] [stdout]      |                         ^^^^^^^^^^^^^^^^^^^^^^^^^^^ associated function or constant not found in `zeppelin_embed::lifecycle::Store`
[INFO] [stdout]      |
[INFO] [stdout] note: if you're trying to build a new `zeppelin_embed::lifecycle::Store` consider using one of the following associated functions:
[INFO] [stdout]       zeppelin_embed::lifecycle::Store::open_for_inspection
[INFO] [stdout]       zeppelin_embed::lifecycle::Store::open
[INFO] [stdout]     --> src/lifecycle/mod.rs:2932:5
[INFO] [stdout]      |
[INFO] [stdout] 2932 |     pub fn open_for_inspection(path: impl AsRef<Path>) -> Result<Self, StoreError> {
[INFO] [stdout]      |     ^^^^^^^^^^^^^^^^^^^^^^^^^^^^^^^^^^^^^^^^^^^^^^^^^^^^^^^^^^^^^^^^^^^^^^^^^^^^^^
[INFO] [stdout] ...
[INFO] [stdout] 2939 |     pub fn open(path: impl AsRef<Path>, options: OpenOptions) -> Result<Self, StoreError> {
[INFO] [stdout]      |     ^^^^^^^^^^^^^^^^^^^^^^^^^^^^^^^^^^^^^^^^^^^^^^^^^^^^^^^^^^^^^^^^^^^^^^^^^^^^^^^^^^^^^
[INFO] [stdout] 
[INFO] [stdout] 
[INFO] [stderr] error: could not compile `zeppelin-embed` (test "namespace_batch") due to 3 previous errors
[INFO] [stderr] warning: build failed, waiting for other jobs to finish...
[INFO] [stdout] error[E0599]: no associated function or constant named `retained_query_view_bytes` found for struct `SegmentReader` in the current scope
[INFO] [stdout]    --> tests/vector_execution_contract.rs:797:29
[INFO] [stdout]     |
[INFO] [stdout] 797 |         .map(SegmentReader::retained_query_view_bytes)
[INFO] [stdout]     |                             ^^^^^^^^^^^^^^^^^^^^^^^^^ associated function or constant not found in `SegmentReader`
[INFO] [stdout] 
[INFO] [stdout] 
[INFO] [stdout] error[E0599]: no associated function or constant named `available` found for struct `KernelVariant` in the current scope
[INFO] [stdout]    --> tests/vector_execution_contract.rs:811:35
[INFO] [stdout]     |
[INFO] [stdout] 811 |     let observed = KernelVariant::available()
[INFO] [stdout]     |                                   ^^^^^^^^^ associated function or constant not found in `KernelVariant`
[INFO] [stdout]     |
[INFO] [stdout] note: if you're trying to build a new `KernelVariant` consider using one of the following associated functions:
[INFO] [stdout]       KernelVariant::scalar
[INFO] [stdout]       KernelVariant::selected
[INFO] [stdout]    --> src/kernels/mod.rs:550:5
[INFO] [stdout]     |
[INFO] [stdout] 550 |     pub fn scalar() -> Self {
[INFO] [stdout]     |     ^^^^^^^^^^^^^^^^^^^^^^^
[INFO] [stdout] ...
[INFO] [stdout] 559 |     pub fn selected() -> Self {
[INFO] [stdout]     |     ^^^^^^^^^^^^^^^^^^^^^^^^^
[INFO] [stdout] 
[INFO] [stdout] 
[INFO] [stdout] error[E0599]: no associated function or constant named `backend_id` found for struct `KernelVariant` in the current scope
[INFO] [stdout]    --> tests/vector_execution_contract.rs:812:29
[INFO] [stdout]     |
[INFO] [stdout] 812 |         .map(KernelVariant::backend_id)
[INFO] [stdout]     |                             ^^^^^^^^^^ associated function or constant not found in `KernelVariant`
[INFO] [stdout] 
[INFO] [stdout] 
[INFO] [stdout] error[E0599]: no associated function or constant named `open_with_test_dependencies` found for struct `zeppelin_embed::lifecycle::Store` in the current scope
[INFO] [stdout]     --> tests/vector_execution_contract.rs:833:24
[INFO] [stdout]      |
[INFO] [stdout]  833 |     let store = Store::open_with_test_dependencies(
[INFO] [stdout]      |                        ^^^^^^^^^^^^^^^^^^^^^^^^^^^ associated function or constant not found in `zeppelin_embed::lifecycle::Store`
[INFO] [stdout]      |
[INFO] [stdout] note: if you're trying to build a new `zeppelin_embed::lifecycle::Store` consider using one of the following associated functions:
[INFO] [stdout]       zeppelin_embed::lifecycle::Store::open_for_inspection
[INFO] [stdout]       zeppelin_embed::lifecycle::Store::open
[INFO] [stdout]     --> src/lifecycle/mod.rs:2932:5
[INFO] [stdout]      |
[INFO] [stdout] 2932 |     pub fn open_for_inspection(path: impl AsRef<Path>) -> Result<Self, StoreError> {
[INFO] [stdout]      |     ^^^^^^^^^^^^^^^^^^^^^^^^^^^^^^^^^^^^^^^^^^^^^^^^^^^^^^^^^^^^^^^^^^^^^^^^^^^^^^
[INFO] [stdout] ...
[INFO] [stdout] 2939 |     pub fn open(path: impl AsRef<Path>, options: OpenOptions) -> Result<Self, StoreError> {
[INFO] [stdout]      |     ^^^^^^^^^^^^^^^^^^^^^^^^^^^^^^^^^^^^^^^^^^^^^^^^^^^^^^^^^^^^^^^^^^^^^^^^^^^^^^^^^^^^^
[INFO] [stdout] 
[INFO] [stdout] 
[INFO] [stdout] Some errors have detailed explanations: E0432, E0599.
[INFO] [stdout] 
[INFO] [stdout] For more information about an error, try `rustc --explain E0432`.
[INFO] [stdout] 
[INFO] [stderr] error: could not compile `zeppelin-embed` (test "retention") due to 4 previous errors
[INFO] [stdout] error[E0599]: no method named `backend_id` found for struct `KernelVariant` in the current scope
[INFO] [stdout]    --> tests/vector_execution_contract.rs:853:35
[INFO] [stdout]     |
[INFO] [stdout] 853 |         KernelVariant::selected().backend_id()
[INFO] [stdout]     |                                   ^^^^^^^^^^ method not found in `KernelVariant`
[INFO] [stdout] 
[INFO] [stdout] 
[INFO] [stdout] error[E0599]: no associated function or constant named `available` found for struct `KernelVariant` in the current scope
[INFO] [stdout]    --> tests/vector_execution_contract.rs:877:36
[INFO] [stdout]     |
[INFO] [stdout] 877 |     let available = KernelVariant::available()
[INFO] [stdout]     |                                    ^^^^^^^^^ associated function or constant not found in `KernelVariant`
[INFO] [stdout]     |
[INFO] [stdout] note: if you're trying to build a new `KernelVariant` consider using one of the following associated functions:
[INFO] [stdout]       KernelVariant::scalar
[INFO] [stdout]       KernelVariant::selected
[INFO] [stdout]    --> src/kernels/mod.rs:550:5
[INFO] [stdout]     |
[INFO] [stdout] 550 |     pub fn scalar() -> Self {
[INFO] [stdout]     |     ^^^^^^^^^^^^^^^^^^^^^^^
[INFO] [stdout] ...
[INFO] [stdout] 559 |     pub fn selected() -> Self {
[INFO] [stdout]     |     ^^^^^^^^^^^^^^^^^^^^^^^^^
[INFO] [stdout] 
[INFO] [stdout] 
[INFO] [stdout] error[E0599]: no associated function or constant named `backend_id` found for struct `KernelVariant` in the current scope
[INFO] [stdout]    --> tests/vector_execution_contract.rs:878:29
[INFO] [stdout]     |
[INFO] [stdout] 878 |         .map(KernelVariant::backend_id)
[INFO] [stdout]     |                             ^^^^^^^^^^ associated function or constant not found in `KernelVariant`
[INFO] [stdout] 
[INFO] [stdout] 
[INFO] [stdout] error[E0599]: no associated function or constant named `open_with_test_dependencies` found for struct `zeppelin_embed::lifecycle::Store` in the current scope
[INFO] [stdout]     --> tests/vector_execution_contract.rs:890:26
[INFO] [stdout]      |
[INFO] [stdout]  890 |     let faulted = Store::open_with_test_dependencies(
[INFO] [stdout]      |                          ^^^^^^^^^^^^^^^^^^^^^^^^^^^ associated function or constant not found in `zeppelin_embed::lifecycle::Store`
[INFO] [stdout]      |
[INFO] [stdout] note: if you're trying to build a new `zeppelin_embed::lifecycle::Store` consider using one of the following associated functions:
[INFO] [stdout]       zeppelin_embed::lifecycle::Store::open_for_inspection
[INFO] [stdout]       zeppelin_embed::lifecycle::Store::open
[INFO] [stdout]     --> src/lifecycle/mod.rs:2932:5
[INFO] [stdout]      |
[INFO] [stdout] 2932 |     pub fn open_for_inspection(path: impl AsRef<Path>) -> Result<Self, StoreError> {
[INFO] [stdout]      |     ^^^^^^^^^^^^^^^^^^^^^^^^^^^^^^^^^^^^^^^^^^^^^^^^^^^^^^^^^^^^^^^^^^^^^^^^^^^^^^
[INFO] [stdout] ...
[INFO] [stdout] 2939 |     pub fn open(path: impl AsRef<Path>, options: OpenOptions) -> Result<Self, StoreError> {
[INFO] [stdout]      |     ^^^^^^^^^^^^^^^^^^^^^^^^^^^^^^^^^^^^^^^^^^^^^^^^^^^^^^^^^^^^^^^^^^^^^^^^^^^^^^^^^^^^^
[INFO] [stdout] 
[INFO] [stdout] 
[INFO] [stdout] error[E0599]: no associated function or constant named `open_with_test_dependencies` found for struct `zeppelin_embed::lifecycle::Store` in the current scope
[INFO] [stdout]     --> tests/vector_execution_contract.rs:988:16
[INFO] [stdout]      |
[INFO] [stdout]  988 |         Store::open_with_test_dependencies(directory.path(), OpenOptions::default(), dependencies)
[INFO] [stdout]      |                ^^^^^^^^^^^^^^^^^^^^^^^^^^^ associated function or constant not found in `zeppelin_embed::lifecycle::Store`
[INFO] [stdout]      |
[INFO] [stdout] note: if you're trying to build a new `zeppelin_embed::lifecycle::Store` consider using one of the following associated functions:
[INFO] [stdout]       zeppelin_embed::lifecycle::Store::open_for_inspection
[INFO] [stdout]       zeppelin_embed::lifecycle::Store::open
[INFO] [stdout]     --> src/lifecycle/mod.rs:2932:5
[INFO] [stdout]      |
[INFO] [stdout] 2932 |     pub fn open_for_inspection(path: impl AsRef<Path>) -> Result<Self, StoreError> {
[INFO] [stdout]      |     ^^^^^^^^^^^^^^^^^^^^^^^^^^^^^^^^^^^^^^^^^^^^^^^^^^^^^^^^^^^^^^^^^^^^^^^^^^^^^^
[INFO] [stdout] ...
[INFO] [stdout] 2939 |     pub fn open(path: impl AsRef<Path>, options: OpenOptions) -> Result<Self, StoreError> {
[INFO] [stdout]      |     ^^^^^^^^^^^^^^^^^^^^^^^^^^^^^^^^^^^^^^^^^^^^^^^^^^^^^^^^^^^^^^^^^^^^^^^^^^^^^^^^^^^^^
[INFO] [stdout] 
[INFO] [stdout] 
[INFO] [stdout] error[E0599]: no associated function or constant named `open_with_test_dependencies` found for struct `zeppelin_embed::lifecycle::Store` in the current scope
[INFO] [stdout]     --> tests/vector_execution_contract.rs:1070:24
[INFO] [stdout]      |
[INFO] [stdout] 1070 |     let store = Store::open_with_test_dependencies(
[INFO] [stdout]      |                        ^^^^^^^^^^^^^^^^^^^^^^^^^^^ associated function or constant not found in `zeppelin_embed::lifecycle::Store`
[INFO] [stdout]      |
[INFO] [stdout] note: if you're trying to build a new `zeppelin_embed::lifecycle::Store` consider using one of the following associated functions:
[INFO] [stdout]       zeppelin_embed::lifecycle::Store::open_for_inspection
[INFO] [stdout]       zeppelin_embed::lifecycle::Store::open
[INFO] [stdout]     --> src/lifecycle/mod.rs:2932:5
[INFO] [stdout]      |
[INFO] [stdout] 2932 |     pub fn open_for_inspection(path: impl AsRef<Path>) -> Result<Self, StoreError> {
[INFO] [stdout]      |     ^^^^^^^^^^^^^^^^^^^^^^^^^^^^^^^^^^^^^^^^^^^^^^^^^^^^^^^^^^^^^^^^^^^^^^^^^^^^^^
[INFO] [stdout] ...
[INFO] [stdout] 2939 |     pub fn open(path: impl AsRef<Path>, options: OpenOptions) -> Result<Self, StoreError> {
[INFO] [stdout]      |     ^^^^^^^^^^^^^^^^^^^^^^^^^^^^^^^^^^^^^^^^^^^^^^^^^^^^^^^^^^^^^^^^^^^^^^^^^^^^^^^^^^^^^
[INFO] [stdout] 
[INFO] [stdout] 
[INFO] [stdout] warning: associated function `from_recorded` is never used
[INFO] [stdout]    --> tests/../src/vfs/crash.rs:727:12
[INFO] [stdout]     |
[INFO] [stdout] 715 | impl CrashVfs {
[INFO] [stdout]     | ------------- associated function in this implementation
[INFO] [stdout] ...
[INFO] [stdout] 727 |     pub fn from_recorded(
[INFO] [stdout]     |            ^^^^^^^^^^^^^
[INFO] [stdout]     |
[INFO] [stdout]     = note: `#[warn(dead_code)]` (part of `#[warn(unused)]`) on by default
[INFO] [stdout] 
[INFO] [stdout] 
[INFO] [stdout] error[E0599]: no associated function or constant named `open_with_test_dependencies` found for struct `zeppelin_embed::lifecycle::Store` in the current scope
[INFO] [stdout]     --> tests/vector_execution_contract.rs:1125:24
[INFO] [stdout]      |
[INFO] [stdout] 1125 |     let store = Store::open_with_test_dependencies(
[INFO] [stdout]      |                        ^^^^^^^^^^^^^^^^^^^^^^^^^^^ associated function or constant not found in `zeppelin_embed::lifecycle::Store`
[INFO] [stdout]      |
[INFO] [stdout] note: if you're trying to build a new `zeppelin_embed::lifecycle::Store` consider using one of the following associated functions:
[INFO] [stdout]       zeppelin_embed::lifecycle::Store::open_for_inspection
[INFO] [stdout]       zeppelin_embed::lifecycle::Store::open
[INFO] [stdout]     --> src/lifecycle/mod.rs:2932:5
[INFO] [stdout]      |
[INFO] [stdout] 2932 |     pub fn open_for_inspection(path: impl AsRef<Path>) -> Result<Self, StoreError> {
[INFO] [stdout]      |     ^^^^^^^^^^^^^^^^^^^^^^^^^^^^^^^^^^^^^^^^^^^^^^^^^^^^^^^^^^^^^^^^^^^^^^^^^^^^^^
[INFO] [stdout] ...
[INFO] [stdout] 2939 |     pub fn open(path: impl AsRef<Path>, options: OpenOptions) -> Result<Self, StoreError> {
[INFO] [stdout]      |     ^^^^^^^^^^^^^^^^^^^^^^^^^^^^^^^^^^^^^^^^^^^^^^^^^^^^^^^^^^^^^^^^^^^^^^^^^^^^^^^^^^^^^
[INFO] [stdout] 
[INFO] [stdout] 
[INFO] [stdout] error[E0599]: no associated function or constant named `open_with_test_dependencies` found for struct `zeppelin_embed::lifecycle::Store` in the current scope
[INFO] [stdout]     --> tests/vector_execution_contract.rs:1171:24
[INFO] [stdout]      |
[INFO] [stdout] 1171 |     let store = Store::open_with_test_dependencies(
[INFO] [stdout]      |                        ^^^^^^^^^^^^^^^^^^^^^^^^^^^ associated function or constant not found in `zeppelin_embed::lifecycle::Store`
[INFO] [stdout]      |
[INFO] [stdout] note: if you're trying to build a new `zeppelin_embed::lifecycle::Store` consider using one of the following associated functions:
[INFO] [stdout]       zeppelin_embed::lifecycle::Store::open_for_inspection
[INFO] [stdout]       zeppelin_embed::lifecycle::Store::open
[INFO] [stdout]     --> src/lifecycle/mod.rs:2932:5
[INFO] [stdout]      |
[INFO] [stdout] 2932 |     pub fn open_for_inspection(path: impl AsRef<Path>) -> Result<Self, StoreError> {
[INFO] [stdout]      |     ^^^^^^^^^^^^^^^^^^^^^^^^^^^^^^^^^^^^^^^^^^^^^^^^^^^^^^^^^^^^^^^^^^^^^^^^^^^^^^
[INFO] [stdout] ...
[INFO] [stdout] 2939 |     pub fn open(path: impl AsRef<Path>, options: OpenOptions) -> Result<Self, StoreError> {
[INFO] [stdout]      |     ^^^^^^^^^^^^^^^^^^^^^^^^^^^^^^^^^^^^^^^^^^^^^^^^^^^^^^^^^^^^^^^^^^^^^^^^^^^^^^^^^^^^^
[INFO] [stdout] 
[INFO] [stdout] 
[INFO] [stdout] error[E0599]: no associated function or constant named `open_with_test_dependencies` found for struct `zeppelin_embed::lifecycle::Store` in the current scope
[INFO] [stdout]     --> tests/vector_execution_contract.rs:1223:24
[INFO] [stdout]      |
[INFO] [stdout] 1223 |     let store = Store::open_with_test_dependencies(
[INFO] [stdout]      |                        ^^^^^^^^^^^^^^^^^^^^^^^^^^^ associated function or constant not found in `zeppelin_embed::lifecycle::Store`
[INFO] [stdout]      |
[INFO] [stdout] note: if you're trying to build a new `zeppelin_embed::lifecycle::Store` consider using one of the following associated functions:
[INFO] [stdout]       zeppelin_embed::lifecycle::Store::open_for_inspection
[INFO] [stdout]       zeppelin_embed::lifecycle::Store::open
[INFO] [stdout]     --> src/lifecycle/mod.rs:2932:5
[INFO] [stdout]      |
[INFO] [stdout] 2932 |     pub fn open_for_inspection(path: impl AsRef<Path>) -> Result<Self, StoreError> {
[INFO] [stdout]      |     ^^^^^^^^^^^^^^^^^^^^^^^^^^^^^^^^^^^^^^^^^^^^^^^^^^^^^^^^^^^^^^^^^^^^^^^^^^^^^^
[INFO] [stdout] ...
[INFO] [stdout] 2939 |     pub fn open(path: impl AsRef<Path>, options: OpenOptions) -> Result<Self, StoreError> {
[INFO] [stdout]      |     ^^^^^^^^^^^^^^^^^^^^^^^^^^^^^^^^^^^^^^^^^^^^^^^^^^^^^^^^^^^^^^^^^^^^^^^^^^^^^^^^^^^^^
[INFO] [stdout] 
[INFO] [stdout] 
[INFO] [stdout] error[E0599]: no associated function or constant named `open_with_test_dependencies` found for struct `zeppelin_embed::lifecycle::Store` in the current scope
[INFO] [stdout]     --> tests/vector_execution_contract.rs:1286:24
[INFO] [stdout]      |
[INFO] [stdout] 1286 |     let store = Store::open_with_test_dependencies(
[INFO] [stdout]      |                        ^^^^^^^^^^^^^^^^^^^^^^^^^^^ associated function or constant not found in `zeppelin_embed::lifecycle::Store`
[INFO] [stdout]      |
[INFO] [stdout] note: if you're trying to build a new `zeppelin_embed::lifecycle::Store` consider using one of the following associated functions:
[INFO] [stdout]       zeppelin_embed::lifecycle::Store::open_for_inspection
[INFO] [stdout]       zeppelin_embed::lifecycle::Store::open
[INFO] [stdout]     --> src/lifecycle/mod.rs:2932:5
[INFO] [stdout]      |
[INFO] [stdout] 2932 |     pub fn open_for_inspection(path: impl AsRef<Path>) -> Result<Self, StoreError> {
[INFO] [stdout]      |     ^^^^^^^^^^^^^^^^^^^^^^^^^^^^^^^^^^^^^^^^^^^^^^^^^^^^^^^^^^^^^^^^^^^^^^^^^^^^^^
[INFO] [stdout] ...
[INFO] [stdout] 2939 |     pub fn open(path: impl AsRef<Path>, options: OpenOptions) -> Result<Self, StoreError> {
[INFO] [stdout]      |     ^^^^^^^^^^^^^^^^^^^^^^^^^^^^^^^^^^^^^^^^^^^^^^^^^^^^^^^^^^^^^^^^^^^^^^^^^^^^^^^^^^^^^
[INFO] [stdout] 
[INFO] [stdout] 
[INFO] [stdout] error[E0599]: no associated function or constant named `open_with_test_dependencies` found for struct `zeppelin_embed::lifecycle::Store` in the current scope
[INFO] [stdout]     --> tests/vector_execution_contract.rs:1438:24
[INFO] [stdout]      |
[INFO] [stdout] 1438 |     let store = Store::open_with_test_dependencies(
[INFO] [stdout]      |                        ^^^^^^^^^^^^^^^^^^^^^^^^^^^ associated function or constant not found in `zeppelin_embed::lifecycle::Store`
[INFO] [stdout]      |
[INFO] [stdout] note: if you're trying to build a new `zeppelin_embed::lifecycle::Store` consider using one of the following associated functions:
[INFO] [stdout]       zeppelin_embed::lifecycle::Store::open_for_inspection
[INFO] [stdout]       zeppelin_embed::lifecycle::Store::open
[INFO] [stdout]     --> src/lifecycle/mod.rs:2932:5
[INFO] [stdout]      |
[INFO] [stdout] 2932 |     pub fn open_for_inspection(path: impl AsRef<Path>) -> Result<Self, StoreError> {
[INFO] [stdout]      |     ^^^^^^^^^^^^^^^^^^^^^^^^^^^^^^^^^^^^^^^^^^^^^^^^^^^^^^^^^^^^^^^^^^^^^^^^^^^^^^
[INFO] [stdout] ...
[INFO] [stdout] 2939 |     pub fn open(path: impl AsRef<Path>, options: OpenOptions) -> Result<Self, StoreError> {
[INFO] [stdout]      |     ^^^^^^^^^^^^^^^^^^^^^^^^^^^^^^^^^^^^^^^^^^^^^^^^^^^^^^^^^^^^^^^^^^^^^^^^^^^^^^^^^^^^^
[INFO] [stdout] 
[INFO] [stdout] 
[INFO] [stdout] error[E0599]: no associated function or constant named `open_with_test_dependencies` found for struct `zeppelin_embed::lifecycle::Store` in the current scope
[INFO] [stdout]     --> tests/vector_execution_contract.rs:1539:28
[INFO] [stdout]      |
[INFO] [stdout] 1539 |         let store = Store::open_with_test_dependencies(
[INFO] [stdout]      |                            ^^^^^^^^^^^^^^^^^^^^^^^^^^^ associated function or constant not found in `zeppelin_embed::lifecycle::Store`
[INFO] [stdout]      |
[INFO] [stdout] note: if you're trying to build a new `zeppelin_embed::lifecycle::Store` consider using one of the following associated functions:
[INFO] [stdout]       zeppelin_embed::lifecycle::Store::open_for_inspection
[INFO] [stdout]       zeppelin_embed::lifecycle::Store::open
[INFO] [stdout]     --> src/lifecycle/mod.rs:2932:5
[INFO] [stdout]      |
[INFO] [stdout] 2932 |     pub fn open_for_inspection(path: impl AsRef<Path>) -> Result<Self, StoreError> {
[INFO] [stdout]      |     ^^^^^^^^^^^^^^^^^^^^^^^^^^^^^^^^^^^^^^^^^^^^^^^^^^^^^^^^^^^^^^^^^^^^^^^^^^^^^^
[INFO] [stdout] ...
[INFO] [stdout] 2939 |     pub fn open(path: impl AsRef<Path>, options: OpenOptions) -> Result<Self, StoreError> {
[INFO] [stdout]      |     ^^^^^^^^^^^^^^^^^^^^^^^^^^^^^^^^^^^^^^^^^^^^^^^^^^^^^^^^^^^^^^^^^^^^^^^^^^^^^^^^^^^^^
[INFO] [stdout] 
[INFO] [stdout] 
[INFO] [stdout] error[E0599]: no associated function or constant named `open_with_test_dependencies` found for struct `zeppelin_embed::lifecycle::Store` in the current scope
[INFO] [stdout]     --> tests/vector_execution_contract.rs:1582:24
[INFO] [stdout]      |
[INFO] [stdout] 1582 |     let store = Store::open_with_test_dependencies(
[INFO] [stdout]      |                        ^^^^^^^^^^^^^^^^^^^^^^^^^^^ associated function or constant not found in `zeppelin_embed::lifecycle::Store`
[INFO] [stdout]      |
[INFO] [stdout] note: if you're trying to build a new `zeppelin_embed::lifecycle::Store` consider using one of the following associated functions:
[INFO] [stdout]       zeppelin_embed::lifecycle::Store::open_for_inspection
[INFO] [stdout]       zeppelin_embed::lifecycle::Store::open
[INFO] [stdout]     --> src/lifecycle/mod.rs:2932:5
[INFO] [stdout]      |
[INFO] [stdout] 2932 |     pub fn open_for_inspection(path: impl AsRef<Path>) -> Result<Self, StoreError> {
[INFO] [stdout]      |     ^^^^^^^^^^^^^^^^^^^^^^^^^^^^^^^^^^^^^^^^^^^^^^^^^^^^^^^^^^^^^^^^^^^^^^^^^^^^^^
[INFO] [stdout] ...
[INFO] [stdout] 2939 |     pub fn open(path: impl AsRef<Path>, options: OpenOptions) -> Result<Self, StoreError> {
[INFO] [stdout]      |     ^^^^^^^^^^^^^^^^^^^^^^^^^^^^^^^^^^^^^^^^^^^^^^^^^^^^^^^^^^^^^^^^^^^^^^^^^^^^^^^^^^^^^
[INFO] [stdout] 
[INFO] [stdout] 
[INFO] [stdout] Some errors have detailed explanations: E0432, E0599.
[INFO] [stdout] 
[INFO] [stdout] For more information about an error, try `rustc --explain E0432`.
[INFO] [stdout] 
[INFO] [stdout] error[E0599]: no associated function or constant named `open_with_test_dependencies` found for struct `zeppelin_embed::lifecycle::Store` in the current scope
[INFO] [stdout]     --> tests/vector_execution_contract.rs:1634:28
[INFO] [stdout]      |
[INFO] [stdout] 1634 |         let store = Store::open_with_test_dependencies(
[INFO] [stdout]      |                            ^^^^^^^^^^^^^^^^^^^^^^^^^^^ associated function or constant not found in `zeppelin_embed::lifecycle::Store`
[INFO] [stdout]      |
[INFO] [stdout] note: if you're trying to build a new `zeppelin_embed::lifecycle::Store` consider using one of the following associated functions:
[INFO] [stdout]       zeppelin_embed::lifecycle::Store::open_for_inspection
[INFO] [stdout]       zeppelin_embed::lifecycle::Store::open
[INFO] [stdout]     --> src/lifecycle/mod.rs:2932:5
[INFO] [stdout]      |
[INFO] [stdout] 2932 |     pub fn open_for_inspection(path: impl AsRef<Path>) -> Result<Self, StoreError> {
[INFO] [stdout]      |     ^^^^^^^^^^^^^^^^^^^^^^^^^^^^^^^^^^^^^^^^^^^^^^^^^^^^^^^^^^^^^^^^^^^^^^^^^^^^^^
[INFO] [stdout] ...
[INFO] [stdout] 2939 |     pub fn open(path: impl AsRef<Path>, options: OpenOptions) -> Result<Self, StoreError> {
[INFO] [stdout]      |     ^^^^^^^^^^^^^^^^^^^^^^^^^^^^^^^^^^^^^^^^^^^^^^^^^^^^^^^^^^^^^^^^^^^^^^^^^^^^^^^^^^^^^
[INFO] [stdout] 
[INFO] [stdout] 
[INFO] [stderr] error: could not compile `zeppelin-embed` (test "store_graph_search") due to 5 previous errors
[INFO] [stdout] error[E0599]: no associated function or constant named `open_with_test_dependencies` found for struct `zeppelin_embed::lifecycle::Store` in the current scope
[INFO] [stdout]     --> tests/vector_execution_contract.rs:1746:24
[INFO] [stdout]      |
[INFO] [stdout] 1746 |     let store = Store::open_with_test_dependencies(
[INFO] [stdout]      |                        ^^^^^^^^^^^^^^^^^^^^^^^^^^^ associated function or constant not found in `zeppelin_embed::lifecycle::Store`
[INFO] [stdout]      |
[INFO] [stdout] note: if you're trying to build a new `zeppelin_embed::lifecycle::Store` consider using one of the following associated functions:
[INFO] [stdout]       zeppelin_embed::lifecycle::Store::open_for_inspection
[INFO] [stdout]       zeppelin_embed::lifecycle::Store::open
[INFO] [stdout]     --> src/lifecycle/mod.rs:2932:5
[INFO] [stdout]      |
[INFO] [stdout] 2932 |     pub fn open_for_inspection(path: impl AsRef<Path>) -> Result<Self, StoreError> {
[INFO] [stdout]      |     ^^^^^^^^^^^^^^^^^^^^^^^^^^^^^^^^^^^^^^^^^^^^^^^^^^^^^^^^^^^^^^^^^^^^^^^^^^^^^^
[INFO] [stdout] ...
[INFO] [stdout] 2939 |     pub fn open(path: impl AsRef<Path>, options: OpenOptions) -> Result<Self, StoreError> {
[INFO] [stdout]      |     ^^^^^^^^^^^^^^^^^^^^^^^^^^^^^^^^^^^^^^^^^^^^^^^^^^^^^^^^^^^^^^^^^^^^^^^^^^^^^^^^^^^^^
[INFO] [stdout] 
[INFO] [stdout] 
[INFO] [stdout] error[E0599]: no associated function or constant named `open_with_test_dependencies` found for struct `zeppelin_embed::lifecycle::Store` in the current scope
[INFO] [stdout]     --> tests/vector_execution_contract.rs:1775:24
[INFO] [stdout]      |
[INFO] [stdout] 1775 |     let clean = Store::open_with_test_dependencies(
[INFO] [stdout]      |                        ^^^^^^^^^^^^^^^^^^^^^^^^^^^ associated function or constant not found in `zeppelin_embed::lifecycle::Store`
[INFO] [stdout]      |
[INFO] [stdout] note: if you're trying to build a new `zeppelin_embed::lifecycle::Store` consider using one of the following associated functions:
[INFO] [stdout]       zeppelin_embed::lifecycle::Store::open_for_inspection
[INFO] [stdout]       zeppelin_embed::lifecycle::Store::open
[INFO] [stdout]     --> src/lifecycle/mod.rs:2932:5
[INFO] [stdout]      |
[INFO] [stdout] 2932 |     pub fn open_for_inspection(path: impl AsRef<Path>) -> Result<Self, StoreError> {
[INFO] [stdout]      |     ^^^^^^^^^^^^^^^^^^^^^^^^^^^^^^^^^^^^^^^^^^^^^^^^^^^^^^^^^^^^^^^^^^^^^^^^^^^^^^
[INFO] [stdout] ...
[INFO] [stdout] 2939 |     pub fn open(path: impl AsRef<Path>, options: OpenOptions) -> Result<Self, StoreError> {
[INFO] [stdout]      |     ^^^^^^^^^^^^^^^^^^^^^^^^^^^^^^^^^^^^^^^^^^^^^^^^^^^^^^^^^^^^^^^^^^^^^^^^^^^^^^^^^^^^^
[INFO] [stdout] 
[INFO] [stdout] 
[INFO] [stdout] error[E0599]: no associated function or constant named `open_with_test_dependencies` found for struct `zeppelin_embed::lifecycle::Store` in the current scope
[INFO] [stdout]     --> tests/vector_execution_contract.rs:1884:24
[INFO] [stdout]      |
[INFO] [stdout] 1884 |     let store = Store::open_with_test_dependencies(
[INFO] [stdout]      |                        ^^^^^^^^^^^^^^^^^^^^^^^^^^^ associated function or constant not found in `zeppelin_embed::lifecycle::Store`
[INFO] [stdout]      |
[INFO] [stdout] note: if you're trying to build a new `zeppelin_embed::lifecycle::Store` consider using one of the following associated functions:
[INFO] [stdout]       zeppelin_embed::lifecycle::Store::open_for_inspection
[INFO] [stdout]       zeppelin_embed::lifecycle::Store::open
[INFO] [stdout]     --> src/lifecycle/mod.rs:2932:5
[INFO] [stdout]      |
[INFO] [stdout] 2932 |     pub fn open_for_inspection(path: impl AsRef<Path>) -> Result<Self, StoreError> {
[INFO] [stdout]      |     ^^^^^^^^^^^^^^^^^^^^^^^^^^^^^^^^^^^^^^^^^^^^^^^^^^^^^^^^^^^^^^^^^^^^^^^^^^^^^^
[INFO] [stdout] ...
[INFO] [stdout] 2939 |     pub fn open(path: impl AsRef<Path>, options: OpenOptions) -> Result<Self, StoreError> {
[INFO] [stdout]      |     ^^^^^^^^^^^^^^^^^^^^^^^^^^^^^^^^^^^^^^^^^^^^^^^^^^^^^^^^^^^^^^^^^^^^^^^^^^^^^^^^^^^^^
[INFO] [stdout] 
[INFO] [stdout] 
[INFO] [stdout] error[E0599]: no associated function or constant named `open_with_test_dependencies` found for struct `zeppelin_embed::lifecycle::Store` in the current scope
[INFO] [stdout]     --> tests/vector_execution_contract.rs:2043:16
[INFO] [stdout]      |
[INFO] [stdout] 2043 |         Store::open_with_test_dependencies(
[INFO] [stdout]      |                ^^^^^^^^^^^^^^^^^^^^^^^^^^^ associated function or constant not found in `zeppelin_embed::lifecycle::Store`
[INFO] [stdout]      |
[INFO] [stdout] note: if you're trying to build a new `zeppelin_embed::lifecycle::Store` consider using one of the following associated functions:
[INFO] [stdout]       zeppelin_embed::lifecycle::Store::open_for_inspection
[INFO] [stdout]       zeppelin_embed::lifecycle::Store::open
[INFO] [stdout]     --> src/lifecycle/mod.rs:2932:5
[INFO] [stdout]      |
[INFO] [stdout] 2932 |     pub fn open_for_inspection(path: impl AsRef<Path>) -> Result<Self, StoreError> {
[INFO] [stdout]      |     ^^^^^^^^^^^^^^^^^^^^^^^^^^^^^^^^^^^^^^^^^^^^^^^^^^^^^^^^^^^^^^^^^^^^^^^^^^^^^^
[INFO] [stdout] ...
[INFO] [stdout] 2939 |     pub fn open(path: impl AsRef<Path>, options: OpenOptions) -> Result<Self, StoreError> {
[INFO] [stdout]      |     ^^^^^^^^^^^^^^^^^^^^^^^^^^^^^^^^^^^^^^^^^^^^^^^^^^^^^^^^^^^^^^^^^^^^^^^^^^^^^^^^^^^^^
[INFO] [stdout] 
[INFO] [stdout] 
[INFO] [stdout] error[E0599]: no associated function or constant named `open_with_test_dependencies` found for struct `zeppelin_embed::lifecycle::Store` in the current scope
[INFO] [stdout]     --> tests/vector_execution_contract.rs:2073:24
[INFO] [stdout]      |
[INFO] [stdout] 2073 |     let store = Store::open_with_test_dependencies(
[INFO] [stdout]      |                        ^^^^^^^^^^^^^^^^^^^^^^^^^^^ associated function or constant not found in `zeppelin_embed::lifecycle::Store`
[INFO] [stdout]      |
[INFO] [stdout] note: if you're trying to build a new `zeppelin_embed::lifecycle::Store` consider using one of the following associated functions:
[INFO] [stdout]       zeppelin_embed::lifecycle::Store::open_for_inspection
[INFO] [stdout]       zeppelin_embed::lifecycle::Store::open
[INFO] [stdout]     --> src/lifecycle/mod.rs:2932:5
[INFO] [stdout]      |
[INFO] [stdout] 2932 |     pub fn open_for_inspection(path: impl AsRef<Path>) -> Result<Self, StoreError> {
[INFO] [stdout]      |     ^^^^^^^^^^^^^^^^^^^^^^^^^^^^^^^^^^^^^^^^^^^^^^^^^^^^^^^^^^^^^^^^^^^^^^^^^^^^^^
[INFO] [stdout] ...
[INFO] [stdout] 2939 |     pub fn open(path: impl AsRef<Path>, options: OpenOptions) -> Result<Self, StoreError> {
[INFO] [stdout]      |     ^^^^^^^^^^^^^^^^^^^^^^^^^^^^^^^^^^^^^^^^^^^^^^^^^^^^^^^^^^^^^^^^^^^^^^^^^^^^^^^^^^^^^
[INFO] [stdout] 
[INFO] [stdout] 
[INFO] [stdout] For more information about this error, try `rustc --explain E0432`.
[INFO] [stdout] 
[INFO] [stderr] error: could not compile `zeppelin-embed` (test "hybrid_bounded") due to 10 previous errors
[INFO] [stdout] error[E0599]: no associated function or constant named `after_with_test_clock` found for struct `zeppelin_embed::lifecycle::Deadline` in the current scope
[INFO] [stdout]     --> tests/vector_execution_contract.rs:2316:58
[INFO] [stdout]      |
[INFO] [stdout] 2316 |                     zeppelin_embed::lifecycle::Deadline::after_with_test_clock(
[INFO] [stdout]      |                                                          ^^^^^^^^^^^^^^^^^^^^^ associated function or constant not found in `zeppelin_embed::lifecycle::Deadline`
[INFO] [stdout]      |
[INFO] [stdout] note: if you're trying to build a new `zeppelin_embed::lifecycle::Deadline`, consider using `zeppelin_embed::lifecycle::Deadline::after` which returns `Result<zeppelin_embed::lifecycle::Deadline, DeadlineError>`
[INFO] [stdout]     --> src/lifecycle/cancel.rs:81:5
[INFO] [stdout]      |
[INFO] [stdout]   81 |     pub fn after(duration: Duration) -> Result<Self, DeadlineError> {
[INFO] [stdout]      |     ^^^^^^^^^^^^^^^^^^^^^^^^^^^^^^^^^^^^^^^^^^^^^^^^^^^^^^^^^^^^^^^
[INFO] [stdout] 
[INFO] [stdout] 
[INFO] [stdout] error[E0599]: no associated function or constant named `open_with_test_dependencies` found for struct `zeppelin_embed::lifecycle::Store` in the current scope
[INFO] [stdout]     --> tests/vector_execution_contract.rs:2531:28
[INFO] [stdout]      |
[INFO] [stdout] 2531 |         let store = Store::open_with_test_dependencies(
[INFO] [stdout]      |                            ^^^^^^^^^^^^^^^^^^^^^^^^^^^ associated function or constant not found in `zeppelin_embed::lifecycle::Store`
[INFO] [stdout]      |
[INFO] [stdout] note: if you're trying to build a new `zeppelin_embed::lifecycle::Store` consider using one of the following associated functions:
[INFO] [stdout]       zeppelin_embed::lifecycle::Store::open_for_inspection
[INFO] [stdout]       zeppelin_embed::lifecycle::Store::open
[INFO] [stdout]     --> src/lifecycle/mod.rs:2932:5
[INFO] [stdout]      |
[INFO] [stdout] 2932 |     pub fn open_for_inspection(path: impl AsRef<Path>) -> Result<Self, StoreError> {
[INFO] [stdout]      |     ^^^^^^^^^^^^^^^^^^^^^^^^^^^^^^^^^^^^^^^^^^^^^^^^^^^^^^^^^^^^^^^^^^^^^^^^^^^^^^
[INFO] [stdout] ...
[INFO] [stdout] 2939 |     pub fn open(path: impl AsRef<Path>, options: OpenOptions) -> Result<Self, StoreError> {
[INFO] [stdout]      |     ^^^^^^^^^^^^^^^^^^^^^^^^^^^^^^^^^^^^^^^^^^^^^^^^^^^^^^^^^^^^^^^^^^^^^^^^^^^^^^^^^^^^^
[INFO] [stdout] 
[INFO] [stdout] 
[INFO] [stdout] error[E0599]: no associated function or constant named `open_with_test_dependencies` found for struct `zeppelin_embed::lifecycle::Store` in the current scope
[INFO] [stdout]     --> tests/vector_execution_contract.rs:2653:24
[INFO] [stdout]      |
[INFO] [stdout] 2653 |     let store = Store::open_with_test_dependencies(
[INFO] [stdout]      |                        ^^^^^^^^^^^^^^^^^^^^^^^^^^^ associated function or constant not found in `zeppelin_embed::lifecycle::Store`
[INFO] [stdout]      |
[INFO] [stdout] note: if you're trying to build a new `zeppelin_embed::lifecycle::Store` consider using one of the following associated functions:
[INFO] [stdout]       zeppelin_embed::lifecycle::Store::open_for_inspection
[INFO] [stdout]       zeppelin_embed::lifecycle::Store::open
[INFO] [stdout]     --> src/lifecycle/mod.rs:2932:5
[INFO] [stdout]      |
[INFO] [stdout] 2932 |     pub fn open_for_inspection(path: impl AsRef<Path>) -> Result<Self, StoreError> {
[INFO] [stdout]      |     ^^^^^^^^^^^^^^^^^^^^^^^^^^^^^^^^^^^^^^^^^^^^^^^^^^^^^^^^^^^^^^^^^^^^^^^^^^^^^^
[INFO] [stdout] ...
[INFO] [stdout] 2939 |     pub fn open(path: impl AsRef<Path>, options: OpenOptions) -> Result<Self, StoreError> {
[INFO] [stdout]      |     ^^^^^^^^^^^^^^^^^^^^^^^^^^^^^^^^^^^^^^^^^^^^^^^^^^^^^^^^^^^^^^^^^^^^^^^^^^^^^^^^^^^^^
[INFO] [stdout] 
[INFO] [stdout] 
[INFO] [stdout] error[E0599]: no associated function or constant named `open_with_test_dependencies` found for struct `zeppelin_embed::lifecycle::Store` in the current scope
[INFO] [stdout]     --> tests/vector_execution_contract.rs:2825:28
[INFO] [stdout]      |
[INFO] [stdout] 2825 |         let store = Store::open_with_test_dependencies(
[INFO] [stdout]      |                            ^^^^^^^^^^^^^^^^^^^^^^^^^^^ associated function or constant not found in `zeppelin_embed::lifecycle::Store`
[INFO] [stdout]      |
[INFO] [stdout] note: if you're trying to build a new `zeppelin_embed::lifecycle::Store` consider using one of the following associated functions:
[INFO] [stdout]       zeppelin_embed::lifecycle::Store::open_for_inspection
[INFO] [stdout]       zeppelin_embed::lifecycle::Store::open
[INFO] [stdout]     --> src/lifecycle/mod.rs:2932:5
[INFO] [stdout]      |
[INFO] [stdout] 2932 |     pub fn open_for_inspection(path: impl AsRef<Path>) -> Result<Self, StoreError> {
[INFO] [stdout]      |     ^^^^^^^^^^^^^^^^^^^^^^^^^^^^^^^^^^^^^^^^^^^^^^^^^^^^^^^^^^^^^^^^^^^^^^^^^^^^^^
[INFO] [stdout] ...
[INFO] [stdout] 2939 |     pub fn open(path: impl AsRef<Path>, options: OpenOptions) -> Result<Self, StoreError> {
[INFO] [stdout]      |     ^^^^^^^^^^^^^^^^^^^^^^^^^^^^^^^^^^^^^^^^^^^^^^^^^^^^^^^^^^^^^^^^^^^^^^^^^^^^^^^^^^^^^
[INFO] [stdout] 
[INFO] [stdout] 
[INFO] [stdout] Some errors have detailed explanations: E0432, E0433, E0599.
[INFO] [stdout] 
[INFO] [stdout] For more information about an error, try `rustc --explain E0432`.
[INFO] [stdout] 
[INFO] [stderr] error: could not compile `zeppelin-embed` (test "vector_execution_contract") due to 36 previous errors
[INFO] [stdout] warning: associated function `from_recorded` is never used
[INFO] [stdout]    --> tests/../src/vfs/crash.rs:727:12
[INFO] [stdout]     |
[INFO] [stdout] 715 | impl CrashVfs {
[INFO] [stdout]     | ------------- associated function in this implementation
[INFO] [stdout] ...
[INFO] [stdout] 727 |     pub fn from_recorded(
[INFO] [stdout]     |            ^^^^^^^^^^^^^
[INFO] [stdout]     |
[INFO] [stdout]     = note: `#[warn(dead_code)]` (part of `#[warn(unused)]`) on by default
[INFO] [stdout] 
[INFO] [stdout] 
[INFO] running `Command { std: "docker" "inspect" "4bf93e85a5fc0306018006a8ed965ae446cf04f06d12fd012f1dcc896a64358f", kill_on_drop: false }`
[INFO] running `Command { std: "docker" "rm" "-f" "4bf93e85a5fc0306018006a8ed965ae446cf04f06d12fd012f1dcc896a64358f", kill_on_drop: false }`
[INFO] [stdout] 4bf93e85a5fc0306018006a8ed965ae446cf04f06d12fd012f1dcc896a64358f
