[INFO] fetching crate zenu-macros 0.1.0...
[INFO] testing zenu-macros-0.1.0 against 1.99.0-beta.8+cargoflags=--release for beta-release-1.100-2
[INFO] extracting crate zenu-macros 0.1.0 into /workspace/builds/worker-1-tc1/source
[INFO] started tweaking crates.io crate zenu-macros 0.1.0
[INFO] removed 0 missing tests
[INFO] finished tweaking crates.io crate zenu-macros 0.1.0
[INFO] tweaked toml for crates.io crate zenu-macros 0.1.0 written to /workspace/builds/worker-1-tc1/source/Cargo.toml
[INFO] validating manifest of crates.io crate zenu-macros 0.1.0 on toolchain 1.99.0-beta.8
[INFO] running `Command { std: CARGO_HOME="/workspace/cargo-home" RUSTUP_HOME="/workspace/rustup-home" "/workspace/cargo-home/bin/cargo" "+1.99.0-beta.8" "metadata" "--manifest-path" "Cargo.toml" "--no-deps", kill_on_drop: false }`
[INFO] running `Command { std: CARGO_HOME="/workspace/cargo-home" RUSTUP_HOME="/workspace/rustup-home" "/workspace/cargo-home/bin/cargo" "+1.99.0-beta.8" "generate-lockfile" "--manifest-path" "Cargo.toml", kill_on_drop: false }`
[INFO] [stderr]     Blocking waiting for file lock on package cache
[INFO] [stderr]     Updating crates.io index
[INFO] [stderr]      Locking 27 packages to highest compatible versions
[INFO] [stderr]       Adding rand_distr v0.4.3 (available: v0.6.0)
[INFO] [stderr]       Adding syn v1.0.109 (available: v3.0.9)
[INFO] running `Command { std: CARGO_HOME="/workspace/cargo-home" RUSTUP_HOME="/workspace/rustup-home" "/workspace/cargo-home/bin/cargo" "+1.99.0-beta.8" "fetch" "--manifest-path" "Cargo.toml", kill_on_drop: false }`
[INFO] [stderr]     Blocking waiting for file lock on package cache
[INFO] [stderr]     Blocking waiting for file lock on package cache
[INFO] running `Command { std: "docker" "create" "-v" "/var/lib/crater-agent-workspace/builds/worker-1-tc1/source:/opt/rustwide/workdir:ro,Z" "-v" "/var/lib/crater-agent-workspace/builds/worker-1-tc1/target:/opt/rustwide/target:rw,Z" "-v" "/var/lib/crater-agent-workspace/cargo-home:/opt/rustwide/cargo-home:ro,Z" "-v" "/var/lib/crater-agent-workspace/rustup-home:/opt/rustwide/rustup-home:ro,Z" "-m" "1610612736" "--network" "none" "ghcr.io/rust-lang/crates-build-env/linux@sha256:77db811e55d90add9212f6832c23229e3de5f1c1f9905e8cb07319ea15df73ac" "sleep" "infinity", kill_on_drop: false }`
[INFO] [stdout] 8086902e1d3c680d3bf3ccf4a37eb3ea4d198c1e85974e21f2c81212dc4c5216
[INFO] running `Command { std: "docker" "start" "8086902e1d3c680d3bf3ccf4a37eb3ea4d198c1e85974e21f2c81212dc4c5216", kill_on_drop: false }`
[INFO] running `Command { std: "docker" "inspect" "8086902e1d3c680d3bf3ccf4a37eb3ea4d198c1e85974e21f2c81212dc4c5216", kill_on_drop: false }`
[INFO] running `Command { std: "docker" "exec" "-e" "SOURCE_DIR=/opt/rustwide/workdir" "-e" "CARGO_HOME=/opt/rustwide/cargo-home" "-e" "RUSTUP_HOME=/opt/rustwide/rustup-home" "-e" "CARGO_TARGET_DIR=/opt/rustwide/target" "-w" "/opt/rustwide/workdir" "--user" "0:0" "8086902e1d3c680d3bf3ccf4a37eb3ea4d198c1e85974e21f2c81212dc4c5216" "/opt/rustwide/cargo-home/bin/cargo" "+1.99.0-beta.8" "metadata" "--no-deps" "--format-version=1", kill_on_drop: false }`
[INFO] running `Command { std: "docker" "inspect" "8086902e1d3c680d3bf3ccf4a37eb3ea4d198c1e85974e21f2c81212dc4c5216", kill_on_drop: false }`
[INFO] running `Command { std: "docker" "exec" "-e" "SOURCE_DIR=/opt/rustwide/workdir" "-e" "CARGO_HOME=/opt/rustwide/cargo-home" "-e" "RUSTUP_HOME=/opt/rustwide/rustup-home" "-e" "CARGO_TARGET_DIR=/opt/rustwide/target" "-e" "CARGO_INCREMENTAL=0" "-e" "RUST_BACKTRACE=full" "-e" "RUSTFLAGS=--cap-lints=warn" "-e" "RUSTDOCFLAGS=--cap-lints=warn" "-w" "/opt/rustwide/workdir" "--user" "0:0" "8086902e1d3c680d3bf3ccf4a37eb3ea4d198c1e85974e21f2c81212dc4c5216" "/opt/rustwide/cargo-home/bin/cargo" "+1.99.0-beta.8" "build" "--frozen" "--message-format=json" "--release", kill_on_drop: false }`
[INFO] [stderr]    Compiling zenu-macros v0.1.0 (/opt/rustwide/workdir)
[INFO] [stderr]     Finished `release` profile [optimized] target(s) in 4.33s
[INFO] running `Command { std: "docker" "inspect" "8086902e1d3c680d3bf3ccf4a37eb3ea4d198c1e85974e21f2c81212dc4c5216", kill_on_drop: false }`
[INFO] running `Command { std: "docker" "exec" "-e" "SOURCE_DIR=/opt/rustwide/workdir" "-e" "CARGO_HOME=/opt/rustwide/cargo-home" "-e" "RUSTUP_HOME=/opt/rustwide/rustup-home" "-e" "CARGO_TARGET_DIR=/opt/rustwide/target" "-e" "CARGO_INCREMENTAL=0" "-e" "RUST_BACKTRACE=full" "-e" "RUSTFLAGS=--cap-lints=warn" "-e" "RUSTDOCFLAGS=--cap-lints=warn" "-w" "/opt/rustwide/workdir" "--user" "0:0" "8086902e1d3c680d3bf3ccf4a37eb3ea4d198c1e85974e21f2c81212dc4c5216" "/opt/rustwide/cargo-home/bin/cargo" "+1.99.0-beta.8" "test" "--frozen" "--no-run" "--message-format=json" "--release", kill_on_drop: false }`
[INFO] [stderr]    Compiling libc v0.2.191
[INFO] [stderr]    Compiling zerocopy v0.8.63
[INFO] [stderr]    Compiling proc-macro2 v1.0.107
[INFO] [stderr]    Compiling syn v3.0.9
[INFO] [stderr]    Compiling getrandom v0.2.17
[INFO] [stderr]    Compiling zenu-macros v0.1.0 (/opt/rustwide/workdir)
[INFO] [stderr]    Compiling syn v1.0.109
[INFO] [stderr]    Compiling serde_json v1.0.154
[INFO] [stderr]    Compiling rand_core v0.6.4
[INFO] [stderr]    Compiling quote v1.0.47
[INFO] [stderr]    Compiling rand_chacha v0.3.1
[INFO] [stderr]    Compiling rand v0.8.8
[INFO] [stderr]    Compiling serde_derive v1.0.229
[INFO] [stderr]    Compiling rand_distr v0.4.3
[INFO] [stderr]    Compiling ppv-lite86 v0.2.21
[INFO] [stderr]    Compiling serde v1.0.229
[INFO] [stdout] error[E0433]: cannot find module or crate `zenu` in this scope
[INFO] [stdout]  --> tests/multi_parameter_struct.rs:2:5
[INFO] [stdout]   |
[INFO] [stdout] 2 | use zenu::layer::layers::{conv2d::Conv2d, linear::Linear, max_pool_2d::MaxPool2d};
[INFO] [stdout]   |     ^^^^ use of unresolved module or unlinked crate `zenu`
[INFO] [stdout]   |
[INFO] [stdout]   = help: if you wanted to use a crate named `zenu`, use `cargo add zenu` to add it to your `Cargo.toml`
[INFO] [stdout] 
[INFO] [stdout] 
[INFO] [stdout] error[E0433]: cannot find module or crate `zenu` in this scope
[INFO] [stdout]  --> tests/include_vector_map_model.rs:4:5
[INFO] [stdout]   |
[INFO] [stdout] 4 | use zenu::layer::layers::{conv2d::Conv2d, linear::Linear, max_pool_2d::MaxPool2d};
[INFO] [stdout]   |     ^^^^ use of unresolved module or unlinked crate `zenu`
[INFO] [stdout]   |
[INFO] [stdout]   = help: if you wanted to use a crate named `zenu`, use `cargo add zenu` to add it to your `Cargo.toml`
[INFO] [stdout] 
[INFO] [stdout] 
[INFO] [stdout] error[E0433]: cannot find module or crate `zenu` in this scope
[INFO] [stdout]  --> tests/multi_parameter_struct.rs:3:5
[INFO] [stdout]   |
[INFO] [stdout] 3 | use zenu::macros::Parameters;
[INFO] [stdout]   |     ^^^^ use of unresolved module or unlinked crate `zenu`
[INFO] [stdout]   |
[INFO] [stdout]   = help: if you wanted to use a crate named `zenu`, use `cargo add zenu` to add it to your `Cargo.toml`
[INFO] [stdout] 
[INFO] [stdout] 
[INFO] [stdout] error[E0433]: cannot find module or crate `zenu` in this scope
[INFO] [stdout]  --> tests/multi_parameter_struct.rs:4:5
[INFO] [stdout]   |
[INFO] [stdout] 4 | use zenu::matrix::{
[INFO] [stdout]   |     ^^^^ use of unresolved module or unlinked crate `zenu`
[INFO] [stdout]   |
[INFO] [stdout]   = help: if you wanted to use a crate named `zenu`, use `cargo add zenu` to add it to your `Cargo.toml`
[INFO] [stdout] 
[INFO] [stdout] 
[INFO] [stdout] error[E0433]: cannot find module or crate `zenu` in this scope
[INFO] [stdout]  --> tests/include_vector_map_model.rs:5:5
[INFO] [stdout]   |
[INFO] [stdout] 5 | use zenu::macros::Parameters;
[INFO] [stdout]   |     ^^^^ use of unresolved module or unlinked crate `zenu`
[INFO] [stdout]   |
[INFO] [stdout]   = help: if you wanted to use a crate named `zenu`, use `cargo add zenu` to add it to your `Cargo.toml`
[INFO] [stdout] 
[INFO] [stdout] 
[INFO] [stdout] error[E0433]: cannot find module or crate `zenu` in this scope
[INFO] [stdout]  --> tests/include_vector_map_model.rs:6:5
[INFO] [stdout]   |
[INFO] [stdout] 6 | use zenu::matrix::{
[INFO] [stdout]   |     ^^^^ use of unresolved module or unlinked crate `zenu`
[INFO] [stdout]   |
[INFO] [stdout]   = help: if you wanted to use a crate named `zenu`, use `cargo add zenu` to add it to your `Cargo.toml`
[INFO] [stdout] 
[INFO] [stdout] 
[INFO] [stdout] error[E0433]: cannot find module or crate `zenu` in this scope
[INFO] [stdout]   --> tests/multi_parameter_struct.rs:49:9
[INFO] [stdout]    |
[INFO] [stdout] 49 |     use zenu::layer::Parameters;
[INFO] [stdout]    |         ^^^^ use of unresolved module or unlinked crate `zenu`
[INFO] [stdout]    |
[INFO] [stdout]    = help: if you wanted to use a crate named `zenu`, use `cargo add zenu` to add it to your `Cargo.toml`
[INFO] [stdout] 
[INFO] [stdout] 
[INFO] [stdout] error[E0433]: cannot find module or crate `zenu` in this scope
[INFO] [stdout]   --> tests/multi_parameter_struct.rs:89:9
[INFO] [stdout]    |
[INFO] [stdout] 89 |     use zenu::layer::Parameters;
[INFO] [stdout]    |         ^^^^ use of unresolved module or unlinked crate `zenu`
[INFO] [stdout]    |
[INFO] [stdout]    = help: if you wanted to use a crate named `zenu`, use `cargo add zenu` to add it to your `Cargo.toml`
[INFO] [stdout] 
[INFO] [stdout] 
[INFO] [stdout] error[E0432]: unresolved import `zenu_test`
[INFO] [stdout]  --> tests/multi_parameter_struct.rs:8:5
[INFO] [stdout]   |
[INFO] [stdout] 8 | use zenu_test::assert_val_eq;
[INFO] [stdout]   |     ^^^^^^^^^ use of unresolved module or unlinked crate `zenu_test`
[INFO] [stdout]   |
[INFO] [stdout]   = help: if you wanted to use a crate named `zenu_test`, use `cargo add zenu_test` to add it to your `Cargo.toml`
[INFO] [stdout] 
[INFO] [stdout] 
[INFO] [stdout] error[E0433]: cannot find module or crate `zenu` in this scope
[INFO] [stdout]   --> tests/include_vector_map_model.rs:70:9
[INFO] [stdout]    |
[INFO] [stdout] 70 |     use zenu::layer::Parameters;
[INFO] [stdout]    |         ^^^^ use of unresolved module or unlinked crate `zenu`
[INFO] [stdout]    |
[INFO] [stdout]    = help: if you wanted to use a crate named `zenu`, use `cargo add zenu` to add it to your `Cargo.toml`
[INFO] [stdout] 
[INFO] [stdout] 
[INFO] [stdout] error[E0432]: unresolved import `zenu_test`
[INFO] [stdout]   --> tests/include_vector_map_model.rs:10:5
[INFO] [stdout]    |
[INFO] [stdout] 10 | use zenu_test::assert_val_eq;
[INFO] [stdout]    |     ^^^^^^^^^ use of unresolved module or unlinked crate `zenu_test`
[INFO] [stdout]    |
[INFO] [stdout]    = help: if you wanted to use a crate named `zenu_test`, use `cargo add zenu_test` to add it to your `Cargo.toml`
[INFO] [stdout] 
[INFO] [stdout] 
[INFO] [stdout] error: cannot find attribute `parameters` in this scope
[INFO] [stdout]   --> tests/include_vector_map_model.rs:13:3
[INFO] [stdout]    |
[INFO] [stdout] 13 | #[parameters(num = T, device = D)]
[INFO] [stdout]    |   ^^^^^^^^^^
[INFO] [stdout]    |
[INFO] [stdout] help: `parameters` is an attribute that can be used by the derive macro `Parameters`, you might be missing a `derive` attribute
[INFO] [stdout]    |
[INFO] [stdout] 14 + #[derive(Parameters)]
[INFO] [stdout] 15 | struct ConvBlock<T: Num, D: Device> {
[INFO] [stdout]    |
[INFO] [stdout] 
[INFO] [stdout] 
[INFO] [stdout] error: cannot find attribute `parameters` in this scope
[INFO] [stdout]   --> tests/multi_parameter_struct.rs:11:3
[INFO] [stdout]    |
[INFO] [stdout] 11 | #[parameters(num = F, device = De)]
[INFO] [stdout]    |   ^^^^^^^^^^
[INFO] [stdout]    |
[INFO] [stdout] help: `parameters` is an attribute that can be used by the derive macro `Parameters`, you might be missing a `derive` attribute
[INFO] [stdout]    |
[INFO] [stdout] 12 + #[derive(Parameters)]
[INFO] [stdout] 13 | struct ConvBlock<F: Num, De: Device> {
[INFO] [stdout]    |
[INFO] [stdout] 
[INFO] [stdout] 
[INFO] [stdout] error: cannot find attribute `parameters` in this scope
[INFO] [stdout]   --> tests/include_vector_map_model.rs:20:3
[INFO] [stdout]    |
[INFO] [stdout] 20 | #[parameters(num = T, device = D)]
[INFO] [stdout]    |   ^^^^^^^^^^
[INFO] [stdout]    |
[INFO] [stdout] help: `parameters` is an attribute that can be used by the derive macro `Parameters`, you might be missing a `derive` attribute
[INFO] [stdout]    |
[INFO] [stdout] 21 + #[derive(Parameters)]
[INFO] [stdout] 22 | struct LinearBlock<T: Num, D: Device> {
[INFO] [stdout]    |
[INFO] [stdout] 
[INFO] [stdout] 
[INFO] [stdout] error: cannot find attribute `parameters` in this scope
[INFO] [stdout]   --> tests/multi_parameter_struct.rs:18:3
[INFO] [stdout]    |
[INFO] [stdout] 18 | #[parameters(num = T, device = D)]
[INFO] [stdout]    |   ^^^^^^^^^^
[INFO] [stdout]    |
[INFO] [stdout] help: `parameters` is an attribute that can be used by the derive macro `Parameters`, you might be missing a `derive` attribute
[INFO] [stdout]    |
[INFO] [stdout] 19 + #[derive(Parameters)]
[INFO] [stdout] 20 | struct LinearBlock<T: Num, D: Device> {
[INFO] [stdout]    |
[INFO] [stdout] 
[INFO] [stdout] 
[INFO] [stdout] error: cannot find attribute `parameters` in this scope
[INFO] [stdout]   --> tests/multi_parameter_struct.rs:24:3
[INFO] [stdout]    |
[INFO] [stdout] 24 | #[parameters(num = T, device = D)]
[INFO] [stdout]    |   ^^^^^^^^^^
[INFO] [stdout]    |
[INFO] [stdout] help: `parameters` is an attribute that can be used by the derive macro `Parameters`, you might be missing a `derive` attribute
[INFO] [stdout]    |
[INFO] [stdout] 25 + #[derive(Parameters)]
[INFO] [stdout] 26 | struct ConvNet<T: Num, D: Device> {
[INFO] [stdout]    |
[INFO] [stdout] 
[INFO] [stdout] 
[INFO] [stdout] error: cannot find attribute `parameters` in this scope
[INFO] [stdout]   --> tests/include_vector_map_model.rs:26:3
[INFO] [stdout]    |
[INFO] [stdout] 26 | #[parameters(num = T, device = D)]
[INFO] [stdout]    |   ^^^^^^^^^^
[INFO] [stdout]    |
[INFO] [stdout] help: `parameters` is an attribute that can be used by the derive macro `Parameters`, you might be missing a `derive` attribute
[INFO] [stdout]    |
[INFO] [stdout] 27 + #[derive(Parameters)]
[INFO] [stdout] 28 | struct ConvNet<T: Num, D: Device> {
[INFO] [stdout]    |
[INFO] [stdout] 
[INFO] [stdout] 
[INFO] [stdout] Some errors have detailed explanations: E0432, E0433.
[INFO] [stdout] 
[INFO] [stdout] For more information about an error, try `rustc --explain E0432`.
[INFO] [stdout] 
[INFO] [stdout] Some errors have detailed explanations: E0432, E0433.
[INFO] [stdout] 
[INFO] [stdout] For more information about an error, try `rustc --explain E0432`.
[INFO] [stdout] 
[INFO] [stderr] error: could not compile `zenu-macros` (test "multi_parameter_struct") due to 9 previous errors
[INFO] [stdout] error[E0433]: cannot find module or crate `zenu` in this scope
[INFO] [stdout]  --> tests/small_case.rs:1:5
[INFO] [stdout]   |
[INFO] [stdout] 1 | use zenu::layer::layers::linear::Linear;
[INFO] [stdout]   |     ^^^^ use of unresolved module or unlinked crate `zenu`
[INFO] [stdout]   |
[INFO] [stdout]   = help: if you wanted to use a crate named `zenu`, use `cargo add zenu` to add it to your `Cargo.toml`
[INFO] [stdout] 
[INFO] [stdout] 
[INFO] [stderr] warning: build failed, waiting for other jobs to finish...
[INFO] [stdout] error[E0433]: cannot find module or crate `zenu` in this scope
[INFO] [stdout]  --> tests/small_case.rs:2:5
[INFO] [stdout]   |
[INFO] [stdout] 2 | use zenu::macros::Parameters as ParametersDerive;
[INFO] [stdout]   |     ^^^^ use of unresolved module or unlinked crate `zenu`
[INFO] [stdout]   |
[INFO] [stdout]   = help: if you wanted to use a crate named `zenu`, use `cargo add zenu` to add it to your `Cargo.toml`
[INFO] [stdout] 
[INFO] [stdout] 
[INFO] [stderr] error: could not compile `zenu-macros` (test "include_vector_map_model") due to 8 previous errors
[INFO] [stdout] error[E0433]: cannot find module or crate `zenu` in this scope
[INFO] [stdout]  --> tests/small_case.rs:3:5
[INFO] [stdout]   |
[INFO] [stdout] 3 | use zenu::matrix::{
[INFO] [stdout]   |     ^^^^ use of unresolved module or unlinked crate `zenu`
[INFO] [stdout]   |
[INFO] [stdout]   = help: if you wanted to use a crate named `zenu`, use `cargo add zenu` to add it to your `Cargo.toml`
[INFO] [stdout] 
[INFO] [stdout] 
[INFO] [stdout] error[E0433]: cannot find module or crate `zenu` in this scope
[INFO] [stdout]   --> tests/small_case.rs:22:9
[INFO] [stdout]    |
[INFO] [stdout] 22 |     use zenu::layer::Parameters;
[INFO] [stdout]    |         ^^^^ use of unresolved module or unlinked crate `zenu`
[INFO] [stdout]    |
[INFO] [stdout]    = help: if you wanted to use a crate named `zenu`, use `cargo add zenu` to add it to your `Cargo.toml`
[INFO] [stdout] 
[INFO] [stdout] 
[INFO] [stdout] error[E0433]: cannot find module or crate `zenu` in this scope
[INFO] [stdout]   --> tests/small_case.rs:60:9
[INFO] [stdout]    |
[INFO] [stdout] 60 |     use zenu::layer::Parameters;
[INFO] [stdout]    |         ^^^^ use of unresolved module or unlinked crate `zenu`
[INFO] [stdout]    |
[INFO] [stdout]    = help: if you wanted to use a crate named `zenu`, use `cargo add zenu` to add it to your `Cargo.toml`
[INFO] [stdout] 
[INFO] [stdout] 
[INFO] [stdout] error[E0432]: unresolved import `zenu_test`
[INFO] [stdout]  --> tests/small_case.rs:8:5
[INFO] [stdout]   |
[INFO] [stdout] 8 | use zenu_test::assert_val_eq;
[INFO] [stdout]   |     ^^^^^^^^^ use of unresolved module or unlinked crate `zenu_test`
[INFO] [stdout]   |
[INFO] [stdout]   = help: if you wanted to use a crate named `zenu_test`, use `cargo add zenu_test` to add it to your `Cargo.toml`
[INFO] [stdout] 
[INFO] [stdout] 
[INFO] [stdout] error: cannot find attribute `parameters` in this scope
[INFO] [stdout]   --> tests/small_case.rs:11:3
[INFO] [stdout]    |
[INFO] [stdout] 11 | #[parameters(num = T, device = D)]
[INFO] [stdout]    |   ^^^^^^^^^^
[INFO] [stdout]    |
[INFO] [stdout] help: `parameters` is an attribute that can be used by the derive macro `Parameters`, you might be missing a `derive` attribute
[INFO] [stdout]    |
[INFO] [stdout] 12 + #[derive(Parameters)]
[INFO] [stdout] 13 | pub struct Hoge<T, D>
[INFO] [stdout]    |
[INFO] [stdout] 
[INFO] [stdout] 
[INFO] [stdout] Some errors have detailed explanations: E0432, E0433.
[INFO] [stdout] 
[INFO] [stdout] For more information about an error, try `rustc --explain E0432`.
[INFO] [stdout] 
[INFO] [stderr] error: could not compile `zenu-macros` (test "small_case") due to 7 previous errors
[INFO] running `Command { std: "docker" "inspect" "8086902e1d3c680d3bf3ccf4a37eb3ea4d198c1e85974e21f2c81212dc4c5216", kill_on_drop: false }`
[INFO] running `Command { std: "docker" "rm" "-f" "8086902e1d3c680d3bf3ccf4a37eb3ea4d198c1e85974e21f2c81212dc4c5216", kill_on_drop: false }`
[INFO] [stdout] 8086902e1d3c680d3bf3ccf4a37eb3ea4d198c1e85974e21f2c81212dc4c5216
