[INFO] fetching crate zebra-script 13.0.0...
[INFO] testing zebra-script-13.0.0 against 1.99.0-beta.8+cargoflags=--release for beta-release-1.100-2
[INFO] extracting crate zebra-script 13.0.0 into /workspace/builds/worker-1-tc1/source
[INFO] started tweaking crates.io crate zebra-script 13.0.0
[INFO] finished tweaking crates.io crate zebra-script 13.0.0
[INFO] tweaked toml for crates.io crate zebra-script 13.0.0 written to /workspace/builds/worker-1-tc1/source/Cargo.toml
[INFO] validating manifest of crates.io crate zebra-script 13.0.0 on toolchain 1.99.0-beta.8
[INFO] running `Command { std: CARGO_HOME="/workspace/cargo-home" RUSTUP_HOME="/workspace/rustup-home" "/workspace/cargo-home/bin/cargo" "+1.99.0-beta.8" "metadata" "--manifest-path" "Cargo.toml" "--no-deps", kill_on_drop: false }`
[INFO] crate crates.io crate zebra-script 13.0.0 already has a lockfile, it will not be regenerated
[INFO] running `Command { std: CARGO_HOME="/workspace/cargo-home" RUSTUP_HOME="/workspace/rustup-home" "/workspace/cargo-home/bin/cargo" "+1.99.0-beta.8" "fetch" "--manifest-path" "Cargo.toml", kill_on_drop: false }`
[INFO] [stderr]     Blocking waiting for file lock on package cache
[INFO] [stderr]     Updating crates.io index
[INFO] [stderr]     Blocking waiting for file lock on package cache
[INFO] [stderr]  Downloading crates ...
[INFO] [stderr]   Downloaded zcash_transparent v0.11.0-pre.0
[INFO] [stderr]   Downloaded zcash_address v0.14.0-pre.0
[INFO] [stderr]   Downloaded zcash_primitives v0.31.0-pre.0
[INFO] [stderr]   Downloaded zebra-chain v14.0.0
[INFO] [stderr]   Downloaded zebra-test v4.0.0
[INFO] [stderr]   Downloaded blake2b_simd v1.0.4
[INFO] [stderr]   Downloaded zcash_history v0.5.0
[INFO] [stderr]   Downloaded ed25519-zebra v5.0.0
[INFO] [stderr]   Downloaded libzcash_script v0.2.0
[INFO] [stderr]   Downloaded zcash_protocol v0.11.0-pre.0
[INFO] running `Command { std: "docker" "create" "-v" "/var/lib/crater-agent-workspace/builds/worker-1-tc1/source:/opt/rustwide/workdir:ro,Z" "-v" "/var/lib/crater-agent-workspace/builds/worker-1-tc1/target:/opt/rustwide/target:rw,Z" "-v" "/var/lib/crater-agent-workspace/cargo-home:/opt/rustwide/cargo-home:ro,Z" "-v" "/var/lib/crater-agent-workspace/rustup-home:/opt/rustwide/rustup-home:ro,Z" "-m" "1610612736" "--network" "none" "ghcr.io/rust-lang/crates-build-env/linux@sha256:77db811e55d90add9212f6832c23229e3de5f1c1f9905e8cb07319ea15df73ac" "sleep" "infinity", kill_on_drop: false }`
[INFO] [stdout] f45a800d1d68de0723ab47b85eba1c1abfdc0d28a68e996aaf6af19c15dd3b44
[INFO] running `Command { std: "docker" "start" "f45a800d1d68de0723ab47b85eba1c1abfdc0d28a68e996aaf6af19c15dd3b44", kill_on_drop: false }`
[INFO] running `Command { std: "docker" "inspect" "f45a800d1d68de0723ab47b85eba1c1abfdc0d28a68e996aaf6af19c15dd3b44", kill_on_drop: false }`
[INFO] running `Command { std: "docker" "exec" "-e" "SOURCE_DIR=/opt/rustwide/workdir" "-e" "CARGO_HOME=/opt/rustwide/cargo-home" "-e" "RUSTUP_HOME=/opt/rustwide/rustup-home" "-e" "CARGO_TARGET_DIR=/opt/rustwide/target" "-w" "/opt/rustwide/workdir" "--user" "0:0" "f45a800d1d68de0723ab47b85eba1c1abfdc0d28a68e996aaf6af19c15dd3b44" "/opt/rustwide/cargo-home/bin/cargo" "+1.99.0-beta.8" "metadata" "--no-deps" "--format-version=1", kill_on_drop: false }`
[INFO] running `Command { std: "docker" "inspect" "f45a800d1d68de0723ab47b85eba1c1abfdc0d28a68e996aaf6af19c15dd3b44", kill_on_drop: false }`
[INFO] running `Command { std: "docker" "exec" "-e" "SOURCE_DIR=/opt/rustwide/workdir" "-e" "CARGO_HOME=/opt/rustwide/cargo-home" "-e" "RUSTUP_HOME=/opt/rustwide/rustup-home" "-e" "CARGO_TARGET_DIR=/opt/rustwide/target" "-e" "CARGO_INCREMENTAL=0" "-e" "RUST_BACKTRACE=full" "-e" "RUSTFLAGS=--cap-lints=warn" "-e" "RUSTDOCFLAGS=--cap-lints=warn" "-w" "/opt/rustwide/workdir" "--user" "0:0" "f45a800d1d68de0723ab47b85eba1c1abfdc0d28a68e996aaf6af19c15dd3b44" "/opt/rustwide/cargo-home/bin/cargo" "+1.99.0-beta.8" "build" "--frozen" "--message-format=json" "--release", kill_on_drop: false }`
[INFO] [stderr]    Compiling typenum v1.20.0
[INFO] [stderr]    Compiling subtle v2.6.1
[INFO] [stderr]    Compiling memuse v0.2.2
[INFO] [stderr]    Compiling radium v0.7.0
[INFO] [stderr]    Compiling cmov v0.5.4
[INFO] [stderr]    Compiling tap v1.0.1
[INFO] [stderr]    Compiling funty v2.0.0
[INFO] [stderr]    Compiling blake2b_simd v1.0.4
[INFO] [stderr]    Compiling syn v2.0.117
[INFO] [stderr]    Compiling getrandom v0.4.2
[INFO] [stderr]    Compiling crossbeam-epoch v0.9.20
[INFO] [stderr]    Compiling crunchy v0.2.4
[INFO] [stderr]    Compiling secp256k1-sys v0.14.1
[INFO] [stderr]    Compiling corez v0.1.1
[INFO] [stderr]    Compiling glob v0.3.3
[INFO] [stderr]    Compiling proc-macro-error-attr2 v2.0.0
[INFO] [stderr]    Compiling nonempty v0.11.0
[INFO] [stderr]    Compiling wyz v0.5.1
[INFO] [stderr]    Compiling bech32 v0.11.1
[INFO] [stderr]    Compiling num-integer v0.1.46
[INFO] [stderr]    Compiling regex-syntax v0.8.10
[INFO] [stderr]    Compiling nom v7.1.3
[INFO] [stderr]    Compiling libloading v0.8.9
[INFO] [stderr]    Compiling rand_chacha v0.3.1
[INFO] [stderr]    Compiling ctutils v0.4.2
[INFO] [stderr]    Compiling curve25519-dalek v5.0.0
[INFO] [stderr]    Compiling crossbeam-channel v0.5.15
[INFO] [stderr]    Compiling crossbeam-deque v0.8.6
[INFO] [stderr]    Compiling clang-sys v1.8.1
[INFO] [stderr]    Compiling zcash_spec v0.2.1
[INFO] [stderr]    Compiling blake2s_simd v1.0.4
[INFO] [stderr]    Compiling num-bigint v0.5.1
[INFO] [stderr]    Compiling bitvec v1.0.1
[INFO] [stderr]    Compiling rayon-core v1.13.0
[INFO] [stderr]    Compiling halo2_legacy_pdqsort v0.1.0
[INFO] [stderr]    Compiling bindgen v0.72.1
[INFO] [stderr]    Compiling futures-core v0.3.32
[INFO] [stderr]    Compiling cpubits v0.1.1
[INFO] [stderr]    Compiling itertools v0.13.0
[INFO] [stderr]    Compiling futures-channel v0.3.32
[INFO] [stderr]    Compiling rand v0.8.6
[INFO] [stderr]    Compiling f4jumble v0.1.1
[INFO] [stderr]    Compiling hybrid-array v0.4.15
[INFO] [stderr]    Compiling generic-array v0.14.7
[INFO] [stderr]    Compiling rayon v1.12.0
[INFO] [stderr]    Compiling incrementalmerkletree v0.9.0
[INFO] [stderr]    Compiling regex-automata v0.4.14
[INFO] [stderr]    Compiling base16ct v1.0.0
[INFO] [stderr]    Compiling crypto-common v0.2.2
[INFO] [stderr]    Compiling block-buffer v0.12.1
[INFO] [stderr]    Compiling inout v0.2.2
[INFO] [stderr]    Compiling block-buffer v0.10.4
[INFO] [stderr]    Compiling crypto-common v0.1.7
[INFO] [stderr]    Compiling equihash v0.3.0
[INFO] [stderr]    Compiling serde_json v1.0.149
[INFO] [stderr]    Compiling digest v0.10.7
[INFO] [stderr]    Compiling cexpr v0.6.0
[INFO] [stderr]    Compiling bitflags v2.11.1
[INFO] [stderr]    Compiling rustc-hash v2.1.2
[INFO] [stderr]    Compiling fixed-hash v0.8.0
[INFO] [stderr]    Compiling signature v3.0.0
[INFO] [stderr]    Compiling dirs-sys v0.5.0
[INFO] [stderr]    Compiling tempfile v3.27.0
[INFO] [stderr]    Compiling sha2 v0.10.9
[INFO] [stderr]    Compiling sha1 v0.10.6
[INFO] [stderr]    Compiling ripemd v0.1.3
[INFO] [stderr]    Compiling cipher v0.5.2
[INFO] [stderr]    Compiling digest v0.11.3
[INFO] [stderr]    Compiling universal-hash v0.6.1
[INFO] [stderr]    Compiling bs58 v0.5.1
[INFO] [stderr]    Compiling sha2 v0.11.0
[INFO] [stderr]    Compiling hmac v0.13.0
[INFO] [stderr]    Compiling chacha20 v0.10.2
[INFO] [stderr]    Compiling ripemd v0.2.0
[INFO] [stderr]    Compiling poly1305 v0.9.1
[INFO] [stderr]    Compiling aead v0.6.1
[INFO] [stderr]    Compiling cbc v0.2.1
[INFO] [stderr]    Compiling fpe v0.7.0
[INFO] [stderr]    Compiling regex v1.12.3
[INFO] [stderr]    Compiling rand v0.10.2
[INFO] [stderr]    Compiling ff v0.14.0
[INFO] [stderr]    Compiling chacha20poly1305 v0.11.0
[INFO] [stderr]    Compiling group v0.14.0
[INFO] [stderr]    Compiling aes v0.9.2
[INFO] [stderr]    Compiling zcash_note_encryption v0.5.1
[INFO] [stderr]    Compiling dirs v6.0.0
[INFO] [stderr]    Compiling mset v0.1.1
[INFO] [stderr]    Compiling proc-macro-error2 v2.0.1
[INFO] [stderr]    Compiling pairing v0.24.0
[INFO] [stderr]    Compiling darling_core v0.23.0
[INFO] [stderr]    Compiling serde_derive_internals v0.29.1
[INFO] [stderr]    Compiling maybe-rayon v0.1.1
[INFO] [stderr]    Compiling bellman v0.15.0
[INFO] [stderr]    Compiling serde_derive v1.0.228
[INFO] [stderr]    Compiling zeroize_derive v1.4.3
[INFO] [stderr]    Compiling thiserror-impl v2.0.18
[INFO] [stderr]    Compiling tracing-attributes v0.1.31
[INFO] [stderr]    Compiling getset v0.1.6
[INFO] [stderr]    Compiling futures-macro v0.3.32
[INFO] [stderr]    Compiling curve25519-dalek-derive v0.1.1
[INFO] [stderr]    Compiling ref-cast-impl v1.0.25
[INFO] [stderr]    Compiling visibility v0.1.1
[INFO] [stderr]    Compiling schemars_derive v1.2.1
[INFO] [stderr]    Compiling strum_macros v0.27.2
[INFO] [stderr]    Compiling derive-getters v0.5.0
[INFO] [stderr]    Compiling ref-cast v1.0.25
[INFO] [stderr]    Compiling zeroize v1.8.2
[INFO] [stderr]    Compiling pasta_curves v0.6.0
[INFO] [stderr]    Compiling bls12_381 v0.9.0
[INFO] [stderr]    Compiling zip32 v0.3.0
[INFO] [stderr]    Compiling futures-util v0.3.32
[INFO] [stderr]    Compiling groth16 v0.2.0
[INFO] [stderr]    Compiling tracing v0.1.44
[INFO] [stderr]    Compiling jubjub v0.11.1
[INFO] [stderr]    Compiling thiserror v2.0.18
[INFO] [stderr]    Compiling strum v0.27.2
[INFO] [stderr]    Compiling halo2_proofs v0.4.0
[INFO] [stderr]    Compiling sinsemilla v0.2.0
[INFO] [stderr]    Compiling halo2_poseidon v0.2.0
[INFO] [stderr]    Compiling serde v1.0.228
[INFO] [stderr]    Compiling darling_macro v0.23.0
[INFO] [stderr]    Compiling darling v0.23.0
[INFO] [stderr]    Compiling serde_with_macros v3.21.0
[INFO] [stderr]    Compiling libzcash_script v0.2.0
[INFO] [stderr]    Compiling hex v0.4.3
[INFO] [stderr]    Compiling bounded-vec v0.9.0
[INFO] [stderr]    Compiling serdect v0.4.3
[INFO] [stderr]    Compiling bitflags-serde-legacy v0.1.1
[INFO] [stderr]    Compiling chrono v0.4.44
[INFO] [stderr]    Compiling serde-big-array v0.5.1
[INFO] [stderr]    Compiling schemars v1.2.1
[INFO] [stderr]    Compiling ed25519 v3.0.0
[INFO] [stderr]    Compiling uint v0.9.5
[INFO] [stderr]    Compiling zcash_encoding v0.5.0
[INFO] [stderr]    Compiling reddsa v0.6.1
[INFO] [stderr]    Compiling primitive-types v0.12.2
[INFO] [stderr]    Compiling uint v0.10.0
[INFO] [stderr]    Compiling serde_with v3.21.0
[INFO] [stderr]    Compiling zcash_protocol v0.11.0-pre.0
[INFO] [stderr]    Compiling redjubjub v0.9.0
[INFO] [stderr]    Compiling zcash_address v0.14.0-pre.0
[INFO] [stderr]    Compiling futures-executor v0.3.32
[INFO] [stderr]    Compiling sapling-crypto v0.9.0
[INFO] [stderr]    Compiling futures v0.3.32
[INFO] [stderr]    Compiling zcash_history v0.5.0
[INFO] [stderr]    Compiling ed25519-zebra v5.0.0
[INFO] [stderr]    Compiling x25519-dalek v3.0.0
[INFO] [stderr]    Compiling halo2_gadgets v0.6.0
[INFO] [stderr]    Compiling secp256k1 v0.33.1
[INFO] [stderr]    Compiling bip32 v0.6.0
[INFO] [stderr]    Compiling orchard v0.16.0
[INFO] [stderr]    Compiling zcash_script v0.6.0
[INFO] [stderr]    Compiling zcash_transparent v0.11.0-pre.0
[INFO] [stderr]    Compiling zcash_primitives v0.31.0-pre.0
[INFO] [stderr]    Compiling zebra-chain v14.0.0
[INFO] [stderr]    Compiling zebra-script v13.0.0 (/opt/rustwide/workdir)
[INFO] [stderr]     Finished `release` profile [optimized] target(s) in 2m 25s
[INFO] [stderr] warning: the following packages contain code that will be rejected by a future version of Rust: proc-macro-error2 v2.0.1
[INFO] [stderr] note: to see what the problems were, use the option `--future-incompat-report`, or run `cargo report future-incompatibilities --id 5`
[INFO] running `Command { std: "docker" "inspect" "f45a800d1d68de0723ab47b85eba1c1abfdc0d28a68e996aaf6af19c15dd3b44", kill_on_drop: false }`
[INFO] running `Command { std: "docker" "exec" "-e" "SOURCE_DIR=/opt/rustwide/workdir" "-e" "CARGO_HOME=/opt/rustwide/cargo-home" "-e" "RUSTUP_HOME=/opt/rustwide/rustup-home" "-e" "CARGO_TARGET_DIR=/opt/rustwide/target" "-e" "CARGO_INCREMENTAL=0" "-e" "RUST_BACKTRACE=full" "-e" "RUSTFLAGS=--cap-lints=warn" "-e" "RUSTDOCFLAGS=--cap-lints=warn" "-w" "/opt/rustwide/workdir" "--user" "0:0" "f45a800d1d68de0723ab47b85eba1c1abfdc0d28a68e996aaf6af19c15dd3b44" "/opt/rustwide/cargo-home/bin/cargo" "+1.99.0-beta.8" "test" "--frozen" "--no-run" "--message-format=json" "--release", kill_on_drop: false }`
[INFO] [stderr]    Compiling tracing v0.1.44
[INFO] [stderr]    Compiling nonempty v0.11.0
[INFO] [stderr]    Compiling futures-channel v0.3.32
[INFO] [stderr]    Compiling pin-project-internal v1.1.11
[INFO] [stderr]    Compiling bellman v0.15.0
[INFO] [stderr]    Compiling syn v1.0.109
[INFO] [stderr]    Compiling parking_lot_core v0.9.12
[INFO] [stderr]    Compiling rusty-fork v0.3.1
[INFO] [stderr]    Compiling backtrace v0.3.76
[INFO] [stderr]    Compiling rand_xorshift v0.4.0
[INFO] [stderr]    Compiling rand v0.9.4
[INFO] [stderr]    Compiling rand_chacha v0.9.0
[INFO] [stderr]    Compiling console v0.16.3
[INFO] [stderr]    Compiling tokio-macros v2.7.0
[INFO] [stderr]    Compiling similar v2.7.0
[INFO] [stderr]    Compiling rand_chacha v0.10.0
[INFO] [stderr]    Compiling zcash_encoding v0.5.0
[INFO] [stderr]    Compiling proptest-derive v0.5.1
[INFO] [stderr]    Compiling halo2_proofs v0.4.0
[INFO] [stderr]    Compiling zcash_protocol v0.11.0-pre.0
[INFO] [stderr]    Compiling futures-util v0.3.32
[INFO] [stderr]    Compiling parking_lot v0.12.5
[INFO] [stderr]    Compiling tracing-subscriber v0.3.23
[INFO] [stderr]    Compiling libzcash_script v0.2.0
[INFO] [stderr]    Compiling zcash_address v0.14.0-pre.0
[INFO] [stderr]    Compiling proptest v1.11.0
[INFO] [stderr]    Compiling color-eyre v0.6.5
[INFO] [stderr]    Compiling insta v1.47.2
[INFO] [stderr]    Compiling tokio v1.52.1
[INFO] [stderr]    Compiling groth16 v0.2.0
[INFO] [stderr]    Compiling pin-project v1.1.11
[INFO] [stderr]    Compiling tracing-futures v0.2.5
[INFO] [stderr]    Compiling zcash_transparent v0.11.0-pre.0
[INFO] [stderr]    Compiling sapling-crypto v0.9.0
[INFO] [stderr]    Compiling tracing-error v0.2.1
[INFO] [stderr]    Compiling futures-executor v0.3.32
[INFO] [stderr]    Compiling futures v0.3.32
[INFO] [stderr]    Compiling tower v0.4.13
[INFO] [stderr]    Compiling spandoc-attribute v0.1.1
[INFO] [stderr]    Compiling halo2_gadgets v0.6.0
[INFO] [stderr]    Compiling spandoc v0.2.2
[INFO] [stderr]    Compiling orchard v0.16.0
[INFO] [stderr]    Compiling zebra-test v4.0.0
[INFO] [stderr]    Compiling zcash_primitives v0.31.0-pre.0
[INFO] [stderr]    Compiling zebra-chain v14.0.0
[INFO] [stderr]    Compiling zebra-script v13.0.0 (/opt/rustwide/workdir)
[INFO] [stdout] error[E0433]: cannot find module or crate `zebra_test` in this scope
[INFO] [stdout]   --> src/tests.rs:12:5
[INFO] [stdout]    |
[INFO] [stdout] 12 | use zebra_test::prelude::*;
[INFO] [stdout]    |     ^^^^^^^^^^ use of unresolved module or unlinked crate `zebra_test`
[INFO] [stdout]    |
[INFO] [stdout]    = help: if you wanted to use a crate named `zebra_test`, use `cargo add zebra_test` to add it to your `Cargo.toml`
[INFO] [stdout] 
[INFO] [stdout] 
[INFO] [stdout] error[E0107]: enum takes 2 generic arguments but 1 generic argument was supplied
[INFO] [stdout]   --> src/tests.rs:23:86
[INFO] [stdout]    |
[INFO] [stdout] 23 | fn verify_valid_script(nu: NetworkUpgrade, tx: &[u8], amount: u64, pubkey: &[u8]) -> Result<()> {
[INFO] [stdout]    |                                                                                      ^^^^^^ -- supplied 1 generic argument
[INFO] [stdout]    |                                                                                      |
[INFO] [stdout]    |                                                                                      expected 2 generic arguments
[INFO] [stdout]    |
[INFO] [stdout] help: add missing generic argument
[INFO] [stdout]    |
[INFO] [stdout] 23 | fn verify_valid_script(nu: NetworkUpgrade, tx: &[u8], amount: u64, pubkey: &[u8]) -> Result<(), E> {
[INFO] [stdout]    |                                                                                               +++
[INFO] [stdout] 
[INFO] [stdout] 
[INFO] [stdout] error[E0107]: enum takes 2 generic arguments but 1 generic argument was supplied
[INFO] [stdout]   --> src/tests.rs:40:32
[INFO] [stdout]    |
[INFO] [stdout] 40 | fn verify_valid_script_v4() -> Result<()> {
[INFO] [stdout]    |                                ^^^^^^ -- supplied 1 generic argument
[INFO] [stdout]    |                                |
[INFO] [stdout]    |                                expected 2 generic arguments
[INFO] [stdout]    |
[INFO] [stdout] help: add missing generic argument
[INFO] [stdout]    |
[INFO] [stdout] 40 | fn verify_valid_script_v4() -> Result<(), E> {
[INFO] [stdout]    |                                         +++
[INFO] [stdout] 
[INFO] [stdout] 
[INFO] [stdout] error[E0107]: enum takes 2 generic arguments but 1 generic argument was supplied
[INFO] [stdout]   --> src/tests.rs:52:29
[INFO] [stdout]    |
[INFO] [stdout] 52 | fn count_legacy_sigops() -> Result<()> {
[INFO] [stdout]    |                             ^^^^^^ -- supplied 1 generic argument
[INFO] [stdout]    |                             |
[INFO] [stdout]    |                             expected 2 generic arguments
[INFO] [stdout]    |
[INFO] [stdout] help: add missing generic argument
[INFO] [stdout]    |
[INFO] [stdout] 52 | fn count_legacy_sigops() -> Result<(), E> {
[INFO] [stdout]    |                                      +++
[INFO] [stdout] 
[INFO] [stdout] 
[INFO] [stdout] error[E0107]: enum takes 2 generic arguments but 1 generic argument was supplied
[INFO] [stdout]   --> src/tests.rs:63:29
[INFO] [stdout]    |
[INFO] [stdout] 63 | fn fail_invalid_script() -> Result<()> {
[INFO] [stdout]    |                             ^^^^^^ -- supplied 1 generic argument
[INFO] [stdout]    |                             |
[INFO] [stdout]    |                             expected 2 generic arguments
[INFO] [stdout]    |
[INFO] [stdout] help: add missing generic argument
[INFO] [stdout]    |
[INFO] [stdout] 63 | fn fail_invalid_script() -> Result<(), E> {
[INFO] [stdout]    |                                      +++
[INFO] [stdout] 
[INFO] [stdout] 
[INFO] [stdout] error[E0107]: enum takes 2 generic arguments but 1 generic argument was supplied
[INFO] [stdout]   --> src/tests.rs:89:41
[INFO] [stdout]    |
[INFO] [stdout] 89 | fn reuse_script_verifier_pass_pass() -> Result<()> {
[INFO] [stdout]    |                                         ^^^^^^ -- supplied 1 generic argument
[INFO] [stdout]    |                                         |
[INFO] [stdout]    |                                         expected 2 generic arguments
[INFO] [stdout]    |
[INFO] [stdout] help: add missing generic argument
[INFO] [stdout]    |
[INFO] [stdout] 89 | fn reuse_script_verifier_pass_pass() -> Result<(), E> {
[INFO] [stdout]    |                                                  +++
[INFO] [stdout] 
[INFO] [stdout] 
[INFO] [stdout] error[E0107]: enum takes 2 generic arguments but 1 generic argument was supplied
[INFO] [stdout]    --> src/tests.rs:117:41
[INFO] [stdout]     |
[INFO] [stdout] 117 | fn reuse_script_verifier_pass_fail() -> Result<()> {
[INFO] [stdout]     |                                         ^^^^^^ -- supplied 1 generic argument
[INFO] [stdout]     |                                         |
[INFO] [stdout]     |                                         expected 2 generic arguments
[INFO] [stdout]     |
[INFO] [stdout] help: add missing generic argument
[INFO] [stdout]     |
[INFO] [stdout] 117 | fn reuse_script_verifier_pass_fail() -> Result<(), E> {
[INFO] [stdout]     |                                                  +++
[INFO] [stdout] 
[INFO] [stdout] 
[INFO] [stdout] error[E0107]: enum takes 2 generic arguments but 1 generic argument was supplied
[INFO] [stdout]    --> src/tests.rs:147:41
[INFO] [stdout]     |
[INFO] [stdout] 147 | fn reuse_script_verifier_fail_pass() -> Result<()> {
[INFO] [stdout]     |                                         ^^^^^^ -- supplied 1 generic argument
[INFO] [stdout]     |                                         |
[INFO] [stdout]     |                                         expected 2 generic arguments
[INFO] [stdout]     |
[INFO] [stdout] help: add missing generic argument
[INFO] [stdout]     |
[INFO] [stdout] 147 | fn reuse_script_verifier_fail_pass() -> Result<(), E> {
[INFO] [stdout]     |                                                  +++
[INFO] [stdout] 
[INFO] [stdout] 
[INFO] [stdout] error[E0107]: enum takes 2 generic arguments but 1 generic argument was supplied
[INFO] [stdout]    --> src/tests.rs:177:41
[INFO] [stdout]     |
[INFO] [stdout] 177 | fn reuse_script_verifier_fail_fail() -> Result<()> {
[INFO] [stdout]     |                                         ^^^^^^ -- supplied 1 generic argument
[INFO] [stdout]     |                                         |
[INFO] [stdout]     |                                         expected 2 generic arguments
[INFO] [stdout]     |
[INFO] [stdout] help: add missing generic argument
[INFO] [stdout]     |
[INFO] [stdout] 177 | fn reuse_script_verifier_fail_fail() -> Result<(), E> {
[INFO] [stdout]     |                                                  +++
[INFO] [stdout] 
[INFO] [stdout] 
[INFO] [stdout] error[E0107]: enum takes 2 generic arguments but 1 generic argument was supplied
[INFO] [stdout]    --> src/tests.rs:210:14
[INFO] [stdout]     |
[INFO] [stdout] 210 | fn p2sh() -> Result<()> {
[INFO] [stdout]     |              ^^^^^^ -- supplied 1 generic argument
[INFO] [stdout]     |              |
[INFO] [stdout]     |              expected 2 generic arguments
[INFO] [stdout]     |
[INFO] [stdout] help: add missing generic argument
[INFO] [stdout]     |
[INFO] [stdout] 210 | fn p2sh() -> Result<(), E> {
[INFO] [stdout]     |                       +++
[INFO] [stdout] 
[INFO] [stdout] 
[INFO] [stdout] error[E0107]: enum takes 2 generic arguments but 1 generic argument was supplied
[INFO] [stdout]    --> src/tests.rs:856:63
[INFO] [stdout]     |
[INFO] [stdout] 856 | fn count_coinbase_legacy_sigops_includes_coinbase_script() -> Result<()> {
[INFO] [stdout]     |                                                               ^^^^^^ -- supplied 1 generic argument
[INFO] [stdout]     |                                                               |
[INFO] [stdout]     |                                                               expected 2 generic arguments
[INFO] [stdout]     |
[INFO] [stdout] help: add missing generic argument
[INFO] [stdout]     |
[INFO] [stdout] 856 | fn count_coinbase_legacy_sigops_includes_coinbase_script() -> Result<(), E> {
[INFO] [stdout]     |                                                                        +++
[INFO] [stdout] 
[INFO] [stdout] 
[INFO] [stdout] error[E0107]: enum takes 2 generic arguments but 1 generic argument was supplied
[INFO] [stdout]    --> src/tests.rs:915:47
[INFO] [stdout]     |
[INFO] [stdout] 915 | fn p2sh_sigop_count_counts_redeem_script() -> Result<()> {
[INFO] [stdout]     |                                               ^^^^^^ -- supplied 1 generic argument
[INFO] [stdout]     |                                               |
[INFO] [stdout]     |                                               expected 2 generic arguments
[INFO] [stdout]     |
[INFO] [stdout] help: add missing generic argument
[INFO] [stdout]     |
[INFO] [stdout] 915 | fn p2sh_sigop_count_counts_redeem_script() -> Result<(), E> {
[INFO] [stdout]     |                                                        +++
[INFO] [stdout] 
[INFO] [stdout] 
[INFO] [stdout] error[E0107]: enum takes 2 generic arguments but 1 generic argument was supplied
[INFO] [stdout]    --> src/tests.rs:989:85
[INFO] [stdout]     |
[INFO] [stdout] 989 | fn p2sh_sigop_count_matches_zcashd_when_redeem_script_contains_disabled_opcode() -> Result<()> {
[INFO] [stdout]     |                                                                                     ^^^^^^ -- supplied 1 generic argument
[INFO] [stdout]     |                                                                                     |
[INFO] [stdout]     |                                                                                     expected 2 generic arguments
[INFO] [stdout]     |
[INFO] [stdout] help: add missing generic argument
[INFO] [stdout]     |
[INFO] [stdout] 989 | fn p2sh_sigop_count_matches_zcashd_when_redeem_script_contains_disabled_opcode() -> Result<(), E> {
[INFO] [stdout]     |                                                                                              +++
[INFO] [stdout] 
[INFO] [stdout] 
[INFO] [stdout] error[E0107]: enum takes 2 generic arguments but 1 generic argument was supplied
[INFO] [stdout]     --> src/tests.rs:1077:60
[INFO] [stdout]      |
[INFO] [stdout] 1077 | fn p2sh_sigop_count_is_zero_for_non_p2sh_and_coinbase() -> Result<()> {
[INFO] [stdout]      |                                                            ^^^^^^ -- supplied 1 generic argument
[INFO] [stdout]      |                                                            |
[INFO] [stdout]      |                                                            expected 2 generic arguments
[INFO] [stdout]      |
[INFO] [stdout] help: add missing generic argument
[INFO] [stdout]      |
[INFO] [stdout] 1077 | fn p2sh_sigop_count_is_zero_for_non_p2sh_and_coinbase() -> Result<(), E> {
[INFO] [stdout]      |                                                                     +++
[INFO] [stdout] 
[INFO] [stdout] 
[INFO] [stdout] error[E0107]: enum takes 2 generic arguments but 1 generic argument was supplied
[INFO] [stdout]     --> src/tests.rs:1158:54
[INFO] [stdout]      |
[INFO] [stdout] 1158 | fn block_sigop_total_includes_coinbase_and_p2sh() -> Result<()> {
[INFO] [stdout]      |                                                      ^^^^^^ -- supplied 1 generic argument
[INFO] [stdout]      |                                                      |
[INFO] [stdout]      |                                                      expected 2 generic arguments
[INFO] [stdout]      |
[INFO] [stdout] help: add missing generic argument
[INFO] [stdout]      |
[INFO] [stdout] 1158 | fn block_sigop_total_includes_coinbase_and_p2sh() -> Result<(), E> {
[INFO] [stdout]      |                                                               +++
[INFO] [stdout] 
[INFO] [stdout] 
[INFO] [stdout] error[E0107]: enum takes 2 generic arguments but 1 generic argument was supplied
[INFO] [stdout]     --> src/tests.rs:1464:54
[INFO] [stdout]      |
[INFO] [stdout] 1464 | fn p2sh_sigop_count_uses_accurate_multisig_mode() -> Result<()> {
[INFO] [stdout]      |                                                      ^^^^^^ -- supplied 1 generic argument
[INFO] [stdout]      |                                                      |
[INFO] [stdout]      |                                                      expected 2 generic arguments
[INFO] [stdout]      |
[INFO] [stdout] help: add missing generic argument
[INFO] [stdout]      |
[INFO] [stdout] 1464 | fn p2sh_sigop_count_uses_accurate_multisig_mode() -> Result<(), E> {
[INFO] [stdout]      |                                                               +++
[INFO] [stdout] 
[INFO] [stdout] 
[INFO] [stdout] error[E0107]: enum takes 2 generic arguments but 1 generic argument was supplied
[INFO] [stdout]     --> src/tests.rs:1555:64
[INFO] [stdout]      |
[INFO] [stdout] 1555 | fn poc_p2sh_accurate_multisig_should_count_one_not_twenty() -> Result<()> {
[INFO] [stdout]      |                                                                ^^^^^^ -- supplied 1 generic argument
[INFO] [stdout]      |                                                                |
[INFO] [stdout]      |                                                                expected 2 generic arguments
[INFO] [stdout]      |
[INFO] [stdout] help: add missing generic argument
[INFO] [stdout]      |
[INFO] [stdout] 1555 | fn poc_p2sh_accurate_multisig_should_count_one_not_twenty() -> Result<(), E> {
[INFO] [stdout]      |                                                                         +++
[INFO] [stdout] 
[INFO] [stdout] 
[INFO] [stdout] error[E0107]: enum takes 2 generic arguments but 1 generic argument was supplied
[INFO] [stdout]     --> src/tests.rs:1596:78
[INFO] [stdout]      |
[INFO] [stdout] 1596 | fn poc_p2sh_1001_accurate_multisigs_should_stay_below_block_sigop_limit() -> Result<()> {
[INFO] [stdout]      |                                                                              ^^^^^^ -- supplied 1 generic argument
[INFO] [stdout]      |                                                                              |
[INFO] [stdout]      |                                                                              expected 2 generic arguments
[INFO] [stdout]      |
[INFO] [stdout] help: add missing generic argument
[INFO] [stdout]      |
[INFO] [stdout] 1596 | fn poc_p2sh_1001_accurate_multisigs_should_stay_below_block_sigop_limit() -> Result<(), E> {
[INFO] [stdout]      |                                                                                       +++
[INFO] [stdout] 
[INFO] [stdout] 
[INFO] [stdout] error[E0433]: cannot find module or crate `zebra_test` in this scope
[INFO] [stdout]   --> src/tests.rs:41:23
[INFO] [stdout]    |
[INFO] [stdout] 41 |     let _init_guard = zebra_test::init();
[INFO] [stdout]    |                       ^^^^^^^^^^ use of unresolved module or unlinked crate `zebra_test`
[INFO] [stdout]    |
[INFO] [stdout]    = help: if you wanted to use a crate named `zebra_test`, use `cargo add zebra_test` to add it to your `Cargo.toml`
[INFO] [stdout] 
[INFO] [stdout] 
[INFO] [stdout] error[E0433]: cannot find module or crate `zebra_test` in this scope
[INFO] [stdout]   --> src/tests.rs:53:23
[INFO] [stdout]    |
[INFO] [stdout] 53 |     let _init_guard = zebra_test::init();
[INFO] [stdout]    |                       ^^^^^^^^^^ use of unresolved module or unlinked crate `zebra_test`
[INFO] [stdout]    |
[INFO] [stdout]    = help: if you wanted to use a crate named `zebra_test`, use `cargo add zebra_test` to add it to your `Cargo.toml`
[INFO] [stdout] 
[INFO] [stdout] 
[INFO] [stdout] error[E0433]: cannot find module or crate `zebra_test` in this scope
[INFO] [stdout]   --> src/tests.rs:64:23
[INFO] [stdout]    |
[INFO] [stdout] 64 |     let _init_guard = zebra_test::init();
[INFO] [stdout]    |                       ^^^^^^^^^^ use of unresolved module or unlinked crate `zebra_test`
[INFO] [stdout]    |
[INFO] [stdout]    = help: if you wanted to use a crate named `zebra_test`, use `cargo add zebra_test` to add it to your `Cargo.toml`
[INFO] [stdout] 
[INFO] [stdout] 
[INFO] [stdout] error[E0433]: cannot find module or crate `zebra_test` in this scope
[INFO] [stdout]   --> src/tests.rs:90:23
[INFO] [stdout]    |
[INFO] [stdout] 90 |     let _init_guard = zebra_test::init();
[INFO] [stdout]    |                       ^^^^^^^^^^ use of unresolved module or unlinked crate `zebra_test`
[INFO] [stdout]    |
[INFO] [stdout]    = help: if you wanted to use a crate named `zebra_test`, use `cargo add zebra_test` to add it to your `Cargo.toml`
[INFO] [stdout] 
[INFO] [stdout] 
[INFO] [stdout] error[E0433]: cannot find module or crate `zebra_test` in this scope
[INFO] [stdout]    --> src/tests.rs:118:23
[INFO] [stdout]     |
[INFO] [stdout] 118 |     let _init_guard = zebra_test::init();
[INFO] [stdout]     |                       ^^^^^^^^^^ use of unresolved module or unlinked crate `zebra_test`
[INFO] [stdout]     |
[INFO] [stdout]     = help: if you wanted to use a crate named `zebra_test`, use `cargo add zebra_test` to add it to your `Cargo.toml`
[INFO] [stdout] 
[INFO] [stdout] 
[INFO] [stdout] error[E0433]: cannot find module or crate `zebra_test` in this scope
[INFO] [stdout]    --> src/tests.rs:148:23
[INFO] [stdout]     |
[INFO] [stdout] 148 |     let _init_guard = zebra_test::init();
[INFO] [stdout]     |                       ^^^^^^^^^^ use of unresolved module or unlinked crate `zebra_test`
[INFO] [stdout]     |
[INFO] [stdout]     = help: if you wanted to use a crate named `zebra_test`, use `cargo add zebra_test` to add it to your `Cargo.toml`
[INFO] [stdout] 
[INFO] [stdout] 
[INFO] [stdout] error[E0433]: cannot find module or crate `zebra_test` in this scope
[INFO] [stdout]    --> src/tests.rs:178:23
[INFO] [stdout]     |
[INFO] [stdout] 178 |     let _init_guard = zebra_test::init();
[INFO] [stdout]     |                       ^^^^^^^^^^ use of unresolved module or unlinked crate `zebra_test`
[INFO] [stdout]     |
[INFO] [stdout]     = help: if you wanted to use a crate named `zebra_test`, use `cargo add zebra_test` to add it to your `Cargo.toml`
[INFO] [stdout] 
[INFO] [stdout] 
[INFO] [stdout] error[E0433]: cannot find module or crate `zebra_test` in this scope
[INFO] [stdout]    --> src/tests.rs:211:23
[INFO] [stdout]     |
[INFO] [stdout] 211 |     let _init_guard = zebra_test::init();
[INFO] [stdout]     |                       ^^^^^^^^^^ use of unresolved module or unlinked crate `zebra_test`
[INFO] [stdout]     |
[INFO] [stdout]     = help: if you wanted to use a crate named `zebra_test`, use `cargo add zebra_test` to add it to your `Cargo.toml`
[INFO] [stdout] 
[INFO] [stdout] 
[INFO] [stdout] error[E0433]: cannot find module or crate `zebra_test` in this scope
[INFO] [stdout]    --> src/tests.rs:351:23
[INFO] [stdout]     |
[INFO] [stdout] 351 |     let _init_guard = zebra_test::init();
[INFO] [stdout]     |                       ^^^^^^^^^^ use of unresolved module or unlinked crate `zebra_test`
[INFO] [stdout]     |
[INFO] [stdout]     = help: if you wanted to use a crate named `zebra_test`, use `cargo add zebra_test` to add it to your `Cargo.toml`
[INFO] [stdout] 
[INFO] [stdout] 
[INFO] [stdout] error[E0433]: cannot find module or crate `zebra_test` in this scope
[INFO] [stdout]    --> src/tests.rs:361:23
[INFO] [stdout]     |
[INFO] [stdout] 361 |     let _init_guard = zebra_test::init();
[INFO] [stdout]     |                       ^^^^^^^^^^ use of unresolved module or unlinked crate `zebra_test`
[INFO] [stdout]     |
[INFO] [stdout]     = help: if you wanted to use a crate named `zebra_test`, use `cargo add zebra_test` to add it to your `Cargo.toml`
[INFO] [stdout] 
[INFO] [stdout] 
[INFO] [stdout] error[E0433]: cannot find module or crate `zebra_test` in this scope
[INFO] [stdout]    --> src/tests.rs:376:23
[INFO] [stdout]     |
[INFO] [stdout] 376 |     let _init_guard = zebra_test::init();
[INFO] [stdout]     |                       ^^^^^^^^^^ use of unresolved module or unlinked crate `zebra_test`
[INFO] [stdout]     |
[INFO] [stdout]     = help: if you wanted to use a crate named `zebra_test`, use `cargo add zebra_test` to add it to your `Cargo.toml`
[INFO] [stdout] 
[INFO] [stdout] 
[INFO] [stdout] error[E0433]: cannot find module or crate `zebra_test` in this scope
[INFO] [stdout]    --> src/tests.rs:396:23
[INFO] [stdout]     |
[INFO] [stdout] 396 |     let _init_guard = zebra_test::init();
[INFO] [stdout]     |                       ^^^^^^^^^^ use of unresolved module or unlinked crate `zebra_test`
[INFO] [stdout]     |
[INFO] [stdout]     = help: if you wanted to use a crate named `zebra_test`, use `cargo add zebra_test` to add it to your `Cargo.toml`
[INFO] [stdout] 
[INFO] [stdout] 
[INFO] [stdout] error[E0433]: cannot find module or crate `zebra_test` in this scope
[INFO] [stdout]    --> src/tests.rs:418:23
[INFO] [stdout]     |
[INFO] [stdout] 418 |     let _init_guard = zebra_test::init();
[INFO] [stdout]     |                       ^^^^^^^^^^ use of unresolved module or unlinked crate `zebra_test`
[INFO] [stdout]     |
[INFO] [stdout]     = help: if you wanted to use a crate named `zebra_test`, use `cargo add zebra_test` to add it to your `Cargo.toml`
[INFO] [stdout] 
[INFO] [stdout] 
[INFO] [stdout] error[E0433]: cannot find module or crate `zebra_test` in this scope
[INFO] [stdout]    --> src/tests.rs:558:23
[INFO] [stdout]     |
[INFO] [stdout] 558 |     let _init_guard = zebra_test::init();
[INFO] [stdout]     |                       ^^^^^^^^^^ use of unresolved module or unlinked crate `zebra_test`
[INFO] [stdout]     |
[INFO] [stdout]     = help: if you wanted to use a crate named `zebra_test`, use `cargo add zebra_test` to add it to your `Cargo.toml`
[INFO] [stdout] 
[INFO] [stdout] 
[INFO] [stdout] error[E0433]: cannot find module or crate `zebra_test` in this scope
[INFO] [stdout]    --> src/tests.rs:573:23
[INFO] [stdout]     |
[INFO] [stdout] 573 |     let _init_guard = zebra_test::init();
[INFO] [stdout]     |                       ^^^^^^^^^^ use of unresolved module or unlinked crate `zebra_test`
[INFO] [stdout]     |
[INFO] [stdout]     = help: if you wanted to use a crate named `zebra_test`, use `cargo add zebra_test` to add it to your `Cargo.toml`
[INFO] [stdout] 
[INFO] [stdout] 
[INFO] [stdout] error[E0433]: cannot find module or crate `zebra_test` in this scope
[INFO] [stdout]    --> src/tests.rs:589:23
[INFO] [stdout]     |
[INFO] [stdout] 589 |     let _init_guard = zebra_test::init();
[INFO] [stdout]     |                       ^^^^^^^^^^ use of unresolved module or unlinked crate `zebra_test`
[INFO] [stdout]     |
[INFO] [stdout]     = help: if you wanted to use a crate named `zebra_test`, use `cargo add zebra_test` to add it to your `Cargo.toml`
[INFO] [stdout] 
[INFO] [stdout] 
[INFO] [stdout] error[E0433]: cannot find module or crate `zebra_test` in this scope
[INFO] [stdout]    --> src/tests.rs:706:23
[INFO] [stdout]     |
[INFO] [stdout] 706 |     let _init_guard = zebra_test::init();
[INFO] [stdout]     |                       ^^^^^^^^^^ use of unresolved module or unlinked crate `zebra_test`
[INFO] [stdout]     |
[INFO] [stdout]     = help: if you wanted to use a crate named `zebra_test`, use `cargo add zebra_test` to add it to your `Cargo.toml`
[INFO] [stdout] 
[INFO] [stdout] 
[INFO] [stdout] error[E0433]: cannot find module or crate `zebra_test` in this scope
[INFO] [stdout]    --> src/tests.rs:717:23
[INFO] [stdout]     |
[INFO] [stdout] 717 |     let _init_guard = zebra_test::init();
[INFO] [stdout]     |                       ^^^^^^^^^^ use of unresolved module or unlinked crate `zebra_test`
[INFO] [stdout]     |
[INFO] [stdout]     = help: if you wanted to use a crate named `zebra_test`, use `cargo add zebra_test` to add it to your `Cargo.toml`
[INFO] [stdout] 
[INFO] [stdout] 
[INFO] [stdout] error[E0433]: cannot find module or crate `zebra_test` in this scope
[INFO] [stdout]    --> src/tests.rs:780:23
[INFO] [stdout]     |
[INFO] [stdout] 780 |     let _init_guard = zebra_test::init();
[INFO] [stdout]     |                       ^^^^^^^^^^ use of unresolved module or unlinked crate `zebra_test`
[INFO] [stdout]     |
[INFO] [stdout]     = help: if you wanted to use a crate named `zebra_test`, use `cargo add zebra_test` to add it to your `Cargo.toml`
[INFO] [stdout] 
[INFO] [stdout] 
[INFO] [stdout] error[E0433]: cannot find module or crate `zebra_test` in this scope
[INFO] [stdout]    --> src/tests.rs:857:23
[INFO] [stdout]     |
[INFO] [stdout] 857 |     let _init_guard = zebra_test::init();
[INFO] [stdout]     |                       ^^^^^^^^^^ use of unresolved module or unlinked crate `zebra_test`
[INFO] [stdout]     |
[INFO] [stdout]     = help: if you wanted to use a crate named `zebra_test`, use `cargo add zebra_test` to add it to your `Cargo.toml`
[INFO] [stdout] 
[INFO] [stdout] 
[INFO] [stdout] error[E0433]: cannot find module or crate `zebra_test` in this scope
[INFO] [stdout]    --> src/tests.rs:916:23
[INFO] [stdout]     |
[INFO] [stdout] 916 |     let _init_guard = zebra_test::init();
[INFO] [stdout]     |                       ^^^^^^^^^^ use of unresolved module or unlinked crate `zebra_test`
[INFO] [stdout]     |
[INFO] [stdout]     = help: if you wanted to use a crate named `zebra_test`, use `cargo add zebra_test` to add it to your `Cargo.toml`
[INFO] [stdout] 
[INFO] [stdout] 
[INFO] [stdout] error[E0433]: cannot find module or crate `zebra_test` in this scope
[INFO] [stdout]    --> src/tests.rs:990:23
[INFO] [stdout]     |
[INFO] [stdout] 990 |     let _init_guard = zebra_test::init();
[INFO] [stdout]     |                       ^^^^^^^^^^ use of unresolved module or unlinked crate `zebra_test`
[INFO] [stdout]     |
[INFO] [stdout]     = help: if you wanted to use a crate named `zebra_test`, use `cargo add zebra_test` to add it to your `Cargo.toml`
[INFO] [stdout] 
[INFO] [stdout] 
[INFO] [stdout] error[E0433]: cannot find module or crate `zebra_test` in this scope
[INFO] [stdout]     --> src/tests.rs:1078:23
[INFO] [stdout]      |
[INFO] [stdout] 1078 |     let _init_guard = zebra_test::init();
[INFO] [stdout]      |                       ^^^^^^^^^^ use of unresolved module or unlinked crate `zebra_test`
[INFO] [stdout]      |
[INFO] [stdout]      = help: if you wanted to use a crate named `zebra_test`, use `cargo add zebra_test` to add it to your `Cargo.toml`
[INFO] [stdout] 
[INFO] [stdout] 
[INFO] [stdout] error[E0433]: cannot find module or crate `zebra_test` in this scope
[INFO] [stdout]     --> src/tests.rs:1159:23
[INFO] [stdout]      |
[INFO] [stdout] 1159 |     let _init_guard = zebra_test::init();
[INFO] [stdout]      |                       ^^^^^^^^^^ use of unresolved module or unlinked crate `zebra_test`
[INFO] [stdout]      |
[INFO] [stdout]      = help: if you wanted to use a crate named `zebra_test`, use `cargo add zebra_test` to add it to your `Cargo.toml`
[INFO] [stdout] 
[INFO] [stdout] 
[INFO] [stdout] error[E0433]: cannot find module or crate `zebra_test` in this scope
[INFO] [stdout]     --> src/tests.rs:1266:23
[INFO] [stdout]      |
[INFO] [stdout] 1266 |     let _init_guard = zebra_test::init();
[INFO] [stdout]      |                       ^^^^^^^^^^ use of unresolved module or unlinked crate `zebra_test`
[INFO] [stdout]      |
[INFO] [stdout]      = help: if you wanted to use a crate named `zebra_test`, use `cargo add zebra_test` to add it to your `Cargo.toml`
[INFO] [stdout] 
[INFO] [stdout] 
[INFO] [stdout] error[E0433]: cannot find module or crate `zebra_test` in this scope
[INFO] [stdout]     --> src/tests.rs:1294:23
[INFO] [stdout]      |
[INFO] [stdout] 1294 |     let _init_guard = zebra_test::init();
[INFO] [stdout]      |                       ^^^^^^^^^^ use of unresolved module or unlinked crate `zebra_test`
[INFO] [stdout]      |
[INFO] [stdout]      = help: if you wanted to use a crate named `zebra_test`, use `cargo add zebra_test` to add it to your `Cargo.toml`
[INFO] [stdout] 
[INFO] [stdout] 
[INFO] [stdout] error[E0433]: cannot find module or crate `zebra_test` in this scope
[INFO] [stdout]     --> src/tests.rs:1361:23
[INFO] [stdout]      |
[INFO] [stdout] 1361 |     let _init_guard = zebra_test::init();
[INFO] [stdout]      |                       ^^^^^^^^^^ use of unresolved module or unlinked crate `zebra_test`
[INFO] [stdout]      |
[INFO] [stdout]      = help: if you wanted to use a crate named `zebra_test`, use `cargo add zebra_test` to add it to your `Cargo.toml`
[INFO] [stdout] 
[INFO] [stdout] 
[INFO] [stdout] error[E0433]: cannot find module or crate `zebra_test` in this scope
[INFO] [stdout]     --> src/tests.rs:1465:23
[INFO] [stdout]      |
[INFO] [stdout] 1465 |     let _init_guard = zebra_test::init();
[INFO] [stdout]      |                       ^^^^^^^^^^ use of unresolved module or unlinked crate `zebra_test`
[INFO] [stdout]      |
[INFO] [stdout]      = help: if you wanted to use a crate named `zebra_test`, use `cargo add zebra_test` to add it to your `Cargo.toml`
[INFO] [stdout] 
[INFO] [stdout] 
[INFO] [stdout] error[E0433]: cannot find module or crate `zebra_test` in this scope
[INFO] [stdout]     --> src/tests.rs:1556:23
[INFO] [stdout]      |
[INFO] [stdout] 1556 |     let _init_guard = zebra_test::init();
[INFO] [stdout]      |                       ^^^^^^^^^^ use of unresolved module or unlinked crate `zebra_test`
[INFO] [stdout]      |
[INFO] [stdout]      = help: if you wanted to use a crate named `zebra_test`, use `cargo add zebra_test` to add it to your `Cargo.toml`
[INFO] [stdout] 
[INFO] [stdout] 
[INFO] [stdout] error[E0433]: cannot find module or crate `zebra_test` in this scope
[INFO] [stdout]     --> src/tests.rs:1597:23
[INFO] [stdout]      |
[INFO] [stdout] 1597 |     let _init_guard = zebra_test::init();
[INFO] [stdout]      |                       ^^^^^^^^^^ use of unresolved module or unlinked crate `zebra_test`
[INFO] [stdout]      |
[INFO] [stdout]      = help: if you wanted to use a crate named `zebra_test`, use `cargo add zebra_test` to add it to your `Cargo.toml`
[INFO] [stdout] 
[INFO] [stdout] 
[INFO] [stdout] Some errors have detailed explanations: E0107, E0433.
[INFO] [stdout] 
[INFO] [stdout] For more information about an error, try `rustc --explain E0107`.
[INFO] [stdout] 
[INFO] [stderr] error: could not compile `zebra-script` (lib test) due to 48 previous errors
[INFO] running `Command { std: "docker" "inspect" "f45a800d1d68de0723ab47b85eba1c1abfdc0d28a68e996aaf6af19c15dd3b44", kill_on_drop: false }`
[INFO] running `Command { std: "docker" "rm" "-f" "f45a800d1d68de0723ab47b85eba1c1abfdc0d28a68e996aaf6af19c15dd3b44", kill_on_drop: false }`
[INFO] [stdout] f45a800d1d68de0723ab47b85eba1c1abfdc0d28a68e996aaf6af19c15dd3b44
