[INFO] fetching crate zdc-types 0.1.0...
[INFO] testing zdc-types-0.1.0 against 1.99.0-beta.8+cargoflags=--release for beta-release-1.100-2
[INFO] extracting crate zdc-types 0.1.0 into /workspace/builds/worker-5-tc1/source
[INFO] started tweaking crates.io crate zdc-types 0.1.0
[INFO] removed 0 missing tests
[INFO] finished tweaking crates.io crate zdc-types 0.1.0
[INFO] tweaked toml for crates.io crate zdc-types 0.1.0 written to /workspace/builds/worker-5-tc1/source/Cargo.toml
[INFO] validating manifest of crates.io crate zdc-types 0.1.0 on toolchain 1.99.0-beta.8
[INFO] running `Command { std: CARGO_HOME="/workspace/cargo-home" RUSTUP_HOME="/workspace/rustup-home" "/workspace/cargo-home/bin/cargo" "+1.99.0-beta.8" "metadata" "--manifest-path" "Cargo.toml" "--no-deps", kill_on_drop: false }`
[INFO] crate crates.io crate zdc-types 0.1.0 already has a lockfile, it will not be regenerated
[INFO] running `Command { std: CARGO_HOME="/workspace/cargo-home" RUSTUP_HOME="/workspace/rustup-home" "/workspace/cargo-home/bin/cargo" "+1.99.0-beta.8" "fetch" "--manifest-path" "Cargo.toml", kill_on_drop: false }`
[INFO] [stderr]     Updating crates.io index
[INFO] [stderr]  Downloading crates ...
[INFO] [stderr]   Downloaded zdc-ast v0.1.0
[INFO] [stderr]   Downloaded zdc-hir v0.1.0
[INFO] [stderr]   Downloaded zdc-lexer v0.1.0
[INFO] running `Command { std: "docker" "create" "-v" "/var/lib/crater-agent-workspace/builds/worker-5-tc1/source:/opt/rustwide/workdir:ro,Z" "-v" "/var/lib/crater-agent-workspace/builds/worker-5-tc1/target:/opt/rustwide/target:rw,Z" "-v" "/var/lib/crater-agent-workspace/cargo-home:/opt/rustwide/cargo-home:ro,Z" "-v" "/var/lib/crater-agent-workspace/rustup-home:/opt/rustwide/rustup-home:ro,Z" "-m" "1610612736" "--network" "none" "ghcr.io/rust-lang/crates-build-env/linux@sha256:77db811e55d90add9212f6832c23229e3de5f1c1f9905e8cb07319ea15df73ac" "sleep" "infinity", kill_on_drop: false }`
[INFO] [stdout] 9e2eadde6198a0bc42543601638d4c7b58a76342719c3d87b1767e0eb06b3a1a
[INFO] running `Command { std: "docker" "start" "9e2eadde6198a0bc42543601638d4c7b58a76342719c3d87b1767e0eb06b3a1a", kill_on_drop: false }`
[INFO] running `Command { std: "docker" "inspect" "9e2eadde6198a0bc42543601638d4c7b58a76342719c3d87b1767e0eb06b3a1a", kill_on_drop: false }`
[INFO] running `Command { std: "docker" "exec" "-e" "SOURCE_DIR=/opt/rustwide/workdir" "-e" "CARGO_HOME=/opt/rustwide/cargo-home" "-e" "RUSTUP_HOME=/opt/rustwide/rustup-home" "-e" "CARGO_TARGET_DIR=/opt/rustwide/target" "-w" "/opt/rustwide/workdir" "--user" "0:0" "9e2eadde6198a0bc42543601638d4c7b58a76342719c3d87b1767e0eb06b3a1a" "/opt/rustwide/cargo-home/bin/cargo" "+1.99.0-beta.8" "metadata" "--no-deps" "--format-version=1", kill_on_drop: false }`
[INFO] running `Command { std: "docker" "inspect" "9e2eadde6198a0bc42543601638d4c7b58a76342719c3d87b1767e0eb06b3a1a", kill_on_drop: false }`
[INFO] running `Command { std: "docker" "exec" "-e" "SOURCE_DIR=/opt/rustwide/workdir" "-e" "CARGO_HOME=/opt/rustwide/cargo-home" "-e" "RUSTUP_HOME=/opt/rustwide/rustup-home" "-e" "CARGO_TARGET_DIR=/opt/rustwide/target" "-e" "CARGO_INCREMENTAL=0" "-e" "RUST_BACKTRACE=full" "-e" "RUSTFLAGS=--cap-lints=warn" "-e" "RUSTDOCFLAGS=--cap-lints=warn" "-w" "/opt/rustwide/workdir" "--user" "0:0" "9e2eadde6198a0bc42543601638d4c7b58a76342719c3d87b1767e0eb06b3a1a" "/opt/rustwide/cargo-home/bin/cargo" "+1.99.0-beta.8" "build" "--frozen" "--message-format=json" "--release", kill_on_drop: false }`
[INFO] [stderr]    Compiling syn v2.0.119
[INFO] [stderr]    Compiling beef v0.5.2
[INFO] [stderr]    Compiling regex-syntax v0.8.11
[INFO] [stderr]    Compiling logos-codegen v0.14.4
[INFO] [stderr]    Compiling logos-derive v0.14.4
[INFO] [stderr]    Compiling logos v0.14.4
[INFO] [stderr]    Compiling zdc-lexer v0.1.0
[INFO] [stderr]    Compiling zdc-ast v0.1.0
[INFO] [stderr]    Compiling zdc-hir v0.1.0
[INFO] [stderr]    Compiling zdc-types v0.1.0 (/opt/rustwide/workdir)
[INFO] [stderr]     Finished `release` profile [optimized] target(s) in 12.97s
[INFO] running `Command { std: "docker" "inspect" "9e2eadde6198a0bc42543601638d4c7b58a76342719c3d87b1767e0eb06b3a1a", kill_on_drop: false }`
[INFO] running `Command { std: "docker" "exec" "-e" "SOURCE_DIR=/opt/rustwide/workdir" "-e" "CARGO_HOME=/opt/rustwide/cargo-home" "-e" "RUSTUP_HOME=/opt/rustwide/rustup-home" "-e" "CARGO_TARGET_DIR=/opt/rustwide/target" "-e" "CARGO_INCREMENTAL=0" "-e" "RUST_BACKTRACE=full" "-e" "RUSTFLAGS=--cap-lints=warn" "-e" "RUSTDOCFLAGS=--cap-lints=warn" "-w" "/opt/rustwide/workdir" "--user" "0:0" "9e2eadde6198a0bc42543601638d4c7b58a76342719c3d87b1767e0eb06b3a1a" "/opt/rustwide/cargo-home/bin/cargo" "+1.99.0-beta.8" "test" "--frozen" "--no-run" "--message-format=json" "--release", kill_on_drop: false }`
[INFO] [stderr]    Compiling zdc-types v0.1.0 (/opt/rustwide/workdir)
[INFO] [stdout] error: couldn't read `tests/../../../examples/hello.zd`: No such file or directory (os error 2)
[INFO] [stdout]   --> tests/examples.rs:26:24
[INFO] [stdout]    |
[INFO] [stdout] 26 |     let found = errors(include_str!("../../../examples/hello.zd"));
[INFO] [stdout]    |                        ^^^^^^^^^^^^^^^^^^^^^^^^^^^^^^^^^^^^^^^^^^
[INFO] [stdout] 
[INFO] [stdout] 
[INFO] [stdout] error: couldn't read `tests/../../../examples/counter.zd`: No such file or directory (os error 2)
[INFO] [stdout]   --> tests/examples.rs:32:24
[INFO] [stdout]    |
[INFO] [stdout] 32 |     let found = errors(include_str!("../../../examples/counter.zd"));
[INFO] [stdout]    |                        ^^^^^^^^^^^^^^^^^^^^^^^^^^^^^^^^^^^^^^^^^^^^
[INFO] [stdout] 
[INFO] [stdout] 
[INFO] [stdout] error: couldn't read `tests/../../../examples/guestbook.zd`: No such file or directory (os error 2)
[INFO] [stdout]   --> tests/examples.rs:41:24
[INFO] [stdout]    |
[INFO] [stdout] 41 |     let found = errors(include_str!("../../../examples/guestbook.zd"));
[INFO] [stdout]    |                        ^^^^^^^^^^^^^^^^^^^^^^^^^^^^^^^^^^^^^^^^^^^^^^
[INFO] [stdout] 
[INFO] [stdout] 
[INFO] [stdout] error: couldn't read `tests/../../../examples/voting-board.zd`: No such file or directory (os error 2)
[INFO] [stdout]   --> tests/examples.rs:50:24
[INFO] [stdout]    |
[INFO] [stdout] 50 |     let found = errors(include_str!("../../../examples/voting-board.zd"));
[INFO] [stdout]    |                        ^^^^^^^^^^^^^^^^^^^^^^^^^^^^^^^^^^^^^^^^^^^^^^^^^
[INFO] [stdout] 
[INFO] [stdout] 
[INFO] [stdout] error: couldn't read `tests/../../../examples/todo.zd`: No such file or directory (os error 2)
[INFO] [stdout]   --> tests/examples.rs:60:24
[INFO] [stdout]    |
[INFO] [stdout] 60 |     let found = errors(include_str!("../../../examples/todo.zd"));
[INFO] [stdout]    |                        ^^^^^^^^^^^^^^^^^^^^^^^^^^^^^^^^^^^^^^^^^
[INFO] [stdout] 
[INFO] [stdout] 
[INFO] [stdout] error: couldn't read `tests/../../../examples/leaderboard.zd`: No such file or directory (os error 2)
[INFO] [stdout]   --> tests/examples.rs:70:24
[INFO] [stdout]    |
[INFO] [stdout] 70 |     let found = errors(include_str!("../../../examples/leaderboard.zd"));
[INFO] [stdout]    |                        ^^^^^^^^^^^^^^^^^^^^^^^^^^^^^^^^^^^^^^^^^^^^^^^^
[INFO] [stdout] 
[INFO] [stdout] 
[INFO] [stdout] error[E0433]: cannot find module or crate `zdc_resolve` in this scope
[INFO] [stdout]   --> tests/routing.rs:17:15
[INFO] [stdout]    |
[INFO] [stdout] 17 |     let hir = zdc_resolve::Resolver::new(&program)
[INFO] [stdout]    |               ^^^^^^^^^^^ use of unresolved module or unlinked crate `zdc_resolve`
[INFO] [stdout]    |
[INFO] [stdout]    = help: if you wanted to use a crate named `zdc_resolve`, use `cargo add zdc_resolve` to add it to your `Cargo.toml`
[INFO] [stdout] 
[INFO] [stdout] 
[INFO] [stdout] error[E0433]: cannot find module or crate `zdc_resolve` in this scope
[INFO] [stdout]  --> tests/checking.rs:7:5
[INFO] [stdout]   |
[INFO] [stdout] 7 |     zdc_resolve::Resolver::new(&program)
[INFO] [stdout]   |     ^^^^^^^^^^^ use of unresolved module or unlinked crate `zdc_resolve`
[INFO] [stdout]   |
[INFO] [stdout]   = help: if you wanted to use a crate named `zdc_resolve`, use `cargo add zdc_resolve` to add it to your `Cargo.toml`
[INFO] [stdout] 
[INFO] [stdout] 
[INFO] [stdout] error[E0433]: cannot find module or crate `zdc_resolve` in this scope
[INFO] [stdout]   --> tests/prelude.rs:15:5
[INFO] [stdout]    |
[INFO] [stdout] 15 |     zdc_resolve::Resolver::with_prelude(zdc_lib::load().program(), &program)
[INFO] [stdout]    |     ^^^^^^^^^^^ use of unresolved module or unlinked crate `zdc_resolve`
[INFO] [stdout]    |
[INFO] [stdout]    = help: if you wanted to use a crate named `zdc_resolve`, use `cargo add zdc_resolve` to add it to your `Cargo.toml`
[INFO] [stdout] 
[INFO] [stdout] 
[INFO] [stdout] error[E0433]: cannot find module or crate `zdc_resolve` in this scope
[INFO] [stdout]   --> tests/examples.rs:14:15
[INFO] [stdout]    |
[INFO] [stdout] 14 |     let hir = zdc_resolve::Resolver::with_prelude(prelude.program(), &program)
[INFO] [stdout]    |               ^^^^^^^^^^^ use of unresolved module or unlinked crate `zdc_resolve`
[INFO] [stdout]    |
[INFO] [stdout]    = help: if you wanted to use a crate named `zdc_resolve`, use `cargo add zdc_resolve` to add it to your `Cargo.toml`
[INFO] [stdout] 
[INFO] [stdout] 
[INFO] [stdout] error[E0433]: cannot find module or crate `zdc_resolve` in this scope
[INFO] [stdout]    --> tests/routing.rs:464:18
[INFO] [stdout]     |
[INFO] [stdout] 464 |     let errors = zdc_resolve::Resolver::new(&program)
[INFO] [stdout]     |                  ^^^^^^^^^^^ use of unresolved module or unlinked crate `zdc_resolve`
[INFO] [stdout]     |
[INFO] [stdout]     = help: if you wanted to use a crate named `zdc_resolve`, use `cargo add zdc_resolve` to add it to your `Cargo.toml`
[INFO] [stdout] 
[INFO] [stdout] 
[INFO] [stdout] error[E0433]: cannot find module or crate `zdc_resolve` in this scope
[INFO] [stdout]  --> tests/public_api.rs:8:5
[INFO] [stdout]   |
[INFO] [stdout] 8 |     zdc_resolve::Resolver::new(&program)
[INFO] [stdout]   |     ^^^^^^^^^^^ use of unresolved module or unlinked crate `zdc_resolve`
[INFO] [stdout]   |
[INFO] [stdout]   = help: if you wanted to use a crate named `zdc_resolve`, use `cargo add zdc_resolve` to add it to your `Cargo.toml`
[INFO] [stdout] 
[INFO] [stdout] 
[INFO] [stdout] error[E0433]: cannot find module or crate `zdc_resolve` in this scope
[INFO] [stdout]    --> tests/routing.rs:496:18
[INFO] [stdout]     |
[INFO] [stdout] 496 |     let errors = zdc_resolve::Resolver::new(&program)
[INFO] [stdout]     |                  ^^^^^^^^^^^ use of unresolved module or unlinked crate `zdc_resolve`
[INFO] [stdout]     |
[INFO] [stdout]     = help: if you wanted to use a crate named `zdc_resolve`, use `cargo add zdc_resolve` to add it to your `Cargo.toml`
[INFO] [stdout] 
[INFO] [stdout] 
[INFO] [stdout] error[E0433]: cannot find module or crate `zdc_parser` in this scope
[INFO] [stdout]  --> tests/public_api.rs:7:19
[INFO] [stdout]   |
[INFO] [stdout] 7 |     let program = zdc_parser::parse(source).expect("the fixture parses");
[INFO] [stdout]   |                   ^^^^^^^^^^ use of unresolved module or unlinked crate `zdc_parser`
[INFO] [stdout]   |
[INFO] [stdout]   = help: if you wanted to use a crate named `zdc_parser`, use `cargo add zdc_parser` to add it to your `Cargo.toml`
[INFO] [stdout] 
[INFO] [stdout] 
[INFO] [stdout] error[E0433]: cannot find module or crate `zdc_parser` in this scope
[INFO] [stdout]   --> tests/examples.rs:12:19
[INFO] [stdout]    |
[INFO] [stdout] 12 |     let program = zdc_parser::parse(src).expect("the example must parse");
[INFO] [stdout]    |                   ^^^^^^^^^^ use of unresolved module or unlinked crate `zdc_parser`
[INFO] [stdout]    |
[INFO] [stdout]    = help: if you wanted to use a crate named `zdc_parser`, use `cargo add zdc_parser` to add it to your `Cargo.toml`
[INFO] [stdout] 
[INFO] [stdout] 
[INFO] [stdout] error[E0433]: cannot find module or crate `zdc_lib` in this scope
[INFO] [stdout]   --> tests/examples.rs:13:19
[INFO] [stdout]    |
[INFO] [stdout] 13 |     let prelude = zdc_lib::load();
[INFO] [stdout]    |                   ^^^^^^^ use of unresolved module or unlinked crate `zdc_lib`
[INFO] [stdout]    |
[INFO] [stdout] help: there is a crate or module with a similar name
[INFO] [stdout]    |
[INFO] [stdout] 13 -     let prelude = zdc_lib::load();
[INFO] [stdout] 13 +     let prelude = zdc_hir::load();
[INFO] [stdout]    |
[INFO] [stdout] 
[INFO] [stdout] 
[INFO] [stdout] error[E0433]: cannot find module or crate `zdc_graph` in this scope
[INFO] [stdout]   --> tests/examples.rs:17:17
[INFO] [stdout]    |
[INFO] [stdout] 17 |     let split = zdc_graph::split(&hir);
[INFO] [stdout]    |                 ^^^^^^^^^ use of unresolved module or unlinked crate `zdc_graph`
[INFO] [stdout]    |
[INFO] [stdout]    = help: if you wanted to use a crate named `zdc_graph`, use `cargo add zdc_graph` to add it to your `Cargo.toml`
[INFO] [stdout] 
[INFO] [stdout] 
[INFO] [stdout] error[E0433]: cannot find module or crate `zdc_resolve` in this scope
[INFO] [stdout]    --> tests/routing.rs:511:18
[INFO] [stdout]     |
[INFO] [stdout] 511 |     let errors = zdc_resolve::Resolver::new(&program)
[INFO] [stdout]     |                  ^^^^^^^^^^^ use of unresolved module or unlinked crate `zdc_resolve`
[INFO] [stdout]     |
[INFO] [stdout]     = help: if you wanted to use a crate named `zdc_resolve`, use `cargo add zdc_resolve` to add it to your `Cargo.toml`
[INFO] [stdout] 
[INFO] [stdout] 
[INFO] [stdout] error[E0433]: cannot find module or crate `zdc_resolve` in this scope
[INFO] [stdout]     --> tests/checking.rs:1174:18
[INFO] [stdout]      |
[INFO] [stdout] 1174 |     let errors = zdc_resolve::Resolver::new(&program)
[INFO] [stdout]      |                  ^^^^^^^^^^^ use of unresolved module or unlinked crate `zdc_resolve`
[INFO] [stdout]      |
[INFO] [stdout]      = help: if you wanted to use a crate named `zdc_resolve`, use `cargo add zdc_resolve` to add it to your `Cargo.toml`
[INFO] [stdout] 
[INFO] [stdout] 
[INFO] [stdout] error[E0433]: cannot find module or crate `zdc_parser` in this scope
[INFO] [stdout]   --> tests/routing.rs:16:19
[INFO] [stdout]    |
[INFO] [stdout] 16 |     let program = zdc_parser::parse(src).unwrap_or_else(|e| panic!("parse: {}", e.message));
[INFO] [stdout]    |                   ^^^^^^^^^^ use of unresolved module or unlinked crate `zdc_parser`
[INFO] [stdout]    |
[INFO] [stdout]    = help: if you wanted to use a crate named `zdc_parser`, use `cargo add zdc_parser` to add it to your `Cargo.toml`
[INFO] [stdout] 
[INFO] [stdout] 
[INFO] [stdout] error[E0433]: cannot find module or crate `zdc_graph` in this scope
[INFO] [stdout]   --> tests/routing.rs:21:17
[INFO] [stdout]    |
[INFO] [stdout] 21 |     let split = zdc_graph::split(&hir);
[INFO] [stdout]    |                 ^^^^^^^^^ use of unresolved module or unlinked crate `zdc_graph`
[INFO] [stdout]    |
[INFO] [stdout]    = help: if you wanted to use a crate named `zdc_graph`, use `cargo add zdc_graph` to add it to your `Cargo.toml`
[INFO] [stdout] 
[INFO] [stdout] 
[INFO] [stdout] error[E0433]: cannot find module or crate `zdc_graph` in this scope
[INFO] [stdout]   --> tests/routing.rs:22:34
[INFO] [stdout]    |
[INFO] [stdout] 22 |     let mut found: Vec<String> = zdc_graph::ifc(&hir, &split)
[INFO] [stdout]    |                                  ^^^^^^^^^ use of unresolved module or unlinked crate `zdc_graph`
[INFO] [stdout]    |
[INFO] [stdout]    = help: if you wanted to use a crate named `zdc_graph`, use `cargo add zdc_graph` to add it to your `Cargo.toml`
[INFO] [stdout] 
[INFO] [stdout] 
[INFO] [stdout] error[E0433]: cannot find module or crate `zdc_resolve` in this scope
[INFO] [stdout]    --> tests/prelude.rs:273:18
[INFO] [stdout]     |
[INFO] [stdout] 273 |     let errors = zdc_resolve::Resolver::with_prelude(zdc_lib::load().program(), &program)
[INFO] [stdout]     |                  ^^^^^^^^^^^ use of unresolved module or unlinked crate `zdc_resolve`
[INFO] [stdout]     |
[INFO] [stdout]     = help: if you wanted to use a crate named `zdc_resolve`, use `cargo add zdc_resolve` to add it to your `Cargo.toml`
[INFO] [stdout] 
[INFO] [stdout] 
[INFO] [stdout] For more information about this error, try `rustc --explain E0433`.
[INFO] [stdout] 
[INFO] [stderr] error: could not compile `zdc-types` (test "public_api") due to 2 previous errors
[INFO] [stderr] warning: build failed, waiting for other jobs to finish...
[INFO] [stdout] For more information about this error, try `rustc --explain E0433`.
[INFO] [stdout] 
[INFO] [stderr] error: could not compile `zdc-types` (test "examples") due to 10 previous errors
[INFO] [stdout] error[E0433]: cannot find module or crate `zdc_parser` in this scope
[INFO] [stdout]  --> tests/checking.rs:6:19
[INFO] [stdout]   |
[INFO] [stdout] 6 |     let program = zdc_parser::parse(src).expect("the source must parse");
[INFO] [stdout]   |                   ^^^^^^^^^^ use of unresolved module or unlinked crate `zdc_parser`
[INFO] [stdout]   |
[INFO] [stdout]   = help: if you wanted to use a crate named `zdc_parser`, use `cargo add zdc_parser` to add it to your `Cargo.toml`
[INFO] [stdout] 
[INFO] [stdout] 
[INFO] [stdout] error[E0433]: cannot find module or crate `zdc_graph` in this scope
[INFO] [stdout]   --> tests/checking.rs:15:5
[INFO] [stdout]    |
[INFO] [stdout] 15 |     zdc_graph::split(hir)
[INFO] [stdout]    |     ^^^^^^^^^ use of unresolved module or unlinked crate `zdc_graph`
[INFO] [stdout]    |
[INFO] [stdout]    = help: if you wanted to use a crate named `zdc_graph`, use `cargo add zdc_graph` to add it to your `Cargo.toml`
[INFO] [stdout] 
[INFO] [stdout] 
[INFO] [stdout] error[E0433]: cannot find module or crate `zdc_parser` in this scope
[INFO] [stdout]    --> tests/routing.rs:166:17
[INFO] [stdout]     |
[INFO] [stdout] 166 |     let error = zdc_parser::parse(
[INFO] [stdout]     |                 ^^^^^^^^^^ use of unresolved module or unlinked crate `zdc_parser`
[INFO] [stdout]     |
[INFO] [stdout]     = help: if you wanted to use a crate named `zdc_parser`, use `cargo add zdc_parser` to add it to your `Cargo.toml`
[INFO] [stdout] 
[INFO] [stdout] 
[INFO] [stdout] error[E0433]: cannot find module or crate `zdc_parser` in this scope
[INFO] [stdout]    --> tests/routing.rs:187:17
[INFO] [stdout]     |
[INFO] [stdout] 187 |     let error = zdc_parser::parse("route Site\n    Post is \"/post/[slug]\"\n")
[INFO] [stdout]     |                 ^^^^^^^^^^ use of unresolved module or unlinked crate `zdc_parser`
[INFO] [stdout]     |
[INFO] [stdout]     = help: if you wanted to use a crate named `zdc_parser`, use `cargo add zdc_parser` to add it to your `Cargo.toml`
[INFO] [stdout] 
[INFO] [stdout] 
[INFO] [stdout] error[E0433]: cannot find module or crate `zdc_parser` in this scope
[INFO] [stdout]    --> tests/routing.rs:463:9
[INFO] [stdout]     |
[INFO] [stdout] 463 |         zdc_parser::parse("view\n    Link Home\n        Text \"home\"\n").expect("parses");
[INFO] [stdout]     |         ^^^^^^^^^^ use of unresolved module or unlinked crate `zdc_parser`
[INFO] [stdout]     |
[INFO] [stdout]     = help: if you wanted to use a crate named `zdc_parser`, use `cargo add zdc_parser` to add it to your `Cargo.toml`
[INFO] [stdout] 
[INFO] [stdout] 
[INFO] [stdout] error[E0433]: cannot find module or crate `zdc_parser` in this scope
[INFO] [stdout]    --> tests/routing.rs:494:19
[INFO] [stdout]     |
[INFO] [stdout] 494 |     let program = zdc_parser::parse("route A\n    Home is \"/\"\nroute B\n    Away is \"/away\"\n")
[INFO] [stdout]     |                   ^^^^^^^^^^ use of unresolved module or unlinked crate `zdc_parser`
[INFO] [stdout]     |
[INFO] [stdout]     = help: if you wanted to use a crate named `zdc_parser`, use `cargo add zdc_parser` to add it to your `Cargo.toml`
[INFO] [stdout] 
[INFO] [stdout] 
[INFO] [stdout] error[E0433]: cannot find module or crate `zdc_parser` in this scope
[INFO] [stdout]    --> tests/routing.rs:509:9
[INFO] [stdout]     |
[INFO] [stdout] 509 |         zdc_parser::parse("state page is client Text starting address\nview\n    Text \"x\"\n")
[INFO] [stdout]     |         ^^^^^^^^^^ use of unresolved module or unlinked crate `zdc_parser`
[INFO] [stdout]     |
[INFO] [stdout]     = help: if you wanted to use a crate named `zdc_parser`, use `cargo add zdc_parser` to add it to your `Cargo.toml`
[INFO] [stdout] 
[INFO] [stdout] 
[INFO] [stdout] For more information about this error, try `rustc --explain E0433`.
[INFO] [stdout] 
[INFO] [stderr] error: could not compile `zdc-types` (test "routing") due to 12 previous errors
[INFO] [stdout] error[E0433]: cannot find module or crate `zdc_parser` in this scope
[INFO] [stdout]   --> tests/prelude.rs:14:19
[INFO] [stdout]    |
[INFO] [stdout] 14 |     let program = zdc_parser::parse(src).expect("the source must parse");
[INFO] [stdout]    |                   ^^^^^^^^^^ use of unresolved module or unlinked crate `zdc_parser`
[INFO] [stdout]    |
[INFO] [stdout]    = help: if you wanted to use a crate named `zdc_parser`, use `cargo add zdc_parser` to add it to your `Cargo.toml`
[INFO] [stdout] 
[INFO] [stdout] 
[INFO] [stdout] error[E0433]: cannot find module or crate `zdc_lib` in this scope
[INFO] [stdout]   --> tests/prelude.rs:15:41
[INFO] [stdout]    |
[INFO] [stdout] 15 |     zdc_resolve::Resolver::with_prelude(zdc_lib::load().program(), &program)
[INFO] [stdout]    |                                         ^^^^^^^ use of unresolved module or unlinked crate `zdc_lib`
[INFO] [stdout]    |
[INFO] [stdout] help: there is a crate or module with a similar name
[INFO] [stdout]    |
[INFO] [stdout] 15 -     zdc_resolve::Resolver::with_prelude(zdc_lib::load().program(), &program)
[INFO] [stdout] 15 +     zdc_resolve::Resolver::with_prelude(zdc_hir::load().program(), &program)
[INFO] [stdout]    |
[INFO] [stdout] 
[INFO] [stdout] 
[INFO] [stdout] error[E0433]: cannot find module or crate `zdc_graph` in this scope
[INFO] [stdout]   --> tests/prelude.rs:24:17
[INFO] [stdout]    |
[INFO] [stdout] 24 |     let split = zdc_graph::split(&hir);
[INFO] [stdout]    |                 ^^^^^^^^^ use of unresolved module or unlinked crate `zdc_graph`
[INFO] [stdout]    |
[INFO] [stdout]    = help: if you wanted to use a crate named `zdc_graph`, use `cargo add zdc_graph` to add it to your `Cargo.toml`
[INFO] [stdout] 
[INFO] [stdout] 
[INFO] [stdout] error[E0433]: cannot find module or crate `zdc_graph` in this scope
[INFO] [stdout]   --> tests/prelude.rs:36:17
[INFO] [stdout]    |
[INFO] [stdout] 36 |     let split = zdc_graph::split(&hir);
[INFO] [stdout]    |                 ^^^^^^^^^ use of unresolved module or unlinked crate `zdc_graph`
[INFO] [stdout]    |
[INFO] [stdout]    = help: if you wanted to use a crate named `zdc_graph`, use `cargo add zdc_graph` to add it to your `Cargo.toml`
[INFO] [stdout] 
[INFO] [stdout] 
[INFO] [stdout] error[E0433]: cannot find module or crate `zdc_parser` in this scope
[INFO] [stdout]    --> tests/prelude.rs:272:9
[INFO] [stdout]     |
[INFO] [stdout] 272 |         zdc_parser::parse("function join with parts, using\n    give \"\"\n").expect("parses");
[INFO] [stdout]     |         ^^^^^^^^^^ use of unresolved module or unlinked crate `zdc_parser`
[INFO] [stdout]     |
[INFO] [stdout]     = help: if you wanted to use a crate named `zdc_parser`, use `cargo add zdc_parser` to add it to your `Cargo.toml`
[INFO] [stdout] 
[INFO] [stdout] 
[INFO] [stdout] error[E0433]: cannot find module or crate `zdc_lib` in this scope
[INFO] [stdout]    --> tests/prelude.rs:273:54
[INFO] [stdout]     |
[INFO] [stdout] 273 |     let errors = zdc_resolve::Resolver::with_prelude(zdc_lib::load().program(), &program)
[INFO] [stdout]     |                                                      ^^^^^^^ use of unresolved module or unlinked crate `zdc_lib`
[INFO] [stdout]     |
[INFO] [stdout] help: there is a crate or module with a similar name
[INFO] [stdout]     |
[INFO] [stdout] 273 -     let errors = zdc_resolve::Resolver::with_prelude(zdc_lib::load().program(), &program)
[INFO] [stdout] 273 +     let errors = zdc_resolve::Resolver::with_prelude(zdc_hir::load().program(), &program)
[INFO] [stdout]     |
[INFO] [stdout] 
[INFO] [stdout] 
[INFO] [stdout] error[E0433]: cannot find module or crate `zdc_graph` in this scope
[INFO] [stdout]    --> tests/prelude.rs:295:17
[INFO] [stdout]     |
[INFO] [stdout] 295 |     let split = zdc_graph::split(&hir);
[INFO] [stdout]     |                 ^^^^^^^^^ use of unresolved module or unlinked crate `zdc_graph`
[INFO] [stdout]     |
[INFO] [stdout]     = help: if you wanted to use a crate named `zdc_graph`, use `cargo add zdc_graph` to add it to your `Cargo.toml`
[INFO] [stdout] 
[INFO] [stdout] 
[INFO] [stdout] error[E0433]: cannot find module or crate `zdc_graph` in this scope
[INFO] [stdout]    --> tests/prelude.rs:360:17
[INFO] [stdout]     |
[INFO] [stdout] 360 |     let split = zdc_graph::split(&hir);
[INFO] [stdout]     |                 ^^^^^^^^^ use of unresolved module or unlinked crate `zdc_graph`
[INFO] [stdout]     |
[INFO] [stdout]     = help: if you wanted to use a crate named `zdc_graph`, use `cargo add zdc_graph` to add it to your `Cargo.toml`
[INFO] [stdout] 
[INFO] [stdout] 
[INFO] [stdout] For more information about this error, try `rustc --explain E0433`.
[INFO] [stdout] 
[INFO] [stderr] error: could not compile `zdc-types` (test "prelude") due to 10 previous errors
[INFO] [stdout] error[E0433]: cannot find module or crate `zdc_parser` in this scope
[INFO] [stdout]     --> tests/checking.rs:1173:19
[INFO] [stdout]      |
[INFO] [stdout] 1173 |     let program = zdc_parser::parse(&src).expect("the source must parse");
[INFO] [stdout]      |                   ^^^^^^^^^^ use of unresolved module or unlinked crate `zdc_parser`
[INFO] [stdout]      |
[INFO] [stdout]      = help: if you wanted to use a crate named `zdc_parser`, use `cargo add zdc_parser` to add it to your `Cargo.toml`
[INFO] [stdout] 
[INFO] [stdout] 
[INFO] [stdout] error[E0433]: cannot find module or crate `zdc_resolve` in this scope
[INFO] [stdout]    --> src/elements.rs:303:21
[INFO] [stdout]     |
[INFO] [stdout] 303 |         for name in zdc_resolve::BUILTIN_ELEMENTS {
[INFO] [stdout]     |                     ^^^^^^^^^^^ use of unresolved module or unlinked crate `zdc_resolve`
[INFO] [stdout]     |
[INFO] [stdout]     = help: if you wanted to use a crate named `zdc_resolve`, use `cargo add zdc_resolve` to add it to your `Cargo.toml`
[INFO] [stdout] 
[INFO] [stdout] 
[INFO] [stdout] error[E0433]: cannot find module or crate `zdc_resolve` in this scope
[INFO] [stdout]    --> src/elements.rs:309:13
[INFO] [stdout]     |
[INFO] [stdout] 309 |             zdc_resolve::BUILTIN_ELEMENTS.len(),
[INFO] [stdout]     |             ^^^^^^^^^^^ use of unresolved module or unlinked crate `zdc_resolve`
[INFO] [stdout]     |
[INFO] [stdout]     = help: if you wanted to use a crate named `zdc_resolve`, use `cargo add zdc_resolve` to add it to your `Cargo.toml`
[INFO] [stdout] 
[INFO] [stdout] 
[INFO] [stdout] error[E0433]: cannot find module or crate `zdc_graph` in this scope
[INFO] [stdout]   --> tests/checking.rs:14:38
[INFO] [stdout]    |
[INFO] [stdout] 14 | fn placements(hir: &zdc_hir::Hir) -> zdc_graph::TierSplit {
[INFO] [stdout]    |                                      ^^^^^^^^^ use of unresolved module or unlinked crate `zdc_graph`
[INFO] [stdout]    |
[INFO] [stdout]    = help: if you wanted to use a crate named `zdc_graph`, use `cargo add zdc_graph` to add it to your `Cargo.toml`
[INFO] [stdout] 
[INFO] [stdout] 
[INFO] [stdout] For more information about this error, try `rustc --explain E0433`.
[INFO] [stdout] 
[INFO] [stderr] error: could not compile `zdc-types` (test "checking") due to 6 previous errors
[INFO] [stdout] For more information about this error, try `rustc --explain E0433`.
[INFO] [stdout] 
[INFO] [stderr] error: could not compile `zdc-types` (lib test) due to 2 previous errors
[INFO] running `Command { std: "docker" "inspect" "9e2eadde6198a0bc42543601638d4c7b58a76342719c3d87b1767e0eb06b3a1a", kill_on_drop: false }`
[INFO] running `Command { std: "docker" "rm" "-f" "9e2eadde6198a0bc42543601638d4c7b58a76342719c3d87b1767e0eb06b3a1a", kill_on_drop: false }`
[INFO] [stdout] 9e2eadde6198a0bc42543601638d4c7b58a76342719c3d87b1767e0eb06b3a1a
