[INFO] fetching crate zdc-resolve 0.1.0...
[INFO] testing zdc-resolve-0.1.0 against 1.99.0-beta.8+cargoflags=--release for beta-release-1.100-2
[INFO] extracting crate zdc-resolve 0.1.0 into /workspace/builds/worker-1-tc1/source
[INFO] started tweaking crates.io crate zdc-resolve 0.1.0
[INFO] removed 0 missing tests
[INFO] finished tweaking crates.io crate zdc-resolve 0.1.0
[INFO] tweaked toml for crates.io crate zdc-resolve 0.1.0 written to /workspace/builds/worker-1-tc1/source/Cargo.toml
[INFO] validating manifest of crates.io crate zdc-resolve 0.1.0 on toolchain 1.99.0-beta.8
[INFO] running `Command { std: CARGO_HOME="/workspace/cargo-home" RUSTUP_HOME="/workspace/rustup-home" "/workspace/cargo-home/bin/cargo" "+1.99.0-beta.8" "metadata" "--manifest-path" "Cargo.toml" "--no-deps", kill_on_drop: false }`
[INFO] crate crates.io crate zdc-resolve 0.1.0 already has a lockfile, it will not be regenerated
[INFO] running `Command { std: CARGO_HOME="/workspace/cargo-home" RUSTUP_HOME="/workspace/rustup-home" "/workspace/cargo-home/bin/cargo" "+1.99.0-beta.8" "fetch" "--manifest-path" "Cargo.toml", kill_on_drop: false }`
[INFO] [stderr]     Updating crates.io index
[INFO] [stderr]  Downloading crates ...
[INFO] [stderr]   Downloaded logos-derive v0.14.4
[INFO] [stderr]   Downloaded zdc-parser v0.1.0
[INFO] [stderr]   Downloaded logos-codegen v0.14.4
[INFO] [stderr]   Downloaded zdc-hir v0.1.0
[INFO] [stderr]   Downloaded zdc-lexer v0.1.0
[INFO] [stderr]   Downloaded logos v0.14.4
[INFO] [stderr]   Downloaded zdc-ast v0.1.0
[INFO] running `Command { std: "docker" "create" "-v" "/var/lib/crater-agent-workspace/builds/worker-1-tc1/source:/opt/rustwide/workdir:ro,Z" "-v" "/var/lib/crater-agent-workspace/builds/worker-1-tc1/target:/opt/rustwide/target:rw,Z" "-v" "/var/lib/crater-agent-workspace/cargo-home:/opt/rustwide/cargo-home:ro,Z" "-v" "/var/lib/crater-agent-workspace/rustup-home:/opt/rustwide/rustup-home:ro,Z" "-m" "1610612736" "--network" "none" "ghcr.io/rust-lang/crates-build-env/linux@sha256:77db811e55d90add9212f6832c23229e3de5f1c1f9905e8cb07319ea15df73ac" "sleep" "infinity", kill_on_drop: false }`
[INFO] [stdout] 520f7251b89d6e17ee4c0a1a3f7d6d7b1239751dcfdc9eeb9f35e9fee4b40080
[INFO] running `Command { std: "docker" "start" "520f7251b89d6e17ee4c0a1a3f7d6d7b1239751dcfdc9eeb9f35e9fee4b40080", kill_on_drop: false }`
[INFO] running `Command { std: "docker" "inspect" "520f7251b89d6e17ee4c0a1a3f7d6d7b1239751dcfdc9eeb9f35e9fee4b40080", kill_on_drop: false }`
[INFO] running `Command { std: "docker" "exec" "-e" "SOURCE_DIR=/opt/rustwide/workdir" "-e" "CARGO_HOME=/opt/rustwide/cargo-home" "-e" "RUSTUP_HOME=/opt/rustwide/rustup-home" "-e" "CARGO_TARGET_DIR=/opt/rustwide/target" "-w" "/opt/rustwide/workdir" "--user" "0:0" "520f7251b89d6e17ee4c0a1a3f7d6d7b1239751dcfdc9eeb9f35e9fee4b40080" "/opt/rustwide/cargo-home/bin/cargo" "+1.99.0-beta.8" "metadata" "--no-deps" "--format-version=1", kill_on_drop: false }`
[INFO] running `Command { std: "docker" "inspect" "520f7251b89d6e17ee4c0a1a3f7d6d7b1239751dcfdc9eeb9f35e9fee4b40080", kill_on_drop: false }`
[INFO] running `Command { std: "docker" "exec" "-e" "SOURCE_DIR=/opt/rustwide/workdir" "-e" "CARGO_HOME=/opt/rustwide/cargo-home" "-e" "RUSTUP_HOME=/opt/rustwide/rustup-home" "-e" "CARGO_TARGET_DIR=/opt/rustwide/target" "-e" "CARGO_INCREMENTAL=0" "-e" "RUST_BACKTRACE=full" "-e" "RUSTFLAGS=--cap-lints=warn" "-e" "RUSTDOCFLAGS=--cap-lints=warn" "-w" "/opt/rustwide/workdir" "--user" "0:0" "520f7251b89d6e17ee4c0a1a3f7d6d7b1239751dcfdc9eeb9f35e9fee4b40080" "/opt/rustwide/cargo-home/bin/cargo" "+1.99.0-beta.8" "build" "--frozen" "--message-format=json" "--release", kill_on_drop: false }`
[INFO] [stderr]    Compiling lazy_static v1.5.0
[INFO] [stderr]    Compiling beef v0.5.2
[INFO] [stderr]    Compiling logos-codegen v0.14.4
[INFO] [stderr]    Compiling logos-derive v0.14.4
[INFO] [stderr]    Compiling logos v0.14.4
[INFO] [stderr]    Compiling zdc-lexer v0.1.0
[INFO] [stderr]    Compiling zdc-ast v0.1.0
[INFO] [stderr]    Compiling zdc-hir v0.1.0
[INFO] [stderr]    Compiling zdc-parser v0.1.0
[INFO] [stderr]    Compiling zdc-resolve v0.1.0 (/opt/rustwide/workdir)
[INFO] [stderr]     Finished `release` profile [optimized] target(s) in 12.58s
[INFO] running `Command { std: "docker" "inspect" "520f7251b89d6e17ee4c0a1a3f7d6d7b1239751dcfdc9eeb9f35e9fee4b40080", kill_on_drop: false }`
[INFO] running `Command { std: "docker" "exec" "-e" "SOURCE_DIR=/opt/rustwide/workdir" "-e" "CARGO_HOME=/opt/rustwide/cargo-home" "-e" "RUSTUP_HOME=/opt/rustwide/rustup-home" "-e" "CARGO_TARGET_DIR=/opt/rustwide/target" "-e" "CARGO_INCREMENTAL=0" "-e" "RUST_BACKTRACE=full" "-e" "RUSTFLAGS=--cap-lints=warn" "-e" "RUSTDOCFLAGS=--cap-lints=warn" "-w" "/opt/rustwide/workdir" "--user" "0:0" "520f7251b89d6e17ee4c0a1a3f7d6d7b1239751dcfdc9eeb9f35e9fee4b40080" "/opt/rustwide/cargo-home/bin/cargo" "+1.99.0-beta.8" "test" "--frozen" "--no-run" "--message-format=json" "--release", kill_on_drop: false }`
[INFO] [stderr]    Compiling zdc-resolve v0.1.0 (/opt/rustwide/workdir)
[INFO] [stdout] error[E0433]: cannot find module or crate `zdc_types` in this scope
[INFO] [stdout]   --> tests/builtin_contract.rs:22:31
[INFO] [stdout]    |
[INFO] [stdout] 22 |     assert_eq!(BUILTIN_TYPES, zdc_types::Type::builtin_names());
[INFO] [stdout]    |                               ^^^^^^^^^ use of unresolved module or unlinked crate `zdc_types`
[INFO] [stdout]    |
[INFO] [stdout]    = help: if you wanted to use a crate named `zdc_types`, use `cargo add zdc_types` to add it to your `Cargo.toml`
[INFO] [stdout] 
[INFO] [stdout] 
[INFO] [stdout] error[E0433]: cannot find module or crate `zdc_types` in this scope
[INFO] [stdout]   --> tests/builtin_contract.rs:26:13
[INFO] [stdout]    |
[INFO] [stdout] 26 |             zdc_types::Type::is_builtin_name(name),
[INFO] [stdout]    |             ^^^^^^^^^ use of unresolved module or unlinked crate `zdc_types`
[INFO] [stdout]    |
[INFO] [stdout]    = help: if you wanted to use a crate named `zdc_types`, use `cargo add zdc_types` to add it to your `Cargo.toml`
[INFO] [stdout] 
[INFO] [stdout] 
[INFO] [stdout] error[E0433]: cannot find module or crate `zdc_types` in this scope
[INFO] [stdout]    --> tests/resolution.rs:378:17
[INFO] [stdout]     |
[INFO] [stdout] 378 |     for code in zdc_types::FailureCode::CLOSED_SET {
[INFO] [stdout]     |                 ^^^^^^^^^ use of unresolved module or unlinked crate `zdc_types`
[INFO] [stdout]     |
[INFO] [stdout]     = help: if you wanted to use a crate named `zdc_types`, use `cargo add zdc_types` to add it to your `Cargo.toml`
[INFO] [stdout] 
[INFO] [stdout] 
[INFO] [stdout] error[E0433]: cannot find module or crate `zdc_types` in this scope
[INFO] [stdout]    --> tests/resolution.rs:386:25
[INFO] [stdout]     |
[INFO] [stdout] 386 |     assert_eq!(checked, zdc_types::FailureCode::CLOSED_SET.len());
[INFO] [stdout]     |                         ^^^^^^^^^ use of unresolved module or unlinked crate `zdc_types`
[INFO] [stdout]     |
[INFO] [stdout]     = help: if you wanted to use a crate named `zdc_types`, use `cargo add zdc_types` to add it to your `Cargo.toml`
[INFO] [stdout] 
[INFO] [stdout] 
[INFO] [stdout] For more information about this error, try `rustc --explain E0433`.
[INFO] [stdout] 
[INFO] [stderr] error: could not compile `zdc-resolve` (test "builtin_contract") due to 2 previous errors
[INFO] [stderr] warning: build failed, waiting for other jobs to finish...
[INFO] [stdout] For more information about this error, try `rustc --explain E0433`.
[INFO] [stdout] 
[INFO] [stderr] error: could not compile `zdc-resolve` (test "resolution") due to 2 previous errors
[INFO] [stdout] error[E0433]: cannot find module or crate `zdc_graph` in this scope
[INFO] [stdout]    --> src/modules.rs:744:21
[INFO] [stdout]     |
[INFO] [stdout] 744 |         let split = zdc_graph::split(&hir);
[INFO] [stdout]     |                     ^^^^^^^^^ use of unresolved module or unlinked crate `zdc_graph`
[INFO] [stdout]     |
[INFO] [stdout]     = help: if you wanted to use a crate named `zdc_graph`, use `cargo add zdc_graph` to add it to your `Cargo.toml`
[INFO] [stdout] 
[INFO] [stdout] 
[INFO] [stdout] error[E0433]: cannot find module or crate `zdc_types` in this scope
[INFO] [stdout]    --> src/modules.rs:749:9
[INFO] [stdout]     |
[INFO] [stdout] 749 |         zdc_types::check(&hir, &split)
[INFO] [stdout]     |         ^^^^^^^^^ use of unresolved module or unlinked crate `zdc_types`
[INFO] [stdout]     |
[INFO] [stdout]     = help: if you wanted to use a crate named `zdc_types`, use `cargo add zdc_types` to add it to your `Cargo.toml`
[INFO] [stdout] 
[INFO] [stdout] 
[INFO] [stdout] For more information about this error, try `rustc --explain E0433`.
[INFO] [stdout] 
[INFO] [stderr] error: could not compile `zdc-resolve` (lib test) due to 2 previous errors
[INFO] running `Command { std: "docker" "inspect" "520f7251b89d6e17ee4c0a1a3f7d6d7b1239751dcfdc9eeb9f35e9fee4b40080", kill_on_drop: false }`
[INFO] running `Command { std: "docker" "rm" "-f" "520f7251b89d6e17ee4c0a1a3f7d6d7b1239751dcfdc9eeb9f35e9fee4b40080", kill_on_drop: false }`
[INFO] [stdout] 520f7251b89d6e17ee4c0a1a3f7d6d7b1239751dcfdc9eeb9f35e9fee4b40080
