[INFO] fetching crate zdc-host 0.1.0...
[INFO] testing zdc-host-0.1.0 against 1.100.0-beta.1+cargoflags=--release for beta-release-1.100-2
[INFO] extracting crate zdc-host 0.1.0 into /workspace/builds/worker-6-tc2/source
[INFO] started tweaking crates.io crate zdc-host 0.1.0
[INFO] removed 0 missing tests
[INFO] finished tweaking crates.io crate zdc-host 0.1.0
[INFO] tweaked toml for crates.io crate zdc-host 0.1.0 written to /workspace/builds/worker-6-tc2/source/Cargo.toml
[INFO] validating manifest of crates.io crate zdc-host 0.1.0 on toolchain 1.100.0-beta.1
[INFO] running `Command { std: CARGO_HOME="/workspace/cargo-home" RUSTUP_HOME="/workspace/rustup-home" "/workspace/cargo-home/bin/cargo" "+1.100.0-beta.1" "metadata" "--manifest-path" "Cargo.toml" "--no-deps", kill_on_drop: false }`
[INFO] crate crates.io crate zdc-host 0.1.0 already has a lockfile, it will not be regenerated
[INFO] running `Command { std: CARGO_HOME="/workspace/cargo-home" RUSTUP_HOME="/workspace/rustup-home" "/workspace/cargo-home/bin/cargo" "+1.100.0-beta.1" "fetch" "--manifest-path" "Cargo.toml", kill_on_drop: false }`
[INFO] running `Command { std: "docker" "create" "-v" "/var/lib/crater-agent-workspace/builds/worker-6-tc2/source:/opt/rustwide/workdir:ro,Z" "-v" "/var/lib/crater-agent-workspace/builds/worker-6-tc2/target:/opt/rustwide/target:rw,Z" "-v" "/var/lib/crater-agent-workspace/cargo-home:/opt/rustwide/cargo-home:ro,Z" "-v" "/var/lib/crater-agent-workspace/rustup-home:/opt/rustwide/rustup-home:ro,Z" "-m" "1610612736" "--network" "none" "ghcr.io/rust-lang/crates-build-env/linux@sha256:77db811e55d90add9212f6832c23229e3de5f1c1f9905e8cb07319ea15df73ac" "sleep" "infinity", kill_on_drop: false }`
[INFO] [stdout] cc2fe19d3c188ec06a83b8d37461b042d3c491f1716d798a354c4d03ad88c797
[INFO] running `Command { std: "docker" "start" "cc2fe19d3c188ec06a83b8d37461b042d3c491f1716d798a354c4d03ad88c797", kill_on_drop: false }`
[INFO] running `Command { std: "docker" "inspect" "cc2fe19d3c188ec06a83b8d37461b042d3c491f1716d798a354c4d03ad88c797", kill_on_drop: false }`
[INFO] running `Command { std: "docker" "exec" "-e" "SOURCE_DIR=/opt/rustwide/workdir" "-e" "CARGO_HOME=/opt/rustwide/cargo-home" "-e" "RUSTUP_HOME=/opt/rustwide/rustup-home" "-e" "CARGO_TARGET_DIR=/opt/rustwide/target" "-w" "/opt/rustwide/workdir" "--user" "0:0" "cc2fe19d3c188ec06a83b8d37461b042d3c491f1716d798a354c4d03ad88c797" "/opt/rustwide/cargo-home/bin/cargo" "+1.100.0-beta.1" "metadata" "--no-deps" "--format-version=1", kill_on_drop: false }`
[INFO] running `Command { std: "docker" "inspect" "cc2fe19d3c188ec06a83b8d37461b042d3c491f1716d798a354c4d03ad88c797", kill_on_drop: false }`
[INFO] running `Command { std: "docker" "exec" "-e" "SOURCE_DIR=/opt/rustwide/workdir" "-e" "CARGO_HOME=/opt/rustwide/cargo-home" "-e" "RUSTUP_HOME=/opt/rustwide/rustup-home" "-e" "CARGO_TARGET_DIR=/opt/rustwide/target" "-e" "CARGO_INCREMENTAL=0" "-e" "RUST_BACKTRACE=full" "-e" "RUSTFLAGS=--cap-lints=warn" "-e" "RUSTDOCFLAGS=--cap-lints=warn" "-w" "/opt/rustwide/workdir" "--user" "0:0" "cc2fe19d3c188ec06a83b8d37461b042d3c491f1716d798a354c4d03ad88c797" "/opt/rustwide/cargo-home/bin/cargo" "+1.100.0-beta.1" "build" "--frozen" "--message-format=json" "--release", kill_on_drop: false }`
[INFO] [stderr]    Compiling siphasher v1.0.3
[INFO] [stderr]    Compiling serde_core v1.0.229
[INFO] [stderr]    Compiling fastrand v2.5.0
[INFO] [stderr]    Compiling litemap v0.8.2
[INFO] [stderr]    Compiling serde v1.0.229
[INFO] [stderr]    Compiling rustc-hash v2.1.3
[INFO] [stderr]    Compiling writeable v0.6.3
[INFO] [stderr]    Compiling zerocopy v0.8.55
[INFO] [stderr]    Compiling cow-utils v0.1.3
[INFO] [stderr]    Compiling semver-parser v0.7.0
[INFO] [stderr]    Compiling fast-float2 v0.2.3
[INFO] [stderr]    Compiling displaydoc v0.2.7
[INFO] [stderr]    Compiling zerofrom v0.1.8
[INFO] [stderr]    Compiling thin-vec v0.2.19
[INFO] [stderr]    Compiling smallvec v1.15.2
[INFO] [stderr]    Compiling yoke v0.8.3
[INFO] [stderr]    Compiling phf_shared v0.13.1
[INFO] [stderr]    Compiling boa_macros v0.21.1
[INFO] [stderr]    Compiling icu_properties_data v2.0.1
[INFO] [stderr]    Compiling indexmap v2.14.0
[INFO] [stderr]    Compiling toml_edit v0.25.13+spec-1.1.0
[INFO] [stderr]    Compiling num-integer v0.1.46
[INFO] [stderr]    Compiling zerovec v0.11.6
[INFO] [stderr]    Compiling semver v0.9.0
[INFO] [stderr]    Compiling boa_string v0.21.1
[INFO] [stderr]    Compiling rustc_version v0.2.3
[INFO] [stderr]    Compiling futures-core v0.3.33
[INFO] [stderr]    Compiling crossbeam-utils v0.8.22
[INFO] [stderr]    Compiling icu_normalizer_data v2.0.0
[INFO] [stderr]    Compiling phf_generator v0.13.1
[INFO] [stderr]    Compiling pin-project-internal v1.1.13
[INFO] [stderr]    Compiling equator-macro v0.4.2
[INFO] [stderr]    Compiling portable-atomic v1.14.0
[INFO] [stderr]    Compiling float16 v0.1.5
[INFO] [stderr]    Compiling thiserror v2.0.19
[INFO] [stderr]    Compiling phf_macros v0.13.1
[INFO] [stderr]    Compiling time-macros v0.2.32
[INFO] [stderr]    Compiling zerotrie v0.2.4
[INFO] [stderr]    Compiling futures-lite v2.6.1
[INFO] [stderr]    Compiling equator v0.4.2
[INFO] [stderr]    Compiling parking_lot_core v0.9.12
[INFO] [stderr]    Compiling regress v0.10.5
[INFO] [stderr]    Compiling dynify-macros v0.1.2
[INFO] [stderr]    Compiling bytemuck_derive v1.11.0
[INFO] [stderr]    Compiling phf v0.13.1
[INFO] [stderr]    Compiling arrayvec v0.7.8
[INFO] [stderr]    Compiling proc-macro-crate v3.5.0
[INFO] [stderr]    Compiling pin-project v1.1.13
[INFO] [stderr]    Compiling time-core v0.1.9
[INFO] [stderr]    Compiling redb v4.1.0
[INFO] [stderr]    Compiling either v1.17.0
[INFO] [stderr]    Compiling dynify v0.1.2
[INFO] [stderr]    Compiling dashmap v6.2.1
[INFO] [stderr]    Compiling time v0.3.55
[INFO] [stderr]    Compiling small_btree v0.1.0
[INFO] [stderr]    Compiling num_enum_derive v0.7.6
[INFO] [stderr]    Compiling itertools v0.14.0
[INFO] [stderr]    Compiling aligned-vec v0.6.4
[INFO] [stderr]    Compiling intrusive-collections v0.9.7
[INFO] [stderr]    Compiling boa_gc v0.21.1
[INFO] [stderr]    Compiling futures-concurrency v7.7.1
[INFO] [stderr]    Compiling futures-channel v0.3.33
[INFO] [stderr]    Compiling bytemuck v1.25.2
[INFO] [stderr]    Compiling xsum v0.1.6
[INFO] [stderr]    Compiling tag_ptr v0.1.0
[INFO] [stderr]    Compiling tap v1.0.1
[INFO] [stderr]    Compiling zdc-runtime v0.1.0
[INFO] [stderr]    Compiling tinystr v0.8.3
[INFO] [stderr]    Compiling potential_utf v0.1.5
[INFO] [stderr]    Compiling icu_collections v2.0.0
[INFO] [stderr]    Compiling num_enum v0.7.6
[INFO] [stderr]    Compiling boa_interner v0.21.1
[INFO] [stderr]    Compiling icu_locale_core v2.2.0
[INFO] [stderr]    Compiling serde_json v1.0.151
[INFO] [stderr]    Compiling num-bigint v0.4.8
[INFO] [stderr]    Compiling icu_provider v2.2.0
[INFO] [stderr]    Compiling icu_properties v2.0.2
[INFO] [stderr]    Compiling icu_normalizer v2.0.1
[INFO] [stderr]    Compiling boa_ast v0.21.1
[INFO] [stderr]    Compiling ppv-lite86 v0.2.21
[INFO] [stderr]    Compiling rand_chacha v0.9.0
[INFO] [stderr]    Compiling rand v0.9.5
[INFO] [stderr]    Compiling zdc-store v0.1.0
[INFO] [stderr]    Compiling boa_parser v0.21.1
[INFO] [stderr]    Compiling boa_engine v0.21.1
[INFO] [stderr]    Compiling zdc-host v0.1.0 (/opt/rustwide/workdir)
[INFO] [stderr]     Finished `release` profile [optimized] target(s) in 2m 19s
[INFO] running `Command { std: "docker" "inspect" "cc2fe19d3c188ec06a83b8d37461b042d3c491f1716d798a354c4d03ad88c797", kill_on_drop: false }`
[INFO] running `Command { std: "docker" "exec" "-e" "SOURCE_DIR=/opt/rustwide/workdir" "-e" "CARGO_HOME=/opt/rustwide/cargo-home" "-e" "RUSTUP_HOME=/opt/rustwide/rustup-home" "-e" "CARGO_TARGET_DIR=/opt/rustwide/target" "-e" "CARGO_INCREMENTAL=0" "-e" "RUST_BACKTRACE=full" "-e" "RUSTFLAGS=--cap-lints=warn" "-e" "RUSTDOCFLAGS=--cap-lints=warn" "-w" "/opt/rustwide/workdir" "--user" "0:0" "cc2fe19d3c188ec06a83b8d37461b042d3c491f1716d798a354c4d03ad88c797" "/opt/rustwide/cargo-home/bin/cargo" "+1.100.0-beta.1" "test" "--frozen" "--no-run" "--message-format=json" "--release", kill_on_drop: false }`
[INFO] [stderr]    Compiling zdc-host v0.1.0 (/opt/rustwide/workdir)
[INFO] [stdout] error[E0433]: cannot find module or crate `zdc_resolve` in this scope
[INFO] [stdout]   --> tests/support/mod.rs:36:15
[INFO] [stdout]    |
[INFO] [stdout] 36 |     let hir = zdc_resolve::Resolver::new(&program)
[INFO] [stdout]    |               ^^^^^^^^^^^ use of unresolved module or unlinked crate `zdc_resolve`
[INFO] [stdout]    |
[INFO] [stdout]    = help: if you wanted to use a crate named `zdc_resolve`, use `cargo add zdc_resolve` to add it to your `Cargo.toml`
[INFO] [stdout] 
[INFO] [stdout] 
[INFO] [stdout] error[E0433]: cannot find module or crate `zdc_resolve` in this scope
[INFO] [stdout]   --> tests/support/mod.rs:36:15
[INFO] [stdout]    |
[INFO] [stdout] 36 |     let hir = zdc_resolve::Resolver::new(&program)
[INFO] [stdout]    |               ^^^^^^^^^^^ use of unresolved module or unlinked crate `zdc_resolve`
[INFO] [stdout]    |
[INFO] [stdout]    = help: if you wanted to use a crate named `zdc_resolve`, use `cargo add zdc_resolve` to add it to your `Cargo.toml`
[INFO] [stdout] 
[INFO] [stdout] 
[INFO] [stdout] error[E0433]: cannot find module or crate `zdc_resolve` in this scope
[INFO] [stdout]   --> tests/support/mod.rs:36:15
[INFO] [stdout]    |
[INFO] [stdout] 36 |     let hir = zdc_resolve::Resolver::new(&program)
[INFO] [stdout]    |               ^^^^^^^^^^^ use of unresolved module or unlinked crate `zdc_resolve`
[INFO] [stdout]    |
[INFO] [stdout]    = help: if you wanted to use a crate named `zdc_resolve`, use `cargo add zdc_resolve` to add it to your `Cargo.toml`
[INFO] [stdout] 
[INFO] [stdout] 
[INFO] [stdout] error[E0433]: cannot find module or crate `zdc_resolve` in this scope
[INFO] [stdout]   --> tests/support/mod.rs:36:15
[INFO] [stdout]    |
[INFO] [stdout] 36 |     let hir = zdc_resolve::Resolver::new(&program)
[INFO] [stdout]    |               ^^^^^^^^^^^ use of unresolved module or unlinked crate `zdc_resolve`
[INFO] [stdout]    |
[INFO] [stdout]    = help: if you wanted to use a crate named `zdc_resolve`, use `cargo add zdc_resolve` to add it to your `Cargo.toml`
[INFO] [stdout] 
[INFO] [stdout] 
[INFO] [stdout] error[E0433]: cannot find module or crate `zdc_codegen` in this scope
[INFO] [stdout]   --> tests/support/mod.rs:65:10
[INFO] [stdout]    |
[INFO] [stdout] 65 |         &zdc_codegen::Options::new(path, "test"),
[INFO] [stdout]    |          ^^^^^^^^^^^ use of unresolved module or unlinked crate `zdc_codegen`
[INFO] [stdout]    |
[INFO] [stdout]    = help: if you wanted to use a crate named `zdc_codegen`, use `cargo add zdc_codegen` to add it to your `Cargo.toml`
[INFO] [stdout] 
[INFO] [stdout] 
[INFO] [stdout] error[E0433]: cannot find module or crate `zdc_codegen` in this scope
[INFO] [stdout]   --> tests/support/mod.rs:65:10
[INFO] [stdout]    |
[INFO] [stdout] 65 |         &zdc_codegen::Options::new(path, "test"),
[INFO] [stdout]    |          ^^^^^^^^^^^ use of unresolved module or unlinked crate `zdc_codegen`
[INFO] [stdout]    |
[INFO] [stdout]    = help: if you wanted to use a crate named `zdc_codegen`, use `cargo add zdc_codegen` to add it to your `Cargo.toml`
[INFO] [stdout] 
[INFO] [stdout] 
[INFO] [stdout] error[E0433]: cannot find module or crate `zdc_codegen` in this scope
[INFO] [stdout]   --> tests/support/mod.rs:65:10
[INFO] [stdout]    |
[INFO] [stdout] 65 |         &zdc_codegen::Options::new(path, "test"),
[INFO] [stdout]    |          ^^^^^^^^^^^ use of unresolved module or unlinked crate `zdc_codegen`
[INFO] [stdout]    |
[INFO] [stdout]    = help: if you wanted to use a crate named `zdc_codegen`, use `cargo add zdc_codegen` to add it to your `Cargo.toml`
[INFO] [stdout] 
[INFO] [stdout] 
[INFO] [stdout] error[E0433]: cannot find module or crate `zdc_resolve` in this scope
[INFO] [stdout]   --> tests/support/mod.rs:36:15
[INFO] [stdout]    |
[INFO] [stdout] 36 |     let hir = zdc_resolve::Resolver::new(&program)
[INFO] [stdout]    |               ^^^^^^^^^^^ use of unresolved module or unlinked crate `zdc_resolve`
[INFO] [stdout]    |
[INFO] [stdout]    = help: if you wanted to use a crate named `zdc_resolve`, use `cargo add zdc_resolve` to add it to your `Cargo.toml`
[INFO] [stdout] 
[INFO] [stdout] 
[INFO] [stdout] error[E0433]: cannot find module or crate `zdc_resolve` in this scope
[INFO] [stdout]   --> tests/support/mod.rs:36:15
[INFO] [stdout]    |
[INFO] [stdout] 36 |     let hir = zdc_resolve::Resolver::new(&program)
[INFO] [stdout]    |               ^^^^^^^^^^^ use of unresolved module or unlinked crate `zdc_resolve`
[INFO] [stdout]    |
[INFO] [stdout]    = help: if you wanted to use a crate named `zdc_resolve`, use `cargo add zdc_resolve` to add it to your `Cargo.toml`
[INFO] [stdout] 
[INFO] [stdout] 
[INFO] [stdout] error[E0433]: cannot find module or crate `zdc_codegen` in this scope
[INFO] [stdout]   --> tests/support/mod.rs:87:17
[INFO] [stdout]    |
[INFO] [stdout] 87 |                 zdc_codegen::FunctionKind::Value => Shape::Value,
[INFO] [stdout]    |                 ^^^^^^^^^^^ use of unresolved module or unlinked crate `zdc_codegen`
[INFO] [stdout]    |
[INFO] [stdout]    = help: if you wanted to use a crate named `zdc_codegen`, use `cargo add zdc_codegen` to add it to your `Cargo.toml`
[INFO] [stdout] 
[INFO] [stdout] 
[INFO] [stdout] error[E0433]: cannot find module or crate `zdc_codegen` in this scope
[INFO] [stdout]   --> tests/support/mod.rs:88:17
[INFO] [stdout]    |
[INFO] [stdout] 88 |                 zdc_codegen::FunctionKind::Command => Shape::Command,
[INFO] [stdout]    |                 ^^^^^^^^^^^ use of unresolved module or unlinked crate `zdc_codegen`
[INFO] [stdout]    |
[INFO] [stdout]    = help: if you wanted to use a crate named `zdc_codegen`, use `cargo add zdc_codegen` to add it to your `Cargo.toml`
[INFO] [stdout] 
[INFO] [stdout] 
[INFO] [stdout] error[E0433]: cannot find module or crate `zdc_codegen` in this scope
[INFO] [stdout]   --> tests/support/mod.rs:87:17
[INFO] [stdout]    |
[INFO] [stdout] 87 |                 zdc_codegen::FunctionKind::Value => Shape::Value,
[INFO] [stdout]    |                 ^^^^^^^^^^^ use of unresolved module or unlinked crate `zdc_codegen`
[INFO] [stdout]    |
[INFO] [stdout]    = help: if you wanted to use a crate named `zdc_codegen`, use `cargo add zdc_codegen` to add it to your `Cargo.toml`
[INFO] [stdout] 
[INFO] [stdout] 
[INFO] [stdout] error[E0433]: cannot find module or crate `zdc_codegen` in this scope
[INFO] [stdout]   --> tests/support/mod.rs:87:17
[INFO] [stdout]    |
[INFO] [stdout] 87 |                 zdc_codegen::FunctionKind::Value => Shape::Value,
[INFO] [stdout]    |                 ^^^^^^^^^^^ use of unresolved module or unlinked crate `zdc_codegen`
[INFO] [stdout]    |
[INFO] [stdout]    = help: if you wanted to use a crate named `zdc_codegen`, use `cargo add zdc_codegen` to add it to your `Cargo.toml`
[INFO] [stdout] 
[INFO] [stdout] 
[INFO] [stdout] error[E0433]: cannot find module or crate `zdc_codegen` in this scope
[INFO] [stdout]    --> tests/endpoint_shapes.rs:616:17
[INFO] [stdout]     |
[INFO] [stdout] 616 |                 zdc_codegen::FunctionKind::Value => {
[INFO] [stdout]     |                 ^^^^^^^^^^^ use of unresolved module or unlinked crate `zdc_codegen`
[INFO] [stdout]     |
[INFO] [stdout]     = help: if you wanted to use a crate named `zdc_codegen`, use `cargo add zdc_codegen` to add it to your `Cargo.toml`
[INFO] [stdout] 
[INFO] [stdout] 
[INFO] [stdout] error[E0433]: cannot find module or crate `zdc_codegen` in this scope
[INFO] [stdout]    --> tests/endpoint_shapes.rs:621:17
[INFO] [stdout]     |
[INFO] [stdout] 621 |                 zdc_codegen::FunctionKind::Command => vec!["1", "\"k\""],
[INFO] [stdout]     |                 ^^^^^^^^^^^ use of unresolved module or unlinked crate `zdc_codegen`
[INFO] [stdout]     |
[INFO] [stdout]     = help: if you wanted to use a crate named `zdc_codegen`, use `cargo add zdc_codegen` to add it to your `Cargo.toml`
[INFO] [stdout] 
[INFO] [stdout] 
[INFO] [stdout] error[E0433]: cannot find module or crate `zdc_codegen` in this scope
[INFO] [stdout]   --> tests/support/mod.rs:88:17
[INFO] [stdout]    |
[INFO] [stdout] 88 |                 zdc_codegen::FunctionKind::Command => Shape::Command,
[INFO] [stdout]    |                 ^^^^^^^^^^^ use of unresolved module or unlinked crate `zdc_codegen`
[INFO] [stdout]    |
[INFO] [stdout]    = help: if you wanted to use a crate named `zdc_codegen`, use `cargo add zdc_codegen` to add it to your `Cargo.toml`
[INFO] [stdout] 
[INFO] [stdout] 
[INFO] [stdout] error[E0433]: cannot find module or crate `zdc_codegen` in this scope
[INFO] [stdout]   --> tests/support/mod.rs:88:17
[INFO] [stdout]    |
[INFO] [stdout] 88 |                 zdc_codegen::FunctionKind::Command => Shape::Command,
[INFO] [stdout]    |                 ^^^^^^^^^^^ use of unresolved module or unlinked crate `zdc_codegen`
[INFO] [stdout]    |
[INFO] [stdout]    = help: if you wanted to use a crate named `zdc_codegen`, use `cargo add zdc_codegen` to add it to your `Cargo.toml`
[INFO] [stdout] 
[INFO] [stdout] 
[INFO] [stdout] error[E0433]: cannot find module or crate `zdc_parser` in this scope
[INFO] [stdout]   --> tests/support/mod.rs:35:19
[INFO] [stdout]    |
[INFO] [stdout] 35 |     let program = zdc_parser::parse(source).unwrap_or_else(|e| panic!("{path}: {}", e.message));
[INFO] [stdout]    |                   ^^^^^^^^^^ use of unresolved module or unlinked crate `zdc_parser`
[INFO] [stdout]    |
[INFO] [stdout]    = help: if you wanted to use a crate named `zdc_parser`, use `cargo add zdc_parser` to add it to your `Cargo.toml`
[INFO] [stdout] 
[INFO] [stdout] 
[INFO] [stdout] error[E0433]: cannot find module or crate `zdc_codegen` in this scope
[INFO] [stdout]   --> tests/support/mod.rs:65:10
[INFO] [stdout]    |
[INFO] [stdout] 65 |         &zdc_codegen::Options::new(path, "test"),
[INFO] [stdout]    |          ^^^^^^^^^^^ use of unresolved module or unlinked crate `zdc_codegen`
[INFO] [stdout]    |
[INFO] [stdout]    = help: if you wanted to use a crate named `zdc_codegen`, use `cargo add zdc_codegen` to add it to your `Cargo.toml`
[INFO] [stdout] 
[INFO] [stdout] 
[INFO] [stdout] error[E0433]: cannot find module or crate `zdc_graph` in this scope
[INFO] [stdout]   --> tests/support/mod.rs:39:17
[INFO] [stdout]    |
[INFO] [stdout] 39 |     let split = zdc_graph::split(&hir);
[INFO] [stdout]    |                 ^^^^^^^^^ use of unresolved module or unlinked crate `zdc_graph`
[INFO] [stdout]    |
[INFO] [stdout]    = help: if you wanted to use a crate named `zdc_graph`, use `cargo add zdc_graph` to add it to your `Cargo.toml`
[INFO] [stdout] 
[INFO] [stdout] 
[INFO] [stdout] error[E0433]: cannot find module or crate `zdc_graph` in this scope
[INFO] [stdout]   --> tests/support/mod.rs:50:19
[INFO] [stdout]    |
[INFO] [stdout] 50 |     let verdict = zdc_graph::ifc(&hir, &split);
[INFO] [stdout]    |                   ^^^^^^^^^ use of unresolved module or unlinked crate `zdc_graph`
[INFO] [stdout]    |
[INFO] [stdout]    = help: if you wanted to use a crate named `zdc_graph`, use `cargo add zdc_graph` to add it to your `Cargo.toml`
[INFO] [stdout] 
[INFO] [stdout] 
[INFO] [stdout] error[E0433]: cannot find module or crate `zdc_types` in this scope
[INFO] [stdout]   --> tests/support/mod.rs:51:17
[INFO] [stdout]    |
[INFO] [stdout] 51 |     let table = zdc_types::check(&hir, &split).unwrap_or_else(|errors| {
[INFO] [stdout]    |                 ^^^^^^^^^ use of unresolved module or unlinked crate `zdc_types`
[INFO] [stdout]    |
[INFO] [stdout]    = help: if you wanted to use a crate named `zdc_types`, use `cargo add zdc_types` to add it to your `Cargo.toml`
[INFO] [stdout] 
[INFO] [stdout] 
[INFO] [stdout] error[E0433]: cannot find module or crate `zdc_codegen` in this scope
[INFO] [stdout]   --> tests/support/mod.rs:57:5
[INFO] [stdout]    |
[INFO] [stdout] 57 |     zdc_codegen::compile(
[INFO] [stdout]    |     ^^^^^^^^^^^ use of unresolved module or unlinked crate `zdc_codegen`
[INFO] [stdout]    |
[INFO] [stdout]    = help: if you wanted to use a crate named `zdc_codegen`, use `cargo add zdc_codegen` to add it to your `Cargo.toml`
[INFO] [stdout] 
[INFO] [stdout] 
[INFO] [stdout] error[E0433]: cannot find module or crate `zdc_codegen` in this scope
[INFO] [stdout]   --> tests/support/mod.rs:65:10
[INFO] [stdout]    |
[INFO] [stdout] 65 |         &zdc_codegen::Options::new(path, "test"),
[INFO] [stdout]    |          ^^^^^^^^^^^ use of unresolved module or unlinked crate `zdc_codegen`
[INFO] [stdout]    |
[INFO] [stdout]    = help: if you wanted to use a crate named `zdc_codegen`, use `cargo add zdc_codegen` to add it to your `Cargo.toml`
[INFO] [stdout] 
[INFO] [stdout] 
[INFO] [stdout] error[E0433]: cannot find module or crate `zdc_parser` in this scope
[INFO] [stdout]   --> tests/support/mod.rs:35:19
[INFO] [stdout]    |
[INFO] [stdout] 35 |     let program = zdc_parser::parse(source).unwrap_or_else(|e| panic!("{path}: {}", e.message));
[INFO] [stdout]    |                   ^^^^^^^^^^ use of unresolved module or unlinked crate `zdc_parser`
[INFO] [stdout]    |
[INFO] [stdout]    = help: if you wanted to use a crate named `zdc_parser`, use `cargo add zdc_parser` to add it to your `Cargo.toml`
[INFO] [stdout] 
[INFO] [stdout] 
[INFO] [stdout] error[E0433]: cannot find module or crate `zdc_parser` in this scope
[INFO] [stdout]   --> tests/support/mod.rs:35:19
[INFO] [stdout]    |
[INFO] [stdout] 35 |     let program = zdc_parser::parse(source).unwrap_or_else(|e| panic!("{path}: {}", e.message));
[INFO] [stdout]    |                   ^^^^^^^^^^ use of unresolved module or unlinked crate `zdc_parser`
[INFO] [stdout]    |
[INFO] [stdout]    = help: if you wanted to use a crate named `zdc_parser`, use `cargo add zdc_parser` to add it to your `Cargo.toml`
[INFO] [stdout] 
[INFO] [stdout] 
[INFO] [stdout] error[E0433]: cannot find module or crate `zdc_graph` in this scope
[INFO] [stdout]   --> tests/support/mod.rs:39:17
[INFO] [stdout]    |
[INFO] [stdout] 39 |     let split = zdc_graph::split(&hir);
[INFO] [stdout]    |                 ^^^^^^^^^ use of unresolved module or unlinked crate `zdc_graph`
[INFO] [stdout]    |
[INFO] [stdout]    = help: if you wanted to use a crate named `zdc_graph`, use `cargo add zdc_graph` to add it to your `Cargo.toml`
[INFO] [stdout] 
[INFO] [stdout] 
[INFO] [stdout] error[E0433]: cannot find module or crate `zdc_graph` in this scope
[INFO] [stdout]   --> tests/support/mod.rs:50:19
[INFO] [stdout]    |
[INFO] [stdout] 50 |     let verdict = zdc_graph::ifc(&hir, &split);
[INFO] [stdout]    |                   ^^^^^^^^^ use of unresolved module or unlinked crate `zdc_graph`
[INFO] [stdout]    |
[INFO] [stdout]    = help: if you wanted to use a crate named `zdc_graph`, use `cargo add zdc_graph` to add it to your `Cargo.toml`
[INFO] [stdout] 
[INFO] [stdout] 
[INFO] [stdout] error[E0433]: cannot find module or crate `zdc_types` in this scope
[INFO] [stdout]   --> tests/support/mod.rs:51:17
[INFO] [stdout]    |
[INFO] [stdout] 51 |     let table = zdc_types::check(&hir, &split).unwrap_or_else(|errors| {
[INFO] [stdout]    |                 ^^^^^^^^^ use of unresolved module or unlinked crate `zdc_types`
[INFO] [stdout]    |
[INFO] [stdout]    = help: if you wanted to use a crate named `zdc_types`, use `cargo add zdc_types` to add it to your `Cargo.toml`
[INFO] [stdout] 
[INFO] [stdout] 
[INFO] [stdout] error[E0433]: cannot find module or crate `zdc_codegen` in this scope
[INFO] [stdout]   --> tests/support/mod.rs:57:5
[INFO] [stdout]    |
[INFO] [stdout] 57 |     zdc_codegen::compile(
[INFO] [stdout]    |     ^^^^^^^^^^^ use of unresolved module or unlinked crate `zdc_codegen`
[INFO] [stdout]    |
[INFO] [stdout]    = help: if you wanted to use a crate named `zdc_codegen`, use `cargo add zdc_codegen` to add it to your `Cargo.toml`
[INFO] [stdout] 
[INFO] [stdout] 
[INFO] [stdout] error[E0433]: cannot find module or crate `zdc_graph` in this scope
[INFO] [stdout]   --> tests/support/mod.rs:39:17
[INFO] [stdout]    |
[INFO] [stdout] 39 |     let split = zdc_graph::split(&hir);
[INFO] [stdout]    |                 ^^^^^^^^^ use of unresolved module or unlinked crate `zdc_graph`
[INFO] [stdout]    |
[INFO] [stdout]    = help: if you wanted to use a crate named `zdc_graph`, use `cargo add zdc_graph` to add it to your `Cargo.toml`
[INFO] [stdout] 
[INFO] [stdout] 
[INFO] [stdout] error[E0433]: cannot find module or crate `zdc_graph` in this scope
[INFO] [stdout]   --> tests/support/mod.rs:50:19
[INFO] [stdout]    |
[INFO] [stdout] 50 |     let verdict = zdc_graph::ifc(&hir, &split);
[INFO] [stdout]    |                   ^^^^^^^^^ use of unresolved module or unlinked crate `zdc_graph`
[INFO] [stdout]    |
[INFO] [stdout]    = help: if you wanted to use a crate named `zdc_graph`, use `cargo add zdc_graph` to add it to your `Cargo.toml`
[INFO] [stdout] 
[INFO] [stdout] 
[INFO] [stdout] error[E0433]: cannot find module or crate `zdc_types` in this scope
[INFO] [stdout]   --> tests/support/mod.rs:51:17
[INFO] [stdout]    |
[INFO] [stdout] 51 |     let table = zdc_types::check(&hir, &split).unwrap_or_else(|errors| {
[INFO] [stdout]    |                 ^^^^^^^^^ use of unresolved module or unlinked crate `zdc_types`
[INFO] [stdout]    |
[INFO] [stdout]    = help: if you wanted to use a crate named `zdc_types`, use `cargo add zdc_types` to add it to your `Cargo.toml`
[INFO] [stdout] 
[INFO] [stdout] 
[INFO] [stdout] error[E0433]: cannot find module or crate `zdc_codegen` in this scope
[INFO] [stdout]   --> tests/support/mod.rs:57:5
[INFO] [stdout]    |
[INFO] [stdout] 57 |     zdc_codegen::compile(
[INFO] [stdout]    |     ^^^^^^^^^^^ use of unresolved module or unlinked crate `zdc_codegen`
[INFO] [stdout]    |
[INFO] [stdout]    = help: if you wanted to use a crate named `zdc_codegen`, use `cargo add zdc_codegen` to add it to your `Cargo.toml`
[INFO] [stdout] 
[INFO] [stdout] 
[INFO] [stdout] error[E0433]: cannot find module or crate `zdc_codegen` in this scope
[INFO] [stdout]   --> tests/support/mod.rs:87:17
[INFO] [stdout]    |
[INFO] [stdout] 87 |                 zdc_codegen::FunctionKind::Value => Shape::Value,
[INFO] [stdout]    |                 ^^^^^^^^^^^ use of unresolved module or unlinked crate `zdc_codegen`
[INFO] [stdout]    |
[INFO] [stdout]    = help: if you wanted to use a crate named `zdc_codegen`, use `cargo add zdc_codegen` to add it to your `Cargo.toml`
[INFO] [stdout] 
[INFO] [stdout] 
[INFO] [stdout] error[E0433]: cannot find module or crate `zdc_codegen` in this scope
[INFO] [stdout]   --> tests/support/mod.rs:87:17
[INFO] [stdout]    |
[INFO] [stdout] 87 |                 zdc_codegen::FunctionKind::Value => Shape::Value,
[INFO] [stdout]    |                 ^^^^^^^^^^^ use of unresolved module or unlinked crate `zdc_codegen`
[INFO] [stdout]    |
[INFO] [stdout]    = help: if you wanted to use a crate named `zdc_codegen`, use `cargo add zdc_codegen` to add it to your `Cargo.toml`
[INFO] [stdout] 
[INFO] [stdout] 
[INFO] [stdout] error[E0433]: cannot find module or crate `zdc_codegen` in this scope
[INFO] [stdout]   --> tests/support/mod.rs:65:10
[INFO] [stdout]    |
[INFO] [stdout] 65 |         &zdc_codegen::Options::new(path, "test"),
[INFO] [stdout]    |          ^^^^^^^^^^^ use of unresolved module or unlinked crate `zdc_codegen`
[INFO] [stdout]    |
[INFO] [stdout]    = help: if you wanted to use a crate named `zdc_codegen`, use `cargo add zdc_codegen` to add it to your `Cargo.toml`
[INFO] [stdout] 
[INFO] [stdout] 
[INFO] [stdout] error[E0433]: cannot find module or crate `zdc_codegen` in this scope
[INFO] [stdout]   --> tests/support/mod.rs:88:17
[INFO] [stdout]    |
[INFO] [stdout] 88 |                 zdc_codegen::FunctionKind::Command => Shape::Command,
[INFO] [stdout]    |                 ^^^^^^^^^^^ use of unresolved module or unlinked crate `zdc_codegen`
[INFO] [stdout]    |
[INFO] [stdout]    = help: if you wanted to use a crate named `zdc_codegen`, use `cargo add zdc_codegen` to add it to your `Cargo.toml`
[INFO] [stdout] 
[INFO] [stdout] 
[INFO] [stdout] error[E0433]: cannot find module or crate `zdc_codegen` in this scope
[INFO] [stdout]   --> tests/support/mod.rs:88:17
[INFO] [stdout]    |
[INFO] [stdout] 88 |                 zdc_codegen::FunctionKind::Command => Shape::Command,
[INFO] [stdout]    |                 ^^^^^^^^^^^ use of unresolved module or unlinked crate `zdc_codegen`
[INFO] [stdout]    |
[INFO] [stdout]    = help: if you wanted to use a crate named `zdc_codegen`, use `cargo add zdc_codegen` to add it to your `Cargo.toml`
[INFO] [stdout] 
[INFO] [stdout] 
[INFO] [stdout] error[E0433]: cannot find module or crate `zdc_parser` in this scope
[INFO] [stdout]   --> tests/support/mod.rs:35:19
[INFO] [stdout]    |
[INFO] [stdout] 35 |     let program = zdc_parser::parse(source).unwrap_or_else(|e| panic!("{path}: {}", e.message));
[INFO] [stdout]    |                   ^^^^^^^^^^ use of unresolved module or unlinked crate `zdc_parser`
[INFO] [stdout]    |
[INFO] [stdout]    = help: if you wanted to use a crate named `zdc_parser`, use `cargo add zdc_parser` to add it to your `Cargo.toml`
[INFO] [stdout] 
[INFO] [stdout] 
[INFO] [stdout] error[E0433]: cannot find module or crate `zdc_graph` in this scope
[INFO] [stdout]   --> tests/support/mod.rs:39:17
[INFO] [stdout]    |
[INFO] [stdout] 39 |     let split = zdc_graph::split(&hir);
[INFO] [stdout]    |                 ^^^^^^^^^ use of unresolved module or unlinked crate `zdc_graph`
[INFO] [stdout]    |
[INFO] [stdout]    = help: if you wanted to use a crate named `zdc_graph`, use `cargo add zdc_graph` to add it to your `Cargo.toml`
[INFO] [stdout] 
[INFO] [stdout] 
[INFO] [stdout] error[E0433]: cannot find module or crate `zdc_graph` in this scope
[INFO] [stdout]   --> tests/support/mod.rs:50:19
[INFO] [stdout]    |
[INFO] [stdout] 50 |     let verdict = zdc_graph::ifc(&hir, &split);
[INFO] [stdout]    |                   ^^^^^^^^^ use of unresolved module or unlinked crate `zdc_graph`
[INFO] [stdout]    |
[INFO] [stdout]    = help: if you wanted to use a crate named `zdc_graph`, use `cargo add zdc_graph` to add it to your `Cargo.toml`
[INFO] [stdout] 
[INFO] [stdout] 
[INFO] [stdout] error[E0433]: cannot find module or crate `zdc_types` in this scope
[INFO] [stdout]   --> tests/support/mod.rs:51:17
[INFO] [stdout]    |
[INFO] [stdout] 51 |     let table = zdc_types::check(&hir, &split).unwrap_or_else(|errors| {
[INFO] [stdout]    |                 ^^^^^^^^^ use of unresolved module or unlinked crate `zdc_types`
[INFO] [stdout]    |
[INFO] [stdout]    = help: if you wanted to use a crate named `zdc_types`, use `cargo add zdc_types` to add it to your `Cargo.toml`
[INFO] [stdout] 
[INFO] [stdout] 
[INFO] [stdout] error[E0433]: cannot find module or crate `zdc_codegen` in this scope
[INFO] [stdout]   --> tests/support/mod.rs:57:5
[INFO] [stdout]    |
[INFO] [stdout] 57 |     zdc_codegen::compile(
[INFO] [stdout]    |     ^^^^^^^^^^^ use of unresolved module or unlinked crate `zdc_codegen`
[INFO] [stdout]    |
[INFO] [stdout]    = help: if you wanted to use a crate named `zdc_codegen`, use `cargo add zdc_codegen` to add it to your `Cargo.toml`
[INFO] [stdout] 
[INFO] [stdout] 
[INFO] [stdout] error[E0433]: cannot find module or crate `zdc_parser` in this scope
[INFO] [stdout]   --> tests/support/mod.rs:35:19
[INFO] [stdout]    |
[INFO] [stdout] 35 |     let program = zdc_parser::parse(source).unwrap_or_else(|e| panic!("{path}: {}", e.message));
[INFO] [stdout]    |                   ^^^^^^^^^^ use of unresolved module or unlinked crate `zdc_parser`
[INFO] [stdout]    |
[INFO] [stdout]    = help: if you wanted to use a crate named `zdc_parser`, use `cargo add zdc_parser` to add it to your `Cargo.toml`
[INFO] [stdout] 
[INFO] [stdout] 
[INFO] [stdout] error[E0433]: cannot find module or crate `zdc_graph` in this scope
[INFO] [stdout]   --> tests/support/mod.rs:39:17
[INFO] [stdout]    |
[INFO] [stdout] 39 |     let split = zdc_graph::split(&hir);
[INFO] [stdout]    |                 ^^^^^^^^^ use of unresolved module or unlinked crate `zdc_graph`
[INFO] [stdout]    |
[INFO] [stdout]    = help: if you wanted to use a crate named `zdc_graph`, use `cargo add zdc_graph` to add it to your `Cargo.toml`
[INFO] [stdout] 
[INFO] [stdout] 
[INFO] [stdout] error[E0433]: cannot find module or crate `zdc_graph` in this scope
[INFO] [stdout]   --> tests/support/mod.rs:50:19
[INFO] [stdout]    |
[INFO] [stdout] 50 |     let verdict = zdc_graph::ifc(&hir, &split);
[INFO] [stdout]    |                   ^^^^^^^^^ use of unresolved module or unlinked crate `zdc_graph`
[INFO] [stdout]    |
[INFO] [stdout]    = help: if you wanted to use a crate named `zdc_graph`, use `cargo add zdc_graph` to add it to your `Cargo.toml`
[INFO] [stdout] 
[INFO] [stdout] 
[INFO] [stdout] error[E0433]: cannot find module or crate `zdc_types` in this scope
[INFO] [stdout]   --> tests/support/mod.rs:51:17
[INFO] [stdout]    |
[INFO] [stdout] 51 |     let table = zdc_types::check(&hir, &split).unwrap_or_else(|errors| {
[INFO] [stdout]    |                 ^^^^^^^^^ use of unresolved module or unlinked crate `zdc_types`
[INFO] [stdout]    |
[INFO] [stdout]    = help: if you wanted to use a crate named `zdc_types`, use `cargo add zdc_types` to add it to your `Cargo.toml`
[INFO] [stdout] 
[INFO] [stdout] 
[INFO] [stdout] error[E0433]: cannot find module or crate `zdc_codegen` in this scope
[INFO] [stdout]   --> tests/support/mod.rs:57:5
[INFO] [stdout]    |
[INFO] [stdout] 57 |     zdc_codegen::compile(
[INFO] [stdout]    |     ^^^^^^^^^^^ use of unresolved module or unlinked crate `zdc_codegen`
[INFO] [stdout]    |
[INFO] [stdout]    = help: if you wanted to use a crate named `zdc_codegen`, use `cargo add zdc_codegen` to add it to your `Cargo.toml`
[INFO] [stdout] 
[INFO] [stdout] 
[INFO] [stdout] error[E0433]: cannot find module or crate `zdc_codegen` in this scope
[INFO] [stdout]   --> tests/support/mod.rs:87:17
[INFO] [stdout]    |
[INFO] [stdout] 87 |                 zdc_codegen::FunctionKind::Value => Shape::Value,
[INFO] [stdout]    |                 ^^^^^^^^^^^ use of unresolved module or unlinked crate `zdc_codegen`
[INFO] [stdout]    |
[INFO] [stdout]    = help: if you wanted to use a crate named `zdc_codegen`, use `cargo add zdc_codegen` to add it to your `Cargo.toml`
[INFO] [stdout] 
[INFO] [stdout] 
[INFO] [stdout] error[E0433]: cannot find module or crate `zdc_codegen` in this scope
[INFO] [stdout]   --> tests/support/mod.rs:88:17
[INFO] [stdout]    |
[INFO] [stdout] 88 |                 zdc_codegen::FunctionKind::Command => Shape::Command,
[INFO] [stdout]    |                 ^^^^^^^^^^^ use of unresolved module or unlinked crate `zdc_codegen`
[INFO] [stdout]    |
[INFO] [stdout]    = help: if you wanted to use a crate named `zdc_codegen`, use `cargo add zdc_codegen` to add it to your `Cargo.toml`
[INFO] [stdout] 
[INFO] [stdout] 
[INFO] [stdout] error[E0433]: cannot find module or crate `zdc_codegen` in this scope
[INFO] [stdout]   --> tests/support/mod.rs:25:46
[INFO] [stdout]    |
[INFO] [stdout] 25 | pub fn emit(source: &str, path: &str) -> Vec<zdc_codegen::ServerFunction> {
[INFO] [stdout]    |                                              ^^^^^^^^^^^ use of unresolved module or unlinked crate `zdc_codegen`
[INFO] [stdout]    |
[INFO] [stdout]    = help: if you wanted to use a crate named `zdc_codegen`, use `cargo add zdc_codegen` to add it to your `Cargo.toml`
[INFO] [stdout] 
[INFO] [stdout] 
[INFO] [stdout] error[E0433]: cannot find module or crate `zdc_codegen` in this scope
[INFO] [stdout]   --> tests/support/mod.rs:34:44
[INFO] [stdout]    |
[INFO] [stdout] 34 | pub fn bundle(source: &str, path: &str) -> zdc_codegen::Bundle {
[INFO] [stdout]    |                                            ^^^^^^^^^^^ use of unresolved module or unlinked crate `zdc_codegen`
[INFO] [stdout]    |
[INFO] [stdout]    = help: if you wanted to use a crate named `zdc_codegen`, use `cargo add zdc_codegen` to add it to your `Cargo.toml`
[INFO] [stdout] 
[INFO] [stdout] 
[INFO] [stdout] error[E0433]: cannot find module or crate `zdc_codegen` in this scope
[INFO] [stdout]   --> tests/support/mod.rs:81:33
[INFO] [stdout]    |
[INFO] [stdout] 81 | pub fn endpoints(functions: Vec<zdc_codegen::ServerFunction>) -> Endpoints {
[INFO] [stdout]    |                                 ^^^^^^^^^^^ use of unresolved module or unlinked crate `zdc_codegen`
[INFO] [stdout]    |
[INFO] [stdout]    = help: if you wanted to use a crate named `zdc_codegen`, use `cargo add zdc_codegen` to add it to your `Cargo.toml`
[INFO] [stdout] 
[INFO] [stdout] 
[INFO] [stdout] error[E0433]: cannot find module or crate `zdc_codegen` in this scope
[INFO] [stdout]   --> tests/support/mod.rs:70:44
[INFO] [stdout]    |
[INFO] [stdout] 70 | pub fn emit_example(relative: &str) -> Vec<zdc_codegen::ServerFunction> {
[INFO] [stdout]    |                                            ^^^^^^^^^^^ use of unresolved module or unlinked crate `zdc_codegen`
[INFO] [stdout]    |
[INFO] [stdout]    = help: if you wanted to use a crate named `zdc_codegen`, use `cargo add zdc_codegen` to add it to your `Cargo.toml`
[INFO] [stdout] 
[INFO] [stdout] 
[INFO] [stdout] error[E0433]: cannot find module or crate `zdc_codegen` in this scope
[INFO] [stdout]   --> tests/support/mod.rs:58:10
[INFO] [stdout]    |
[INFO] [stdout] 58 |         &zdc_codegen::Inputs {
[INFO] [stdout]    |          ^^^^^^^^^^^ use of unresolved module or unlinked crate `zdc_codegen`
[INFO] [stdout]    |
[INFO] [stdout]    = help: if you wanted to use a crate named `zdc_codegen`, use `cargo add zdc_codegen` to add it to your `Cargo.toml`
[INFO] [stdout] 
[INFO] [stdout] 
[INFO] [stdout] For more information about this error, try `rustc --explain E0433`.
[INFO] [stdout] 
[INFO] [stdout] error[E0433]: cannot find module or crate `zdc_parser` in this scope
[INFO] [stdout]   --> tests/support/mod.rs:35:19
[INFO] [stdout]    |
[INFO] [stdout] 35 |     let program = zdc_parser::parse(source).unwrap_or_else(|e| panic!("{path}: {}", e.message));
[INFO] [stdout]    |                   ^^^^^^^^^^ use of unresolved module or unlinked crate `zdc_parser`
[INFO] [stdout]    |
[INFO] [stdout]    = help: if you wanted to use a crate named `zdc_parser`, use `cargo add zdc_parser` to add it to your `Cargo.toml`
[INFO] [stdout] 
[INFO] [stdout] 
[INFO] [stdout] error[E0433]: cannot find module or crate `zdc_graph` in this scope
[INFO] [stdout]   --> tests/support/mod.rs:39:17
[INFO] [stdout]    |
[INFO] [stdout] 39 |     let split = zdc_graph::split(&hir);
[INFO] [stdout]    |                 ^^^^^^^^^ use of unresolved module or unlinked crate `zdc_graph`
[INFO] [stdout]    |
[INFO] [stdout]    = help: if you wanted to use a crate named `zdc_graph`, use `cargo add zdc_graph` to add it to your `Cargo.toml`
[INFO] [stdout] 
[INFO] [stdout] 
[INFO] [stdout] error[E0433]: cannot find module or crate `zdc_graph` in this scope
[INFO] [stdout]   --> tests/support/mod.rs:50:19
[INFO] [stdout]    |
[INFO] [stdout] 50 |     let verdict = zdc_graph::ifc(&hir, &split);
[INFO] [stdout]    |                   ^^^^^^^^^ use of unresolved module or unlinked crate `zdc_graph`
[INFO] [stdout]    |
[INFO] [stdout]    = help: if you wanted to use a crate named `zdc_graph`, use `cargo add zdc_graph` to add it to your `Cargo.toml`
[INFO] [stdout] 
[INFO] [stdout] 
[INFO] [stderr] error: could not compile `zdc-host` (test "endpoint_shapes") due to 16 previous errors
[INFO] [stdout] error[E0433]: cannot find module or crate `zdc_types` in this scope
[INFO] [stdout]   --> tests/support/mod.rs:51:17
[INFO] [stdout]    |
[INFO] [stdout] 51 |     let table = zdc_types::check(&hir, &split).unwrap_or_else(|errors| {
[INFO] [stdout]    |                 ^^^^^^^^^ use of unresolved module or unlinked crate `zdc_types`
[INFO] [stdout]    |
[INFO] [stdout]    = help: if you wanted to use a crate named `zdc_types`, use `cargo add zdc_types` to add it to your `Cargo.toml`
[INFO] [stdout] 
[INFO] [stdout] 
[INFO] [stderr] warning: build failed, waiting for other jobs to finish...
[INFO] [stdout] error[E0433]: cannot find module or crate `zdc_codegen` in this scope
[INFO] [stdout]   --> tests/support/mod.rs:57:5
[INFO] [stdout]    |
[INFO] [stdout] 57 |     zdc_codegen::compile(
[INFO] [stdout]    |     ^^^^^^^^^^^ use of unresolved module or unlinked crate `zdc_codegen`
[INFO] [stdout]    |
[INFO] [stdout]    = help: if you wanted to use a crate named `zdc_codegen`, use `cargo add zdc_codegen` to add it to your `Cargo.toml`
[INFO] [stdout] 
[INFO] [stdout] 
[INFO] [stdout] error[E0433]: cannot find module or crate `zdc_codegen` in this scope
[INFO] [stdout]   --> tests/support/mod.rs:25:46
[INFO] [stdout]    |
[INFO] [stdout] 25 | pub fn emit(source: &str, path: &str) -> Vec<zdc_codegen::ServerFunction> {
[INFO] [stdout]    |                                              ^^^^^^^^^^^ use of unresolved module or unlinked crate `zdc_codegen`
[INFO] [stdout]    |
[INFO] [stdout]    = help: if you wanted to use a crate named `zdc_codegen`, use `cargo add zdc_codegen` to add it to your `Cargo.toml`
[INFO] [stdout] 
[INFO] [stdout] 
[INFO] [stdout] error[E0433]: cannot find module or crate `zdc_codegen` in this scope
[INFO] [stdout]   --> tests/support/mod.rs:34:44
[INFO] [stdout]    |
[INFO] [stdout] 34 | pub fn bundle(source: &str, path: &str) -> zdc_codegen::Bundle {
[INFO] [stdout]    |                                            ^^^^^^^^^^^ use of unresolved module or unlinked crate `zdc_codegen`
[INFO] [stdout]    |
[INFO] [stdout]    = help: if you wanted to use a crate named `zdc_codegen`, use `cargo add zdc_codegen` to add it to your `Cargo.toml`
[INFO] [stdout] 
[INFO] [stdout] 
[INFO] [stdout] error[E0433]: cannot find module or crate `zdc_codegen` in this scope
[INFO] [stdout]   --> tests/support/mod.rs:81:33
[INFO] [stdout]    |
[INFO] [stdout] 81 | pub fn endpoints(functions: Vec<zdc_codegen::ServerFunction>) -> Endpoints {
[INFO] [stdout]    |                                 ^^^^^^^^^^^ use of unresolved module or unlinked crate `zdc_codegen`
[INFO] [stdout]    |
[INFO] [stdout]    = help: if you wanted to use a crate named `zdc_codegen`, use `cargo add zdc_codegen` to add it to your `Cargo.toml`
[INFO] [stdout] 
[INFO] [stdout] 
[INFO] [stdout] error[E0433]: cannot find module or crate `zdc_codegen` in this scope
[INFO] [stdout]   --> tests/support/mod.rs:70:44
[INFO] [stdout]    |
[INFO] [stdout] 70 | pub fn emit_example(relative: &str) -> Vec<zdc_codegen::ServerFunction> {
[INFO] [stdout]    |                                            ^^^^^^^^^^^ use of unresolved module or unlinked crate `zdc_codegen`
[INFO] [stdout]    |
[INFO] [stdout]    = help: if you wanted to use a crate named `zdc_codegen`, use `cargo add zdc_codegen` to add it to your `Cargo.toml`
[INFO] [stdout] 
[INFO] [stdout] 
[INFO] [stdout] error[E0433]: cannot find module or crate `zdc_codegen` in this scope
[INFO] [stdout]   --> tests/support/mod.rs:58:10
[INFO] [stdout]    |
[INFO] [stdout] 58 |         &zdc_codegen::Inputs {
[INFO] [stdout]    |          ^^^^^^^^^^^ use of unresolved module or unlinked crate `zdc_codegen`
[INFO] [stdout]    |
[INFO] [stdout]    = help: if you wanted to use a crate named `zdc_codegen`, use `cargo add zdc_codegen` to add it to your `Cargo.toml`
[INFO] [stdout] 
[INFO] [stdout] 
[INFO] [stdout] For more information about this error, try `rustc --explain E0433`.
[INFO] [stdout] 
[INFO] [stderr] error: could not compile `zdc-host` (test "emitted") due to 14 previous errors
[INFO] [stdout] error[E0433]: cannot find module or crate `zdc_codegen` in this scope
[INFO] [stdout]   --> tests/support/mod.rs:25:46
[INFO] [stdout]    |
[INFO] [stdout] 25 | pub fn emit(source: &str, path: &str) -> Vec<zdc_codegen::ServerFunction> {
[INFO] [stdout]    |                                              ^^^^^^^^^^^ use of unresolved module or unlinked crate `zdc_codegen`
[INFO] [stdout]    |
[INFO] [stdout]    = help: if you wanted to use a crate named `zdc_codegen`, use `cargo add zdc_codegen` to add it to your `Cargo.toml`
[INFO] [stdout] 
[INFO] [stdout] 
[INFO] [stdout] error[E0433]: cannot find module or crate `zdc_codegen` in this scope
[INFO] [stdout]   --> tests/support/mod.rs:34:44
[INFO] [stdout]    |
[INFO] [stdout] 34 | pub fn bundle(source: &str, path: &str) -> zdc_codegen::Bundle {
[INFO] [stdout]    |                                            ^^^^^^^^^^^ use of unresolved module or unlinked crate `zdc_codegen`
[INFO] [stdout]    |
[INFO] [stdout]    = help: if you wanted to use a crate named `zdc_codegen`, use `cargo add zdc_codegen` to add it to your `Cargo.toml`
[INFO] [stdout] 
[INFO] [stdout] 
[INFO] [stdout] error[E0433]: cannot find module or crate `zdc_codegen` in this scope
[INFO] [stdout]   --> tests/support/mod.rs:81:33
[INFO] [stdout]    |
[INFO] [stdout] 81 | pub fn endpoints(functions: Vec<zdc_codegen::ServerFunction>) -> Endpoints {
[INFO] [stdout]    |                                 ^^^^^^^^^^^ use of unresolved module or unlinked crate `zdc_codegen`
[INFO] [stdout]    |
[INFO] [stdout]    = help: if you wanted to use a crate named `zdc_codegen`, use `cargo add zdc_codegen` to add it to your `Cargo.toml`
[INFO] [stdout] 
[INFO] [stdout] 
[INFO] [stdout] error[E0433]: cannot find module or crate `zdc_codegen` in this scope
[INFO] [stdout]   --> tests/support/mod.rs:70:44
[INFO] [stdout]    |
[INFO] [stdout] 70 | pub fn emit_example(relative: &str) -> Vec<zdc_codegen::ServerFunction> {
[INFO] [stdout]    |                                            ^^^^^^^^^^^ use of unresolved module or unlinked crate `zdc_codegen`
[INFO] [stdout]    |
[INFO] [stdout]    = help: if you wanted to use a crate named `zdc_codegen`, use `cargo add zdc_codegen` to add it to your `Cargo.toml`
[INFO] [stdout] 
[INFO] [stdout] 
[INFO] [stdout] error[E0433]: cannot find module or crate `zdc_codegen` in this scope
[INFO] [stdout]   --> tests/support/mod.rs:58:10
[INFO] [stdout]    |
[INFO] [stdout] 58 |         &zdc_codegen::Inputs {
[INFO] [stdout]    |          ^^^^^^^^^^^ use of unresolved module or unlinked crate `zdc_codegen`
[INFO] [stdout]    |
[INFO] [stdout]    = help: if you wanted to use a crate named `zdc_codegen`, use `cargo add zdc_codegen` to add it to your `Cargo.toml`
[INFO] [stdout] 
[INFO] [stdout] 
[INFO] [stdout] For more information about this error, try `rustc --explain E0433`.
[INFO] [stdout] 
[INFO] [stderr] error: could not compile `zdc-host` (test "appended_list") due to 14 previous errors
[INFO] [stdout] error[E0433]: cannot find module or crate `zdc_parser` in this scope
[INFO] [stdout]    --> tests/round_trip.rs:342:9
[INFO] [stdout]     |
[INFO] [stdout] 342 |         zdc_parser::parse(source).is_err(),
[INFO] [stdout]     |         ^^^^^^^^^^ use of unresolved module or unlinked crate `zdc_parser`
[INFO] [stdout]     |
[INFO] [stdout]     = help: if you wanted to use a crate named `zdc_parser`, use `cargo add zdc_parser` to add it to your `Cargo.toml`
[INFO] [stdout] 
[INFO] [stdout] 
[INFO] [stdout] error[E0433]: cannot find module or crate `zdc_codegen` in this scope
[INFO] [stdout]   --> tests/support/mod.rs:25:46
[INFO] [stdout]    |
[INFO] [stdout] 25 | pub fn emit(source: &str, path: &str) -> Vec<zdc_codegen::ServerFunction> {
[INFO] [stdout]    |                                              ^^^^^^^^^^^ use of unresolved module or unlinked crate `zdc_codegen`
[INFO] [stdout]    |
[INFO] [stdout]    = help: if you wanted to use a crate named `zdc_codegen`, use `cargo add zdc_codegen` to add it to your `Cargo.toml`
[INFO] [stdout] 
[INFO] [stdout] 
[INFO] [stdout] error[E0433]: cannot find module or crate `zdc_codegen` in this scope
[INFO] [stdout]   --> tests/support/mod.rs:34:44
[INFO] [stdout]    |
[INFO] [stdout] 34 | pub fn bundle(source: &str, path: &str) -> zdc_codegen::Bundle {
[INFO] [stdout]    |                                            ^^^^^^^^^^^ use of unresolved module or unlinked crate `zdc_codegen`
[INFO] [stdout]    |
[INFO] [stdout]    = help: if you wanted to use a crate named `zdc_codegen`, use `cargo add zdc_codegen` to add it to your `Cargo.toml`
[INFO] [stdout] 
[INFO] [stdout] 
[INFO] [stdout] error[E0433]: cannot find module or crate `zdc_codegen` in this scope
[INFO] [stdout]   --> tests/support/mod.rs:81:33
[INFO] [stdout]    |
[INFO] [stdout] 81 | pub fn endpoints(functions: Vec<zdc_codegen::ServerFunction>) -> Endpoints {
[INFO] [stdout]    |                                 ^^^^^^^^^^^ use of unresolved module or unlinked crate `zdc_codegen`
[INFO] [stdout]    |
[INFO] [stdout]    = help: if you wanted to use a crate named `zdc_codegen`, use `cargo add zdc_codegen` to add it to your `Cargo.toml`
[INFO] [stdout] 
[INFO] [stdout] 
[INFO] [stdout] error[E0433]: cannot find module or crate `zdc_codegen` in this scope
[INFO] [stdout]   --> tests/support/mod.rs:70:44
[INFO] [stdout]    |
[INFO] [stdout] 70 | pub fn emit_example(relative: &str) -> Vec<zdc_codegen::ServerFunction> {
[INFO] [stdout]    |                                            ^^^^^^^^^^^ use of unresolved module or unlinked crate `zdc_codegen`
[INFO] [stdout]    |
[INFO] [stdout]    = help: if you wanted to use a crate named `zdc_codegen`, use `cargo add zdc_codegen` to add it to your `Cargo.toml`
[INFO] [stdout] 
[INFO] [stdout] 
[INFO] [stdout] error[E0433]: cannot find module or crate `zdc_codegen` in this scope
[INFO] [stdout]   --> tests/support/mod.rs:58:10
[INFO] [stdout]    |
[INFO] [stdout] 58 |         &zdc_codegen::Inputs {
[INFO] [stdout]    |          ^^^^^^^^^^^ use of unresolved module or unlinked crate `zdc_codegen`
[INFO] [stdout]    |
[INFO] [stdout]    = help: if you wanted to use a crate named `zdc_codegen`, use `cargo add zdc_codegen` to add it to your `Cargo.toml`
[INFO] [stdout] 
[INFO] [stdout] 
[INFO] [stdout] For more information about this error, try `rustc --explain E0433`.
[INFO] [stdout] 
[INFO] [stderr] error: could not compile `zdc-host` (test "two_windows") due to 14 previous errors
[INFO] [stdout] error[E0433]: cannot find module or crate `zdc_codegen` in this scope
[INFO] [stdout]   --> tests/support/mod.rs:25:46
[INFO] [stdout]    |
[INFO] [stdout] 25 | pub fn emit(source: &str, path: &str) -> Vec<zdc_codegen::ServerFunction> {
[INFO] [stdout]    |                                              ^^^^^^^^^^^ use of unresolved module or unlinked crate `zdc_codegen`
[INFO] [stdout]    |
[INFO] [stdout]    = help: if you wanted to use a crate named `zdc_codegen`, use `cargo add zdc_codegen` to add it to your `Cargo.toml`
[INFO] [stdout] 
[INFO] [stdout] 
[INFO] [stdout] error[E0433]: cannot find module or crate `zdc_codegen` in this scope
[INFO] [stdout]   --> tests/support/mod.rs:34:44
[INFO] [stdout]    |
[INFO] [stdout] 34 | pub fn bundle(source: &str, path: &str) -> zdc_codegen::Bundle {
[INFO] [stdout]    |                                            ^^^^^^^^^^^ use of unresolved module or unlinked crate `zdc_codegen`
[INFO] [stdout]    |
[INFO] [stdout]    = help: if you wanted to use a crate named `zdc_codegen`, use `cargo add zdc_codegen` to add it to your `Cargo.toml`
[INFO] [stdout] 
[INFO] [stdout] 
[INFO] [stdout] error[E0433]: cannot find module or crate `zdc_codegen` in this scope
[INFO] [stdout]   --> tests/support/mod.rs:58:10
[INFO] [stdout]    |
[INFO] [stdout] 58 |         &zdc_codegen::Inputs {
[INFO] [stdout]    |          ^^^^^^^^^^^ use of unresolved module or unlinked crate `zdc_codegen`
[INFO] [stdout]    |
[INFO] [stdout]    = help: if you wanted to use a crate named `zdc_codegen`, use `cargo add zdc_codegen` to add it to your `Cargo.toml`
[INFO] [stdout] 
[INFO] [stdout] 
[INFO] [stdout] error[E0433]: cannot find module or crate `zdc_codegen` in this scope
[INFO] [stdout]   --> tests/support/mod.rs:81:33
[INFO] [stdout]    |
[INFO] [stdout] 81 | pub fn endpoints(functions: Vec<zdc_codegen::ServerFunction>) -> Endpoints {
[INFO] [stdout]    |                                 ^^^^^^^^^^^ use of unresolved module or unlinked crate `zdc_codegen`
[INFO] [stdout]    |
[INFO] [stdout]    = help: if you wanted to use a crate named `zdc_codegen`, use `cargo add zdc_codegen` to add it to your `Cargo.toml`
[INFO] [stdout] 
[INFO] [stdout] 
[INFO] [stdout] error[E0433]: cannot find module or crate `zdc_codegen` in this scope
[INFO] [stdout]   --> tests/support/mod.rs:70:44
[INFO] [stdout]    |
[INFO] [stdout] 70 | pub fn emit_example(relative: &str) -> Vec<zdc_codegen::ServerFunction> {
[INFO] [stdout]    |                                            ^^^^^^^^^^^ use of unresolved module or unlinked crate `zdc_codegen`
[INFO] [stdout]    |
[INFO] [stdout]    = help: if you wanted to use a crate named `zdc_codegen`, use `cargo add zdc_codegen` to add it to your `Cargo.toml`
[INFO] [stdout] 
[INFO] [stdout] 
[INFO] [stdout] For more information about this error, try `rustc --explain E0433`.
[INFO] [stdout] 
[INFO] [stderr] error: could not compile `zdc-host` (test "round_trip") due to 15 previous errors
[INFO] [stdout] error[E0433]: cannot find module or crate `zdc_codegen` in this scope
[INFO] [stdout]   --> tests/support/mod.rs:25:46
[INFO] [stdout]    |
[INFO] [stdout] 25 | pub fn emit(source: &str, path: &str) -> Vec<zdc_codegen::ServerFunction> {
[INFO] [stdout]    |                                              ^^^^^^^^^^^ use of unresolved module or unlinked crate `zdc_codegen`
[INFO] [stdout]    |
[INFO] [stdout]    = help: if you wanted to use a crate named `zdc_codegen`, use `cargo add zdc_codegen` to add it to your `Cargo.toml`
[INFO] [stdout] 
[INFO] [stdout] 
[INFO] [stdout] error[E0433]: cannot find module or crate `zdc_codegen` in this scope
[INFO] [stdout]   --> tests/support/mod.rs:34:44
[INFO] [stdout]    |
[INFO] [stdout] 34 | pub fn bundle(source: &str, path: &str) -> zdc_codegen::Bundle {
[INFO] [stdout]    |                                            ^^^^^^^^^^^ use of unresolved module or unlinked crate `zdc_codegen`
[INFO] [stdout]    |
[INFO] [stdout]    = help: if you wanted to use a crate named `zdc_codegen`, use `cargo add zdc_codegen` to add it to your `Cargo.toml`
[INFO] [stdout] 
[INFO] [stdout] 
[INFO] [stdout] error[E0433]: cannot find module or crate `zdc_codegen` in this scope
[INFO] [stdout]   --> tests/support/mod.rs:81:33
[INFO] [stdout]    |
[INFO] [stdout] 81 | pub fn endpoints(functions: Vec<zdc_codegen::ServerFunction>) -> Endpoints {
[INFO] [stdout]    |                                 ^^^^^^^^^^^ use of unresolved module or unlinked crate `zdc_codegen`
[INFO] [stdout]    |
[INFO] [stdout]    = help: if you wanted to use a crate named `zdc_codegen`, use `cargo add zdc_codegen` to add it to your `Cargo.toml`
[INFO] [stdout] 
[INFO] [stdout] 
[INFO] [stdout] error[E0433]: cannot find module or crate `zdc_codegen` in this scope
[INFO] [stdout]   --> tests/support/mod.rs:70:44
[INFO] [stdout]    |
[INFO] [stdout] 70 | pub fn emit_example(relative: &str) -> Vec<zdc_codegen::ServerFunction> {
[INFO] [stdout]    |                                            ^^^^^^^^^^^ use of unresolved module or unlinked crate `zdc_codegen`
[INFO] [stdout]    |
[INFO] [stdout]    = help: if you wanted to use a crate named `zdc_codegen`, use `cargo add zdc_codegen` to add it to your `Cargo.toml`
[INFO] [stdout] 
[INFO] [stdout] 
[INFO] [stdout] error[E0433]: cannot find module or crate `zdc_codegen` in this scope
[INFO] [stdout]   --> tests/support/mod.rs:58:10
[INFO] [stdout]    |
[INFO] [stdout] 58 |         &zdc_codegen::Inputs {
[INFO] [stdout]    |          ^^^^^^^^^^^ use of unresolved module or unlinked crate `zdc_codegen`
[INFO] [stdout]    |
[INFO] [stdout]    = help: if you wanted to use a crate named `zdc_codegen`, use `cargo add zdc_codegen` to add it to your `Cargo.toml`
[INFO] [stdout] 
[INFO] [stdout] 
[INFO] [stdout] For more information about this error, try `rustc --explain E0433`.
[INFO] [stdout] 
[INFO] [stderr] error: could not compile `zdc-host` (test "transaction") due to 14 previous errors
[INFO] running `Command { std: "docker" "inspect" "cc2fe19d3c188ec06a83b8d37461b042d3c491f1716d798a354c4d03ad88c797", kill_on_drop: false }`
[INFO] running `Command { std: "docker" "rm" "-f" "cc2fe19d3c188ec06a83b8d37461b042d3c491f1716d798a354c4d03ad88c797", kill_on_drop: false }`
[INFO] [stdout] cc2fe19d3c188ec06a83b8d37461b042d3c491f1716d798a354c4d03ad88c797
