[INFO] fetching crate zdc-deploy 0.1.0...
[INFO] testing zdc-deploy-0.1.0 against 1.99.0-beta.8+cargoflags=--release for beta-release-1.100-2
[INFO] extracting crate zdc-deploy 0.1.0 into /workspace/builds/worker-0-tc1/source
[INFO] started tweaking crates.io crate zdc-deploy 0.1.0
[INFO] removed 0 missing tests
[INFO] finished tweaking crates.io crate zdc-deploy 0.1.0
[INFO] tweaked toml for crates.io crate zdc-deploy 0.1.0 written to /workspace/builds/worker-0-tc1/source/Cargo.toml
[INFO] validating manifest of crates.io crate zdc-deploy 0.1.0 on toolchain 1.99.0-beta.8
[INFO] running `Command { std: CARGO_HOME="/workspace/cargo-home" RUSTUP_HOME="/workspace/rustup-home" "/workspace/cargo-home/bin/cargo" "+1.99.0-beta.8" "metadata" "--manifest-path" "Cargo.toml" "--no-deps", kill_on_drop: false }`
[INFO] crate crates.io crate zdc-deploy 0.1.0 already has a lockfile, it will not be regenerated
[INFO] running `Command { std: CARGO_HOME="/workspace/cargo-home" RUSTUP_HOME="/workspace/rustup-home" "/workspace/cargo-home/bin/cargo" "+1.99.0-beta.8" "fetch" "--manifest-path" "Cargo.toml", kill_on_drop: false }`
[INFO] [stderr]     Updating crates.io index
[INFO] [stderr]  Downloading crates ...
[INFO] [stderr]   Downloaded zdc-hir v0.1.0
[INFO] [stderr]   Downloaded cow-utils v0.1.3
[INFO] [stderr]   Downloaded tag_ptr v0.1.0
[INFO] [stderr]   Downloaded boa_interner v0.21.1
[INFO] [stderr]   Downloaded dynify-macros v0.1.2
[INFO] [stderr]   Downloaded xsum v0.1.6
[INFO] [stderr]   Downloaded small_btree v0.1.0
[INFO] [stderr]   Downloaded fast-float2 v0.2.3
[INFO] [stderr]   Downloaded dynify v0.1.2
[INFO] [stderr]   Downloaded boa_string v0.21.1
[INFO] [stderr]   Downloaded boa_macros v0.21.1
[INFO] [stderr]   Downloaded boa_gc v0.21.1
[INFO] [stderr]   Downloaded zdc-lexer v0.1.0
[INFO] [stderr]   Downloaded thin-vec v0.2.19
[INFO] [stderr]   Downloaded intrusive-collections v0.9.7
[INFO] [stderr]   Downloaded icu_normalizer v2.0.1
[INFO] [stderr]   Downloaded float16 v0.1.5
[INFO] [stderr]   Downloaded icu_properties v2.0.2
[INFO] [stderr]   Downloaded futures-concurrency v7.7.1
[INFO] [stderr]   Downloaded zdc-types v0.1.0
[INFO] [stderr]   Downloaded boa_ast v0.21.1
[INFO] [stderr]   Downloaded boa_parser v0.21.1
[INFO] [stderr]   Downloaded zdc-graph v0.1.0
[INFO] [stderr]   Downloaded regress v0.10.5
[INFO] [stderr]   Downloaded zdc-codegen v0.1.0
[INFO] [stderr]   Downloaded zdc-runtime v0.1.0
[INFO] [stderr]   Downloaded boa_engine v0.21.1
[INFO] [stderr]   Downloaded ryu-js v1.0.3
[INFO] [stderr]   Downloaded zdc-ast v0.1.0
[INFO] running `Command { std: "docker" "create" "-v" "/var/lib/crater-agent-workspace/builds/worker-0-tc1/source:/opt/rustwide/workdir:ro,Z" "-v" "/var/lib/crater-agent-workspace/builds/worker-0-tc1/target:/opt/rustwide/target:rw,Z" "-v" "/var/lib/crater-agent-workspace/cargo-home:/opt/rustwide/cargo-home:ro,Z" "-v" "/var/lib/crater-agent-workspace/rustup-home:/opt/rustwide/rustup-home:ro,Z" "-m" "1610612736" "--network" "none" "ghcr.io/rust-lang/crates-build-env/linux@sha256:77db811e55d90add9212f6832c23229e3de5f1c1f9905e8cb07319ea15df73ac" "sleep" "infinity", kill_on_drop: false }`
[INFO] [stdout] 98313016c78e6e997ba65ec78cc20fd9037ad9f2d63365c13cb014314c4bd750
[INFO] running `Command { std: "docker" "start" "98313016c78e6e997ba65ec78cc20fd9037ad9f2d63365c13cb014314c4bd750", kill_on_drop: false }`
[INFO] running `Command { std: "docker" "inspect" "98313016c78e6e997ba65ec78cc20fd9037ad9f2d63365c13cb014314c4bd750", kill_on_drop: false }`
[INFO] running `Command { std: "docker" "exec" "-e" "SOURCE_DIR=/opt/rustwide/workdir" "-e" "CARGO_HOME=/opt/rustwide/cargo-home" "-e" "RUSTUP_HOME=/opt/rustwide/rustup-home" "-e" "CARGO_TARGET_DIR=/opt/rustwide/target" "-w" "/opt/rustwide/workdir" "--user" "0:0" "98313016c78e6e997ba65ec78cc20fd9037ad9f2d63365c13cb014314c4bd750" "/opt/rustwide/cargo-home/bin/cargo" "+1.99.0-beta.8" "metadata" "--no-deps" "--format-version=1", kill_on_drop: false }`
[INFO] running `Command { std: "docker" "inspect" "98313016c78e6e997ba65ec78cc20fd9037ad9f2d63365c13cb014314c4bd750", kill_on_drop: false }`
[INFO] running `Command { std: "docker" "exec" "-e" "SOURCE_DIR=/opt/rustwide/workdir" "-e" "CARGO_HOME=/opt/rustwide/cargo-home" "-e" "RUSTUP_HOME=/opt/rustwide/rustup-home" "-e" "CARGO_TARGET_DIR=/opt/rustwide/target" "-e" "CARGO_INCREMENTAL=0" "-e" "RUST_BACKTRACE=full" "-e" "RUSTFLAGS=--cap-lints=warn" "-e" "RUSTDOCFLAGS=--cap-lints=warn" "-w" "/opt/rustwide/workdir" "--user" "0:0" "98313016c78e6e997ba65ec78cc20fd9037ad9f2d63365c13cb014314c4bd750" "/opt/rustwide/cargo-home/bin/cargo" "+1.99.0-beta.8" "build" "--frozen" "--message-format=json" "--release", kill_on_drop: false }`
[INFO] [stderr]    Compiling proc-macro2 v1.0.107
[INFO] [stderr]    Compiling stable_deref_trait v1.2.1
[INFO] [stderr]    Compiling libc v0.2.189
[INFO] [stderr]    Compiling serde_core v1.0.229
[INFO] [stderr]    Compiling siphasher v1.0.3
[INFO] [stderr]    Compiling foldhash v0.2.0
[INFO] [stderr]    Compiling regex-syntax v0.8.11
[INFO] [stderr]    Compiling lazy_static v1.5.0
[INFO] [stderr]    Compiling fastrand v2.5.0
[INFO] [stderr]    Compiling num-traits v0.2.19
[INFO] [stderr]    Compiling beef v0.5.2
[INFO] [stderr]    Compiling winnow v1.0.4
[INFO] [stderr]    Compiling writeable v0.6.3
[INFO] [stderr]    Compiling static_assertions v1.1.0
[INFO] [stderr]    Compiling semver-parser v0.7.0
[INFO] [stderr]    Compiling ryu-js v1.0.3
[INFO] [stderr]    Compiling cow-utils v0.1.3
[INFO] [stderr]    Compiling zerocopy v0.8.55
[INFO] [stderr]    Compiling litemap v0.8.2
[INFO] [stderr]    Compiling serde v1.0.229
[INFO] [stderr]    Compiling hashbrown v0.16.1
[INFO] [stderr]    Compiling fast-float2 v0.2.3
[INFO] [stderr]    Compiling phf_shared v0.13.1
[INFO] [stderr]    Compiling rustc-hash v2.1.3
[INFO] [stderr]    Compiling getrandom v0.3.4
[INFO] [stderr]    Compiling boa_string v0.21.1
[INFO] [stderr]    Compiling semver v0.9.0
[INFO] [stderr]    Compiling indexmap v2.14.0
[INFO] [stderr]    Compiling thin-vec v0.2.19
[INFO] [stderr]    Compiling phf_generator v0.13.1
[INFO] [stderr]    Compiling smallvec v1.15.2
[INFO] [stderr]    Compiling toml_datetime v1.1.1+spec-1.1.0
[INFO] [stderr]    Compiling icu_properties_data v2.0.1
[INFO] [stderr]    Compiling quote v1.0.47
[INFO] [stderr]    Compiling rustc_version v0.2.3
[INFO] [stderr]    Compiling memoffset v0.9.1
[INFO] [stderr]    Compiling futures-core v0.3.33
[INFO] [stderr]    Compiling crossbeam-utils v0.8.22
[INFO] [stderr]    Compiling syn v2.0.119
[INFO] [stderr]    Compiling syn v3.0.3
[INFO] [stderr]    Compiling bitflags v2.13.1
[INFO] [stderr]    Compiling icu_normalizer_data v2.0.0
[INFO] [stderr]    Compiling float16 v0.1.5
[INFO] [stderr]    Compiling num-conv v0.2.2
[INFO] [stderr]    Compiling parking v2.2.1
[INFO] [stderr]    Compiling futures-io v0.3.33
[INFO] [stderr]    Compiling time-core v0.1.9
[INFO] [stderr]    Compiling portable-atomic v1.14.0
[INFO] [stderr]    Compiling serde_json v1.0.151
[INFO] [stderr]    Compiling thiserror v2.0.19
[INFO] [stderr]    Compiling regress v0.10.5
[INFO] [stderr]    Compiling time-macros v0.2.32
[INFO] [stderr]    Compiling futures-lite v2.6.1
[INFO] [stderr]    Compiling deranged v0.5.8
[INFO] [stderr]    Compiling num-integer v0.1.46
[INFO] [stderr]    Compiling arrayvec v0.7.8
[INFO] [stderr]    Compiling write16 v1.0.0
[INFO] [stderr]    Compiling utf16_iter v1.0.5
[INFO] [stderr]    Compiling powerfmt v0.2.0
[INFO] [stderr]    Compiling either v1.17.0
[INFO] [stderr]    Compiling parking_lot_core v0.9.12
[INFO] [stderr]    Compiling num_threads v0.1.7
[INFO] [stderr]    Compiling fixedbitset v0.5.7
[INFO] [stderr]    Compiling itertools v0.14.0
[INFO] [stderr]    Compiling rand_core v0.9.5
[INFO] [stderr]    Compiling small_btree v0.1.0
[INFO] [stderr]    Compiling toml_parser v1.1.3+spec-1.1.0
[INFO] [stderr]    Compiling dashmap v6.2.1
[INFO] [stderr]    Compiling intrusive-collections v0.9.7
[INFO] [stderr]    Compiling futures-channel v0.3.33
[INFO] [stderr]    Compiling zdc-runtime v0.1.0
[INFO] [stderr]    Compiling pulldown-cmark v0.13.4
[INFO] [stderr]    Compiling xsum v0.1.6
[INFO] [stderr]    Compiling tag_ptr v0.1.0
[INFO] [stderr]    Compiling tap v1.0.1
[INFO] [stderr]    Compiling toml_edit v0.25.13+spec-1.1.0
[INFO] [stderr]    Compiling pulldown-cmark-escape v0.11.0
[INFO] [stderr]    Compiling zdc-codegen v0.1.0
[INFO] [stderr]    Compiling unicase v2.9.0
[INFO] [stderr]    Compiling time v0.3.55
[INFO] [stderr]    Compiling displaydoc v0.2.7
[INFO] [stderr]    Compiling serde_derive v1.0.229
[INFO] [stderr]    Compiling thiserror-impl v2.0.19
[INFO] [stderr]    Compiling proc-macro-crate v3.5.0
[INFO] [stderr]    Compiling synstructure v0.13.2
[INFO] [stderr]    Compiling logos-codegen v0.14.4
[INFO] [stderr]    Compiling zerofrom-derive v0.1.7
[INFO] [stderr]    Compiling yoke-derive v0.8.2
[INFO] [stderr]    Compiling zerovec-derive v0.11.3
[INFO] [stderr]    Compiling boa_macros v0.21.1
[INFO] [stderr]    Compiling phf_macros v0.13.1
[INFO] [stderr]    Compiling pin-project-internal v1.1.13
[INFO] [stderr]    Compiling equator-macro v0.4.2
[INFO] [stderr]    Compiling dynify-macros v0.1.2
[INFO] [stderr]    Compiling num_enum_derive v0.7.6
[INFO] [stderr]    Compiling bytemuck_derive v1.11.0
[INFO] [stderr]    Compiling num-bigint v0.4.8
[INFO] [stderr]    Compiling equator v0.4.2
[INFO] [stderr]    Compiling logos-derive v0.14.4
[INFO] [stderr]    Compiling phf v0.13.1
[INFO] [stderr]    Compiling logos v0.14.4
[INFO] [stderr]    Compiling dynify v0.1.2
[INFO] [stderr]    Compiling num_enum v0.7.6
[INFO] [stderr]    Compiling zdc-lexer v0.1.0
[INFO] [stderr]    Compiling aligned-vec v0.6.4
[INFO] [stderr]    Compiling pin-project v1.1.13
[INFO] [stderr]    Compiling futures-concurrency v7.7.1
[INFO] [stderr]    Compiling ppv-lite86 v0.2.21
[INFO] [stderr]    Compiling bytemuck v1.25.2
[INFO] [stderr]    Compiling zerofrom v0.1.8
[INFO] [stderr]    Compiling yoke v0.8.3
[INFO] [stderr]    Compiling rand_chacha v0.9.0
[INFO] [stderr]    Compiling zerovec v0.11.6
[INFO] [stderr]    Compiling zerotrie v0.2.4
[INFO] [stderr]    Compiling rand v0.9.5
[INFO] [stderr]    Compiling boa_gc v0.21.1
[INFO] [stderr]    Compiling boa_interner v0.21.1
[INFO] [stderr]    Compiling boa_ast v0.21.1
[INFO] [stderr]    Compiling tinystr v0.8.3
[INFO] [stderr]    Compiling potential_utf v0.1.5
[INFO] [stderr]    Compiling icu_locale_core v2.2.0
[INFO] [stderr]    Compiling icu_collections v2.0.0
[INFO] [stderr]    Compiling zdc-ast v0.1.0
[INFO] [stderr]    Compiling zdc-hir v0.1.0
[INFO] [stderr]    Compiling zdc-types v0.1.0
[INFO] [stderr]    Compiling icu_provider v2.2.0
[INFO] [stderr]    Compiling icu_properties v2.0.2
[INFO] [stderr]    Compiling icu_normalizer v2.0.1
[INFO] [stderr]    Compiling zdc-graph v0.1.0
[INFO] [stderr]    Compiling boa_parser v0.21.1
[INFO] [stderr]    Compiling boa_engine v0.21.1
[INFO] [stderr]    Compiling zdc-deploy v0.1.0 (/opt/rustwide/workdir)
[INFO] [stderr]     Finished `release` profile [optimized] target(s) in 2m 48s
[INFO] running `Command { std: "docker" "inspect" "98313016c78e6e997ba65ec78cc20fd9037ad9f2d63365c13cb014314c4bd750", kill_on_drop: false }`
[INFO] running `Command { std: "docker" "exec" "-e" "SOURCE_DIR=/opt/rustwide/workdir" "-e" "CARGO_HOME=/opt/rustwide/cargo-home" "-e" "RUSTUP_HOME=/opt/rustwide/rustup-home" "-e" "CARGO_TARGET_DIR=/opt/rustwide/target" "-e" "CARGO_INCREMENTAL=0" "-e" "RUST_BACKTRACE=full" "-e" "RUSTFLAGS=--cap-lints=warn" "-e" "RUSTDOCFLAGS=--cap-lints=warn" "-w" "/opt/rustwide/workdir" "--user" "0:0" "98313016c78e6e997ba65ec78cc20fd9037ad9f2d63365c13cb014314c4bd750" "/opt/rustwide/cargo-home/bin/cargo" "+1.99.0-beta.8" "test" "--frozen" "--no-run" "--message-format=json" "--release", kill_on_drop: false }`
[INFO] [stderr]    Compiling zdc-deploy v0.1.0 (/opt/rustwide/workdir)
[INFO] [stdout] error[E0433]: cannot find module or crate `zdc_resolve` in this scope
[INFO] [stdout]   --> tests/support/mod.rs:37:15
[INFO] [stdout]    |
[INFO] [stdout] 37 |     let hir = zdc_resolve::Resolver::new(&program)
[INFO] [stdout]    |               ^^^^^^^^^^^ use of unresolved module or unlinked crate `zdc_resolve`
[INFO] [stdout]    |
[INFO] [stdout]    = help: if you wanted to use a crate named `zdc_resolve`, use `cargo add zdc_resolve` to add it to your `Cargo.toml`
[INFO] [stdout] 
[INFO] [stdout] 
[INFO] [stdout] error[E0433]: cannot find module or crate `zdc_resolve` in this scope
[INFO] [stdout]   --> tests/support/mod.rs:37:15
[INFO] [stdout]    |
[INFO] [stdout] 37 |     let hir = zdc_resolve::Resolver::new(&program)
[INFO] [stdout]    |               ^^^^^^^^^^^ use of unresolved module or unlinked crate `zdc_resolve`
[INFO] [stdout]    |
[INFO] [stdout]    = help: if you wanted to use a crate named `zdc_resolve`, use `cargo add zdc_resolve` to add it to your `Cargo.toml`
[INFO] [stdout] 
[INFO] [stdout] 
[INFO] [stdout] error[E0433]: cannot find module or crate `zdc_parser` in this scope
[INFO] [stdout]   --> tests/support/mod.rs:36:19
[INFO] [stdout]    |
[INFO] [stdout] 36 |     let program = zdc_parser::parse(source).unwrap_or_else(|e| panic!("{relative}: {}", e.message));
[INFO] [stdout]    |                   ^^^^^^^^^^ use of unresolved module or unlinked crate `zdc_parser`
[INFO] [stdout]    |
[INFO] [stdout]    = help: if you wanted to use a crate named `zdc_parser`, use `cargo add zdc_parser` to add it to your `Cargo.toml`
[INFO] [stdout] 
[INFO] [stdout] 
[INFO] [stdout] error[E0433]: cannot find module or crate `zdc_graph` in this scope
[INFO] [stdout]   --> tests/support/mod.rs:40:17
[INFO] [stdout]    |
[INFO] [stdout] 40 |     let split = zdc_graph::split(&hir);
[INFO] [stdout]    |                 ^^^^^^^^^ use of unresolved module or unlinked crate `zdc_graph`
[INFO] [stdout]    |
[INFO] [stdout]    = help: if you wanted to use a crate named `zdc_graph`, use `cargo add zdc_graph` to add it to your `Cargo.toml`
[INFO] [stdout] 
[INFO] [stdout] 
[INFO] [stdout] error[E0433]: cannot find module or crate `zdc_graph` in this scope
[INFO] [stdout]   --> tests/support/mod.rs:41:19
[INFO] [stdout]    |
[INFO] [stdout] 41 |     let verdict = zdc_graph::ifc(&hir, &split);
[INFO] [stdout]    |                   ^^^^^^^^^ use of unresolved module or unlinked crate `zdc_graph`
[INFO] [stdout]    |
[INFO] [stdout]    = help: if you wanted to use a crate named `zdc_graph`, use `cargo add zdc_graph` to add it to your `Cargo.toml`
[INFO] [stdout] 
[INFO] [stdout] 
[INFO] [stdout] error[E0433]: cannot find module or crate `zdc_types` in this scope
[INFO] [stdout]   --> tests/support/mod.rs:42:17
[INFO] [stdout]    |
[INFO] [stdout] 42 |     let table = zdc_types::check(&hir, &split).unwrap_or_default();
[INFO] [stdout]    |                 ^^^^^^^^^ use of unresolved module or unlinked crate `zdc_types`
[INFO] [stdout]    |
[INFO] [stdout]    = help: if you wanted to use a crate named `zdc_types`, use `cargo add zdc_types` to add it to your `Cargo.toml`
[INFO] [stdout] 
[INFO] [stdout] 
[INFO] [stdout] error[E0433]: cannot find module or crate `zdc_resolve` in this scope
[INFO] [stdout]   --> tests/support/mod.rs:37:15
[INFO] [stdout]    |
[INFO] [stdout] 37 |     let hir = zdc_resolve::Resolver::new(&program)
[INFO] [stdout]    |               ^^^^^^^^^^^ use of unresolved module or unlinked crate `zdc_resolve`
[INFO] [stdout]    |
[INFO] [stdout]    = help: if you wanted to use a crate named `zdc_resolve`, use `cargo add zdc_resolve` to add it to your `Cargo.toml`
[INFO] [stdout] 
[INFO] [stdout] 
[INFO] [stdout] error[E0433]: cannot find module or crate `zdc_parser` in this scope
[INFO] [stdout]   --> tests/support/mod.rs:36:19
[INFO] [stdout]    |
[INFO] [stdout] 36 |     let program = zdc_parser::parse(source).unwrap_or_else(|e| panic!("{relative}: {}", e.message));
[INFO] [stdout]    |                   ^^^^^^^^^^ use of unresolved module or unlinked crate `zdc_parser`
[INFO] [stdout]    |
[INFO] [stdout]    = help: if you wanted to use a crate named `zdc_parser`, use `cargo add zdc_parser` to add it to your `Cargo.toml`
[INFO] [stdout] 
[INFO] [stdout] 
[INFO] [stdout] error[E0433]: cannot find module or crate `zdc_graph` in this scope
[INFO] [stdout]   --> tests/support/mod.rs:40:17
[INFO] [stdout]    |
[INFO] [stdout] 40 |     let split = zdc_graph::split(&hir);
[INFO] [stdout]    |                 ^^^^^^^^^ use of unresolved module or unlinked crate `zdc_graph`
[INFO] [stdout]    |
[INFO] [stdout]    = help: if you wanted to use a crate named `zdc_graph`, use `cargo add zdc_graph` to add it to your `Cargo.toml`
[INFO] [stdout] 
[INFO] [stdout] 
[INFO] [stdout] error[E0433]: cannot find module or crate `zdc_graph` in this scope
[INFO] [stdout]   --> tests/support/mod.rs:41:19
[INFO] [stdout]    |
[INFO] [stdout] 41 |     let verdict = zdc_graph::ifc(&hir, &split);
[INFO] [stdout]    |                   ^^^^^^^^^ use of unresolved module or unlinked crate `zdc_graph`
[INFO] [stdout]    |
[INFO] [stdout]    = help: if you wanted to use a crate named `zdc_graph`, use `cargo add zdc_graph` to add it to your `Cargo.toml`
[INFO] [stdout] 
[INFO] [stdout] 
[INFO] [stdout] error[E0433]: cannot find module or crate `zdc_types` in this scope
[INFO] [stdout]   --> tests/support/mod.rs:42:17
[INFO] [stdout]    |
[INFO] [stdout] 42 |     let table = zdc_types::check(&hir, &split).unwrap_or_default();
[INFO] [stdout]    |                 ^^^^^^^^^ use of unresolved module or unlinked crate `zdc_types`
[INFO] [stdout]    |
[INFO] [stdout]    = help: if you wanted to use a crate named `zdc_types`, use `cargo add zdc_types` to add it to your `Cargo.toml`
[INFO] [stdout] 
[INFO] [stdout] 
[INFO] [stdout] For more information about this error, try `rustc --explain E0433`.
[INFO] [stdout] 
[INFO] [stderr] error: could not compile `zdc-deploy` (test "adapters") due to 5 previous errors
[INFO] [stderr] warning: build failed, waiting for other jobs to finish...
[INFO] [stdout] error[E0433]: cannot find module or crate `zdc_resolve` in this scope
[INFO] [stdout]    --> tests/linked_modules.rs:155:18
[INFO] [stdout]     |
[INFO] [stdout] 155 |     let errors = zdc_resolve::Resolver::new(&program)
[INFO] [stdout]     |                  ^^^^^^^^^^^ use of unresolved module or unlinked crate `zdc_resolve`
[INFO] [stdout]     |
[INFO] [stdout]     = help: if you wanted to use a crate named `zdc_resolve`, use `cargo add zdc_resolve` to add it to your `Cargo.toml`
[INFO] [stdout] 
[INFO] [stdout] 
[INFO] [stdout] error[E0433]: cannot find module or crate `zdc_parser` in this scope
[INFO] [stdout]   --> tests/support/mod.rs:36:19
[INFO] [stdout]    |
[INFO] [stdout] 36 |     let program = zdc_parser::parse(source).unwrap_or_else(|e| panic!("{relative}: {}", e.message));
[INFO] [stdout]    |                   ^^^^^^^^^^ use of unresolved module or unlinked crate `zdc_parser`
[INFO] [stdout]    |
[INFO] [stdout]    = help: if you wanted to use a crate named `zdc_parser`, use `cargo add zdc_parser` to add it to your `Cargo.toml`
[INFO] [stdout] 
[INFO] [stdout] 
[INFO] [stdout] error[E0433]: cannot find module or crate `zdc_graph` in this scope
[INFO] [stdout]   --> tests/support/mod.rs:40:17
[INFO] [stdout]    |
[INFO] [stdout] 40 |     let split = zdc_graph::split(&hir);
[INFO] [stdout]    |                 ^^^^^^^^^ use of unresolved module or unlinked crate `zdc_graph`
[INFO] [stdout]    |
[INFO] [stdout]    = help: if you wanted to use a crate named `zdc_graph`, use `cargo add zdc_graph` to add it to your `Cargo.toml`
[INFO] [stdout] 
[INFO] [stdout] 
[INFO] [stdout] error[E0433]: cannot find module or crate `zdc_graph` in this scope
[INFO] [stdout]   --> tests/support/mod.rs:41:19
[INFO] [stdout]    |
[INFO] [stdout] 41 |     let verdict = zdc_graph::ifc(&hir, &split);
[INFO] [stdout]    |                   ^^^^^^^^^ use of unresolved module or unlinked crate `zdc_graph`
[INFO] [stdout]    |
[INFO] [stdout]    = help: if you wanted to use a crate named `zdc_graph`, use `cargo add zdc_graph` to add it to your `Cargo.toml`
[INFO] [stdout] 
[INFO] [stdout] 
[INFO] [stdout] error[E0433]: cannot find module or crate `zdc_types` in this scope
[INFO] [stdout]   --> tests/support/mod.rs:42:17
[INFO] [stdout]    |
[INFO] [stdout] 42 |     let table = zdc_types::check(&hir, &split).unwrap_or_default();
[INFO] [stdout]    |                 ^^^^^^^^^ use of unresolved module or unlinked crate `zdc_types`
[INFO] [stdout]    |
[INFO] [stdout]    = help: if you wanted to use a crate named `zdc_types`, use `cargo add zdc_types` to add it to your `Cargo.toml`
[INFO] [stdout] 
[INFO] [stdout] 
[INFO] [stdout] For more information about this error, try `rustc --explain E0433`.
[INFO] [stdout] 
[INFO] [stderr] error: could not compile `zdc-deploy` (test "portability") due to 5 previous errors
[INFO] [stdout] error[E0433]: cannot find module or crate `zdc_parser` in this scope
[INFO] [stdout]    --> tests/linked_modules.rs:154:19
[INFO] [stdout]     |
[INFO] [stdout] 154 |     let program = zdc_parser::parse(source).expect("source parses");
[INFO] [stdout]     |                   ^^^^^^^^^^ use of unresolved module or unlinked crate `zdc_parser`
[INFO] [stdout]     |
[INFO] [stdout]     = help: if you wanted to use a crate named `zdc_parser`, use `cargo add zdc_parser` to add it to your `Cargo.toml`
[INFO] [stdout] 
[INFO] [stdout] 
[INFO] [stdout] For more information about this error, try `rustc --explain E0433`.
[INFO] [stdout] 
[INFO] [stderr] error: could not compile `zdc-deploy` (test "linked_modules") due to 7 previous errors
[INFO] running `Command { std: "docker" "inspect" "98313016c78e6e997ba65ec78cc20fd9037ad9f2d63365c13cb014314c4bd750", kill_on_drop: false }`
[INFO] running `Command { std: "docker" "rm" "-f" "98313016c78e6e997ba65ec78cc20fd9037ad9f2d63365c13cb014314c4bd750", kill_on_drop: false }`
[INFO] [stdout] 98313016c78e6e997ba65ec78cc20fd9037ad9f2d63365c13cb014314c4bd750
