[INFO] fetching crate zbus 5.19.0...
[INFO] testing zbus-5.19.0 against 1.100.0-beta.1+cargoflags=--release for beta-release-1.100-2
[INFO] extracting crate zbus 5.19.0 into /workspace/builds/worker-4-tc2/source
[INFO] started tweaking crates.io crate zbus 5.19.0
[INFO] removed 0 missing examples
[INFO] removed 0 missing tests
[INFO] finished tweaking crates.io crate zbus 5.19.0
[INFO] tweaked toml for crates.io crate zbus 5.19.0 written to /workspace/builds/worker-4-tc2/source/Cargo.toml
[INFO] validating manifest of crates.io crate zbus 5.19.0 on toolchain 1.100.0-beta.1
[INFO] running `Command { std: CARGO_HOME="/workspace/cargo-home" RUSTUP_HOME="/workspace/rustup-home" "/workspace/cargo-home/bin/cargo" "+1.100.0-beta.1" "metadata" "--manifest-path" "Cargo.toml" "--no-deps", kill_on_drop: false }`
[INFO] crate crates.io crate zbus 5.19.0 already has a lockfile, it will not be regenerated
[INFO] running `Command { std: CARGO_HOME="/workspace/cargo-home" RUSTUP_HOME="/workspace/rustup-home" "/workspace/cargo-home/bin/cargo" "+1.100.0-beta.1" "fetch" "--manifest-path" "Cargo.toml", kill_on_drop: false }`
[INFO] running `Command { std: "docker" "create" "-v" "/var/lib/crater-agent-workspace/builds/worker-4-tc2/source:/opt/rustwide/workdir:ro,Z" "-v" "/var/lib/crater-agent-workspace/builds/worker-4-tc2/target:/opt/rustwide/target:rw,Z" "-v" "/var/lib/crater-agent-workspace/cargo-home:/opt/rustwide/cargo-home:ro,Z" "-v" "/var/lib/crater-agent-workspace/rustup-home:/opt/rustwide/rustup-home:ro,Z" "-m" "1610612736" "--network" "none" "ghcr.io/rust-lang/crates-build-env/linux@sha256:77db811e55d90add9212f6832c23229e3de5f1c1f9905e8cb07319ea15df73ac" "sleep" "infinity", kill_on_drop: false }`
[INFO] [stdout] 50e3881da51c733afd1893eecf7e224c695929406535a355deeccfda834975ec
[INFO] running `Command { std: "docker" "start" "50e3881da51c733afd1893eecf7e224c695929406535a355deeccfda834975ec", kill_on_drop: false }`
[INFO] running `Command { std: "docker" "inspect" "50e3881da51c733afd1893eecf7e224c695929406535a355deeccfda834975ec", kill_on_drop: false }`
[INFO] running `Command { std: "docker" "exec" "-e" "SOURCE_DIR=/opt/rustwide/workdir" "-e" "CARGO_HOME=/opt/rustwide/cargo-home" "-e" "RUSTUP_HOME=/opt/rustwide/rustup-home" "-e" "CARGO_TARGET_DIR=/opt/rustwide/target" "-w" "/opt/rustwide/workdir" "--user" "0:0" "50e3881da51c733afd1893eecf7e224c695929406535a355deeccfda834975ec" "/opt/rustwide/cargo-home/bin/cargo" "+1.100.0-beta.1" "metadata" "--no-deps" "--format-version=1", kill_on_drop: false }`
[INFO] running `Command { std: "docker" "inspect" "50e3881da51c733afd1893eecf7e224c695929406535a355deeccfda834975ec", kill_on_drop: false }`
[INFO] running `Command { std: "docker" "exec" "-e" "SOURCE_DIR=/opt/rustwide/workdir" "-e" "CARGO_HOME=/opt/rustwide/cargo-home" "-e" "RUSTUP_HOME=/opt/rustwide/rustup-home" "-e" "CARGO_TARGET_DIR=/opt/rustwide/target" "-e" "CARGO_INCREMENTAL=0" "-e" "RUST_BACKTRACE=full" "-e" "RUSTFLAGS=--cap-lints=warn" "-e" "RUSTDOCFLAGS=--cap-lints=warn" "-w" "/opt/rustwide/workdir" "--user" "0:0" "50e3881da51c733afd1893eecf7e224c695929406535a355deeccfda834975ec" "/opt/rustwide/cargo-home/bin/cargo" "+1.100.0-beta.1" "build" "--frozen" "--message-format=json" "--release", kill_on_drop: false }`
[INFO] [stderr]    Compiling proc-macro2 v1.0.107
[INFO] [stderr]    Compiling crossbeam-utils v0.8.21
[INFO] [stderr]    Compiling winnow v0.7.15
[INFO] [stderr]    Compiling toml_datetime v1.0.0+spec-1.1.0
[INFO] [stderr]    Compiling futures-io v0.3.33
[INFO] [stderr]    Compiling indexmap v2.12.1
[INFO] [stderr]    Compiling event-listener v5.4.2
[INFO] [stderr]    Compiling rustix v1.1.4
[INFO] [stderr]    Compiling unicode-ident v1.0.22
[INFO] [stderr]    Compiling linux-raw-sys v0.12.1
[INFO] [stderr]    Compiling async-io v2.6.0
[INFO] [stderr]    Compiling winnow v1.0.4
[INFO] [stderr]    Compiling endi v1.1.1
[INFO] [stderr]    Compiling async-task v4.7.1
[INFO] [stderr]    Compiling signal-hook-registry v1.4.7
[INFO] [stderr]    Compiling futures-lite v2.6.1
[INFO] [stderr]    Compiling piper v0.2.4
[INFO] [stderr]    Compiling uuid v1.24.0
[INFO] [stderr]    Compiling ordered-stream v0.2.0
[INFO] [stderr]    Compiling event-listener-strategy v0.5.4
[INFO] [stderr]    Compiling async-lock v3.4.2
[INFO] [stderr]    Compiling async-broadcast v0.7.2
[INFO] [stderr]    Compiling quote v1.0.47
[INFO] [stderr]    Compiling concurrent-queue v2.5.0
[INFO] [stderr]    Compiling syn v3.0.3
[INFO] [stderr]    Compiling syn v2.0.119
[INFO] [stderr]    Compiling async-channel v2.5.0
[INFO] [stderr]    Compiling async-executor v1.14.0
[INFO] [stderr]    Compiling blocking v1.6.2
[INFO] [stderr]    Compiling toml_parser v1.0.9+spec-1.1.0
[INFO] [stderr]    Compiling toml_edit v0.25.3+spec-1.1.0
[INFO] [stderr]    Compiling proc-macro-crate v3.5.0
[INFO] [stderr]    Compiling enumflags2_derive v0.7.12
[INFO] [stderr]    Compiling tracing-attributes v0.1.31
[INFO] [stderr]    Compiling async-recursion v1.1.1
[INFO] [stderr]    Compiling tracing v0.1.44
[INFO] [stderr]    Compiling serde_derive v1.0.229
[INFO] [stderr]    Compiling serde_repr v0.1.21
[INFO] [stderr]    Compiling async-trait v0.1.92
[INFO] [stderr]    Compiling polling v3.11.0
[INFO] [stderr]    Compiling serde v1.0.229
[INFO] [stderr]    Compiling async-signal v0.2.13
[INFO] [stderr]    Compiling async-process v2.5.0
[INFO] [stderr]    Compiling zvariant_utils v4.0.0
[INFO] [stderr]    Compiling zcheapstr v1.0.0
[INFO] [stderr]    Compiling enumflags2 v0.7.12
[INFO] [stderr]    Compiling zvariant_derive v5.14.0
[INFO] [stderr]    Compiling zvariant v5.14.0
[INFO] [stderr]    Compiling zbus_names v4.3.4
[INFO] [stderr]    Compiling zbus_macros v5.19.0
[INFO] [stderr]    Compiling zbus v5.19.0 (/opt/rustwide/workdir)
[INFO] [stderr]     Finished `release` profile [optimized] target(s) in 1m 31s
[INFO] running `Command { std: "docker" "inspect" "50e3881da51c733afd1893eecf7e224c695929406535a355deeccfda834975ec", kill_on_drop: false }`
[INFO] running `Command { std: "docker" "exec" "-e" "SOURCE_DIR=/opt/rustwide/workdir" "-e" "CARGO_HOME=/opt/rustwide/cargo-home" "-e" "RUSTUP_HOME=/opt/rustwide/rustup-home" "-e" "CARGO_TARGET_DIR=/opt/rustwide/target" "-e" "CARGO_INCREMENTAL=0" "-e" "RUST_BACKTRACE=full" "-e" "RUSTFLAGS=--cap-lints=warn" "-e" "RUSTDOCFLAGS=--cap-lints=warn" "-w" "/opt/rustwide/workdir" "--user" "0:0" "50e3881da51c733afd1893eecf7e224c695929406535a355deeccfda834975ec" "/opt/rustwide/cargo-home/bin/cargo" "+1.100.0-beta.1" "test" "--frozen" "--no-run" "--message-format=json" "--release", kill_on_drop: false }`
[INFO] [stderr]    Compiling rustix v1.1.4
[INFO] [stderr]    Compiling zerocopy v0.8.31
[INFO] [stderr]    Compiling syn v2.0.119
[INFO] [stderr]    Compiling concurrent-queue v2.5.0
[INFO] [stderr]    Compiling regex-automata v0.4.13
[INFO] [stderr]    Compiling serde v1.0.229
[INFO] [stderr]    Compiling nix v0.31.2
[INFO] [stderr]    Compiling zmij v1.0.0
[INFO] [stderr]    Compiling codspeed v5.0.1
[INFO] [stderr]    Compiling getrandom v0.4.1
[INFO] [stderr]    Compiling approx v0.5.1
[INFO] [stderr]    Compiling syn v1.0.109
[INFO] [stderr]    Compiling clap_builder v4.6.6
[INFO] [stderr]    Compiling signal-hook-registry v1.4.7
[INFO] [stderr]    Compiling criterion-plot v0.5.0
[INFO] [stderr]    Compiling is-terminal v0.4.17
[INFO] [stderr]    Compiling async-channel v2.5.0
[INFO] [stderr]    Compiling serde_json v1.0.151
[INFO] [stderr]    Compiling statrs v0.18.0
[INFO] [stderr]    Compiling codspeed-criterion-compat v5.0.1
[INFO] [stderr]    Compiling doc-comment v0.3.4
[INFO] [stderr]    Compiling async-executor v1.14.0
[INFO] [stderr]    Compiling mio v1.2.0
[INFO] [stderr]    Compiling blocking v1.6.2
[INFO] [stderr]    Compiling socket2 v0.6.3
[INFO] [stderr]    Compiling zcheapstr v1.0.0
[INFO] [stderr]    Compiling zvariant_utils v4.0.0
[INFO] [stderr]    Compiling uuid v1.24.0
[INFO] [stderr]    Compiling tinytemplate v1.2.1
[INFO] [stderr]    Compiling clap v4.6.6
[INFO] [stderr]    Compiling matchers v0.2.0
[INFO] [stderr]    Compiling regex v1.12.2
[INFO] [stderr]    Compiling ntest_test_cases v0.9.5
[INFO] [stderr]    Compiling ntest_timeout v0.9.5
[INFO] [stderr]    Compiling ntest v0.9.5
[INFO] [stderr]    Compiling test-log-core v0.2.21
[INFO] [stderr]    Compiling enumflags2_derive v0.7.12
[INFO] [stderr]    Compiling zerocopy-derive v0.8.31
[INFO] [stderr]    Compiling tracing-attributes v0.1.31
[INFO] [stderr]    Compiling futures-macro v0.3.33
[INFO] [stderr]    Compiling enumflags2 v0.7.12
[INFO] [stderr]    Compiling tokio-macros v2.7.0
[INFO] [stderr]    Compiling zvariant v5.14.0
[INFO] [stderr]    Compiling async-recursion v1.1.1
[INFO] [stderr]    Compiling test-log-macros v0.2.21
[INFO] [stderr]    Compiling polling v3.11.0
[INFO] [stderr]    Compiling tempfile v3.27.0
[INFO] [stderr]    Compiling tokio v1.53.1
[INFO] [stderr]    Compiling futures-util v0.3.33
[INFO] [stderr]    Compiling async-io v2.6.0
[INFO] [stderr]    Compiling tracing v0.1.44
[INFO] [stderr]    Compiling async-signal v0.2.13
[INFO] [stderr]    Compiling tracing-subscriber v0.3.23
[INFO] [stderr]    Compiling async-process v2.5.0
[INFO] [stderr]    Compiling half v2.7.1
[INFO] [stderr]    Compiling zbus_names v4.3.4
[INFO] [stderr]    Compiling ciborium-ll v0.2.2
[INFO] [stderr]    Compiling ciborium v0.2.2
[INFO] [stderr]    Compiling test-log v0.2.21
[INFO] [stderr]    Compiling zbus_macros v5.19.0
[INFO] [stderr]    Compiling codspeed-criterion-compat-walltime v5.0.1
[INFO] [stderr]    Compiling zbus v5.19.0 (/opt/rustwide/workdir)
[INFO] [stdout] error[E0433]: cannot find module or crate `zbus_xml` in this scope
[INFO] [stdout]   --> tests/iface_and_proxy/client.rs:58:21
[INFO] [stdout]    |
[INFO] [stdout] 58 |     let root_node = zbus_xml::Node::from_reader(root_xml.as_bytes())
[INFO] [stdout]    |                     ^^^^^^^^ use of unresolved module or unlinked crate `zbus_xml`
[INFO] [stdout]    |
[INFO] [stdout]    = help: if you wanted to use a crate named `zbus_xml`, use `cargo add zbus_xml` to add it to your `Cargo.toml`
[INFO] [stdout] 
[INFO] [stdout] 
[INFO] [stdout] error[E0433]: cannot find module or crate `zbus_xml` in this scope
[INFO] [stdout]    --> tests/iface_and_proxy/client.rs:219:9
[INFO] [stdout]     |
[INFO] [stdout] 219 |         zbus_xml::Node::from_reader(xml.as_bytes()).map_err(|e| Error::Failure(e.to_string()))?;
[INFO] [stdout]     |         ^^^^^^^^ use of unresolved module or unlinked crate `zbus_xml`
[INFO] [stdout]     |
[INFO] [stdout]     = help: if you wanted to use a crate named `zbus_xml`, use `cargo add zbus_xml` to add it to your `Cargo.toml`
[INFO] [stdout] 
[INFO] [stdout] 
[INFO] [stdout] error[E0433]: cannot find module or crate `zbus_xml` in this scope
[INFO] [stdout]    --> tests/iface_and_proxy/client.rs:236:51
[INFO] [stdout]     |
[INFO] [stdout] 236 |             .filter(|a| a.direction().unwrap() == zbus_xml::ArgDirection::Out);
[INFO] [stdout]     |                                                   ^^^^^^^^ use of unresolved module or unlinked crate `zbus_xml`
[INFO] [stdout]     |
[INFO] [stdout]     = help: if you wanted to use a crate named `zbus_xml`, use `cargo add zbus_xml` to add it to your `Cargo.toml`
[INFO] [stdout] 
[INFO] [stdout] 
[INFO] [stdout] For more information about this error, try `rustc --explain E0433`.
[INFO] [stdout] 
[INFO] [stderr] error: could not compile `zbus` (test "e2e") due to 3 previous errors
[INFO] [stderr] warning: build failed, waiting for other jobs to finish...
[INFO] running `Command { std: "docker" "inspect" "50e3881da51c733afd1893eecf7e224c695929406535a355deeccfda834975ec", kill_on_drop: false }`
[INFO] running `Command { std: "docker" "rm" "-f" "50e3881da51c733afd1893eecf7e224c695929406535a355deeccfda834975ec", kill_on_drop: false }`
[INFO] [stdout] 50e3881da51c733afd1893eecf7e224c695929406535a355deeccfda834975ec
