[INFO] fetching crate zbar-pack 0.1.5...
[INFO] testing zbar-pack-0.1.5 against 1.99.0-beta.8+cargoflags=--release for beta-release-1.100-2
[INFO] extracting crate zbar-pack 0.1.5 into /workspace/builds/worker-7-tc1/source
[INFO] started tweaking crates.io crate zbar-pack 0.1.5
[INFO] removed 0 missing examples
[INFO] removed 0 missing tests
[INFO] finished tweaking crates.io crate zbar-pack 0.1.5
[INFO] tweaked toml for crates.io crate zbar-pack 0.1.5 written to /workspace/builds/worker-7-tc1/source/Cargo.toml
[INFO] validating manifest of crates.io crate zbar-pack 0.1.5 on toolchain 1.99.0-beta.8
[INFO] running `Command { std: CARGO_HOME="/workspace/cargo-home" RUSTUP_HOME="/workspace/rustup-home" "/workspace/cargo-home/bin/cargo" "+1.99.0-beta.8" "metadata" "--manifest-path" "Cargo.toml" "--no-deps", kill_on_drop: false }`
[INFO] crate crates.io crate zbar-pack 0.1.5 already has a lockfile, it will not be regenerated
[INFO] running `Command { std: CARGO_HOME="/workspace/cargo-home" RUSTUP_HOME="/workspace/rustup-home" "/workspace/cargo-home/bin/cargo" "+1.99.0-beta.8" "fetch" "--manifest-path" "Cargo.toml", kill_on_drop: false }`
[INFO] [stderr]     Updating crates.io index
[INFO] [stderr]  Downloading crates ...
[INFO] [stderr]   Downloaded zbar-sys v0.1.5
[INFO] [stderr]   Downloaded clap_lex v0.7.6
[INFO] [stderr]   Downloaded cc v1.2.46
[INFO] [stderr]   Downloaded zbar-src v0.1.5
[INFO] [stderr]   Downloaded zerocopy-derive v0.8.27
[INFO] [stderr]   Downloaded syn v2.0.110
[INFO] [stderr]   Downloaded zerocopy v0.8.27
[INFO] [stderr]   Downloaded clap_builder v4.5.52
[INFO] [stderr]   Downloaded clap v4.5.52
[INFO] running `Command { std: "docker" "create" "-v" "/var/lib/crater-agent-workspace/builds/worker-7-tc1/source:/opt/rustwide/workdir:ro,Z" "-v" "/var/lib/crater-agent-workspace/builds/worker-7-tc1/target:/opt/rustwide/target:rw,Z" "-v" "/var/lib/crater-agent-workspace/cargo-home:/opt/rustwide/cargo-home:ro,Z" "-v" "/var/lib/crater-agent-workspace/rustup-home:/opt/rustwide/rustup-home:ro,Z" "-m" "1610612736" "--network" "none" "ghcr.io/rust-lang/crates-build-env/linux@sha256:77db811e55d90add9212f6832c23229e3de5f1c1f9905e8cb07319ea15df73ac" "sleep" "infinity", kill_on_drop: false }`
[INFO] [stdout] ef3acc2cbc7525ace3607c663ea912e3a513a812ee7f4cba0f76e62802a78264
[INFO] running `Command { std: "docker" "start" "ef3acc2cbc7525ace3607c663ea912e3a513a812ee7f4cba0f76e62802a78264", kill_on_drop: false }`
[INFO] running `Command { std: "docker" "inspect" "ef3acc2cbc7525ace3607c663ea912e3a513a812ee7f4cba0f76e62802a78264", kill_on_drop: false }`
[INFO] running `Command { std: "docker" "exec" "-e" "SOURCE_DIR=/opt/rustwide/workdir" "-e" "CARGO_HOME=/opt/rustwide/cargo-home" "-e" "RUSTUP_HOME=/opt/rustwide/rustup-home" "-e" "CARGO_TARGET_DIR=/opt/rustwide/target" "-w" "/opt/rustwide/workdir" "--user" "0:0" "ef3acc2cbc7525ace3607c663ea912e3a513a812ee7f4cba0f76e62802a78264" "/opt/rustwide/cargo-home/bin/cargo" "+1.99.0-beta.8" "metadata" "--no-deps" "--format-version=1", kill_on_drop: false }`
[INFO] running `Command { std: "docker" "inspect" "ef3acc2cbc7525ace3607c663ea912e3a513a812ee7f4cba0f76e62802a78264", kill_on_drop: false }`
[INFO] running `Command { std: "docker" "exec" "-e" "SOURCE_DIR=/opt/rustwide/workdir" "-e" "CARGO_HOME=/opt/rustwide/cargo-home" "-e" "RUSTUP_HOME=/opt/rustwide/rustup-home" "-e" "CARGO_TARGET_DIR=/opt/rustwide/target" "-e" "CARGO_INCREMENTAL=0" "-e" "RUST_BACKTRACE=full" "-e" "RUSTFLAGS=--cap-lints=warn" "-e" "RUSTDOCFLAGS=--cap-lints=warn" "-w" "/opt/rustwide/workdir" "--user" "0:0" "ef3acc2cbc7525ace3607c663ea912e3a513a812ee7f4cba0f76e62802a78264" "/opt/rustwide/cargo-home/bin/cargo" "+1.99.0-beta.8" "build" "--frozen" "--message-format=json" "--release", kill_on_drop: false }`
[INFO] [stderr]    Compiling proc-macro2 v1.0.103
[INFO] [stderr]    Compiling glob v0.3.3
[INFO] [stderr]    Compiling unicode-ident v1.0.22
[INFO] [stderr]    Compiling quote v1.0.42
[INFO] [stderr]    Compiling libc v0.2.177
[INFO] [stderr]    Compiling rustix v0.38.44
[INFO] [stderr]    Compiling prettyplease v0.2.37
[INFO] [stderr]    Compiling bitflags v2.10.0
[INFO] [stderr]    Compiling memchr v2.7.6
[INFO] [stderr]    Compiling either v1.15.0
[INFO] [stderr]    Compiling pkg-config v0.3.32
[INFO] [stderr]    Compiling find-msvc-tools v0.1.5
[INFO] [stderr]    Compiling regex-syntax v0.8.8
[INFO] [stderr]    Compiling linux-raw-sys v0.4.15
[INFO] [stderr]    Compiling cfg-if v1.0.4
[INFO] [stderr]    Compiling libloading v0.8.9
[INFO] [stderr]    Compiling clang-sys v1.8.1
[INFO] [stderr]    Compiling cc v1.2.46
[INFO] [stderr]    Compiling bindgen v0.69.5
[INFO] [stderr]    Compiling nom v7.1.3
[INFO] [stderr]    Compiling home v0.5.12
[INFO] [stderr]    Compiling itertools v0.12.1
[INFO] [stderr]    Compiling syn v2.0.110
[INFO] [stderr]    Compiling rustc-hash v1.1.0
[INFO] [stderr]    Compiling lazycell v1.3.0
[INFO] [stderr]    Compiling log v0.4.28
[INFO] [stderr]    Compiling lazy_static v1.5.0
[INFO] [stderr]    Compiling regex-automata v0.4.13
[INFO] [stderr]    Compiling zbar-src v0.1.5
[INFO] [stderr]    Compiling cexpr v0.6.0
[INFO] [stderr]    Compiling which v4.4.2
[INFO] [stderr]    Compiling regex v1.12.2
[INFO] [stderr] warning: zbar-src@0.1.5: In file included from /opt/rustwide/cargo-home/registry/src/index.crates.io-1949cf8c6b5b557f/zbar-src-0.1.5/vendor/zbar-0.23.93/zbar/image.h:34,
[INFO] [stderr] warning: zbar-src@0.1.5:                  from /opt/rustwide/cargo-home/registry/src/index.crates.io-1949cf8c6b5b557f/zbar-src-0.1.5/vendor/zbar-0.23.93/zbar/qrcode/binarize.c:10:
[INFO] [stderr] warning: zbar-src@0.1.5: /opt/rustwide/cargo-home/registry/src/index.crates.io-1949cf8c6b5b557f/zbar-src-0.1.5/vendor/zbar-0.23.93/zbar/error.h: In function 'err_capture_str':
[INFO] [stderr] warning: zbar-src@0.1.5: /opt/rustwide/cargo-home/registry/src/index.crates.io-1949cf8c6b5b557f/zbar-src-0.1.5/vendor/zbar-0.23.93/zbar/error.h:193:20: error: implicit declaration of function 'strdup'; did you mean 'strcmp'? [-Wimplicit-function-declaration]
[INFO] [stderr] warning: zbar-src@0.1.5:   193 |     err->arg_str = strdup(arg);
[INFO] [stderr] warning: zbar-src@0.1.5:       |                    ^~~~~~
[INFO] [stderr] warning: zbar-src@0.1.5:       |                    strcmp
[INFO] [stderr] warning: zbar-src@0.1.5: /opt/rustwide/cargo-home/registry/src/index.crates.io-1949cf8c6b5b557f/zbar-src-0.1.5/vendor/zbar-0.23.93/zbar/error.h:193:18: error: assignment to 'char *' from 'int' makes pointer from integer without a cast [-Wint-conversion]
[INFO] [stderr] warning: zbar-src@0.1.5:   193 |     err->arg_str = strdup(arg);
[INFO] [stderr] warning: zbar-src@0.1.5:       |                  ^
[INFO] [stderr] error: failed to run custom build command for `zbar-src v0.1.5`
[INFO] [stderr] note: To improve backtraces for build dependencies, set the CARGO_PROFILE_RELEASE_BUILD_OVERRIDE_DEBUG=true environment variable to enable debug information generation.
[INFO] [stderr] 
[INFO] [stderr] Caused by:
[INFO] [stderr]   process didn't exit successfully: `/opt/rustwide/target/release/build/zbar-src-8674315a5040624a/build-script-build` (exit status: 1)
[INFO] [stderr]   --- stdout
[INFO] [stderr]   cargo:rerun-if-changed=build.rs
[INFO] [stderr]   cargo:rerun-if-changed=/opt/rustwide/cargo-home/registry/src/index.crates.io-1949cf8c6b5b557f/zbar-src-0.1.5/vendor/zbar-0.23.93
[INFO] [stderr]   OUT_DIR = Some(/opt/rustwide/target/release/build/zbar-src-cc65057b4d91db0d/out)
[INFO] [stderr]   OPT_LEVEL = Some(3)
[INFO] [stderr]   TARGET = Some(x86_64-unknown-linux-gnu)
[INFO] [stderr]   CARGO_ENCODED_RUSTFLAGS = Some(--cap-lints=warn)
[INFO] [stderr]   HOST = Some(x86_64-unknown-linux-gnu)
[INFO] [stderr]   cargo:rerun-if-env-changed=CC_x86_64-unknown-linux-gnu
[INFO] [stderr]   CC_x86_64-unknown-linux-gnu = None
[INFO] [stderr]   cargo:rerun-if-env-changed=CC_x86_64_unknown_linux_gnu
[INFO] [stderr]   CC_x86_64_unknown_linux_gnu = None
[INFO] [stderr]   cargo:rerun-if-env-changed=HOST_CC
[INFO] [stderr]   HOST_CC = None
[INFO] [stderr]   cargo:rerun-if-env-changed=CC
[INFO] [stderr]   CC = None
[INFO] [stderr]   cargo:rerun-if-env-changed=CC_ENABLE_DEBUG_OUTPUT
[INFO] [stderr]   RUSTC_WRAPPER = None
[INFO] [stderr]   cargo:rerun-if-env-changed=CRATE_CC_NO_DEFAULTS
[INFO] [stderr]   CRATE_CC_NO_DEFAULTS = None
[INFO] [stderr]   DEBUG = Some(false)
[INFO] [stderr]   CARGO_CFG_TARGET_FEATURE = Some(fxsr,sse,sse2)
[INFO] [stderr]   cargo:rerun-if-env-changed=CFLAGS
[INFO] [stderr]   CFLAGS = None
[INFO] [stderr]   cargo:rerun-if-env-changed=HOST_CFLAGS
[INFO] [stderr]   HOST_CFLAGS = None
[INFO] [stderr]   cargo:rerun-if-env-changed=CFLAGS_x86_64_unknown_linux_gnu
[INFO] [stderr]   CFLAGS_x86_64_unknown_linux_gnu = None
[INFO] [stderr]   cargo:rerun-if-env-changed=CFLAGS_x86_64-unknown-linux-gnu
[INFO] [stderr]   CFLAGS_x86_64-unknown-linux-gnu = None
[INFO] [stderr]   cargo:warning=In file included from /opt/rustwide/cargo-home/registry/src/index.crates.io-1949cf8c6b5b557f/zbar-src-0.1.5/vendor/zbar-0.23.93/zbar/image.h:34,
[INFO] [stderr]   cargo:warning=                 from /opt/rustwide/cargo-home/registry/src/index.crates.io-1949cf8c6b5b557f/zbar-src-0.1.5/vendor/zbar-0.23.93/zbar/qrcode/binarize.c:10:
[INFO] [stderr]   cargo:warning=/opt/rustwide/cargo-home/registry/src/index.crates.io-1949cf8c6b5b557f/zbar-src-0.1.5/vendor/zbar-0.23.93/zbar/error.h: In function 'err_capture_str':
[INFO] [stderr]   cargo:warning=/opt/rustwide/cargo-home/registry/src/index.crates.io-1949cf8c6b5b557f/zbar-src-0.1.5/vendor/zbar-0.23.93/zbar/error.h:193:20: error: implicit declaration of function 'strdup'; did you mean 'strcmp'? [-Wimplicit-function-declaration]
[INFO] [stderr]   cargo:warning=  193 |     err->arg_str = strdup(arg);
[INFO] [stderr]   cargo:warning=      |                    ^~~~~~
[INFO] [stderr]   cargo:warning=      |                    strcmp
[INFO] [stderr]   cargo:warning=/opt/rustwide/cargo-home/registry/src/index.crates.io-1949cf8c6b5b557f/zbar-src-0.1.5/vendor/zbar-0.23.93/zbar/error.h:193:18: error: assignment to 'char *' from 'int' makes pointer from integer without a cast [-Wint-conversion]
[INFO] [stderr]   cargo:warning=  193 |     err->arg_str = strdup(arg);
[INFO] [stderr]   cargo:warning=      |                  ^
[INFO] [stderr] 
[INFO] [stderr]   --- stderr
[INFO] [stderr] 
[INFO] [stderr] 
[INFO] [stderr]   error occurred in cc-rs: command did not execute successfully (status code exit status: 1): LC_ALL="C" "cc" "-O3" "-ffunction-sections" "-fdata-sections" "-fPIC" "-m64" "-I" "/opt/rustwide/cargo-home/registry/src/index.crates.io-1949cf8c6b5b557f/zbar-src-0.1.5/vendor/zbar-0.23.93/include" "-I" "/opt/rustwide/cargo-home/registry/src/index.crates.io-1949cf8c6b5b557f/zbar-src-0.1.5/vendor/zbar-0.23.93/zbar" "-I" "/opt/rustwide/target/release/build/zbar-src-cc65057b4d91db0d/out" "-std=c11" "-DHAVE_CONFIG_H" "-DNO_STATS" "-DNDEBUG" "-o" "/opt/rustwide/target/release/build/zbar-src-cc65057b4d91db0d/out/6ee94b3b7b79539f-binarize.o" "-c" "/opt/rustwide/cargo-home/registry/src/index.crates.io-1949cf8c6b5b557f/zbar-src-0.1.5/vendor/zbar-0.23.93/zbar/qrcode/binarize.c"
[INFO] [stderr] 
[INFO] [stderr] 
[INFO] [stderr] warning: build failed, waiting for other jobs to finish...
[INFO] running `Command { std: "docker" "inspect" "ef3acc2cbc7525ace3607c663ea912e3a513a812ee7f4cba0f76e62802a78264", kill_on_drop: false }`
[INFO] running `Command { std: "docker" "rm" "-f" "ef3acc2cbc7525ace3607c663ea912e3a513a812ee7f4cba0f76e62802a78264", kill_on_drop: false }`
[INFO] [stdout] ef3acc2cbc7525ace3607c663ea912e3a513a812ee7f4cba0f76e62802a78264
