[INFO] fetching crate zavora-xlsx-derive 0.1.1...
[INFO] testing zavora-xlsx-derive-0.1.1 against 1.99.0-beta.8+cargoflags=--release for beta-release-1.100-2
[INFO] extracting crate zavora-xlsx-derive 0.1.1 into /workspace/builds/worker-7-tc1/source
[INFO] started tweaking crates.io crate zavora-xlsx-derive 0.1.1
[INFO] removed 0 missing tests
[INFO] finished tweaking crates.io crate zavora-xlsx-derive 0.1.1
[INFO] tweaked toml for crates.io crate zavora-xlsx-derive 0.1.1 written to /workspace/builds/worker-7-tc1/source/Cargo.toml
[INFO] validating manifest of crates.io crate zavora-xlsx-derive 0.1.1 on toolchain 1.99.0-beta.8
[INFO] running `Command { std: CARGO_HOME="/workspace/cargo-home" RUSTUP_HOME="/workspace/rustup-home" "/workspace/cargo-home/bin/cargo" "+1.99.0-beta.8" "metadata" "--manifest-path" "Cargo.toml" "--no-deps", kill_on_drop: false }`
[INFO] crate crates.io crate zavora-xlsx-derive 0.1.1 already has a lockfile, it will not be regenerated
[INFO] running `Command { std: CARGO_HOME="/workspace/cargo-home" RUSTUP_HOME="/workspace/rustup-home" "/workspace/cargo-home/bin/cargo" "+1.99.0-beta.8" "fetch" "--manifest-path" "Cargo.toml", kill_on_drop: false }`
[INFO] running `Command { std: "docker" "create" "-v" "/var/lib/crater-agent-workspace/builds/worker-7-tc1/source:/opt/rustwide/workdir:ro,Z" "-v" "/var/lib/crater-agent-workspace/builds/worker-7-tc1/target:/opt/rustwide/target:rw,Z" "-v" "/var/lib/crater-agent-workspace/cargo-home:/opt/rustwide/cargo-home:ro,Z" "-v" "/var/lib/crater-agent-workspace/rustup-home:/opt/rustwide/rustup-home:ro,Z" "-m" "1610612736" "--network" "none" "ghcr.io/rust-lang/crates-build-env/linux@sha256:77db811e55d90add9212f6832c23229e3de5f1c1f9905e8cb07319ea15df73ac" "sleep" "infinity", kill_on_drop: false }`
[INFO] [stdout] 2f4dfb267d8153c81e40a65d60c2e5eeaa48c455d5048d1bf09681c160dfef75
[INFO] running `Command { std: "docker" "start" "2f4dfb267d8153c81e40a65d60c2e5eeaa48c455d5048d1bf09681c160dfef75", kill_on_drop: false }`
[INFO] running `Command { std: "docker" "inspect" "2f4dfb267d8153c81e40a65d60c2e5eeaa48c455d5048d1bf09681c160dfef75", kill_on_drop: false }`
[INFO] running `Command { std: "docker" "exec" "-e" "SOURCE_DIR=/opt/rustwide/workdir" "-e" "CARGO_HOME=/opt/rustwide/cargo-home" "-e" "RUSTUP_HOME=/opt/rustwide/rustup-home" "-e" "CARGO_TARGET_DIR=/opt/rustwide/target" "-w" "/opt/rustwide/workdir" "--user" "0:0" "2f4dfb267d8153c81e40a65d60c2e5eeaa48c455d5048d1bf09681c160dfef75" "/opt/rustwide/cargo-home/bin/cargo" "+1.99.0-beta.8" "metadata" "--no-deps" "--format-version=1", kill_on_drop: false }`
[INFO] running `Command { std: "docker" "inspect" "2f4dfb267d8153c81e40a65d60c2e5eeaa48c455d5048d1bf09681c160dfef75", kill_on_drop: false }`
[INFO] running `Command { std: "docker" "exec" "-e" "SOURCE_DIR=/opt/rustwide/workdir" "-e" "CARGO_HOME=/opt/rustwide/cargo-home" "-e" "RUSTUP_HOME=/opt/rustwide/rustup-home" "-e" "CARGO_TARGET_DIR=/opt/rustwide/target" "-e" "CARGO_INCREMENTAL=0" "-e" "RUST_BACKTRACE=full" "-e" "RUSTFLAGS=--cap-lints=warn" "-e" "RUSTDOCFLAGS=--cap-lints=warn" "-w" "/opt/rustwide/workdir" "--user" "0:0" "2f4dfb267d8153c81e40a65d60c2e5eeaa48c455d5048d1bf09681c160dfef75" "/opt/rustwide/cargo-home/bin/cargo" "+1.99.0-beta.8" "build" "--frozen" "--message-format=json" "--release", kill_on_drop: false }`
[INFO] [stderr]    Compiling zavora-xlsx-derive v0.1.1 (/opt/rustwide/workdir)
[INFO] [stderr]     Finished `release` profile [optimized] target(s) in 4.67s
[INFO] running `Command { std: "docker" "inspect" "2f4dfb267d8153c81e40a65d60c2e5eeaa48c455d5048d1bf09681c160dfef75", kill_on_drop: false }`
[INFO] running `Command { std: "docker" "exec" "-e" "SOURCE_DIR=/opt/rustwide/workdir" "-e" "CARGO_HOME=/opt/rustwide/cargo-home" "-e" "RUSTUP_HOME=/opt/rustwide/rustup-home" "-e" "CARGO_TARGET_DIR=/opt/rustwide/target" "-e" "CARGO_INCREMENTAL=0" "-e" "RUST_BACKTRACE=full" "-e" "RUSTFLAGS=--cap-lints=warn" "-e" "RUSTDOCFLAGS=--cap-lints=warn" "-w" "/opt/rustwide/workdir" "--user" "0:0" "2f4dfb267d8153c81e40a65d60c2e5eeaa48c455d5048d1bf09681c160dfef75" "/opt/rustwide/cargo-home/bin/cargo" "+1.99.0-beta.8" "test" "--frozen" "--no-run" "--message-format=json" "--release", kill_on_drop: false }`
[INFO] [stderr]    Compiling libc v0.2.184
[INFO] [stderr]    Compiling target-triple v1.0.0
[INFO] [stderr]    Compiling serde v1.0.228
[INFO] [stderr]    Compiling serde_core v1.0.228
[INFO] [stderr]    Compiling getrandom v0.3.4
[INFO] [stderr]    Compiling rustix v1.1.4
[INFO] [stderr]    Compiling getrandom v0.4.2
[INFO] [stderr]    Compiling zerocopy v0.8.48
[INFO] [stderr]    Compiling bitflags v2.11.0
[INFO] [stderr]    Compiling linux-raw-sys v0.12.1
[INFO] [stderr]    Compiling rand_core v0.9.5
[INFO] [stderr]    Compiling proc-macro2 v1.0.106
[INFO] [stderr]    Compiling unicode-ident v1.0.24
[INFO] [stderr]    Compiling winnow v1.0.2
[INFO] [stderr]    Compiling once_cell v1.21.4
[INFO] [stderr]    Compiling toml_parser v1.1.2+spec-1.1.0
[INFO] [stderr]    Compiling wait-timeout v0.2.1
[INFO] [stderr]    Compiling ppv-lite86 v0.2.21
[INFO] [stderr]    Compiling toml_datetime v1.1.1+spec-1.1.0
[INFO] [stderr]    Compiling serde_spanned v1.1.1
[INFO] [stderr]    Compiling num-traits v0.2.19
[INFO] [stderr]    Compiling serde_json v1.0.149
[INFO] [stderr]    Compiling quote v1.0.45
[INFO] [stderr]    Compiling toml_writer v1.1.1+spec-1.1.0
[INFO] [stderr]    Compiling tempfile v3.27.0
[INFO] [stderr]    Compiling memchr v2.8.0
[INFO] [stderr]    Compiling bit-vec v0.8.0
[INFO] [stderr]    Compiling quick-error v1.2.3
[INFO] [stderr]    Compiling rusty-fork v0.3.1
[INFO] [stderr]    Compiling bit-set v0.8.0
[INFO] [stderr]    Compiling toml v1.1.2+spec-1.1.0
[INFO] [stderr]    Compiling rand_chacha v0.9.0
[INFO] [stderr]    Compiling rand v0.9.4
[INFO] [stderr]    Compiling rand_xorshift v0.4.0
[INFO] [stderr]    Compiling zavora-xlsx-derive v0.1.1 (/opt/rustwide/workdir)
[INFO] [stderr]    Compiling termcolor v1.4.1
[INFO] [stderr]    Compiling glob v0.3.3
[INFO] [stderr]    Compiling unarray v0.1.4
[INFO] [stderr]    Compiling trybuild v1.0.116
[INFO] [stderr]    Compiling syn v2.0.117
[INFO] [stderr]    Compiling proptest v1.11.0
[INFO] [stdout] error[E0432]: unresolved import `zavora_xlsx`
[INFO] [stdout]  --> tests/integration_tests.rs:1:5
[INFO] [stdout]   |
[INFO] [stdout] 1 | use zavora_xlsx::{ExcelRowReader, ExcelRowWriter, Workbook};
[INFO] [stdout]   |     ^^^^^^^^^^^ use of unresolved module or unlinked crate `zavora_xlsx`
[INFO] [stdout]   |
[INFO] [stdout]   = help: if you wanted to use a crate named `zavora_xlsx`, use `cargo add zavora_xlsx` to add it to your `Cargo.toml`
[INFO] [stdout] 
[INFO] [stdout] 
[INFO] [stdout] error[E0433]: cannot find module or crate `zavora_xlsx` in this scope
[INFO] [stdout]  --> tests/integration_tests.rs:4:10
[INFO] [stdout]   |
[INFO] [stdout] 4 | #[derive(ExcelRow, Debug, PartialEq)]
[INFO] [stdout]   |          ^^^^^^^^ use of unresolved module or unlinked crate `zavora_xlsx`
[INFO] [stdout]   |
[INFO] [stdout]   = help: if you wanted to use a crate named `zavora_xlsx`, use `cargo add zavora_xlsx` to add it to your `Cargo.toml`
[INFO] [stdout]   = note: this error originates in the derive macro `ExcelRow` (in Nightly builds, run with -Z macro-backtrace for more info)
[INFO] [stdout] 
[INFO] [stdout] 
[INFO] [stdout] error[E0433]: cannot find module or crate `zavora_xlsx` in this scope
[INFO] [stdout]   --> tests/integration_tests.rs:11:10
[INFO] [stdout]    |
[INFO] [stdout] 11 | #[derive(ExcelRow, Debug, PartialEq)]
[INFO] [stdout]    |          ^^^^^^^^ use of unresolved module or unlinked crate `zavora_xlsx`
[INFO] [stdout]    |
[INFO] [stdout]    = help: if you wanted to use a crate named `zavora_xlsx`, use `cargo add zavora_xlsx` to add it to your `Cargo.toml`
[INFO] [stdout]    = note: this error originates in the derive macro `ExcelRow` (in Nightly builds, run with -Z macro-backtrace for more info)
[INFO] [stdout] 
[INFO] [stdout] 
[INFO] [stdout] error[E0433]: cannot find module or crate `zavora_xlsx` in this scope
[INFO] [stdout]  --> tests/integration_tests.rs:4:10
[INFO] [stdout]   |
[INFO] [stdout] 4 | #[derive(ExcelRow, Debug, PartialEq)]
[INFO] [stdout]   |          ^^^^^^^^ use of unresolved module or unlinked crate `zavora_xlsx`
[INFO] [stdout]   |
[INFO] [stdout]   = help: if you wanted to use a crate named `zavora_xlsx`, use `cargo add zavora_xlsx` to add it to your `Cargo.toml`
[INFO] [stdout]   = note: this error originates in the derive macro `ExcelRow` (in Nightly builds, run with -Z macro-backtrace for more info)
[INFO] [stdout] help: consider importing one of these items
[INFO] [stdout]   |
[INFO] [stdout] 1 + use std::error::Error;
[INFO] [stdout]   |
[INFO] [stdout] 1 + use std::fmt::Error;
[INFO] [stdout]   |
[INFO] [stdout] 1 + use std::io::Error;
[INFO] [stdout]   |
[INFO] [stdout] 1 + use core::error::Error;
[INFO] [stdout]   |
[INFO] [stdout]   = and 1 other candidate
[INFO] [stdout] 
[INFO] [stdout] 
[INFO] [stdout] error[E0433]: cannot find module or crate `zavora_xlsx` in this scope
[INFO] [stdout]   --> tests/integration_tests.rs:11:10
[INFO] [stdout]    |
[INFO] [stdout] 11 | #[derive(ExcelRow, Debug, PartialEq)]
[INFO] [stdout]    |          ^^^^^^^^ use of unresolved module or unlinked crate `zavora_xlsx`
[INFO] [stdout]    |
[INFO] [stdout]    = help: if you wanted to use a crate named `zavora_xlsx`, use `cargo add zavora_xlsx` to add it to your `Cargo.toml`
[INFO] [stdout]    = note: this error originates in the derive macro `ExcelRow` (in Nightly builds, run with -Z macro-backtrace for more info)
[INFO] [stdout] help: consider importing one of these items
[INFO] [stdout]    |
[INFO] [stdout]  1 + use std::error::Error;
[INFO] [stdout]    |
[INFO] [stdout]  1 + use std::fmt::Error;
[INFO] [stdout]    |
[INFO] [stdout]  1 + use std::io::Error;
[INFO] [stdout]    |
[INFO] [stdout]  1 + use core::error::Error;
[INFO] [stdout]    |
[INFO] [stdout]    = and 1 other candidate
[INFO] [stdout] 
[INFO] [stdout] 
[INFO] [stdout] Some errors have detailed explanations: E0432, E0433.
[INFO] [stdout] 
[INFO] [stdout] For more information about an error, try `rustc --explain E0432`.
[INFO] [stdout] 
[INFO] [stderr] error: could not compile `zavora-xlsx-derive` (test "integration_tests") due to 5 previous errors
[INFO] running `Command { std: "docker" "inspect" "2f4dfb267d8153c81e40a65d60c2e5eeaa48c455d5048d1bf09681c160dfef75", kill_on_drop: false }`
[INFO] running `Command { std: "docker" "rm" "-f" "2f4dfb267d8153c81e40a65d60c2e5eeaa48c455d5048d1bf09681c160dfef75", kill_on_drop: false }`
[INFO] [stdout] 2f4dfb267d8153c81e40a65d60c2e5eeaa48c455d5048d1bf09681c160dfef75
