[INFO] fetching crate yunli 0.1.20...
[INFO] testing yunli-0.1.20 against 1.99.0-beta.8+cargoflags=--release for beta-release-1.100-2
[INFO] extracting crate yunli 0.1.20 into /workspace/builds/worker-4-tc1/source
[INFO] started tweaking crates.io crate yunli 0.1.20
[INFO] removed 0 missing tests
[INFO] finished tweaking crates.io crate yunli 0.1.20
[INFO] tweaked toml for crates.io crate yunli 0.1.20 written to /workspace/builds/worker-4-tc1/source/Cargo.toml
[INFO] validating manifest of crates.io crate yunli 0.1.20 on toolchain 1.99.0-beta.8
[INFO] running `Command { std: CARGO_HOME="/workspace/cargo-home" RUSTUP_HOME="/workspace/rustup-home" "/workspace/cargo-home/bin/cargo" "+1.99.0-beta.8" "metadata" "--manifest-path" "Cargo.toml" "--no-deps", kill_on_drop: false }`
[INFO] crate crates.io crate yunli 0.1.20 already has a lockfile, it will not be regenerated
[INFO] running `Command { std: CARGO_HOME="/workspace/cargo-home" RUSTUP_HOME="/workspace/rustup-home" "/workspace/cargo-home/bin/cargo" "+1.99.0-beta.8" "fetch" "--manifest-path" "Cargo.toml", kill_on_drop: false }`
[INFO] [stderr]  Downloading crates ...
[INFO] [stderr]   Downloaded cc v1.2.36
[INFO] [stderr]   Downloaded find-msvc-tools v0.1.1
[INFO] [stderr]   Downloaded x25519-dalek v2.0.1
[INFO] [stderr]   Downloaded web-sys v0.3.78
[INFO] [stderr]   Downloaded tempfile v3.22.0
[INFO] [stderr]   Downloaded hyper-util v0.1.16
[INFO] [stderr]   Downloaded wasi v0.14.5+wasi-0.2.4
[INFO] [stderr]   Downloaded wasip2 v1.0.0+wasi-0.2.4
[INFO] [stderr]   Downloaded rustls-webpki v0.103.5
[INFO] [stderr]   Downloaded rustls v0.23.31
[INFO] [stderr]   Downloaded wasm-bindgen-futures v0.4.51
[INFO] running `Command { std: "docker" "create" "-v" "/var/lib/crater-agent-workspace/builds/worker-4-tc1/source:/opt/rustwide/workdir:ro,Z" "-v" "/var/lib/crater-agent-workspace/builds/worker-4-tc1/target:/opt/rustwide/target:rw,Z" "-v" "/var/lib/crater-agent-workspace/cargo-home:/opt/rustwide/cargo-home:ro,Z" "-v" "/var/lib/crater-agent-workspace/rustup-home:/opt/rustwide/rustup-home:ro,Z" "-m" "1610612736" "--network" "none" "ghcr.io/rust-lang/crates-build-env/linux@sha256:77db811e55d90add9212f6832c23229e3de5f1c1f9905e8cb07319ea15df73ac" "sleep" "infinity", kill_on_drop: false }`
[INFO] [stdout] c8a4156c3a2bc35211930c86b41d699db873f50c89ecd347a72154b9f1bdb5b3
[INFO] running `Command { std: "docker" "start" "c8a4156c3a2bc35211930c86b41d699db873f50c89ecd347a72154b9f1bdb5b3", kill_on_drop: false }`
[INFO] running `Command { std: "docker" "inspect" "c8a4156c3a2bc35211930c86b41d699db873f50c89ecd347a72154b9f1bdb5b3", kill_on_drop: false }`
[INFO] running `Command { std: "docker" "exec" "-e" "SOURCE_DIR=/opt/rustwide/workdir" "-e" "CARGO_HOME=/opt/rustwide/cargo-home" "-e" "RUSTUP_HOME=/opt/rustwide/rustup-home" "-e" "CARGO_TARGET_DIR=/opt/rustwide/target" "-w" "/opt/rustwide/workdir" "--user" "0:0" "c8a4156c3a2bc35211930c86b41d699db873f50c89ecd347a72154b9f1bdb5b3" "/opt/rustwide/cargo-home/bin/cargo" "+1.99.0-beta.8" "metadata" "--no-deps" "--format-version=1", kill_on_drop: false }`
[INFO] running `Command { std: "docker" "inspect" "c8a4156c3a2bc35211930c86b41d699db873f50c89ecd347a72154b9f1bdb5b3", kill_on_drop: false }`
[INFO] running `Command { std: "docker" "exec" "-e" "SOURCE_DIR=/opt/rustwide/workdir" "-e" "CARGO_HOME=/opt/rustwide/cargo-home" "-e" "RUSTUP_HOME=/opt/rustwide/rustup-home" "-e" "CARGO_TARGET_DIR=/opt/rustwide/target" "-e" "CARGO_INCREMENTAL=0" "-e" "RUST_BACKTRACE=full" "-e" "RUSTFLAGS=--cap-lints=warn" "-e" "RUSTDOCFLAGS=--cap-lints=warn" "-w" "/opt/rustwide/workdir" "--user" "0:0" "c8a4156c3a2bc35211930c86b41d699db873f50c89ecd347a72154b9f1bdb5b3" "/opt/rustwide/cargo-home/bin/cargo" "+1.99.0-beta.8" "build" "--frozen" "--message-format=json" "--release", kill_on_drop: false }`
[INFO] [stderr]    Compiling typenum v1.18.0
[INFO] [stderr]    Compiling regex-syntax v0.8.6
[INFO] [stderr]    Compiling proc-macro2 v1.0.101
[INFO] [stderr]    Compiling cfg-if v1.0.3
[INFO] [stderr]    Compiling unicode-ident v1.0.19
[INFO] [stderr]    Compiling libc v0.2.175
[INFO] [stderr]    Compiling zerocopy v0.8.27
[INFO] [stderr]    Compiling iana-time-zone v0.1.63
[INFO] [stderr]    Compiling tracing-core v0.1.34
[INFO] [stderr]    Compiling time-core v0.1.6
[INFO] [stderr]    Compiling phf v0.11.3
[INFO] [stderr]    Compiling phf_shared v0.11.3
[INFO] [stderr]    Compiling anyhow v1.0.99
[INFO] [stderr]    Compiling num-conv v0.1.0
[INFO] [stderr]    Compiling log v0.4.28
[INFO] [stderr]    Compiling thread_local v1.1.9
[INFO] [stderr]    Compiling nu-ansi-term v0.50.1
[INFO] [stderr]    Compiling chrono v0.4.42
[INFO] [stderr]    Compiling time v0.3.44
[INFO] [stderr]    Compiling dotenvy v0.15.7
[INFO] [stderr]    Compiling tracing-log v0.2.0
[INFO] [stderr]    Compiling quote v1.0.40
[INFO] [stderr]    Compiling generic-array v0.14.7
[INFO] [stderr]    Compiling syn v2.0.106
[INFO] [stderr]    Compiling getrandom v0.2.16
[INFO] [stderr]    Compiling rand_core v0.6.4
[INFO] [stderr]    Compiling block-buffer v0.10.4
[INFO] [stderr]    Compiling crypto-common v0.1.6
[INFO] [stderr]    Compiling digest v0.10.7
[INFO] [stderr]    Compiling hmac v0.12.1
[INFO] [stderr]    Compiling sha2 v0.10.9
[INFO] [stderr]    Compiling hkdf v0.12.4
[INFO] [stderr]    Compiling regex-automata v0.4.10
[INFO] [stderr]    Compiling ppv-lite86 v0.2.21
[INFO] [stderr]    Compiling rand_chacha v0.3.1
[INFO] [stderr]    Compiling rand v0.8.5
[INFO] [stderr]    Compiling regex v1.11.2
[INFO] [stderr]    Compiling parse-zoneinfo v0.3.1
[INFO] [stderr]    Compiling chrono-tz-build v0.3.0
[INFO] [stderr]    Compiling matchers v0.2.0
[INFO] [stderr]    Compiling chrono-tz v0.9.0
[INFO] [stderr]    Compiling tracing-attributes v0.1.30
[INFO] [stderr]    Compiling tracing v0.1.41
[INFO] [stderr]    Compiling tracing-subscriber v0.3.20
[INFO] [stderr]    Compiling yunli v0.1.20 (/opt/rustwide/workdir)
[INFO] [stderr]     Finished `release` profile [optimized] target(s) in 33.28s
[INFO] running `Command { std: "docker" "inspect" "c8a4156c3a2bc35211930c86b41d699db873f50c89ecd347a72154b9f1bdb5b3", kill_on_drop: false }`
[INFO] running `Command { std: "docker" "exec" "-e" "SOURCE_DIR=/opt/rustwide/workdir" "-e" "CARGO_HOME=/opt/rustwide/cargo-home" "-e" "RUSTUP_HOME=/opt/rustwide/rustup-home" "-e" "CARGO_TARGET_DIR=/opt/rustwide/target" "-e" "CARGO_INCREMENTAL=0" "-e" "RUST_BACKTRACE=full" "-e" "RUSTFLAGS=--cap-lints=warn" "-e" "RUSTDOCFLAGS=--cap-lints=warn" "-w" "/opt/rustwide/workdir" "--user" "0:0" "c8a4156c3a2bc35211930c86b41d699db873f50c89ecd347a72154b9f1bdb5b3" "/opt/rustwide/cargo-home/bin/cargo" "+1.99.0-beta.8" "test" "--frozen" "--no-run" "--message-format=json" "--release", kill_on_drop: false }`
[INFO] [stderr]    Compiling memchr v2.7.5
[INFO] [stderr]    Compiling libc v0.2.175
[INFO] [stderr]    Compiling futures-sink v0.3.31
[INFO] [stderr]    Compiling syn v2.0.106
[INFO] [stderr]    Compiling anstream v0.6.21
[INFO] [stderr]    Compiling jiff v0.2.23
[INFO] [stderr]    Compiling futures-channel v0.3.31
[INFO] [stderr]    Compiling aho-corasick v1.1.3
[INFO] [stderr]    Compiling getrandom v0.2.16
[INFO] [stderr]    Compiling signal-hook-registry v1.4.6
[INFO] [stderr]    Compiling mio v1.0.4
[INFO] [stderr]    Compiling rand_core v0.6.4
[INFO] [stderr]    Compiling rand_chacha v0.3.1
[INFO] [stderr]    Compiling rand v0.8.5
[INFO] [stderr]    Compiling regex-automata v0.4.10
[INFO] [stderr]    Compiling tracing-attributes v0.1.30
[INFO] [stderr]    Compiling futures-macro v0.3.31
[INFO] [stderr]    Compiling tokio-macros v2.5.0
[INFO] [stderr]    Compiling tokio v1.47.1
[INFO] [stderr]    Compiling futures-util v0.3.31
[INFO] [stderr]    Compiling tracing v0.1.41
[INFO] [stderr]    Compiling regex v1.11.2
[INFO] [stderr]    Compiling matchers v0.2.0
[INFO] [stderr]    Compiling tracing-subscriber v0.3.20
[INFO] [stderr]    Compiling env_filter v1.0.0
[INFO] [stderr]    Compiling env_logger v0.11.9
[INFO] [stderr]    Compiling yunli v0.1.20 (/opt/rustwide/workdir)
[INFO] [stderr]    Compiling futures-executor v0.3.31
[INFO] [stderr]    Compiling futures v0.3.31
[INFO] [stdout] error[E0432]: unresolved import `yunli::config`
[INFO] [stdout]  --> tests/config_test.rs:1:12
[INFO] [stdout]   |
[INFO] [stdout] 1 | use yunli::config::{EnvStrategy, LoadOptions, load, load_with};
[INFO] [stdout]   |            ^^^^^^ could not find `config` in `yunli`
[INFO] [stdout]   |
[INFO] [stdout] note: found an item that was configured out
[INFO] [stdout]  --> src/lib.rs:2:9
[INFO] [stdout]   |
[INFO] [stdout] 1 | #[cfg(feature = "config")]
[INFO] [stdout]   |       ------------------ the item is gated behind the `config` feature
[INFO] [stdout] 2 | pub mod config;
[INFO] [stdout]   |         ^^^^^^
[INFO] [stdout] 
[INFO] [stdout] 
[INFO] [stdout] error[E0432]: unresolved import `yunli::http`
[INFO] [stdout]   --> tests/logger_test.rs:2:5
[INFO] [stdout]    |
[INFO] [stdout]  2 | use yunli::http;
[INFO] [stdout]    |     ^^^^^^^----
[INFO] [stdout]    |            |
[INFO] [stdout]    |            no `http` in the root
[INFO] [stdout]    |
[INFO] [stdout] note: found an item that was configured out
[INFO] [stdout]   --> src/lib.rs:14:9
[INFO] [stdout]    |
[INFO] [stdout] 13 | #[cfg(feature = "http")]
[INFO] [stdout]    |       ---------------- the item is gated behind the `http` feature
[INFO] [stdout] 14 | pub mod http;
[INFO] [stdout]    |         ^^^^
[INFO] [stdout] 
[INFO] [stdout] 
[INFO] [stdout] For more information about this error, try `rustc --explain E0432`.
[INFO] [stdout] 
[INFO] [stdout] error[E0308]: `if` and `else` have incompatible types
[INFO] [stdout]   --> tests/config_test.rs:20:83
[INFO] [stdout]    |
[INFO] [stdout] 20 |                 let display = if is_sensitive_key(k) { mask_sensitive(v) } else { v.clone() };
[INFO] [stdout]    |                                                        -----------------          ^^^^^^^^^ expected `String`, found `&str`
[INFO] [stdout]    |                                                        |
[INFO] [stdout]    |                                                        expected because of this
[INFO] [stdout]    |
[INFO] [stdout] help: try using a conversion method
[INFO] [stdout]    |
[INFO] [stdout] 20 -                 let display = if is_sensitive_key(k) { mask_sensitive(v) } else { v.clone() };
[INFO] [stdout] 20 +                 let display = if is_sensitive_key(k) { mask_sensitive(v) } else { v.to_string() };
[INFO] [stdout]    |
[INFO] [stdout] 
[INFO] [stdout] 
[INFO] [stderr] error: could not compile `yunli` (test "logger_test") due to 1 previous error
[INFO] [stderr] warning: build failed, waiting for other jobs to finish...
[INFO] [stdout] Some errors have detailed explanations: E0308, E0432.
[INFO] [stdout] 
[INFO] [stderr] error: could not compile `yunli` (test "config_test") due to 2 previous errors
[INFO] [stdout] For more information about an error, try `rustc --explain E0308`.
[INFO] [stdout] 
[INFO] running `Command { std: "docker" "inspect" "c8a4156c3a2bc35211930c86b41d699db873f50c89ecd347a72154b9f1bdb5b3", kill_on_drop: false }`
[INFO] running `Command { std: "docker" "rm" "-f" "c8a4156c3a2bc35211930c86b41d699db873f50c89ecd347a72154b9f1bdb5b3", kill_on_drop: false }`
[INFO] [stdout] c8a4156c3a2bc35211930c86b41d699db873f50c89ecd347a72154b9f1bdb5b3
