[INFO] fetching crate yuca 0.1.0...
[INFO] testing yuca-0.1.0 against 1.99.0-beta.8+cargoflags=--release for beta-release-1.100-2
[INFO] extracting crate yuca 0.1.0 into /workspace/builds/worker-1-tc1/source
[INFO] started tweaking crates.io crate yuca 0.1.0
[INFO] removed 0 missing tests
[INFO] finished tweaking crates.io crate yuca 0.1.0
[INFO] tweaked toml for crates.io crate yuca 0.1.0 written to /workspace/builds/worker-1-tc1/source/Cargo.toml
[INFO] validating manifest of crates.io crate yuca 0.1.0 on toolchain 1.99.0-beta.8
[INFO] running `Command { std: CARGO_HOME="/workspace/cargo-home" RUSTUP_HOME="/workspace/rustup-home" "/workspace/cargo-home/bin/cargo" "+1.99.0-beta.8" "metadata" "--manifest-path" "Cargo.toml" "--no-deps", kill_on_drop: false }`
[INFO] running `Command { std: CARGO_HOME="/workspace/cargo-home" RUSTUP_HOME="/workspace/rustup-home" "/workspace/cargo-home/bin/cargo" "+1.99.0-beta.8" "generate-lockfile" "--manifest-path" "Cargo.toml", kill_on_drop: false }`
[INFO] [stderr]     Blocking waiting for file lock on package cache
[INFO] [stderr]     Updating crates.io index
[INFO] [stderr]     Blocking waiting for file lock on package cache
[INFO] [stderr]      Locking 81 packages to highest compatible versions
[INFO] [stderr]       Adding googletest v0.13.0 (available: v0.14.3)
[INFO] [stderr]       Adding nix v0.29.0 (available: v0.31.3)
[INFO] [stderr]       Adding rstest v0.23.0 (available: v0.28.0)
[INFO] [stderr]       Adding rustix v0.38.44 (available: v1.1.5)
[INFO] [stderr]       Adding strum v0.26.3 (available: v0.28.0)
[INFO] [stderr]       Adding thiserror v1.0.69 (available: v2.0.21)
[INFO] running `Command { std: CARGO_HOME="/workspace/cargo-home" RUSTUP_HOME="/workspace/rustup-home" "/workspace/cargo-home/bin/cargo" "+1.99.0-beta.8" "fetch" "--manifest-path" "Cargo.toml", kill_on_drop: false }`
[INFO] [stderr]  Downloading crates ...
[INFO] [stderr]   Downloaded rstest_macros v0.23.0
[INFO] [stderr]   Downloaded relative-path v1.9.3
[INFO] [stderr]   Downloaded parking v2.2.1
[INFO] [stderr]   Downloaded event-listener-strategy v0.5.4
[INFO] [stderr]   Downloaded futures-timer v3.0.4
[INFO] [stderr]   Downloaded mio v1.2.4
[INFO] [stderr]   Downloaded googletest_macro v0.13.0
[INFO] [stderr]   Downloaded equivalent v1.0.3
[INFO] [stderr]   Downloaded toml_datetime v1.1.2+spec-1.1.0
[INFO] [stderr]   Downloaded async-broadcast v0.7.2
[INFO] [stderr]   Downloaded glob v0.3.4
[INFO] [stderr]   Downloaded toml_edit v0.25.17+spec-1.1.0
[INFO] [stderr]   Downloaded toml_parser v1.1.5+spec-1.1.0
[INFO] [stderr]   Downloaded futures-lite v2.6.1
[INFO] [stderr]   Downloaded event-listener v5.4.2
[INFO] [stderr]   Downloaded camino v1.2.6
[INFO] [stderr]   Downloaded googletest v0.13.0
[INFO] [stderr]   Downloaded rstest v0.23.0
[INFO] [stderr]   Downloaded nix v0.29.0
[INFO] running `Command { std: "docker" "create" "-v" "/var/lib/crater-agent-workspace/builds/worker-1-tc1/source:/opt/rustwide/workdir:ro,Z" "-v" "/var/lib/crater-agent-workspace/builds/worker-1-tc1/target:/opt/rustwide/target:rw,Z" "-v" "/var/lib/crater-agent-workspace/cargo-home:/opt/rustwide/cargo-home:ro,Z" "-v" "/var/lib/crater-agent-workspace/rustup-home:/opt/rustwide/rustup-home:ro,Z" "-m" "1610612736" "--network" "none" "ghcr.io/rust-lang/crates-build-env/linux@sha256:77db811e55d90add9212f6832c23229e3de5f1c1f9905e8cb07319ea15df73ac" "sleep" "infinity", kill_on_drop: false }`
[INFO] [stdout] 721f442a3cda16ca649ff19db8f8a34cf4bac3fefbc7134cf8ac5aee9f038b54
[INFO] running `Command { std: "docker" "start" "721f442a3cda16ca649ff19db8f8a34cf4bac3fefbc7134cf8ac5aee9f038b54", kill_on_drop: false }`
[INFO] running `Command { std: "docker" "inspect" "721f442a3cda16ca649ff19db8f8a34cf4bac3fefbc7134cf8ac5aee9f038b54", kill_on_drop: false }`
[INFO] running `Command { std: "docker" "exec" "-e" "SOURCE_DIR=/opt/rustwide/workdir" "-e" "CARGO_HOME=/opt/rustwide/cargo-home" "-e" "RUSTUP_HOME=/opt/rustwide/rustup-home" "-e" "CARGO_TARGET_DIR=/opt/rustwide/target" "-w" "/opt/rustwide/workdir" "--user" "0:0" "721f442a3cda16ca649ff19db8f8a34cf4bac3fefbc7134cf8ac5aee9f038b54" "/opt/rustwide/cargo-home/bin/cargo" "+1.99.0-beta.8" "metadata" "--no-deps" "--format-version=1", kill_on_drop: false }`
[INFO] running `Command { std: "docker" "inspect" "721f442a3cda16ca649ff19db8f8a34cf4bac3fefbc7134cf8ac5aee9f038b54", kill_on_drop: false }`
[INFO] running `Command { std: "docker" "exec" "-e" "SOURCE_DIR=/opt/rustwide/workdir" "-e" "CARGO_HOME=/opt/rustwide/cargo-home" "-e" "RUSTUP_HOME=/opt/rustwide/rustup-home" "-e" "CARGO_TARGET_DIR=/opt/rustwide/target" "-e" "CARGO_INCREMENTAL=0" "-e" "RUST_BACKTRACE=full" "-e" "RUSTFLAGS=--cap-lints=warn" "-e" "RUSTDOCFLAGS=--cap-lints=warn" "-w" "/opt/rustwide/workdir" "--user" "0:0" "721f442a3cda16ca649ff19db8f8a34cf4bac3fefbc7134cf8ac5aee9f038b54" "/opt/rustwide/cargo-home/bin/cargo" "+1.99.0-beta.8" "build" "--frozen" "--message-format=json" "--release", kill_on_drop: false }`
[INFO] [stderr]    Compiling proc-macro2 v1.0.107
[INFO] [stderr]    Compiling quote v1.0.47
[INFO] [stderr]    Compiling unicode-ident v1.0.27
[INFO] [stderr]    Compiling libc v0.2.191
[INFO] [stderr]    Compiling rustversion v1.0.23
[INFO] [stderr]    Compiling autocfg v1.5.1
[INFO] [stderr]    Compiling parking v2.2.1
[INFO] [stderr]    Compiling cfg_aliases v0.2.2
[INFO] [stderr]    Compiling camino v1.2.6
[INFO] [stderr]    Compiling bitflags v2.13.2
[INFO] [stderr]    Compiling rustix v0.38.44
[INFO] [stderr]    Compiling futures-core v0.3.34
[INFO] [stderr]    Compiling cfg-if v1.0.5
[INFO] [stderr]    Compiling linux-raw-sys v0.4.15
[INFO] [stderr]    Compiling nix v0.29.0
[INFO] [stderr]    Compiling event-listener v5.4.2
[INFO] [stderr]    Compiling memoffset v0.9.1
[INFO] [stderr]    Compiling event-listener-strategy v0.5.4
[INFO] [stderr]    Compiling async-broadcast v0.7.2
[INFO] [stderr]    Compiling syn v2.0.119
[INFO] [stderr]    Compiling syn v3.0.9
[INFO] [stderr]    Compiling socket2 v0.6.5
[INFO] [stderr]    Compiling mio v1.2.4
[INFO] [stderr]    Compiling strum_macros v0.26.4
[INFO] [stderr]    Compiling thiserror-impl v1.0.69
[INFO] [stderr]    Compiling tokio-macros v2.7.2
[INFO] [stderr]    Compiling thiserror v1.0.69
[INFO] [stderr]    Compiling strum v0.26.3
[INFO] [stderr]    Compiling tokio v1.53.3
[INFO] [stderr]    Compiling yuca v0.1.0 (/opt/rustwide/workdir)
[INFO] [stdout] warning: use of deprecated associated function `tokio::io::unix::AsyncFd::<T>::new`: unsound due to lack of I/O safety; use `AsyncFd::register` instead (see https://github.com/tokio-rs/tokio/pull/8587)
[INFO] [stdout]    --> src/watcher.rs:519:44
[INFO] [stdout]     |
[INFO] [stdout] 519 |         let fd = tokio::io::unix::AsyncFd::new(dispatcher)?;
[INFO] [stdout]     |                                            ^^^
[INFO] [stdout]     |
[INFO] [stdout]     = note: `#[warn(deprecated)]` on by default
[INFO] [stdout] 
[INFO] [stdout] 
[INFO] [stderr]     Finished `release` profile [optimized] target(s) in 23.34s
[INFO] running `Command { std: "docker" "inspect" "721f442a3cda16ca649ff19db8f8a34cf4bac3fefbc7134cf8ac5aee9f038b54", kill_on_drop: false }`
[INFO] running `Command { std: "docker" "exec" "-e" "SOURCE_DIR=/opt/rustwide/workdir" "-e" "CARGO_HOME=/opt/rustwide/cargo-home" "-e" "RUSTUP_HOME=/opt/rustwide/rustup-home" "-e" "CARGO_TARGET_DIR=/opt/rustwide/target" "-e" "CARGO_INCREMENTAL=0" "-e" "RUST_BACKTRACE=full" "-e" "RUSTFLAGS=--cap-lints=warn" "-e" "RUSTDOCFLAGS=--cap-lints=warn" "-w" "/opt/rustwide/workdir" "--user" "0:0" "721f442a3cda16ca649ff19db8f8a34cf4bac3fefbc7134cf8ac5aee9f038b54" "/opt/rustwide/cargo-home/bin/cargo" "+1.99.0-beta.8" "test" "--frozen" "--no-run" "--message-format=json" "--release", kill_on_drop: false }`
[INFO] [stderr]    Compiling hashbrown v0.17.1
[INFO] [stderr]    Compiling futures-sink v0.3.34
[INFO] [stderr]    Compiling winnow v1.0.4
[INFO] [stderr]    Compiling memchr v2.8.3
[INFO] [stderr]    Compiling semver v1.0.28
[INFO] [stderr]    Compiling futures-io v0.3.34
[INFO] [stderr]    Compiling equivalent v1.0.3
[INFO] [stderr]    Compiling toml_datetime v1.1.2+spec-1.1.0
[INFO] [stderr]    Compiling futures-task v0.3.34
[INFO] [stderr]    Compiling regex-syntax v0.8.11
[INFO] [stderr]    Compiling syn v2.0.119
[INFO] [stderr]    Compiling aho-corasick v1.1.5
[INFO] [stderr]    Compiling num-traits v0.2.19
[INFO] [stderr]    Compiling futures-macro v0.3.34
[INFO] [stderr]    Compiling rustix v0.38.44
[INFO] [stderr]    Compiling futures-channel v0.3.34
[INFO] [stderr]    Compiling errno v0.3.14
[INFO] [stderr]    Compiling cfg-if v1.0.5
[INFO] [stderr]    Compiling glob v0.3.4
[INFO] [stderr]    Compiling relative-path v1.9.3
[INFO] [stderr]    Compiling tokio v1.53.3
[INFO] [stderr]    Compiling futures-timer v3.0.4
[INFO] [stderr]    Compiling rustc_version v0.4.1
[INFO] [stderr]    Compiling fastrand v2.5.0
[INFO] [stderr]    Compiling rstest_macros v0.23.0
[INFO] [stderr]    Compiling futures-lite v2.6.1
[INFO] [stderr]    Compiling indexmap v2.14.2
[INFO] [stderr]    Compiling futures-util v0.3.34
[INFO] [stderr]    Compiling toml_parser v1.1.5+spec-1.1.0
[INFO] [stderr]    Compiling toml_edit v0.25.17+spec-1.1.0
[INFO] [stderr]    Compiling regex-automata v0.4.18
[INFO] [stderr]    Compiling proc-macro-crate v3.5.0
[INFO] [stderr]    Compiling futures-executor v0.3.34
[INFO] [stderr]    Compiling futures v0.3.34
[INFO] [stderr]    Compiling regex v1.13.1
[INFO] [stderr]    Compiling thiserror-impl v1.0.69
[INFO] [stderr]    Compiling strum_macros v0.26.4
[INFO] [stderr]    Compiling googletest_macro v0.13.0
[INFO] [stderr]    Compiling googletest v0.13.0
[INFO] [stderr]    Compiling thiserror v1.0.69
[INFO] [stderr]    Compiling strum v0.26.3
[INFO] [stderr]    Compiling yuca v0.1.0 (/opt/rustwide/workdir)
[INFO] [stdout] warning: use of deprecated associated function `tokio::io::unix::AsyncFd::<T>::new`: unsound due to lack of I/O safety; use `AsyncFd::register` instead (see https://github.com/tokio-rs/tokio/pull/8587)
[INFO] [stdout]    --> src/watcher.rs:519:44
[INFO] [stdout]     |
[INFO] [stdout] 519 |         let fd = tokio::io::unix::AsyncFd::new(dispatcher)?;
[INFO] [stdout]     |                                            ^^^
[INFO] [stdout]     |
[INFO] [stdout]     = note: `#[warn(deprecated)]` on by default
[INFO] [stdout] 
[INFO] [stdout] 
[INFO] [stderr]    Compiling rstest v0.23.0
[INFO] [stdout] warning: use of deprecated associated function `tokio::io::unix::AsyncFd::<T>::new`: unsound due to lack of I/O safety; use `AsyncFd::register` instead (see https://github.com/tokio-rs/tokio/pull/8587)
[INFO] [stdout]    --> src/watcher.rs:519:44
[INFO] [stdout]     |
[INFO] [stdout] 519 |         let fd = tokio::io::unix::AsyncFd::new(dispatcher)?;
[INFO] [stdout]     |                                            ^^^
[INFO] [stdout]     |
[INFO] [stdout]     = note: `#[warn(deprecated)]` on by default
[INFO] [stdout] 
[INFO] [stdout] 
[INFO] [stdout] error: couldn't read `tests/../../umockdev/devices-default.umockdev`: No such file or directory (os error 2)
[INFO] [stdout]   --> tests/umockdev.rs:12:40
[INFO] [stdout]    |
[INFO] [stdout] 12 | const UMOCKDEV_DEVICES_DEFAULT: &str = include_str!("../../umockdev/devices-default.umockdev");
[INFO] [stdout]    |                                        ^^^^^^^^^^^^^^^^^^^^^^^^^^^^^^^^^^^^^^^^^^^^^^^^^^^^^^^
[INFO] [stdout] 
[INFO] [stdout] 
[INFO] [stdout] error[E0433]: cannot find module or crate `umockdev` in this scope
[INFO] [stdout]  --> tests/umockdev.rs:8:5
[INFO] [stdout]   |
[INFO] [stdout] 8 | use umockdev::prelude::*;
[INFO] [stdout]   |     ^^^^^^^^ use of unresolved module or unlinked crate `umockdev`
[INFO] [stdout]   |
[INFO] [stdout] help: to make use of source file tests/umockdev.rs, use `mod umockdev` in this file to declare the module
[INFO] [stdout]   |
[INFO] [stdout] 1 + mod umockdev;
[INFO] [stdout]   |
[INFO] [stdout] 
[INFO] [stdout] 
[INFO] [stdout] error[E0433]: cannot find module or crate `umockdev` in this scope
[INFO] [stdout]   --> tests/umockdev.rs:41:19
[INFO] [stdout]    |
[INFO] [stdout] 41 |     let testbed = umockdev::Testbed::new();
[INFO] [stdout]    |                   ^^^^^^^^ use of unresolved module or unlinked crate `umockdev`
[INFO] [stdout]    |
[INFO] [stdout] help: to make use of source file tests/umockdev.rs, use `mod umockdev` in this file to declare the module
[INFO] [stdout]    |
[INFO] [stdout]  1 + mod umockdev;
[INFO] [stdout]    |
[INFO] [stdout] 
[INFO] [stdout] 
[INFO] [stdout] error[E0433]: cannot find module or crate `umockdev` in this scope
[INFO] [stdout]   --> tests/umockdev.rs:25:14
[INFO] [stdout]    |
[INFO] [stdout] 25 |     testbed: umockdev::Testbed,
[INFO] [stdout]    |              ^^^^^^^^ use of unresolved module or unlinked crate `umockdev`
[INFO] [stdout]    |
[INFO] [stdout] help: to make use of source file tests/umockdev.rs, use `mod umockdev` in this file to declare the module
[INFO] [stdout]    |
[INFO] [stdout]  1 + mod umockdev;
[INFO] [stdout]    |
[INFO] [stdout] 
[INFO] [stdout] 
[INFO] [stdout] error[E0433]: cannot find module or crate `umockdev` in this scope
[INFO] [stdout]   --> tests/umockdev.rs:30:19
[INFO] [stdout]    |
[INFO] [stdout] 30 |     type Target = umockdev::Testbed;
[INFO] [stdout]    |                   ^^^^^^^^ use of unresolved module or unlinked crate `umockdev`
[INFO] [stdout]    |
[INFO] [stdout] help: to make use of source file tests/umockdev.rs, use `mod umockdev` in this file to declare the module
[INFO] [stdout]    |
[INFO] [stdout]  1 + mod umockdev;
[INFO] [stdout]    |
[INFO] [stdout] 
[INFO] [stdout] 
[INFO] [stdout] For more information about this error, try `rustc --explain E0433`.
[INFO] [stdout] 
[INFO] [stderr] error: could not compile `yuca` (test "umockdev") due to 5 previous errors
[INFO] [stderr] warning: build failed, waiting for other jobs to finish...
[INFO] running `Command { std: "docker" "inspect" "721f442a3cda16ca649ff19db8f8a34cf4bac3fefbc7134cf8ac5aee9f038b54", kill_on_drop: false }`
[INFO] running `Command { std: "docker" "rm" "-f" "721f442a3cda16ca649ff19db8f8a34cf4bac3fefbc7134cf8ac5aee9f038b54", kill_on_drop: false }`
[INFO] [stdout] 721f442a3cda16ca649ff19db8f8a34cf4bac3fefbc7134cf8ac5aee9f038b54
