[INFO] fetching crate yggdrasil-parser 0.1.0...
[INFO] testing yggdrasil-parser-0.1.0 against 1.99.0-beta.8+cargoflags=--release for beta-release-1.100-2
[INFO] extracting crate yggdrasil-parser 0.1.0 into /workspace/builds/worker-3-tc1/source
[INFO] started tweaking crates.io crate yggdrasil-parser 0.1.0
[INFO] finished tweaking crates.io crate yggdrasil-parser 0.1.0
[INFO] tweaked toml for crates.io crate yggdrasil-parser 0.1.0 written to /workspace/builds/worker-3-tc1/source/Cargo.toml
[INFO] validating manifest of crates.io crate yggdrasil-parser 0.1.0 on toolchain 1.99.0-beta.8
[INFO] running `Command { std: CARGO_HOME="/workspace/cargo-home" RUSTUP_HOME="/workspace/rustup-home" "/workspace/cargo-home/bin/cargo" "+1.99.0-beta.8" "metadata" "--manifest-path" "Cargo.toml" "--no-deps", kill_on_drop: false }`
[INFO] running `Command { std: CARGO_HOME="/workspace/cargo-home" RUSTUP_HOME="/workspace/rustup-home" "/workspace/cargo-home/bin/cargo" "+1.99.0-beta.8" "generate-lockfile" "--manifest-path" "Cargo.toml", kill_on_drop: false }`
[INFO] [stderr]     Blocking waiting for file lock on package cache
[INFO] [stderr]     Updating crates.io index
[INFO] [stderr]      Locking 6 packages to highest compatible versions
[INFO] [stderr]       Adding yggdrasil-rt v0.0.16 (available: v0.1.3)
[INFO] running `Command { std: CARGO_HOME="/workspace/cargo-home" RUSTUP_HOME="/workspace/rustup-home" "/workspace/cargo-home/bin/cargo" "+1.99.0-beta.8" "fetch" "--manifest-path" "Cargo.toml", kill_on_drop: false }`
[INFO] [stderr]  Downloading crates ...
[INFO] [stderr]   Downloaded daachorse v1.0.1
[INFO] [stderr]   Downloaded yggdrasil-rt v0.0.16
[INFO] running `Command { std: "docker" "create" "-v" "/var/lib/crater-agent-workspace/builds/worker-3-tc1/source:/opt/rustwide/workdir:ro,Z" "-v" "/var/lib/crater-agent-workspace/builds/worker-3-tc1/target:/opt/rustwide/target:rw,Z" "-v" "/var/lib/crater-agent-workspace/cargo-home:/opt/rustwide/cargo-home:ro,Z" "-v" "/var/lib/crater-agent-workspace/rustup-home:/opt/rustwide/rustup-home:ro,Z" "-m" "1610612736" "--network" "none" "ghcr.io/rust-lang/crates-build-env/linux@sha256:77db811e55d90add9212f6832c23229e3de5f1c1f9905e8cb07319ea15df73ac" "sleep" "infinity", kill_on_drop: false }`
[INFO] [stdout] d0bd901bd21b405a73f240c767b51a3c90b8183e1556cefc800d5a4bad8b7739
[INFO] running `Command { std: "docker" "start" "d0bd901bd21b405a73f240c767b51a3c90b8183e1556cefc800d5a4bad8b7739", kill_on_drop: false }`
[INFO] running `Command { std: "docker" "inspect" "d0bd901bd21b405a73f240c767b51a3c90b8183e1556cefc800d5a4bad8b7739", kill_on_drop: false }`
[INFO] running `Command { std: "docker" "exec" "-e" "SOURCE_DIR=/opt/rustwide/workdir" "-e" "CARGO_HOME=/opt/rustwide/cargo-home" "-e" "RUSTUP_HOME=/opt/rustwide/rustup-home" "-e" "CARGO_TARGET_DIR=/opt/rustwide/target" "-w" "/opt/rustwide/workdir" "--user" "0:0" "d0bd901bd21b405a73f240c767b51a3c90b8183e1556cefc800d5a4bad8b7739" "/opt/rustwide/cargo-home/bin/cargo" "+1.99.0-beta.8" "metadata" "--no-deps" "--format-version=1", kill_on_drop: false }`
[INFO] running `Command { std: "docker" "inspect" "d0bd901bd21b405a73f240c767b51a3c90b8183e1556cefc800d5a4bad8b7739", kill_on_drop: false }`
[INFO] running `Command { std: "docker" "exec" "-e" "SOURCE_DIR=/opt/rustwide/workdir" "-e" "CARGO_HOME=/opt/rustwide/cargo-home" "-e" "RUSTUP_HOME=/opt/rustwide/rustup-home" "-e" "CARGO_TARGET_DIR=/opt/rustwide/target" "-e" "CARGO_INCREMENTAL=0" "-e" "RUST_BACKTRACE=full" "-e" "RUSTFLAGS=--cap-lints=warn" "-e" "RUSTDOCFLAGS=--cap-lints=warn" "-w" "/opt/rustwide/workdir" "--user" "0:0" "d0bd901bd21b405a73f240c767b51a3c90b8183e1556cefc800d5a4bad8b7739" "/opt/rustwide/cargo-home/bin/cargo" "+1.99.0-beta.8" "build" "--frozen" "--message-format=json" "--release", kill_on_drop: false }`
[INFO] [stderr]    Compiling daachorse v1.0.1
[INFO] [stderr]    Compiling regex-automata v0.4.18
[INFO] [stderr]    Compiling yggdrasil-rt v0.0.16
[INFO] [stderr]    Compiling yggdrasil-parser v0.1.0 (/opt/rustwide/workdir)
[INFO] [stdout] error[E0554]: `#![feature]` may not be used on the beta release channel
[INFO] [stdout]  --> src/lib.rs:1:1
[INFO] [stdout]   |
[INFO] [stdout] 1 | #![feature(lazy_cell)]
[INFO] [stdout]   | ^^^^^^^^^^^^^^^^^^^^^^
[INFO] [stdout] 
[INFO] [stdout] 
[INFO] [stdout] warning: unexpected `cfg` condition value: `serde`
[INFO] [stdout]   --> src/bootstrap/mod.rs:19:12
[INFO] [stdout]    |
[INFO] [stdout] 19 | #[cfg_attr(feature = "serde", derive(serde::Serialize, serde::Deserialize))]
[INFO] [stdout]    |            ^^^^^^^^^^^^^^^^^ help: remove the condition
[INFO] [stdout]    |
[INFO] [stdout]    = note: no expected values for `feature`
[INFO] [stdout]    = help: consider adding `serde` as a feature in `Cargo.toml`
[INFO] [stdout]    = note: see <https://doc.rust-lang.org/nightly/rustc/check-cfg/cargo-specifics.html> for more information about checking conditional configuration
[INFO] [stdout]    = note: `#[warn(unexpected_cfgs)]` on by default
[INFO] [stdout] 
[INFO] [stdout] 
[INFO] [stdout] warning: unexpected `cfg` condition value: `serde`
[INFO] [stdout]   --> src/bootstrap/mod.rs:31:12
[INFO] [stdout]    |
[INFO] [stdout] 31 | #[cfg_attr(feature = "serde", derive(serde::Serialize, serde::Deserialize))]
[INFO] [stdout]    |            ^^^^^^^^^^^^^^^^^ help: remove the condition
[INFO] [stdout]    |
[INFO] [stdout]    = note: no expected values for `feature`
[INFO] [stdout]    = help: consider adding `serde` as a feature in `Cargo.toml`
[INFO] [stdout]    = note: see <https://doc.rust-lang.org/nightly/rustc/check-cfg/cargo-specifics.html> for more information about checking conditional configuration
[INFO] [stdout] 
[INFO] [stdout] 
[INFO] [stdout] warning: unexpected `cfg` condition value: `serde`
[INFO] [stdout]    --> src/bootstrap/mod.rs:179:12
[INFO] [stdout]     |
[INFO] [stdout] 179 | #[cfg_attr(feature = "serde", derive(serde::Serialize, serde::Deserialize))]
[INFO] [stdout]     |            ^^^^^^^^^^^^^^^^^ help: remove the condition
[INFO] [stdout]     |
[INFO] [stdout]     = note: no expected values for `feature`
[INFO] [stdout]     = help: consider adding `serde` as a feature in `Cargo.toml`
[INFO] [stdout]     = note: see <https://doc.rust-lang.org/nightly/rustc/check-cfg/cargo-specifics.html> for more information about checking conditional configuration
[INFO] [stdout] 
[INFO] [stdout] 
[INFO] [stdout] warning: unexpected `cfg` condition value: `serde`
[INFO] [stdout]    --> src/bootstrap/mod.rs:185:12
[INFO] [stdout]     |
[INFO] [stdout] 185 | #[cfg_attr(feature = "serde", derive(serde::Serialize, serde::Deserialize))]
[INFO] [stdout]     |            ^^^^^^^^^^^^^^^^^ help: remove the condition
[INFO] [stdout]     |
[INFO] [stdout]     = note: no expected values for `feature`
[INFO] [stdout]     = help: consider adding `serde` as a feature in `Cargo.toml`
[INFO] [stdout]     = note: see <https://doc.rust-lang.org/nightly/rustc/check-cfg/cargo-specifics.html> for more information about checking conditional configuration
[INFO] [stdout] 
[INFO] [stdout] 
[INFO] [stdout] warning: unexpected `cfg` condition value: `serde`
[INFO] [stdout]    --> src/bootstrap/mod.rs:194:12
[INFO] [stdout]     |
[INFO] [stdout] 194 | #[cfg_attr(feature = "serde", derive(serde::Serialize, serde::Deserialize))]
[INFO] [stdout]     |            ^^^^^^^^^^^^^^^^^ help: remove the condition
[INFO] [stdout]     |
[INFO] [stdout]     = note: no expected values for `feature`
[INFO] [stdout]     = help: consider adding `serde` as a feature in `Cargo.toml`
[INFO] [stdout]     = note: see <https://doc.rust-lang.org/nightly/rustc/check-cfg/cargo-specifics.html> for more information about checking conditional configuration
[INFO] [stdout] 
[INFO] [stdout] 
[INFO] [stdout] warning: unexpected `cfg` condition value: `serde`
[INFO] [stdout]    --> src/bootstrap/mod.rs:201:12
[INFO] [stdout]     |
[INFO] [stdout] 201 | #[cfg_attr(feature = "serde", derive(serde::Serialize, serde::Deserialize))]
[INFO] [stdout]     |            ^^^^^^^^^^^^^^^^^ help: remove the condition
[INFO] [stdout]     |
[INFO] [stdout]     = note: no expected values for `feature`
[INFO] [stdout]     = help: consider adding `serde` as a feature in `Cargo.toml`
[INFO] [stdout]     = note: see <https://doc.rust-lang.org/nightly/rustc/check-cfg/cargo-specifics.html> for more information about checking conditional configuration
[INFO] [stdout] 
[INFO] [stdout] 
[INFO] [stdout] warning: unexpected `cfg` condition value: `serde`
[INFO] [stdout]    --> src/bootstrap/mod.rs:206:12
[INFO] [stdout]     |
[INFO] [stdout] 206 | #[cfg_attr(feature = "serde", derive(serde::Serialize, serde::Deserialize))]
[INFO] [stdout]     |            ^^^^^^^^^^^^^^^^^ help: remove the condition
[INFO] [stdout]     |
[INFO] [stdout]     = note: no expected values for `feature`
[INFO] [stdout]     = help: consider adding `serde` as a feature in `Cargo.toml`
[INFO] [stdout]     = note: see <https://doc.rust-lang.org/nightly/rustc/check-cfg/cargo-specifics.html> for more information about checking conditional configuration
[INFO] [stdout] 
[INFO] [stdout] 
[INFO] [stdout] warning: unexpected `cfg` condition value: `serde`
[INFO] [stdout]    --> src/bootstrap/mod.rs:217:12
[INFO] [stdout]     |
[INFO] [stdout] 217 | #[cfg_attr(feature = "serde", derive(serde::Serialize, serde::Deserialize))]
[INFO] [stdout]     |            ^^^^^^^^^^^^^^^^^ help: remove the condition
[INFO] [stdout]     |
[INFO] [stdout]     = note: no expected values for `feature`
[INFO] [stdout]     = help: consider adding `serde` as a feature in `Cargo.toml`
[INFO] [stdout]     = note: see <https://doc.rust-lang.org/nightly/rustc/check-cfg/cargo-specifics.html> for more information about checking conditional configuration
[INFO] [stdout] 
[INFO] [stdout] 
[INFO] [stdout] warning: unexpected `cfg` condition value: `serde`
[INFO] [stdout]    --> src/bootstrap/mod.rs:223:12
[INFO] [stdout]     |
[INFO] [stdout] 223 | #[cfg_attr(feature = "serde", derive(serde::Serialize, serde::Deserialize))]
[INFO] [stdout]     |            ^^^^^^^^^^^^^^^^^ help: remove the condition
[INFO] [stdout]     |
[INFO] [stdout]     = note: no expected values for `feature`
[INFO] [stdout]     = help: consider adding `serde` as a feature in `Cargo.toml`
[INFO] [stdout]     = note: see <https://doc.rust-lang.org/nightly/rustc/check-cfg/cargo-specifics.html> for more information about checking conditional configuration
[INFO] [stdout] 
[INFO] [stdout] 
[INFO] [stdout] warning: unexpected `cfg` condition value: `serde`
[INFO] [stdout]    --> src/bootstrap/mod.rs:228:12
[INFO] [stdout]     |
[INFO] [stdout] 228 | #[cfg_attr(feature = "serde", derive(serde::Serialize, serde::Deserialize))]
[INFO] [stdout]     |            ^^^^^^^^^^^^^^^^^ help: remove the condition
[INFO] [stdout]     |
[INFO] [stdout]     = note: no expected values for `feature`
[INFO] [stdout]     = help: consider adding `serde` as a feature in `Cargo.toml`
[INFO] [stdout]     = note: see <https://doc.rust-lang.org/nightly/rustc/check-cfg/cargo-specifics.html> for more information about checking conditional configuration
[INFO] [stdout] 
[INFO] [stdout] 
[INFO] [stdout] warning: unexpected `cfg` condition value: `serde`
[INFO] [stdout]    --> src/bootstrap/mod.rs:238:12
[INFO] [stdout]     |
[INFO] [stdout] 238 | #[cfg_attr(feature = "serde", derive(serde::Serialize, serde::Deserialize))]
[INFO] [stdout]     |            ^^^^^^^^^^^^^^^^^ help: remove the condition
[INFO] [stdout]     |
[INFO] [stdout]     = note: no expected values for `feature`
[INFO] [stdout]     = help: consider adding `serde` as a feature in `Cargo.toml`
[INFO] [stdout]     = note: see <https://doc.rust-lang.org/nightly/rustc/check-cfg/cargo-specifics.html> for more information about checking conditional configuration
[INFO] [stdout] 
[INFO] [stdout] 
[INFO] [stdout] warning: unexpected `cfg` condition value: `serde`
[INFO] [stdout]    --> src/bootstrap/mod.rs:244:12
[INFO] [stdout]     |
[INFO] [stdout] 244 | #[cfg_attr(feature = "serde", derive(serde::Serialize, serde::Deserialize))]
[INFO] [stdout]     |            ^^^^^^^^^^^^^^^^^ help: remove the condition
[INFO] [stdout]     |
[INFO] [stdout]     = note: no expected values for `feature`
[INFO] [stdout]     = help: consider adding `serde` as a feature in `Cargo.toml`
[INFO] [stdout]     = note: see <https://doc.rust-lang.org/nightly/rustc/check-cfg/cargo-specifics.html> for more information about checking conditional configuration
[INFO] [stdout] 
[INFO] [stdout] 
[INFO] [stdout] warning: unexpected `cfg` condition value: `serde`
[INFO] [stdout]    --> src/bootstrap/mod.rs:251:12
[INFO] [stdout]     |
[INFO] [stdout] 251 | #[cfg_attr(feature = "serde", derive(serde::Serialize, serde::Deserialize))]
[INFO] [stdout]     |            ^^^^^^^^^^^^^^^^^ help: remove the condition
[INFO] [stdout]     |
[INFO] [stdout]     = note: no expected values for `feature`
[INFO] [stdout]     = help: consider adding `serde` as a feature in `Cargo.toml`
[INFO] [stdout]     = note: see <https://doc.rust-lang.org/nightly/rustc/check-cfg/cargo-specifics.html> for more information about checking conditional configuration
[INFO] [stdout] 
[INFO] [stdout] 
[INFO] [stdout] warning: unexpected `cfg` condition value: `serde`
[INFO] [stdout]    --> src/bootstrap/mod.rs:258:12
[INFO] [stdout]     |
[INFO] [stdout] 258 | #[cfg_attr(feature = "serde", derive(serde::Serialize, serde::Deserialize))]
[INFO] [stdout]     |            ^^^^^^^^^^^^^^^^^ help: remove the condition
[INFO] [stdout]     |
[INFO] [stdout]     = note: no expected values for `feature`
[INFO] [stdout]     = help: consider adding `serde` as a feature in `Cargo.toml`
[INFO] [stdout]     = note: see <https://doc.rust-lang.org/nightly/rustc/check-cfg/cargo-specifics.html> for more information about checking conditional configuration
[INFO] [stdout] 
[INFO] [stdout] 
[INFO] [stdout] warning: unexpected `cfg` condition value: `serde`
[INFO] [stdout]    --> src/bootstrap/mod.rs:263:12
[INFO] [stdout]     |
[INFO] [stdout] 263 | #[cfg_attr(feature = "serde", derive(serde::Serialize, serde::Deserialize))]
[INFO] [stdout]     |            ^^^^^^^^^^^^^^^^^ help: remove the condition
[INFO] [stdout]     |
[INFO] [stdout]     = note: no expected values for `feature`
[INFO] [stdout]     = help: consider adding `serde` as a feature in `Cargo.toml`
[INFO] [stdout]     = note: see <https://doc.rust-lang.org/nightly/rustc/check-cfg/cargo-specifics.html> for more information about checking conditional configuration
[INFO] [stdout] 
[INFO] [stdout] 
[INFO] [stdout] warning: unexpected `cfg` condition value: `serde`
[INFO] [stdout]    --> src/bootstrap/mod.rs:272:12
[INFO] [stdout]     |
[INFO] [stdout] 272 | #[cfg_attr(feature = "serde", derive(serde::Serialize, serde::Deserialize))]
[INFO] [stdout]     |            ^^^^^^^^^^^^^^^^^ help: remove the condition
[INFO] [stdout]     |
[INFO] [stdout]     = note: no expected values for `feature`
[INFO] [stdout]     = help: consider adding `serde` as a feature in `Cargo.toml`
[INFO] [stdout]     = note: see <https://doc.rust-lang.org/nightly/rustc/check-cfg/cargo-specifics.html> for more information about checking conditional configuration
[INFO] [stdout] 
[INFO] [stdout] 
[INFO] [stdout] warning: unexpected `cfg` condition value: `serde`
[INFO] [stdout]    --> src/bootstrap/mod.rs:278:12
[INFO] [stdout]     |
[INFO] [stdout] 278 | #[cfg_attr(feature = "serde", derive(serde::Serialize, serde::Deserialize))]
[INFO] [stdout]     |            ^^^^^^^^^^^^^^^^^ help: remove the condition
[INFO] [stdout]     |
[INFO] [stdout]     = note: no expected values for `feature`
[INFO] [stdout]     = help: consider adding `serde` as a feature in `Cargo.toml`
[INFO] [stdout]     = note: see <https://doc.rust-lang.org/nightly/rustc/check-cfg/cargo-specifics.html> for more information about checking conditional configuration
[INFO] [stdout] 
[INFO] [stdout] 
[INFO] [stdout] warning: unexpected `cfg` condition value: `serde`
[INFO] [stdout]    --> src/bootstrap/mod.rs:285:12
[INFO] [stdout]     |
[INFO] [stdout] 285 | #[cfg_attr(feature = "serde", derive(serde::Serialize, serde::Deserialize))]
[INFO] [stdout]     |            ^^^^^^^^^^^^^^^^^ help: remove the condition
[INFO] [stdout]     |
[INFO] [stdout]     = note: no expected values for `feature`
[INFO] [stdout]     = help: consider adding `serde` as a feature in `Cargo.toml`
[INFO] [stdout]     = note: see <https://doc.rust-lang.org/nightly/rustc/check-cfg/cargo-specifics.html> for more information about checking conditional configuration
[INFO] [stdout] 
[INFO] [stdout] 
[INFO] [stdout] warning: unexpected `cfg` condition value: `serde`
[INFO] [stdout]    --> src/bootstrap/mod.rs:293:12
[INFO] [stdout]     |
[INFO] [stdout] 293 | #[cfg_attr(feature = "serde", derive(serde::Serialize, serde::Deserialize))]
[INFO] [stdout]     |            ^^^^^^^^^^^^^^^^^ help: remove the condition
[INFO] [stdout]     |
[INFO] [stdout]     = note: no expected values for `feature`
[INFO] [stdout]     = help: consider adding `serde` as a feature in `Cargo.toml`
[INFO] [stdout]     = note: see <https://doc.rust-lang.org/nightly/rustc/check-cfg/cargo-specifics.html> for more information about checking conditional configuration
[INFO] [stdout] 
[INFO] [stdout] 
[INFO] [stdout] warning: unexpected `cfg` condition value: `serde`
[INFO] [stdout]    --> src/bootstrap/mod.rs:299:12
[INFO] [stdout]     |
[INFO] [stdout] 299 | #[cfg_attr(feature = "serde", derive(serde::Serialize, serde::Deserialize))]
[INFO] [stdout]     |            ^^^^^^^^^^^^^^^^^ help: remove the condition
[INFO] [stdout]     |
[INFO] [stdout]     = note: no expected values for `feature`
[INFO] [stdout]     = help: consider adding `serde` as a feature in `Cargo.toml`
[INFO] [stdout]     = note: see <https://doc.rust-lang.org/nightly/rustc/check-cfg/cargo-specifics.html> for more information about checking conditional configuration
[INFO] [stdout] 
[INFO] [stdout] 
[INFO] [stdout] warning: unexpected `cfg` condition value: `serde`
[INFO] [stdout]    --> src/bootstrap/mod.rs:306:12
[INFO] [stdout]     |
[INFO] [stdout] 306 | #[cfg_attr(feature = "serde", derive(serde::Serialize, serde::Deserialize))]
[INFO] [stdout]     |            ^^^^^^^^^^^^^^^^^ help: remove the condition
[INFO] [stdout]     |
[INFO] [stdout]     = note: no expected values for `feature`
[INFO] [stdout]     = help: consider adding `serde` as a feature in `Cargo.toml`
[INFO] [stdout]     = note: see <https://doc.rust-lang.org/nightly/rustc/check-cfg/cargo-specifics.html> for more information about checking conditional configuration
[INFO] [stdout] 
[INFO] [stdout] 
[INFO] [stdout] warning: unexpected `cfg` condition value: `serde`
[INFO] [stdout]    --> src/bootstrap/mod.rs:313:12
[INFO] [stdout]     |
[INFO] [stdout] 313 | #[cfg_attr(feature = "serde", derive(serde::Serialize, serde::Deserialize))]
[INFO] [stdout]     |            ^^^^^^^^^^^^^^^^^ help: remove the condition
[INFO] [stdout]     |
[INFO] [stdout]     = note: no expected values for `feature`
[INFO] [stdout]     = help: consider adding `serde` as a feature in `Cargo.toml`
[INFO] [stdout]     = note: see <https://doc.rust-lang.org/nightly/rustc/check-cfg/cargo-specifics.html> for more information about checking conditional configuration
[INFO] [stdout] 
[INFO] [stdout] 
[INFO] [stdout] warning: unexpected `cfg` condition value: `serde`
[INFO] [stdout]    --> src/bootstrap/mod.rs:320:12
[INFO] [stdout]     |
[INFO] [stdout] 320 | #[cfg_attr(feature = "serde", derive(serde::Serialize, serde::Deserialize))]
[INFO] [stdout]     |            ^^^^^^^^^^^^^^^^^ help: remove the condition
[INFO] [stdout]     |
[INFO] [stdout]     = note: no expected values for `feature`
[INFO] [stdout]     = help: consider adding `serde` as a feature in `Cargo.toml`
[INFO] [stdout]     = note: see <https://doc.rust-lang.org/nightly/rustc/check-cfg/cargo-specifics.html> for more information about checking conditional configuration
[INFO] [stdout] 
[INFO] [stdout] 
[INFO] [stdout] warning: unexpected `cfg` condition value: `serde`
[INFO] [stdout]    --> src/bootstrap/mod.rs:326:12
[INFO] [stdout]     |
[INFO] [stdout] 326 | #[cfg_attr(feature = "serde", derive(serde::Serialize, serde::Deserialize))]
[INFO] [stdout]     |            ^^^^^^^^^^^^^^^^^ help: remove the condition
[INFO] [stdout]     |
[INFO] [stdout]     = note: no expected values for `feature`
[INFO] [stdout]     = help: consider adding `serde` as a feature in `Cargo.toml`
[INFO] [stdout]     = note: see <https://doc.rust-lang.org/nightly/rustc/check-cfg/cargo-specifics.html> for more information about checking conditional configuration
[INFO] [stdout] 
[INFO] [stdout] 
[INFO] [stdout] warning: unexpected `cfg` condition value: `serde`
[INFO] [stdout]    --> src/bootstrap/mod.rs:333:12
[INFO] [stdout]     |
[INFO] [stdout] 333 | #[cfg_attr(feature = "serde", derive(serde::Serialize, serde::Deserialize))]
[INFO] [stdout]     |            ^^^^^^^^^^^^^^^^^ help: remove the condition
[INFO] [stdout]     |
[INFO] [stdout]     = note: no expected values for `feature`
[INFO] [stdout]     = help: consider adding `serde` as a feature in `Cargo.toml`
[INFO] [stdout]     = note: see <https://doc.rust-lang.org/nightly/rustc/check-cfg/cargo-specifics.html> for more information about checking conditional configuration
[INFO] [stdout] 
[INFO] [stdout] 
[INFO] [stdout] warning: unexpected `cfg` condition value: `serde`
[INFO] [stdout]    --> src/bootstrap/mod.rs:339:12
[INFO] [stdout]     |
[INFO] [stdout] 339 | #[cfg_attr(feature = "serde", derive(serde::Serialize, serde::Deserialize))]
[INFO] [stdout]     |            ^^^^^^^^^^^^^^^^^ help: remove the condition
[INFO] [stdout]     |
[INFO] [stdout]     = note: no expected values for `feature`
[INFO] [stdout]     = help: consider adding `serde` as a feature in `Cargo.toml`
[INFO] [stdout]     = note: see <https://doc.rust-lang.org/nightly/rustc/check-cfg/cargo-specifics.html> for more information about checking conditional configuration
[INFO] [stdout] 
[INFO] [stdout] 
[INFO] [stdout] warning: unexpected `cfg` condition value: `serde`
[INFO] [stdout]    --> src/bootstrap/mod.rs:345:12
[INFO] [stdout]     |
[INFO] [stdout] 345 | #[cfg_attr(feature = "serde", derive(serde::Serialize, serde::Deserialize))]
[INFO] [stdout]     |            ^^^^^^^^^^^^^^^^^ help: remove the condition
[INFO] [stdout]     |
[INFO] [stdout]     = note: no expected values for `feature`
[INFO] [stdout]     = help: consider adding `serde` as a feature in `Cargo.toml`
[INFO] [stdout]     = note: see <https://doc.rust-lang.org/nightly/rustc/check-cfg/cargo-specifics.html> for more information about checking conditional configuration
[INFO] [stdout] 
[INFO] [stdout] 
[INFO] [stdout] warning: unexpected `cfg` condition value: `serde`
[INFO] [stdout]    --> src/bootstrap/mod.rs:351:12
[INFO] [stdout]     |
[INFO] [stdout] 351 | #[cfg_attr(feature = "serde", derive(serde::Serialize, serde::Deserialize))]
[INFO] [stdout]     |            ^^^^^^^^^^^^^^^^^ help: remove the condition
[INFO] [stdout]     |
[INFO] [stdout]     = note: no expected values for `feature`
[INFO] [stdout]     = help: consider adding `serde` as a feature in `Cargo.toml`
[INFO] [stdout]     = note: see <https://doc.rust-lang.org/nightly/rustc/check-cfg/cargo-specifics.html> for more information about checking conditional configuration
[INFO] [stdout] 
[INFO] [stdout] 
[INFO] [stdout] warning: unexpected `cfg` condition value: `serde`
[INFO] [stdout]    --> src/bootstrap/mod.rs:357:12
[INFO] [stdout]     |
[INFO] [stdout] 357 | #[cfg_attr(feature = "serde", derive(serde::Serialize, serde::Deserialize))]
[INFO] [stdout]     |            ^^^^^^^^^^^^^^^^^ help: remove the condition
[INFO] [stdout]     |
[INFO] [stdout]     = note: no expected values for `feature`
[INFO] [stdout]     = help: consider adding `serde` as a feature in `Cargo.toml`
[INFO] [stdout]     = note: see <https://doc.rust-lang.org/nightly/rustc/check-cfg/cargo-specifics.html> for more information about checking conditional configuration
[INFO] [stdout] 
[INFO] [stdout] 
[INFO] [stdout] warning: unexpected `cfg` condition value: `serde`
[INFO] [stdout]    --> src/bootstrap/mod.rs:363:12
[INFO] [stdout]     |
[INFO] [stdout] 363 | #[cfg_attr(feature = "serde", derive(serde::Serialize, serde::Deserialize))]
[INFO] [stdout]     |            ^^^^^^^^^^^^^^^^^ help: remove the condition
[INFO] [stdout]     |
[INFO] [stdout]     = note: no expected values for `feature`
[INFO] [stdout]     = help: consider adding `serde` as a feature in `Cargo.toml`
[INFO] [stdout]     = note: see <https://doc.rust-lang.org/nightly/rustc/check-cfg/cargo-specifics.html> for more information about checking conditional configuration
[INFO] [stdout] 
[INFO] [stdout] 
[INFO] [stdout] warning: unexpected `cfg` condition value: `serde`
[INFO] [stdout]    --> src/bootstrap/mod.rs:370:12
[INFO] [stdout]     |
[INFO] [stdout] 370 | #[cfg_attr(feature = "serde", derive(serde::Serialize, serde::Deserialize))]
[INFO] [stdout]     |            ^^^^^^^^^^^^^^^^^ help: remove the condition
[INFO] [stdout]     |
[INFO] [stdout]     = note: no expected values for `feature`
[INFO] [stdout]     = help: consider adding `serde` as a feature in `Cargo.toml`
[INFO] [stdout]     = note: see <https://doc.rust-lang.org/nightly/rustc/check-cfg/cargo-specifics.html> for more information about checking conditional configuration
[INFO] [stdout] 
[INFO] [stdout] 
[INFO] [stdout] warning: unexpected `cfg` condition value: `serde`
[INFO] [stdout]    --> src/bootstrap/mod.rs:378:12
[INFO] [stdout]     |
[INFO] [stdout] 378 | #[cfg_attr(feature = "serde", derive(serde::Serialize, serde::Deserialize))]
[INFO] [stdout]     |            ^^^^^^^^^^^^^^^^^ help: remove the condition
[INFO] [stdout]     |
[INFO] [stdout]     = note: no expected values for `feature`
[INFO] [stdout]     = help: consider adding `serde` as a feature in `Cargo.toml`
[INFO] [stdout]     = note: see <https://doc.rust-lang.org/nightly/rustc/check-cfg/cargo-specifics.html> for more information about checking conditional configuration
[INFO] [stdout] 
[INFO] [stdout] 
[INFO] [stdout] warning: unexpected `cfg` condition value: `serde`
[INFO] [stdout]    --> src/bootstrap/mod.rs:385:12
[INFO] [stdout]     |
[INFO] [stdout] 385 | #[cfg_attr(feature = "serde", derive(serde::Serialize, serde::Deserialize))]
[INFO] [stdout]     |            ^^^^^^^^^^^^^^^^^ help: remove the condition
[INFO] [stdout]     |
[INFO] [stdout]     = note: no expected values for `feature`
[INFO] [stdout]     = help: consider adding `serde` as a feature in `Cargo.toml`
[INFO] [stdout]     = note: see <https://doc.rust-lang.org/nightly/rustc/check-cfg/cargo-specifics.html> for more information about checking conditional configuration
[INFO] [stdout] 
[INFO] [stdout] 
[INFO] [stdout] warning: unexpected `cfg` condition value: `serde`
[INFO] [stdout]    --> src/bootstrap/mod.rs:394:12
[INFO] [stdout]     |
[INFO] [stdout] 394 | #[cfg_attr(feature = "serde", derive(serde::Serialize, serde::Deserialize))]
[INFO] [stdout]     |            ^^^^^^^^^^^^^^^^^ help: remove the condition
[INFO] [stdout]     |
[INFO] [stdout]     = note: no expected values for `feature`
[INFO] [stdout]     = help: consider adding `serde` as a feature in `Cargo.toml`
[INFO] [stdout]     = note: see <https://doc.rust-lang.org/nightly/rustc/check-cfg/cargo-specifics.html> for more information about checking conditional configuration
[INFO] [stdout] 
[INFO] [stdout] 
[INFO] [stdout] warning: unexpected `cfg` condition value: `serde`
[INFO] [stdout]    --> src/bootstrap/mod.rs:409:12
[INFO] [stdout]     |
[INFO] [stdout] 409 | #[cfg_attr(feature = "serde", derive(serde::Serialize, serde::Deserialize))]
[INFO] [stdout]     |            ^^^^^^^^^^^^^^^^^ help: remove the condition
[INFO] [stdout]     |
[INFO] [stdout]     = note: no expected values for `feature`
[INFO] [stdout]     = help: consider adding `serde` as a feature in `Cargo.toml`
[INFO] [stdout]     = note: see <https://doc.rust-lang.org/nightly/rustc/check-cfg/cargo-specifics.html> for more information about checking conditional configuration
[INFO] [stdout] 
[INFO] [stdout] 
[INFO] [stdout] warning: unexpected `cfg` condition value: `serde`
[INFO] [stdout]    --> src/bootstrap/mod.rs:415:12
[INFO] [stdout]     |
[INFO] [stdout] 415 | #[cfg_attr(feature = "serde", derive(serde::Serialize, serde::Deserialize))]
[INFO] [stdout]     |            ^^^^^^^^^^^^^^^^^ help: remove the condition
[INFO] [stdout]     |
[INFO] [stdout]     = note: no expected values for `feature`
[INFO] [stdout]     = help: consider adding `serde` as a feature in `Cargo.toml`
[INFO] [stdout]     = note: see <https://doc.rust-lang.org/nightly/rustc/check-cfg/cargo-specifics.html> for more information about checking conditional configuration
[INFO] [stdout] 
[INFO] [stdout] 
[INFO] [stdout] warning: unexpected `cfg` condition value: `serde`
[INFO] [stdout]    --> src/bootstrap/mod.rs:421:12
[INFO] [stdout]     |
[INFO] [stdout] 421 | #[cfg_attr(feature = "serde", derive(serde::Serialize, serde::Deserialize))]
[INFO] [stdout]     |            ^^^^^^^^^^^^^^^^^ help: remove the condition
[INFO] [stdout]     |
[INFO] [stdout]     = note: no expected values for `feature`
[INFO] [stdout]     = help: consider adding `serde` as a feature in `Cargo.toml`
[INFO] [stdout]     = note: see <https://doc.rust-lang.org/nightly/rustc/check-cfg/cargo-specifics.html> for more information about checking conditional configuration
[INFO] [stdout] 
[INFO] [stdout] 
[INFO] [stdout] warning: unexpected `cfg` condition value: `serde`
[INFO] [stdout]    --> src/bootstrap/mod.rs:427:12
[INFO] [stdout]     |
[INFO] [stdout] 427 | #[cfg_attr(feature = "serde", derive(serde::Serialize, serde::Deserialize))]
[INFO] [stdout]     |            ^^^^^^^^^^^^^^^^^ help: remove the condition
[INFO] [stdout]     |
[INFO] [stdout]     = note: no expected values for `feature`
[INFO] [stdout]     = help: consider adding `serde` as a feature in `Cargo.toml`
[INFO] [stdout]     = note: see <https://doc.rust-lang.org/nightly/rustc/check-cfg/cargo-specifics.html> for more information about checking conditional configuration
[INFO] [stdout] 
[INFO] [stdout] 
[INFO] [stdout] warning: unexpected `cfg` condition value: `serde`
[INFO] [stdout]    --> src/bootstrap/mod.rs:433:12
[INFO] [stdout]     |
[INFO] [stdout] 433 | #[cfg_attr(feature = "serde", derive(serde::Serialize, serde::Deserialize))]
[INFO] [stdout]     |            ^^^^^^^^^^^^^^^^^ help: remove the condition
[INFO] [stdout]     |
[INFO] [stdout]     = note: no expected values for `feature`
[INFO] [stdout]     = help: consider adding `serde` as a feature in `Cargo.toml`
[INFO] [stdout]     = note: see <https://doc.rust-lang.org/nightly/rustc/check-cfg/cargo-specifics.html> for more information about checking conditional configuration
[INFO] [stdout] 
[INFO] [stdout] 
[INFO] [stdout] warning: unexpected `cfg` condition value: `serde`
[INFO] [stdout]    --> src/bootstrap/mod.rs:440:12
[INFO] [stdout]     |
[INFO] [stdout] 440 | #[cfg_attr(feature = "serde", derive(serde::Serialize, serde::Deserialize))]
[INFO] [stdout]     |            ^^^^^^^^^^^^^^^^^ help: remove the condition
[INFO] [stdout]     |
[INFO] [stdout]     = note: no expected values for `feature`
[INFO] [stdout]     = help: consider adding `serde` as a feature in `Cargo.toml`
[INFO] [stdout]     = note: see <https://doc.rust-lang.org/nightly/rustc/check-cfg/cargo-specifics.html> for more information about checking conditional configuration
[INFO] [stdout] 
[INFO] [stdout] 
[INFO] [stdout] warning: unexpected `cfg` condition value: `serde`
[INFO] [stdout]    --> src/bootstrap/mod.rs:447:12
[INFO] [stdout]     |
[INFO] [stdout] 447 | #[cfg_attr(feature = "serde", derive(serde::Serialize, serde::Deserialize))]
[INFO] [stdout]     |            ^^^^^^^^^^^^^^^^^ help: remove the condition
[INFO] [stdout]     |
[INFO] [stdout]     = note: no expected values for `feature`
[INFO] [stdout]     = help: consider adding `serde` as a feature in `Cargo.toml`
[INFO] [stdout]     = note: see <https://doc.rust-lang.org/nightly/rustc/check-cfg/cargo-specifics.html> for more information about checking conditional configuration
[INFO] [stdout] 
[INFO] [stdout] 
[INFO] [stdout] warning: unexpected `cfg` condition value: `serde`
[INFO] [stdout]    --> src/bootstrap/mod.rs:453:12
[INFO] [stdout]     |
[INFO] [stdout] 453 | #[cfg_attr(feature = "serde", derive(serde::Serialize, serde::Deserialize))]
[INFO] [stdout]     |            ^^^^^^^^^^^^^^^^^ help: remove the condition
[INFO] [stdout]     |
[INFO] [stdout]     = note: no expected values for `feature`
[INFO] [stdout]     = help: consider adding `serde` as a feature in `Cargo.toml`
[INFO] [stdout]     = note: see <https://doc.rust-lang.org/nightly/rustc/check-cfg/cargo-specifics.html> for more information about checking conditional configuration
[INFO] [stdout] 
[INFO] [stdout] 
[INFO] [stdout] warning: unexpected `cfg` condition value: `serde`
[INFO] [stdout]    --> src/bootstrap/mod.rs:459:12
[INFO] [stdout]     |
[INFO] [stdout] 459 | #[cfg_attr(feature = "serde", derive(serde::Serialize, serde::Deserialize))]
[INFO] [stdout]     |            ^^^^^^^^^^^^^^^^^ help: remove the condition
[INFO] [stdout]     |
[INFO] [stdout]     = note: no expected values for `feature`
[INFO] [stdout]     = help: consider adding `serde` as a feature in `Cargo.toml`
[INFO] [stdout]     = note: see <https://doc.rust-lang.org/nightly/rustc/check-cfg/cargo-specifics.html> for more information about checking conditional configuration
[INFO] [stdout] 
[INFO] [stdout] 
[INFO] [stdout] warning: unexpected `cfg` condition value: `serde`
[INFO] [stdout]    --> src/bootstrap/mod.rs:465:12
[INFO] [stdout]     |
[INFO] [stdout] 465 | #[cfg_attr(feature = "serde", derive(serde::Serialize, serde::Deserialize))]
[INFO] [stdout]     |            ^^^^^^^^^^^^^^^^^ help: remove the condition
[INFO] [stdout]     |
[INFO] [stdout]     = note: no expected values for `feature`
[INFO] [stdout]     = help: consider adding `serde` as a feature in `Cargo.toml`
[INFO] [stdout]     = note: see <https://doc.rust-lang.org/nightly/rustc/check-cfg/cargo-specifics.html> for more information about checking conditional configuration
[INFO] [stdout] 
[INFO] [stdout] 
[INFO] [stdout] warning: unexpected `cfg` condition value: `serde`
[INFO] [stdout]    --> src/bootstrap/mod.rs:471:12
[INFO] [stdout]     |
[INFO] [stdout] 471 | #[cfg_attr(feature = "serde", derive(serde::Serialize, serde::Deserialize))]
[INFO] [stdout]     |            ^^^^^^^^^^^^^^^^^ help: remove the condition
[INFO] [stdout]     |
[INFO] [stdout]     = note: no expected values for `feature`
[INFO] [stdout]     = help: consider adding `serde` as a feature in `Cargo.toml`
[INFO] [stdout]     = note: see <https://doc.rust-lang.org/nightly/rustc/check-cfg/cargo-specifics.html> for more information about checking conditional configuration
[INFO] [stdout] 
[INFO] [stdout] 
[INFO] [stdout] warning: unexpected `cfg` condition value: `serde`
[INFO] [stdout]    --> src/bootstrap/mod.rs:477:12
[INFO] [stdout]     |
[INFO] [stdout] 477 | #[cfg_attr(feature = "serde", derive(serde::Serialize, serde::Deserialize))]
[INFO] [stdout]     |            ^^^^^^^^^^^^^^^^^ help: remove the condition
[INFO] [stdout]     |
[INFO] [stdout]     = note: no expected values for `feature`
[INFO] [stdout]     = help: consider adding `serde` as a feature in `Cargo.toml`
[INFO] [stdout]     = note: see <https://doc.rust-lang.org/nightly/rustc/check-cfg/cargo-specifics.html> for more information about checking conditional configuration
[INFO] [stdout] 
[INFO] [stdout] 
[INFO] [stdout] warning: unexpected `cfg` condition value: `serde`
[INFO] [stdout]    --> src/bootstrap/mod.rs:484:12
[INFO] [stdout]     |
[INFO] [stdout] 484 | #[cfg_attr(feature = "serde", derive(serde::Serialize, serde::Deserialize))]
[INFO] [stdout]     |            ^^^^^^^^^^^^^^^^^ help: remove the condition
[INFO] [stdout]     |
[INFO] [stdout]     = note: no expected values for `feature`
[INFO] [stdout]     = help: consider adding `serde` as a feature in `Cargo.toml`
[INFO] [stdout]     = note: see <https://doc.rust-lang.org/nightly/rustc/check-cfg/cargo-specifics.html> for more information about checking conditional configuration
[INFO] [stdout] 
[INFO] [stdout] 
[INFO] [stdout] warning: unexpected `cfg` condition value: `serde`
[INFO] [stdout]    --> src/bootstrap/mod.rs:490:12
[INFO] [stdout]     |
[INFO] [stdout] 490 | #[cfg_attr(feature = "serde", derive(serde::Serialize, serde::Deserialize))]
[INFO] [stdout]     |            ^^^^^^^^^^^^^^^^^ help: remove the condition
[INFO] [stdout]     |
[INFO] [stdout]     = note: no expected values for `feature`
[INFO] [stdout]     = help: consider adding `serde` as a feature in `Cargo.toml`
[INFO] [stdout]     = note: see <https://doc.rust-lang.org/nightly/rustc/check-cfg/cargo-specifics.html> for more information about checking conditional configuration
[INFO] [stdout] 
[INFO] [stdout] 
[INFO] [stdout] warning: unexpected `cfg` condition value: `serde`
[INFO] [stdout]    --> src/bootstrap/mod.rs:497:12
[INFO] [stdout]     |
[INFO] [stdout] 497 | #[cfg_attr(feature = "serde", derive(serde::Serialize, serde::Deserialize))]
[INFO] [stdout]     |            ^^^^^^^^^^^^^^^^^ help: remove the condition
[INFO] [stdout]     |
[INFO] [stdout]     = note: no expected values for `feature`
[INFO] [stdout]     = help: consider adding `serde` as a feature in `Cargo.toml`
[INFO] [stdout]     = note: see <https://doc.rust-lang.org/nightly/rustc/check-cfg/cargo-specifics.html> for more information about checking conditional configuration
[INFO] [stdout] 
[INFO] [stdout] 
[INFO] [stdout] warning: unexpected `cfg` condition value: `serde`
[INFO] [stdout]    --> src/bootstrap/mod.rs:503:12
[INFO] [stdout]     |
[INFO] [stdout] 503 | #[cfg_attr(feature = "serde", derive(serde::Serialize, serde::Deserialize))]
[INFO] [stdout]     |            ^^^^^^^^^^^^^^^^^ help: remove the condition
[INFO] [stdout]     |
[INFO] [stdout]     = note: no expected values for `feature`
[INFO] [stdout]     = help: consider adding `serde` as a feature in `Cargo.toml`
[INFO] [stdout]     = note: see <https://doc.rust-lang.org/nightly/rustc/check-cfg/cargo-specifics.html> for more information about checking conditional configuration
[INFO] [stdout] 
[INFO] [stdout] 
[INFO] [stdout] warning: unexpected `cfg` condition value: `serde`
[INFO] [stdout]    --> src/bootstrap/mod.rs:509:12
[INFO] [stdout]     |
[INFO] [stdout] 509 | #[cfg_attr(feature = "serde", derive(serde::Serialize, serde::Deserialize))]
[INFO] [stdout]     |            ^^^^^^^^^^^^^^^^^ help: remove the condition
[INFO] [stdout]     |
[INFO] [stdout]     = note: no expected values for `feature`
[INFO] [stdout]     = help: consider adding `serde` as a feature in `Cargo.toml`
[INFO] [stdout]     = note: see <https://doc.rust-lang.org/nightly/rustc/check-cfg/cargo-specifics.html> for more information about checking conditional configuration
[INFO] [stdout] 
[INFO] [stdout] 
[INFO] [stdout] warning: unexpected `cfg` condition value: `serde`
[INFO] [stdout]    --> src/bootstrap/mod.rs:515:12
[INFO] [stdout]     |
[INFO] [stdout] 515 | #[cfg_attr(feature = "serde", derive(serde::Serialize, serde::Deserialize))]
[INFO] [stdout]     |            ^^^^^^^^^^^^^^^^^ help: remove the condition
[INFO] [stdout]     |
[INFO] [stdout]     = note: no expected values for `feature`
[INFO] [stdout]     = help: consider adding `serde` as a feature in `Cargo.toml`
[INFO] [stdout]     = note: see <https://doc.rust-lang.org/nightly/rustc/check-cfg/cargo-specifics.html> for more information about checking conditional configuration
[INFO] [stdout] 
[INFO] [stdout] 
[INFO] [stdout] warning: unexpected `cfg` condition value: `serde`
[INFO] [stdout]    --> src/bootstrap/mod.rs:521:12
[INFO] [stdout]     |
[INFO] [stdout] 521 | #[cfg_attr(feature = "serde", derive(serde::Serialize, serde::Deserialize))]
[INFO] [stdout]     |            ^^^^^^^^^^^^^^^^^ help: remove the condition
[INFO] [stdout]     |
[INFO] [stdout]     = note: no expected values for `feature`
[INFO] [stdout]     = help: consider adding `serde` as a feature in `Cargo.toml`
[INFO] [stdout]     = note: see <https://doc.rust-lang.org/nightly/rustc/check-cfg/cargo-specifics.html> for more information about checking conditional configuration
[INFO] [stdout] 
[INFO] [stdout] 
[INFO] [stdout] warning: unexpected `cfg` condition value: `serde`
[INFO] [stdout]    --> src/bootstrap/mod.rs:527:12
[INFO] [stdout]     |
[INFO] [stdout] 527 | #[cfg_attr(feature = "serde", derive(serde::Serialize, serde::Deserialize))]
[INFO] [stdout]     |            ^^^^^^^^^^^^^^^^^ help: remove the condition
[INFO] [stdout]     |
[INFO] [stdout]     = note: no expected values for `feature`
[INFO] [stdout]     = help: consider adding `serde` as a feature in `Cargo.toml`
[INFO] [stdout]     = note: see <https://doc.rust-lang.org/nightly/rustc/check-cfg/cargo-specifics.html> for more information about checking conditional configuration
[INFO] [stdout] 
[INFO] [stdout] 
[INFO] [stdout] warning: unexpected `cfg` condition value: `serde`
[INFO] [stdout]    --> src/bootstrap/mod.rs:533:12
[INFO] [stdout]     |
[INFO] [stdout] 533 | #[cfg_attr(feature = "serde", derive(serde::Serialize, serde::Deserialize))]
[INFO] [stdout]     |            ^^^^^^^^^^^^^^^^^ help: remove the condition
[INFO] [stdout]     |
[INFO] [stdout]     = note: no expected values for `feature`
[INFO] [stdout]     = help: consider adding `serde` as a feature in `Cargo.toml`
[INFO] [stdout]     = note: see <https://doc.rust-lang.org/nightly/rustc/check-cfg/cargo-specifics.html> for more information about checking conditional configuration
[INFO] [stdout] 
[INFO] [stdout] 
[INFO] [stdout] warning: unexpected `cfg` condition value: `serde`
[INFO] [stdout]    --> src/bootstrap/mod.rs:540:12
[INFO] [stdout]     |
[INFO] [stdout] 540 | #[cfg_attr(feature = "serde", derive(serde::Serialize, serde::Deserialize))]
[INFO] [stdout]     |            ^^^^^^^^^^^^^^^^^ help: remove the condition
[INFO] [stdout]     |
[INFO] [stdout]     = note: no expected values for `feature`
[INFO] [stdout]     = help: consider adding `serde` as a feature in `Cargo.toml`
[INFO] [stdout]     = note: see <https://doc.rust-lang.org/nightly/rustc/check-cfg/cargo-specifics.html> for more information about checking conditional configuration
[INFO] [stdout] 
[INFO] [stdout] 
[INFO] [stdout] warning: unexpected `cfg` condition value: `serde`
[INFO] [stdout]    --> src/bootstrap/mod.rs:547:12
[INFO] [stdout]     |
[INFO] [stdout] 547 | #[cfg_attr(feature = "serde", derive(serde::Serialize, serde::Deserialize))]
[INFO] [stdout]     |            ^^^^^^^^^^^^^^^^^ help: remove the condition
[INFO] [stdout]     |
[INFO] [stdout]     = note: no expected values for `feature`
[INFO] [stdout]     = help: consider adding `serde` as a feature in `Cargo.toml`
[INFO] [stdout]     = note: see <https://doc.rust-lang.org/nightly/rustc/check-cfg/cargo-specifics.html> for more information about checking conditional configuration
[INFO] [stdout] 
[INFO] [stdout] 
[INFO] [stdout] warning: unexpected `cfg` condition value: `serde`
[INFO] [stdout]    --> src/bootstrap/mod.rs:552:12
[INFO] [stdout]     |
[INFO] [stdout] 552 | #[cfg_attr(feature = "serde", derive(serde::Serialize, serde::Deserialize))]
[INFO] [stdout]     |            ^^^^^^^^^^^^^^^^^ help: remove the condition
[INFO] [stdout]     |
[INFO] [stdout]     = note: no expected values for `feature`
[INFO] [stdout]     = help: consider adding `serde` as a feature in `Cargo.toml`
[INFO] [stdout]     = note: see <https://doc.rust-lang.org/nightly/rustc/check-cfg/cargo-specifics.html> for more information about checking conditional configuration
[INFO] [stdout] 
[INFO] [stdout] 
[INFO] [stdout] warning: unexpected `cfg` condition value: `serde`
[INFO] [stdout]    --> src/bootstrap/mod.rs:557:12
[INFO] [stdout]     |
[INFO] [stdout] 557 | #[cfg_attr(feature = "serde", derive(serde::Serialize, serde::Deserialize))]
[INFO] [stdout]     |            ^^^^^^^^^^^^^^^^^ help: remove the condition
[INFO] [stdout]     |
[INFO] [stdout]     = note: no expected values for `feature`
[INFO] [stdout]     = help: consider adding `serde` as a feature in `Cargo.toml`
[INFO] [stdout]     = note: see <https://doc.rust-lang.org/nightly/rustc/check-cfg/cargo-specifics.html> for more information about checking conditional configuration
[INFO] [stdout] 
[INFO] [stdout] 
[INFO] [stdout] warning: unexpected `cfg` condition value: `serde`
[INFO] [stdout]    --> src/bootstrap/mod.rs:562:12
[INFO] [stdout]     |
[INFO] [stdout] 562 | #[cfg_attr(feature = "serde", derive(serde::Serialize, serde::Deserialize))]
[INFO] [stdout]     |            ^^^^^^^^^^^^^^^^^ help: remove the condition
[INFO] [stdout]     |
[INFO] [stdout]     = note: no expected values for `feature`
[INFO] [stdout]     = help: consider adding `serde` as a feature in `Cargo.toml`
[INFO] [stdout]     = note: see <https://doc.rust-lang.org/nightly/rustc/check-cfg/cargo-specifics.html> for more information about checking conditional configuration
[INFO] [stdout] 
[INFO] [stdout] 
[INFO] [stdout] warning: unexpected `cfg` condition value: `serde`
[INFO] [stdout]    --> src/bootstrap/mod.rs:567:12
[INFO] [stdout]     |
[INFO] [stdout] 567 | #[cfg_attr(feature = "serde", derive(serde::Serialize, serde::Deserialize))]
[INFO] [stdout]     |            ^^^^^^^^^^^^^^^^^ help: remove the condition
[INFO] [stdout]     |
[INFO] [stdout]     = note: no expected values for `feature`
[INFO] [stdout]     = help: consider adding `serde` as a feature in `Cargo.toml`
[INFO] [stdout]     = note: see <https://doc.rust-lang.org/nightly/rustc/check-cfg/cargo-specifics.html> for more information about checking conditional configuration
[INFO] [stdout] 
[INFO] [stdout] 
[INFO] [stdout] warning: unexpected `cfg` condition value: `serde`
[INFO] [stdout]    --> src/bootstrap/mod.rs:572:12
[INFO] [stdout]     |
[INFO] [stdout] 572 | #[cfg_attr(feature = "serde", derive(serde::Serialize, serde::Deserialize))]
[INFO] [stdout]     |            ^^^^^^^^^^^^^^^^^ help: remove the condition
[INFO] [stdout]     |
[INFO] [stdout]     = note: no expected values for `feature`
[INFO] [stdout]     = help: consider adding `serde` as a feature in `Cargo.toml`
[INFO] [stdout]     = note: see <https://doc.rust-lang.org/nightly/rustc/check-cfg/cargo-specifics.html> for more information about checking conditional configuration
[INFO] [stdout] 
[INFO] [stdout] 
[INFO] [stdout] warning: unexpected `cfg` condition value: `serde`
[INFO] [stdout]    --> src/bootstrap/mod.rs:577:12
[INFO] [stdout]     |
[INFO] [stdout] 577 | #[cfg_attr(feature = "serde", derive(serde::Serialize, serde::Deserialize))]
[INFO] [stdout]     |            ^^^^^^^^^^^^^^^^^ help: remove the condition
[INFO] [stdout]     |
[INFO] [stdout]     = note: no expected values for `feature`
[INFO] [stdout]     = help: consider adding `serde` as a feature in `Cargo.toml`
[INFO] [stdout]     = note: see <https://doc.rust-lang.org/nightly/rustc/check-cfg/cargo-specifics.html> for more information about checking conditional configuration
[INFO] [stdout] 
[INFO] [stdout] 
[INFO] [stdout] warning: unexpected `cfg` condition value: `serde`
[INFO] [stdout]    --> src/bootstrap/mod.rs:582:12
[INFO] [stdout]     |
[INFO] [stdout] 582 | #[cfg_attr(feature = "serde", derive(serde::Serialize, serde::Deserialize))]
[INFO] [stdout]     |            ^^^^^^^^^^^^^^^^^ help: remove the condition
[INFO] [stdout]     |
[INFO] [stdout]     = note: no expected values for `feature`
[INFO] [stdout]     = help: consider adding `serde` as a feature in `Cargo.toml`
[INFO] [stdout]     = note: see <https://doc.rust-lang.org/nightly/rustc/check-cfg/cargo-specifics.html> for more information about checking conditional configuration
[INFO] [stdout] 
[INFO] [stdout] 
[INFO] [stdout] warning: unexpected `cfg` condition value: `serde`
[INFO] [stdout]    --> src/bootstrap/mod.rs:587:12
[INFO] [stdout]     |
[INFO] [stdout] 587 | #[cfg_attr(feature = "serde", derive(serde::Serialize, serde::Deserialize))]
[INFO] [stdout]     |            ^^^^^^^^^^^^^^^^^ help: remove the condition
[INFO] [stdout]     |
[INFO] [stdout]     = note: no expected values for `feature`
[INFO] [stdout]     = help: consider adding `serde` as a feature in `Cargo.toml`
[INFO] [stdout]     = note: see <https://doc.rust-lang.org/nightly/rustc/check-cfg/cargo-specifics.html> for more information about checking conditional configuration
[INFO] [stdout] 
[INFO] [stdout] 
[INFO] [stdout] warning: unexpected `cfg` condition value: `serde`
[INFO] [stdout]    --> src/bootstrap/mod.rs:592:12
[INFO] [stdout]     |
[INFO] [stdout] 592 | #[cfg_attr(feature = "serde", derive(serde::Serialize, serde::Deserialize))]
[INFO] [stdout]     |            ^^^^^^^^^^^^^^^^^ help: remove the condition
[INFO] [stdout]     |
[INFO] [stdout]     = note: no expected values for `feature`
[INFO] [stdout]     = help: consider adding `serde` as a feature in `Cargo.toml`
[INFO] [stdout]     = note: see <https://doc.rust-lang.org/nightly/rustc/check-cfg/cargo-specifics.html> for more information about checking conditional configuration
[INFO] [stdout] 
[INFO] [stdout] 
[INFO] [stdout] warning: the feature `lazy_cell` has been stable since 1.80.0 and no longer requires an attribute to enable
[INFO] [stdout]  --> src/lib.rs:1:12
[INFO] [stdout]   |
[INFO] [stdout] 1 | #![feature(lazy_cell)]
[INFO] [stdout]   |            ^^^^^^^^^
[INFO] [stdout]   |
[INFO] [stdout]   = note: `#[warn(stable_features)]` on by default
[INFO] [stdout] 
[INFO] [stdout] 
[INFO] [stdout] error[E0053]: method `get_range` has an incompatible type for trait
[INFO] [stdout]  --> src/bootstrap/parse_ast.rs:6:28
[INFO] [stdout]   |
[INFO] [stdout] 6 |     fn get_range(&self) -> Option<Range<usize>> {
[INFO] [stdout]   |                            ^^^^^^^^^^^^^^^^^^^^ expected `std::ops::Range<usize>`, found `Option<std::ops::Range<usize>>`
[INFO] [stdout]   |
[INFO] [stdout]   = note: expected signature `fn(&RootNode) -> Range<_>`
[INFO] [stdout]              found signature `fn(&RootNode) -> Option<Range<_>>`
[INFO] [stdout] help: change the output type to match the trait
[INFO] [stdout]   |
[INFO] [stdout] 6 -     fn get_range(&self) -> Option<Range<usize>> {
[INFO] [stdout] 6 +     fn get_range(&self) -> std::ops::Range<usize> {
[INFO] [stdout]   |
[INFO] [stdout] 
[INFO] [stdout] 
[INFO] [stdout] error[E0053]: method `get_range` has an incompatible type for trait
[INFO] [stdout]   --> src/bootstrap/parse_ast.rs:29:28
[INFO] [stdout]    |
[INFO] [stdout] 29 |     fn get_range(&self) -> Option<Range<usize>> {
[INFO] [stdout]    |                            ^^^^^^^^^^^^^^^^^^^^ expected `std::ops::Range<usize>`, found `Option<std::ops::Range<usize>>`
[INFO] [stdout]    |
[INFO] [stdout]    = note: expected signature `fn(&StatementNode) -> Range<_>`
[INFO] [stdout]               found signature `fn(&StatementNode) -> Option<Range<_>>`
[INFO] [stdout] help: change the output type to match the trait
[INFO] [stdout]    |
[INFO] [stdout] 29 -     fn get_range(&self) -> Option<Range<usize>> {
[INFO] [stdout] 29 +     fn get_range(&self) -> std::ops::Range<usize> {
[INFO] [stdout]    |
[INFO] [stdout] 
[INFO] [stdout] 
[INFO] [stdout] error[E0053]: method `get_range` has an incompatible type for trait
[INFO] [stdout]   --> src/bootstrap/parse_ast.rs:70:28
[INFO] [stdout]    |
[INFO] [stdout] 70 |     fn get_range(&self) -> Option<Range<usize>> {
[INFO] [stdout]    |                            ^^^^^^^^^^^^^^^^^^^^ expected `std::ops::Range<usize>`, found `Option<std::ops::Range<usize>>`
[INFO] [stdout]    |
[INFO] [stdout]    = note: expected signature `fn(&GrammarStatementNode) -> Range<_>`
[INFO] [stdout]               found signature `fn(&GrammarStatementNode) -> Option<Range<_>>`
[INFO] [stdout] help: change the output type to match the trait
[INFO] [stdout]    |
[INFO] [stdout] 70 -     fn get_range(&self) -> Option<Range<usize>> {
[INFO] [stdout] 70 +     fn get_range(&self) -> std::ops::Range<usize> {
[INFO] [stdout]    |
[INFO] [stdout] 
[INFO] [stdout] 
[INFO] [stdout] error[E0053]: method `get_range` has an incompatible type for trait
[INFO] [stdout]   --> src/bootstrap/parse_ast.rs:94:28
[INFO] [stdout]    |
[INFO] [stdout] 94 |     fn get_range(&self) -> Option<Range<usize>> {
[INFO] [stdout]    |                            ^^^^^^^^^^^^^^^^^^^^ expected `std::ops::Range<usize>`, found `Option<std::ops::Range<usize>>`
[INFO] [stdout]    |
[INFO] [stdout]    = note: expected signature `fn(&GrammarBlockNode) -> Range<_>`
[INFO] [stdout]               found signature `fn(&GrammarBlockNode) -> Option<Range<_>>`
[INFO] [stdout] help: change the output type to match the trait
[INFO] [stdout]    |
[INFO] [stdout] 94 -     fn get_range(&self) -> Option<Range<usize>> {
[INFO] [stdout] 94 +     fn get_range(&self) -> std::ops::Range<usize> {
[INFO] [stdout]    |
[INFO] [stdout] 
[INFO] [stdout] 
[INFO] [stdout] error[E0053]: method `get_range` has an incompatible type for trait
[INFO] [stdout]    --> src/bootstrap/parse_ast.rs:114:28
[INFO] [stdout]     |
[INFO] [stdout] 114 |     fn get_range(&self) -> Option<Range<usize>> {
[INFO] [stdout]     |                            ^^^^^^^^^^^^^^^^^^^^ expected `std::ops::Range<usize>`, found `Option<std::ops::Range<usize>>`
[INFO] [stdout]     |
[INFO] [stdout]     = note: expected signature `fn(&ClassStatementNode) -> Range<_>`
[INFO] [stdout]                found signature `fn(&ClassStatementNode) -> Option<Range<_>>`
[INFO] [stdout] help: change the output type to match the trait
[INFO] [stdout]     |
[INFO] [stdout] 114 -     fn get_range(&self) -> Option<Range<usize>> {
[INFO] [stdout] 114 +     fn get_range(&self) -> std::ops::Range<usize> {
[INFO] [stdout]     |
[INFO] [stdout] 
[INFO] [stdout] 
[INFO] [stdout] error[E0053]: method `get_range` has an incompatible type for trait
[INFO] [stdout]    --> src/bootstrap/parse_ast.rs:146:28
[INFO] [stdout]     |
[INFO] [stdout] 146 |     fn get_range(&self) -> Option<Range<usize>> {
[INFO] [stdout]     |                            ^^^^^^^^^^^^^^^^^^^^ expected `std::ops::Range<usize>`, found `Option<std::ops::Range<usize>>`
[INFO] [stdout]     |
[INFO] [stdout]     = note: expected signature `fn(&ClassBlockNode) -> Range<_>`
[INFO] [stdout]                found signature `fn(&ClassBlockNode) -> Option<Range<_>>`
[INFO] [stdout] help: change the output type to match the trait
[INFO] [stdout]     |
[INFO] [stdout] 146 -     fn get_range(&self) -> Option<Range<usize>> {
[INFO] [stdout] 146 +     fn get_range(&self) -> std::ops::Range<usize> {
[INFO] [stdout]     |
[INFO] [stdout] 
[INFO] [stdout] 
[INFO] [stdout] error[E0053]: method `get_range` has an incompatible type for trait
[INFO] [stdout]    --> src/bootstrap/parse_ast.rs:169:28
[INFO] [stdout]     |
[INFO] [stdout] 169 |     fn get_range(&self) -> Option<Range<usize>> {
[INFO] [stdout]     |                            ^^^^^^^^^^^^^^^^^^^^ expected `std::ops::Range<usize>`, found `Option<std::ops::Range<usize>>`
[INFO] [stdout]     |
[INFO] [stdout]     = note: expected signature `fn(&OpRemarkNode) -> Range<_>`
[INFO] [stdout]                found signature `fn(&OpRemarkNode) -> Option<Range<_>>`
[INFO] [stdout] help: change the output type to match the trait
[INFO] [stdout]     |
[INFO] [stdout] 169 -     fn get_range(&self) -> Option<Range<usize>> {
[INFO] [stdout] 169 +     fn get_range(&self) -> std::ops::Range<usize> {
[INFO] [stdout]     |
[INFO] [stdout] 
[INFO] [stdout] 
[INFO] [stdout] error[E0053]: method `get_range` has an incompatible type for trait
[INFO] [stdout]    --> src/bootstrap/parse_ast.rs:189:28
[INFO] [stdout]     |
[INFO] [stdout] 189 |     fn get_range(&self) -> Option<Range<usize>> {
[INFO] [stdout]     |                            ^^^^^^^^^^^^^^^^^^^^ expected `std::ops::Range<usize>`, found `Option<std::ops::Range<usize>>`
[INFO] [stdout]     |
[INFO] [stdout]     = note: expected signature `fn(&UnionStatementNode) -> Range<_>`
[INFO] [stdout]                found signature `fn(&UnionStatementNode) -> Option<Range<_>>`
[INFO] [stdout] help: change the output type to match the trait
[INFO] [stdout]     |
[INFO] [stdout] 189 -     fn get_range(&self) -> Option<Range<usize>> {
[INFO] [stdout] 189 +     fn get_range(&self) -> std::ops::Range<usize> {
[INFO] [stdout]     |
[INFO] [stdout] 
[INFO] [stdout] 
[INFO] [stdout] error[E0053]: method `get_range` has an incompatible type for trait
[INFO] [stdout]    --> src/bootstrap/parse_ast.rs:220:28
[INFO] [stdout]     |
[INFO] [stdout] 220 |     fn get_range(&self) -> Option<Range<usize>> {
[INFO] [stdout]     |                            ^^^^^^^^^^^^^^^^^^^^ expected `std::ops::Range<usize>`, found `Option<std::ops::Range<usize>>`
[INFO] [stdout]     |
[INFO] [stdout]     = note: expected signature `fn(&UnionBlockNode) -> Range<_>`
[INFO] [stdout]                found signature `fn(&UnionBlockNode) -> Option<Range<_>>`
[INFO] [stdout] help: change the output type to match the trait
[INFO] [stdout]     |
[INFO] [stdout] 220 -     fn get_range(&self) -> Option<Range<usize>> {
[INFO] [stdout] 220 +     fn get_range(&self) -> std::ops::Range<usize> {
[INFO] [stdout]     |
[INFO] [stdout] 
[INFO] [stdout] 
[INFO] [stdout] error[E0053]: method `get_range` has an incompatible type for trait
[INFO] [stdout]    --> src/bootstrap/parse_ast.rs:245:28
[INFO] [stdout]     |
[INFO] [stdout] 245 |     fn get_range(&self) -> Option<Range<usize>> {
[INFO] [stdout]     |                            ^^^^^^^^^^^^^^^^^^^^ expected `std::ops::Range<usize>`, found `Option<std::ops::Range<usize>>`
[INFO] [stdout]     |
[INFO] [stdout]     = note: expected signature `fn(&UnionBranchNode) -> Range<_>`
[INFO] [stdout]                found signature `fn(&UnionBranchNode) -> Option<Range<_>>`
[INFO] [stdout] help: change the output type to match the trait
[INFO] [stdout]     |
[INFO] [stdout] 245 -     fn get_range(&self) -> Option<Range<usize>> {
[INFO] [stdout] 245 +     fn get_range(&self) -> std::ops::Range<usize> {
[INFO] [stdout]     |
[INFO] [stdout] 
[INFO] [stdout] 
[INFO] [stdout] error[E0053]: method `get_range` has an incompatible type for trait
[INFO] [stdout]    --> src/bootstrap/parse_ast.rs:269:28
[INFO] [stdout]     |
[INFO] [stdout] 269 |     fn get_range(&self) -> Option<Range<usize>> {
[INFO] [stdout]     |                            ^^^^^^^^^^^^^^^^^^^^ expected `std::ops::Range<usize>`, found `Option<std::ops::Range<usize>>`
[INFO] [stdout]     |
[INFO] [stdout]     = note: expected signature `fn(&BranchTagNode) -> Range<_>`
[INFO] [stdout]                found signature `fn(&BranchTagNode) -> Option<Range<_>>`
[INFO] [stdout] help: change the output type to match the trait
[INFO] [stdout]     |
[INFO] [stdout] 269 -     fn get_range(&self) -> Option<Range<usize>> {
[INFO] [stdout] 269 +     fn get_range(&self) -> std::ops::Range<usize> {
[INFO] [stdout]     |
[INFO] [stdout] 
[INFO] [stdout] 
[INFO] [stdout] error[E0053]: method `get_range` has an incompatible type for trait
[INFO] [stdout]    --> src/bootstrap/parse_ast.rs:293:28
[INFO] [stdout]     |
[INFO] [stdout] 293 |     fn get_range(&self) -> Option<Range<usize>> {
[INFO] [stdout]     |                            ^^^^^^^^^^^^^^^^^^^^ expected `std::ops::Range<usize>`, found `Option<std::ops::Range<usize>>`
[INFO] [stdout]     |
[INFO] [stdout]     = note: expected signature `fn(&RightAssociativityNode) -> Range<_>`
[INFO] [stdout]                found signature `fn(&RightAssociativityNode) -> Option<Range<_>>`
[INFO] [stdout] help: change the output type to match the trait
[INFO] [stdout]     |
[INFO] [stdout] 293 -     fn get_range(&self) -> Option<Range<usize>> {
[INFO] [stdout] 293 +     fn get_range(&self) -> std::ops::Range<usize> {
[INFO] [stdout]     |
[INFO] [stdout] 
[INFO] [stdout] 
[INFO] [stdout] error[E0053]: method `get_range` has an incompatible type for trait
[INFO] [stdout]    --> src/bootstrap/parse_ast.rs:313:28
[INFO] [stdout]     |
[INFO] [stdout] 313 |     fn get_range(&self) -> Option<Range<usize>> {
[INFO] [stdout]     |                            ^^^^^^^^^^^^^^^^^^^^ expected `std::ops::Range<usize>`, found `Option<std::ops::Range<usize>>`
[INFO] [stdout]     |
[INFO] [stdout]     = note: expected signature `fn(&GroupStatementNode) -> Range<_>`
[INFO] [stdout]                found signature `fn(&GroupStatementNode) -> Option<Range<_>>`
[INFO] [stdout] help: change the output type to match the trait
[INFO] [stdout]     |
[INFO] [stdout] 313 -     fn get_range(&self) -> Option<Range<usize>> {
[INFO] [stdout] 313 +     fn get_range(&self) -> std::ops::Range<usize> {
[INFO] [stdout]     |
[INFO] [stdout] 
[INFO] [stdout] 
[INFO] [stdout] error[E0053]: method `get_range` has an incompatible type for trait
[INFO] [stdout]    --> src/bootstrap/parse_ast.rs:343:28
[INFO] [stdout]     |
[INFO] [stdout] 343 |     fn get_range(&self) -> Option<Range<usize>> {
[INFO] [stdout]     |                            ^^^^^^^^^^^^^^^^^^^^ expected `std::ops::Range<usize>`, found `Option<std::ops::Range<usize>>`
[INFO] [stdout]     |
[INFO] [stdout]     = note: expected signature `fn(&GroupBlockNode) -> Range<_>`
[INFO] [stdout]                found signature `fn(&GroupBlockNode) -> Option<Range<_>>`
[INFO] [stdout] help: change the output type to match the trait
[INFO] [stdout]     |
[INFO] [stdout] 343 -     fn get_range(&self) -> Option<Range<usize>> {
[INFO] [stdout] 343 +     fn get_range(&self) -> std::ops::Range<usize> {
[INFO] [stdout]     |
[INFO] [stdout] 
[INFO] [stdout] 
[INFO] [stdout] error[E0053]: method `get_range` has an incompatible type for trait
[INFO] [stdout]    --> src/bootstrap/parse_ast.rs:366:28
[INFO] [stdout]     |
[INFO] [stdout] 366 |     fn get_range(&self) -> Option<Range<usize>> {
[INFO] [stdout]     |                            ^^^^^^^^^^^^^^^^^^^^ expected `std::ops::Range<usize>`, found `Option<std::ops::Range<usize>>`
[INFO] [stdout]     |
[INFO] [stdout]     = note: expected signature `fn(&GroupPairNode) -> Range<_>`
[INFO] [stdout]                found signature `fn(&GroupPairNode) -> Option<Range<_>>`
[INFO] [stdout] help: change the output type to match the trait
[INFO] [stdout]     |
[INFO] [stdout] 366 -     fn get_range(&self) -> Option<Range<usize>> {
[INFO] [stdout] 366 +     fn get_range(&self) -> std::ops::Range<usize> {
[INFO] [stdout]     |
[INFO] [stdout] 
[INFO] [stdout] 
[INFO] [stdout] error[E0053]: method `get_range` has an incompatible type for trait
[INFO] [stdout]    --> src/bootstrap/parse_ast.rs:390:28
[INFO] [stdout]     |
[INFO] [stdout] 390 |     fn get_range(&self) -> Option<Range<usize>> {
[INFO] [stdout]     |                            ^^^^^^^^^^^^^^^^^^^^ expected `std::ops::Range<usize>`, found `Option<std::ops::Range<usize>>`
[INFO] [stdout]     |
[INFO] [stdout]     = note: expected signature `fn(&ExternalStatementNode) -> Range<_>`
[INFO] [stdout]                found signature `fn(&ExternalStatementNode) -> Option<Range<_>>`
[INFO] [stdout] help: change the output type to match the trait
[INFO] [stdout]     |
[INFO] [stdout] 390 -     fn get_range(&self) -> Option<Range<usize>> {
[INFO] [stdout] 390 +     fn get_range(&self) -> std::ops::Range<usize> {
[INFO] [stdout]     |
[INFO] [stdout] 
[INFO] [stdout] 
[INFO] [stdout] error[E0053]: method `get_range` has an incompatible type for trait
[INFO] [stdout]    --> src/bootstrap/parse_ast.rs:415:28
[INFO] [stdout]     |
[INFO] [stdout] 415 |     fn get_range(&self) -> Option<Range<usize>> {
[INFO] [stdout]     |                            ^^^^^^^^^^^^^^^^^^^^ expected `std::ops::Range<usize>`, found `Option<std::ops::Range<usize>>`
[INFO] [stdout]     |
[INFO] [stdout]     = note: expected signature `fn(&LinkerBlockNode) -> Range<_>`
[INFO] [stdout]                found signature `fn(&LinkerBlockNode) -> Option<Range<_>>`
[INFO] [stdout] help: change the output type to match the trait
[INFO] [stdout]     |
[INFO] [stdout] 415 -     fn get_range(&self) -> Option<Range<usize>> {
[INFO] [stdout] 415 +     fn get_range(&self) -> std::ops::Range<usize> {
[INFO] [stdout]     |
[INFO] [stdout] 
[INFO] [stdout] 
[INFO] [stdout] error[E0053]: method `get_range` has an incompatible type for trait
[INFO] [stdout]    --> src/bootstrap/parse_ast.rs:440:28
[INFO] [stdout]     |
[INFO] [stdout] 440 |     fn get_range(&self) -> Option<Range<usize>> {
[INFO] [stdout]     |                            ^^^^^^^^^^^^^^^^^^^^ expected `std::ops::Range<usize>`, found `Option<std::ops::Range<usize>>`
[INFO] [stdout]     |
[INFO] [stdout]     = note: expected signature `fn(&LinkerPairNode) -> Range<_>`
[INFO] [stdout]                found signature `fn(&LinkerPairNode) -> Option<Range<_>>`
[INFO] [stdout] help: change the output type to match the trait
[INFO] [stdout]     |
[INFO] [stdout] 440 -     fn get_range(&self) -> Option<Range<usize>> {
[INFO] [stdout] 440 +     fn get_range(&self) -> std::ops::Range<usize> {
[INFO] [stdout]     |
[INFO] [stdout] 
[INFO] [stdout] 
[INFO] [stdout] error[E0053]: method `get_range` has an incompatible type for trait
[INFO] [stdout]    --> src/bootstrap/parse_ast.rs:464:28
[INFO] [stdout]     |
[INFO] [stdout] 464 |     fn get_range(&self) -> Option<Range<usize>> {
[INFO] [stdout]     |                            ^^^^^^^^^^^^^^^^^^^^ expected `std::ops::Range<usize>`, found `Option<std::ops::Range<usize>>`
[INFO] [stdout]     |
[INFO] [stdout]     = note: expected signature `fn(&KwExternalNode) -> Range<_>`
[INFO] [stdout]                found signature `fn(&KwExternalNode) -> Option<Range<_>>`
[INFO] [stdout] help: change the output type to match the trait
[INFO] [stdout]     |
[INFO] [stdout] 464 -     fn get_range(&self) -> Option<Range<usize>> {
[INFO] [stdout] 464 +     fn get_range(&self) -> std::ops::Range<usize> {
[INFO] [stdout]     |
[INFO] [stdout] 
[INFO] [stdout] 
[INFO] [stdout] error[E0053]: method `get_range` has an incompatible type for trait
[INFO] [stdout]    --> src/bootstrap/parse_ast.rs:497:28
[INFO] [stdout]     |
[INFO] [stdout] 497 |     fn get_range(&self) -> Option<Range<usize>> {
[INFO] [stdout]     |                            ^^^^^^^^^^^^^^^^^^^^ expected `std::ops::Range<usize>`, found `Option<std::ops::Range<usize>>`
[INFO] [stdout]     |
[INFO] [stdout]     = note: expected signature `fn(&DecoratorCallNode) -> Range<_>`
[INFO] [stdout]                found signature `fn(&DecoratorCallNode) -> Option<Range<_>>`
[INFO] [stdout] help: change the output type to match the trait
[INFO] [stdout]     |
[INFO] [stdout] 497 -     fn get_range(&self) -> Option<Range<usize>> {
[INFO] [stdout] 497 +     fn get_range(&self) -> std::ops::Range<usize> {
[INFO] [stdout]     |
[INFO] [stdout] 
[INFO] [stdout] 
[INFO] [stdout] error[E0053]: method `get_range` has an incompatible type for trait
[INFO] [stdout]    --> src/bootstrap/parse_ast.rs:521:28
[INFO] [stdout]     |
[INFO] [stdout] 521 |     fn get_range(&self) -> Option<Range<usize>> {
[INFO] [stdout]     |                            ^^^^^^^^^^^^^^^^^^^^ expected `std::ops::Range<usize>`, found `Option<std::ops::Range<usize>>`
[INFO] [stdout]     |
[INFO] [stdout]     = note: expected signature `fn(&DecoratorNameNode) -> Range<_>`
[INFO] [stdout]                found signature `fn(&DecoratorNameNode) -> Option<Range<_>>`
[INFO] [stdout] help: change the output type to match the trait
[INFO] [stdout]     |
[INFO] [stdout] 521 -     fn get_range(&self) -> Option<Range<usize>> {
[INFO] [stdout] 521 +     fn get_range(&self) -> std::ops::Range<usize> {
[INFO] [stdout]     |
[INFO] [stdout] 
[INFO] [stdout] 
[INFO] [stdout] error[E0053]: method `get_range` has an incompatible type for trait
[INFO] [stdout]    --> src/bootstrap/parse_ast.rs:544:28
[INFO] [stdout]     |
[INFO] [stdout] 544 |     fn get_range(&self) -> Option<Range<usize>> {
[INFO] [stdout]     |                            ^^^^^^^^^^^^^^^^^^^^ expected `std::ops::Range<usize>`, found `Option<std::ops::Range<usize>>`
[INFO] [stdout]     |
[INFO] [stdout]     = note: expected signature `fn(&FunctionCallNode) -> Range<_>`
[INFO] [stdout]                found signature `fn(&FunctionCallNode) -> Option<Range<_>>`
[INFO] [stdout] help: change the output type to match the trait
[INFO] [stdout]     |
[INFO] [stdout] 544 -     fn get_range(&self) -> Option<Range<usize>> {
[INFO] [stdout] 544 +     fn get_range(&self) -> std::ops::Range<usize> {
[INFO] [stdout]     |
[INFO] [stdout] 
[INFO] [stdout] 
[INFO] [stdout] error[E0053]: method `get_range` has an incompatible type for trait
[INFO] [stdout]    --> src/bootstrap/parse_ast.rs:568:28
[INFO] [stdout]     |
[INFO] [stdout] 568 |     fn get_range(&self) -> Option<Range<usize>> {
[INFO] [stdout]     |                            ^^^^^^^^^^^^^^^^^^^^ expected `std::ops::Range<usize>`, found `Option<std::ops::Range<usize>>`
[INFO] [stdout]     |
[INFO] [stdout]     = note: expected signature `fn(&FunctionNameNode) -> Range<_>`
[INFO] [stdout]                found signature `fn(&FunctionNameNode) -> Option<Range<_>>`
[INFO] [stdout] help: change the output type to match the trait
[INFO] [stdout]     |
[INFO] [stdout] 568 -     fn get_range(&self) -> Option<Range<usize>> {
[INFO] [stdout] 568 +     fn get_range(&self) -> std::ops::Range<usize> {
[INFO] [stdout]     |
[INFO] [stdout] 
[INFO] [stdout] 
[INFO] [stdout] error[E0053]: method `get_range` has an incompatible type for trait
[INFO] [stdout]    --> src/bootstrap/parse_ast.rs:591:28
[INFO] [stdout]     |
[INFO] [stdout] 591 |     fn get_range(&self) -> Option<Range<usize>> {
[INFO] [stdout]     |                            ^^^^^^^^^^^^^^^^^^^^ expected `std::ops::Range<usize>`, found `Option<std::ops::Range<usize>>`
[INFO] [stdout]     |
[INFO] [stdout]     = note: expected signature `fn(&CallBodyNode) -> Range<_>`
[INFO] [stdout]                found signature `fn(&CallBodyNode) -> Option<Range<_>>`
[INFO] [stdout] help: change the output type to match the trait
[INFO] [stdout]     |
[INFO] [stdout] 591 -     fn get_range(&self) -> Option<Range<usize>> {
[INFO] [stdout] 591 +     fn get_range(&self) -> std::ops::Range<usize> {
[INFO] [stdout]     |
[INFO] [stdout] 
[INFO] [stdout] 
[INFO] [stdout] error[E0053]: method `get_range` has an incompatible type for trait
[INFO] [stdout]    --> src/bootstrap/parse_ast.rs:614:28
[INFO] [stdout]     |
[INFO] [stdout] 614 |     fn get_range(&self) -> Option<Range<usize>> {
[INFO] [stdout]     |                            ^^^^^^^^^^^^^^^^^^^^ expected `std::ops::Range<usize>`, found `Option<std::ops::Range<usize>>`
[INFO] [stdout]     |
[INFO] [stdout]     = note: expected signature `fn(&ExpressionNode) -> Range<_>`
[INFO] [stdout]                found signature `fn(&ExpressionNode) -> Option<Range<_>>`
[INFO] [stdout] help: change the output type to match the trait
[INFO] [stdout]     |
[INFO] [stdout] 614 -     fn get_range(&self) -> Option<Range<usize>> {
[INFO] [stdout] 614 +     fn get_range(&self) -> std::ops::Range<usize> {
[INFO] [stdout]     |
[INFO] [stdout] 
[INFO] [stdout] 
[INFO] [stdout] error[E0053]: method `get_range` has an incompatible type for trait
[INFO] [stdout]    --> src/bootstrap/parse_ast.rs:639:28
[INFO] [stdout]     |
[INFO] [stdout] 639 |     fn get_range(&self) -> Option<Range<usize>> {
[INFO] [stdout]     |                            ^^^^^^^^^^^^^^^^^^^^ expected `std::ops::Range<usize>`, found `Option<std::ops::Range<usize>>`
[INFO] [stdout]     |
[INFO] [stdout]     = note: expected signature `fn(&ExpressionHardNode) -> Range<_>`
[INFO] [stdout]                found signature `fn(&ExpressionHardNode) -> Option<Range<_>>`
[INFO] [stdout] help: change the output type to match the trait
[INFO] [stdout]     |
[INFO] [stdout] 639 -     fn get_range(&self) -> Option<Range<usize>> {
[INFO] [stdout] 639 +     fn get_range(&self) -> std::ops::Range<usize> {
[INFO] [stdout]     |
[INFO] [stdout] 
[INFO] [stdout] 
[INFO] [stdout] error[E0053]: method `get_range` has an incompatible type for trait
[INFO] [stdout]    --> src/bootstrap/parse_ast.rs:664:28
[INFO] [stdout]     |
[INFO] [stdout] 664 |     fn get_range(&self) -> Option<Range<usize>> {
[INFO] [stdout]     |                            ^^^^^^^^^^^^^^^^^^^^ expected `std::ops::Range<usize>`, found `Option<std::ops::Range<usize>>`
[INFO] [stdout]     |
[INFO] [stdout]     = note: expected signature `fn(&ExpressionSoftNode) -> Range<_>`
[INFO] [stdout]                found signature `fn(&ExpressionSoftNode) -> Option<Range<_>>`
[INFO] [stdout] help: change the output type to match the trait
[INFO] [stdout]     |
[INFO] [stdout] 664 -     fn get_range(&self) -> Option<Range<usize>> {
[INFO] [stdout] 664 +     fn get_range(&self) -> std::ops::Range<usize> {
[INFO] [stdout]     |
[INFO] [stdout] 
[INFO] [stdout] 
[INFO] [stdout] error[E0053]: method `get_range` has an incompatible type for trait
[INFO] [stdout]    --> src/bootstrap/parse_ast.rs:689:28
[INFO] [stdout]     |
[INFO] [stdout] 689 |     fn get_range(&self) -> Option<Range<usize>> {
[INFO] [stdout]     |                            ^^^^^^^^^^^^^^^^^^^^ expected `std::ops::Range<usize>`, found `Option<std::ops::Range<usize>>`
[INFO] [stdout]     |
[INFO] [stdout]     = note: expected signature `fn(&ExpressionTagNode) -> Range<_>`
[INFO] [stdout]                found signature `fn(&ExpressionTagNode) -> Option<Range<_>>`
[INFO] [stdout] help: change the output type to match the trait
[INFO] [stdout]     |
[INFO] [stdout] 689 -     fn get_range(&self) -> Option<Range<usize>> {
[INFO] [stdout] 689 +     fn get_range(&self) -> std::ops::Range<usize> {
[INFO] [stdout]     |
[INFO] [stdout] 
[INFO] [stdout] 
[INFO] [stdout] error[E0053]: method `get_range` has an incompatible type for trait
[INFO] [stdout]    --> src/bootstrap/parse_ast.rs:713:28
[INFO] [stdout]     |
[INFO] [stdout] 713 |     fn get_range(&self) -> Option<Range<usize>> {
[INFO] [stdout]     |                            ^^^^^^^^^^^^^^^^^^^^ expected `std::ops::Range<usize>`, found `Option<std::ops::Range<usize>>`
[INFO] [stdout]     |
[INFO] [stdout]     = note: expected signature `fn(&TermNode) -> Range<_>`
[INFO] [stdout]                found signature `fn(&TermNode) -> Option<Range<_>>`
[INFO] [stdout] help: change the output type to match the trait
[INFO] [stdout]     |
[INFO] [stdout] 713 -     fn get_range(&self) -> Option<Range<usize>> {
[INFO] [stdout] 713 +     fn get_range(&self) -> std::ops::Range<usize> {
[INFO] [stdout]     |
[INFO] [stdout] 
[INFO] [stdout] 
[INFO] [stdout] error[E0053]: method `get_range` has an incompatible type for trait
[INFO] [stdout]    --> src/bootstrap/parse_ast.rs:738:28
[INFO] [stdout]     |
[INFO] [stdout] 738 |     fn get_range(&self) -> Option<Range<usize>> {
[INFO] [stdout]     |                            ^^^^^^^^^^^^^^^^^^^^ expected `std::ops::Range<usize>`, found `Option<std::ops::Range<usize>>`
[INFO] [stdout]     |
[INFO] [stdout]     = note: expected signature `fn(&PrefixNode) -> Range<_>`
[INFO] [stdout]                found signature `fn(&PrefixNode) -> Option<Range<_>>`
[INFO] [stdout] help: change the output type to match the trait
[INFO] [stdout]     |
[INFO] [stdout] 738 -     fn get_range(&self) -> Option<Range<usize>> {
[INFO] [stdout] 738 +     fn get_range(&self) -> std::ops::Range<usize> {
[INFO] [stdout]     |
[INFO] [stdout] 
[INFO] [stdout] 
[INFO] [stdout] error[E0053]: method `get_range` has an incompatible type for trait
[INFO] [stdout]    --> src/bootstrap/parse_ast.rs:771:28
[INFO] [stdout]     |
[INFO] [stdout] 771 |     fn get_range(&self) -> Option<Range<usize>> {
[INFO] [stdout]     |                            ^^^^^^^^^^^^^^^^^^^^ expected `std::ops::Range<usize>`, found `Option<std::ops::Range<usize>>`
[INFO] [stdout]     |
[INFO] [stdout]     = note: expected signature `fn(&SuffixNode) -> Range<_>`
[INFO] [stdout]                found signature `fn(&SuffixNode) -> Option<Range<_>>`
[INFO] [stdout] help: change the output type to match the trait
[INFO] [stdout]     |
[INFO] [stdout] 771 -     fn get_range(&self) -> Option<Range<usize>> {
[INFO] [stdout] 771 +     fn get_range(&self) -> std::ops::Range<usize> {
[INFO] [stdout]     |
[INFO] [stdout] 
[INFO] [stdout] 
[INFO] [stdout] error[E0053]: method `get_range` has an incompatible type for trait
[INFO] [stdout]    --> src/bootstrap/parse_ast.rs:812:28
[INFO] [stdout]     |
[INFO] [stdout] 812 |     fn get_range(&self) -> Option<Range<usize>> {
[INFO] [stdout]     |                            ^^^^^^^^^^^^^^^^^^^^ expected `std::ops::Range<usize>`, found `Option<std::ops::Range<usize>>`
[INFO] [stdout]     |
[INFO] [stdout]     = note: expected signature `fn(&AtomicNode) -> Range<_>`
[INFO] [stdout]                found signature `fn(&AtomicNode) -> Option<Range<_>>`
[INFO] [stdout] help: change the output type to match the trait
[INFO] [stdout]     |
[INFO] [stdout] 812 -     fn get_range(&self) -> Option<Range<usize>> {
[INFO] [stdout] 812 +     fn get_range(&self) -> std::ops::Range<usize> {
[INFO] [stdout]     |
[INFO] [stdout] 
[INFO] [stdout] 
[INFO] [stdout] error[E0053]: method `get_range` has an incompatible type for trait
[INFO] [stdout]    --> src/bootstrap/parse_ast.rs:877:28
[INFO] [stdout]     |
[INFO] [stdout] 877 |     fn get_range(&self) -> Option<Range<usize>> {
[INFO] [stdout]     |                            ^^^^^^^^^^^^^^^^^^^^ expected `std::ops::Range<usize>`, found `Option<std::ops::Range<usize>>`
[INFO] [stdout]     |
[INFO] [stdout]     = note: expected signature `fn(&GroupExpressionNode) -> Range<_>`
[INFO] [stdout]                found signature `fn(&GroupExpressionNode) -> Option<Range<_>>`
[INFO] [stdout] help: change the output type to match the trait
[INFO] [stdout]     |
[INFO] [stdout] 877 -     fn get_range(&self) -> Option<Range<usize>> {
[INFO] [stdout] 877 +     fn get_range(&self) -> std::ops::Range<usize> {
[INFO] [stdout]     |
[INFO] [stdout] 
[INFO] [stdout] 
[INFO] [stdout] error[E0053]: method `get_range` has an incompatible type for trait
[INFO] [stdout]    --> src/bootstrap/parse_ast.rs:900:28
[INFO] [stdout]     |
[INFO] [stdout] 900 |     fn get_range(&self) -> Option<Range<usize>> {
[INFO] [stdout]     |                            ^^^^^^^^^^^^^^^^^^^^ expected `std::ops::Range<usize>`, found `Option<std::ops::Range<usize>>`
[INFO] [stdout]     |
[INFO] [stdout]     = note: expected signature `fn(&StringRawNode) -> Range<_>`
[INFO] [stdout]                found signature `fn(&StringRawNode) -> Option<Range<_>>`
[INFO] [stdout] help: change the output type to match the trait
[INFO] [stdout]     |
[INFO] [stdout] 900 -     fn get_range(&self) -> Option<Range<usize>> {
[INFO] [stdout] 900 +     fn get_range(&self) -> std::ops::Range<usize> {
[INFO] [stdout]     |
[INFO] [stdout] 
[INFO] [stdout] 
[INFO] [stdout] error[E0053]: method `get_range` has an incompatible type for trait
[INFO] [stdout]    --> src/bootstrap/parse_ast.rs:923:28
[INFO] [stdout]     |
[INFO] [stdout] 923 |     fn get_range(&self) -> Option<Range<usize>> {
[INFO] [stdout]     |                            ^^^^^^^^^^^^^^^^^^^^ expected `std::ops::Range<usize>`, found `Option<std::ops::Range<usize>>`
[INFO] [stdout]     |
[INFO] [stdout]     = note: expected signature `fn(&StringRawTextNode) -> Range<_>`
[INFO] [stdout]                found signature `fn(&StringRawTextNode) -> Option<Range<_>>`
[INFO] [stdout] help: change the output type to match the trait
[INFO] [stdout]     |
[INFO] [stdout] 923 -     fn get_range(&self) -> Option<Range<usize>> {
[INFO] [stdout] 923 +     fn get_range(&self) -> std::ops::Range<usize> {
[INFO] [stdout]     |
[INFO] [stdout] 
[INFO] [stdout] 
[INFO] [stdout] error[E0053]: method `get_range` has an incompatible type for trait
[INFO] [stdout]    --> src/bootstrap/parse_ast.rs:943:28
[INFO] [stdout]     |
[INFO] [stdout] 943 |     fn get_range(&self) -> Option<Range<usize>> {
[INFO] [stdout]     |                            ^^^^^^^^^^^^^^^^^^^^ expected `std::ops::Range<usize>`, found `Option<std::ops::Range<usize>>`
[INFO] [stdout]     |
[INFO] [stdout]     = note: expected signature `fn(&StringNormalNode) -> Range<_>`
[INFO] [stdout]                found signature `fn(&StringNormalNode) -> Option<Range<_>>`
[INFO] [stdout] help: change the output type to match the trait
[INFO] [stdout]     |
[INFO] [stdout] 943 -     fn get_range(&self) -> Option<Range<usize>> {
[INFO] [stdout] 943 +     fn get_range(&self) -> std::ops::Range<usize> {
[INFO] [stdout]     |
[INFO] [stdout] 
[INFO] [stdout] 
[INFO] [stdout] error[E0053]: method `get_range` has an incompatible type for trait
[INFO] [stdout]    --> src/bootstrap/parse_ast.rs:968:28
[INFO] [stdout]     |
[INFO] [stdout] 968 |     fn get_range(&self) -> Option<Range<usize>> {
[INFO] [stdout]     |                            ^^^^^^^^^^^^^^^^^^^^ expected `std::ops::Range<usize>`, found `Option<std::ops::Range<usize>>`
[INFO] [stdout]     |
[INFO] [stdout]     = note: expected signature `fn(&StringItemNode) -> Range<_>`
[INFO] [stdout]                found signature `fn(&StringItemNode) -> Option<Range<_>>`
[INFO] [stdout] help: change the output type to match the trait
[INFO] [stdout]     |
[INFO] [stdout] 968 -     fn get_range(&self) -> Option<Range<usize>> {
[INFO] [stdout] 968 +     fn get_range(&self) -> std::ops::Range<usize> {
[INFO] [stdout]     |
[INFO] [stdout] 
[INFO] [stdout] 
[INFO] [stdout] error[E0053]: method `get_range` has an incompatible type for trait
[INFO] [stdout]     --> src/bootstrap/parse_ast.rs:1001:28
[INFO] [stdout]      |
[INFO] [stdout] 1001 |     fn get_range(&self) -> Option<Range<usize>> {
[INFO] [stdout]      |                            ^^^^^^^^^^^^^^^^^^^^ expected `std::ops::Range<usize>`, found `Option<std::ops::Range<usize>>`
[INFO] [stdout]      |
[INFO] [stdout]      = note: expected signature `fn(&EscapedUnicodeNode) -> Range<_>`
[INFO] [stdout]                 found signature `fn(&EscapedUnicodeNode) -> Option<Range<_>>`
[INFO] [stdout] help: change the output type to match the trait
[INFO] [stdout]      |
[INFO] [stdout] 1001 -     fn get_range(&self) -> Option<Range<usize>> {
[INFO] [stdout] 1001 +     fn get_range(&self) -> std::ops::Range<usize> {
[INFO] [stdout]      |
[INFO] [stdout] 
[INFO] [stdout] 
[INFO] [stdout] error[E0053]: method `get_range` has an incompatible type for trait
[INFO] [stdout]     --> src/bootstrap/parse_ast.rs:1024:28
[INFO] [stdout]      |
[INFO] [stdout] 1024 |     fn get_range(&self) -> Option<Range<usize>> {
[INFO] [stdout]      |                            ^^^^^^^^^^^^^^^^^^^^ expected `std::ops::Range<usize>`, found `Option<std::ops::Range<usize>>`
[INFO] [stdout]      |
[INFO] [stdout]      = note: expected signature `fn(&EscapedCharacterNode) -> Range<_>`
[INFO] [stdout]                 found signature `fn(&EscapedCharacterNode) -> Option<Range<_>>`
[INFO] [stdout] help: change the output type to match the trait
[INFO] [stdout]      |
[INFO] [stdout] 1024 -     fn get_range(&self) -> Option<Range<usize>> {
[INFO] [stdout] 1024 +     fn get_range(&self) -> std::ops::Range<usize> {
[INFO] [stdout]      |
[INFO] [stdout] 
[INFO] [stdout] 
[INFO] [stdout] error[E0053]: method `get_range` has an incompatible type for trait
[INFO] [stdout]     --> src/bootstrap/parse_ast.rs:1045:28
[INFO] [stdout]      |
[INFO] [stdout] 1045 |     fn get_range(&self) -> Option<Range<usize>> {
[INFO] [stdout]      |                            ^^^^^^^^^^^^^^^^^^^^ expected `std::ops::Range<usize>`, found `Option<std::ops::Range<usize>>`
[INFO] [stdout]      |
[INFO] [stdout]      = note: expected signature `fn(&HexNode) -> Range<_>`
[INFO] [stdout]                 found signature `fn(&HexNode) -> Option<Range<_>>`
[INFO] [stdout] help: change the output type to match the trait
[INFO] [stdout]      |
[INFO] [stdout] 1045 -     fn get_range(&self) -> Option<Range<usize>> {
[INFO] [stdout] 1045 +     fn get_range(&self) -> std::ops::Range<usize> {
[INFO] [stdout]      |
[INFO] [stdout] 
[INFO] [stdout] 
[INFO] [stdout] error[E0053]: method `get_range` has an incompatible type for trait
[INFO] [stdout]     --> src/bootstrap/parse_ast.rs:1066:28
[INFO] [stdout]      |
[INFO] [stdout] 1066 |     fn get_range(&self) -> Option<Range<usize>> {
[INFO] [stdout]      |                            ^^^^^^^^^^^^^^^^^^^^ expected `std::ops::Range<usize>`, found `Option<std::ops::Range<usize>>`
[INFO] [stdout]      |
[INFO] [stdout]      = note: expected signature `fn(&TextAnyNode) -> Range<_>`
[INFO] [stdout]                 found signature `fn(&TextAnyNode) -> Option<Range<_>>`
[INFO] [stdout] help: change the output type to match the trait
[INFO] [stdout]      |
[INFO] [stdout] 1066 -     fn get_range(&self) -> Option<Range<usize>> {
[INFO] [stdout] 1066 +     fn get_range(&self) -> std::ops::Range<usize> {
[INFO] [stdout]      |
[INFO] [stdout] 
[INFO] [stdout] 
[INFO] [stdout] error[E0053]: method `get_range` has an incompatible type for trait
[INFO] [stdout]     --> src/bootstrap/parse_ast.rs:1086:28
[INFO] [stdout]      |
[INFO] [stdout] 1086 |     fn get_range(&self) -> Option<Range<usize>> {
[INFO] [stdout]      |                            ^^^^^^^^^^^^^^^^^^^^ expected `std::ops::Range<usize>`, found `Option<std::ops::Range<usize>>`
[INFO] [stdout]      |
[INFO] [stdout]      = note: expected signature `fn(&RegexEmbedNode) -> Range<_>`
[INFO] [stdout]                 found signature `fn(&RegexEmbedNode) -> Option<Range<_>>`
[INFO] [stdout] help: change the output type to match the trait
[INFO] [stdout]      |
[INFO] [stdout] 1086 -     fn get_range(&self) -> Option<Range<usize>> {
[INFO] [stdout] 1086 +     fn get_range(&self) -> std::ops::Range<usize> {
[INFO] [stdout]      |
[INFO] [stdout] 
[INFO] [stdout] 
[INFO] [stdout] error[E0053]: method `get_range` has an incompatible type for trait
[INFO] [stdout]     --> src/bootstrap/parse_ast.rs:1109:28
[INFO] [stdout]      |
[INFO] [stdout] 1109 |     fn get_range(&self) -> Option<Range<usize>> {
[INFO] [stdout]      |                            ^^^^^^^^^^^^^^^^^^^^ expected `std::ops::Range<usize>`, found `Option<std::ops::Range<usize>>`
[INFO] [stdout]      |
[INFO] [stdout]      = note: expected signature `fn(&RegexInnerNode) -> Range<_>`
[INFO] [stdout]                 found signature `fn(&RegexInnerNode) -> Option<Range<_>>`
[INFO] [stdout] help: change the output type to match the trait
[INFO] [stdout]      |
[INFO] [stdout] 1109 -     fn get_range(&self) -> Option<Range<usize>> {
[INFO] [stdout] 1109 +     fn get_range(&self) -> std::ops::Range<usize> {
[INFO] [stdout]      |
[INFO] [stdout] 
[INFO] [stdout] 
[INFO] [stdout] error[E0053]: method `get_range` has an incompatible type for trait
[INFO] [stdout]     --> src/bootstrap/parse_ast.rs:1129:28
[INFO] [stdout]      |
[INFO] [stdout] 1129 |     fn get_range(&self) -> Option<Range<usize>> {
[INFO] [stdout]      |                            ^^^^^^^^^^^^^^^^^^^^ expected `std::ops::Range<usize>`, found `Option<std::ops::Range<usize>>`
[INFO] [stdout]      |
[INFO] [stdout]      = note: expected signature `fn(&RegexRangeNode) -> Range<_>`
[INFO] [stdout]                 found signature `fn(&RegexRangeNode) -> Option<Range<_>>`
[INFO] [stdout] help: change the output type to match the trait
[INFO] [stdout]      |
[INFO] [stdout] 1129 -     fn get_range(&self) -> Option<Range<usize>> {
[INFO] [stdout] 1129 +     fn get_range(&self) -> std::ops::Range<usize> {
[INFO] [stdout]      |
[INFO] [stdout] 
[INFO] [stdout] 
[INFO] [stdout] error[E0053]: method `get_range` has an incompatible type for trait
[INFO] [stdout]     --> src/bootstrap/parse_ast.rs:1153:28
[INFO] [stdout]      |
[INFO] [stdout] 1153 |     fn get_range(&self) -> Option<Range<usize>> {
[INFO] [stdout]      |                            ^^^^^^^^^^^^^^^^^^^^ expected `std::ops::Range<usize>`, found `Option<std::ops::Range<usize>>`
[INFO] [stdout]      |
[INFO] [stdout]      = note: expected signature `fn(&RegexNegativeNode) -> Range<_>`
[INFO] [stdout]                 found signature `fn(&RegexNegativeNode) -> Option<Range<_>>`
[INFO] [stdout] help: change the output type to match the trait
[INFO] [stdout]      |
[INFO] [stdout] 1153 -     fn get_range(&self) -> Option<Range<usize>> {
[INFO] [stdout] 1153 +     fn get_range(&self) -> std::ops::Range<usize> {
[INFO] [stdout]      |
[INFO] [stdout] 
[INFO] [stdout] 
[INFO] [stdout] error[E0053]: method `get_range` has an incompatible type for trait
[INFO] [stdout]     --> src/bootstrap/parse_ast.rs:1174:28
[INFO] [stdout]      |
[INFO] [stdout] 1174 |     fn get_range(&self) -> Option<Range<usize>> {
[INFO] [stdout]      |                            ^^^^^^^^^^^^^^^^^^^^ expected `std::ops::Range<usize>`, found `Option<std::ops::Range<usize>>`
[INFO] [stdout]      |
[INFO] [stdout]      = note: expected signature `fn(&CategoryNode) -> Range<_>`
[INFO] [stdout]                 found signature `fn(&CategoryNode) -> Option<Range<_>>`
[INFO] [stdout] help: change the output type to match the trait
[INFO] [stdout]      |
[INFO] [stdout] 1174 -     fn get_range(&self) -> Option<Range<usize>> {
[INFO] [stdout] 1174 +     fn get_range(&self) -> std::ops::Range<usize> {
[INFO] [stdout]      |
[INFO] [stdout] 
[INFO] [stdout] 
[INFO] [stdout] error[E0053]: method `get_range` has an incompatible type for trait
[INFO] [stdout]     --> src/bootstrap/parse_ast.rs:1199:28
[INFO] [stdout]      |
[INFO] [stdout] 1199 |     fn get_range(&self) -> Option<Range<usize>> {
[INFO] [stdout]      |                            ^^^^^^^^^^^^^^^^^^^^ expected `std::ops::Range<usize>`, found `Option<std::ops::Range<usize>>`
[INFO] [stdout]      |
[INFO] [stdout]      = note: expected signature `fn(&NamepathFreeNode) -> Range<_>`
[INFO] [stdout]                 found signature `fn(&NamepathFreeNode) -> Option<Range<_>>`
[INFO] [stdout] help: change the output type to match the trait
[INFO] [stdout]      |
[INFO] [stdout] 1199 -     fn get_range(&self) -> Option<Range<usize>> {
[INFO] [stdout] 1199 +     fn get_range(&self) -> std::ops::Range<usize> {
[INFO] [stdout]      |
[INFO] [stdout] 
[INFO] [stdout] 
[INFO] [stdout] error[E0053]: method `get_range` has an incompatible type for trait
[INFO] [stdout]     --> src/bootstrap/parse_ast.rs:1222:28
[INFO] [stdout]      |
[INFO] [stdout] 1222 |     fn get_range(&self) -> Option<Range<usize>> {
[INFO] [stdout]      |                            ^^^^^^^^^^^^^^^^^^^^ expected `std::ops::Range<usize>`, found `Option<std::ops::Range<usize>>`
[INFO] [stdout]      |
[INFO] [stdout]      = note: expected signature `fn(&NamepathNode) -> Range<_>`
[INFO] [stdout]                 found signature `fn(&NamepathNode) -> Option<Range<_>>`
[INFO] [stdout] help: change the output type to match the trait
[INFO] [stdout]      |
[INFO] [stdout] 1222 -     fn get_range(&self) -> Option<Range<usize>> {
[INFO] [stdout] 1222 +     fn get_range(&self) -> std::ops::Range<usize> {
[INFO] [stdout]      |
[INFO] [stdout] 
[INFO] [stdout] 
[INFO] [stdout] error[E0053]: method `get_range` has an incompatible type for trait
[INFO] [stdout]     --> src/bootstrap/parse_ast.rs:1245:28
[INFO] [stdout]      |
[INFO] [stdout] 1245 |     fn get_range(&self) -> Option<Range<usize>> {
[INFO] [stdout]      |                            ^^^^^^^^^^^^^^^^^^^^ expected `std::ops::Range<usize>`, found `Option<std::ops::Range<usize>>`
[INFO] [stdout]      |
[INFO] [stdout]      = note: expected signature `fn(&IdentifierNode) -> Range<_>`
[INFO] [stdout]                 found signature `fn(&IdentifierNode) -> Option<Range<_>>`
[INFO] [stdout] help: change the output type to match the trait
[INFO] [stdout]      |
[INFO] [stdout] 1245 -     fn get_range(&self) -> Option<Range<usize>> {
[INFO] [stdout] 1245 +     fn get_range(&self) -> std::ops::Range<usize> {
[INFO] [stdout]      |
[INFO] [stdout] 
[INFO] [stdout] 
[INFO] [stdout] error[E0053]: method `get_range` has an incompatible type for trait
[INFO] [stdout]     --> src/bootstrap/parse_ast.rs:1265:28
[INFO] [stdout]      |
[INFO] [stdout] 1265 |     fn get_range(&self) -> Option<Range<usize>> {
[INFO] [stdout]      |                            ^^^^^^^^^^^^^^^^^^^^ expected `std::ops::Range<usize>`, found `Option<std::ops::Range<usize>>`
[INFO] [stdout]      |
[INFO] [stdout]      = note: expected signature `fn(&BooleanNode) -> Range<_>`
[INFO] [stdout]                 found signature `fn(&BooleanNode) -> Option<Range<_>>`
[INFO] [stdout] help: change the output type to match the trait
[INFO] [stdout]      |
[INFO] [stdout] 1265 -     fn get_range(&self) -> Option<Range<usize>> {
[INFO] [stdout] 1265 +     fn get_range(&self) -> std::ops::Range<usize> {
[INFO] [stdout]      |
[INFO] [stdout] 
[INFO] [stdout] 
[INFO] [stdout] error[E0053]: method `get_range` has an incompatible type for trait
[INFO] [stdout]     --> src/bootstrap/parse_ast.rs:1294:28
[INFO] [stdout]      |
[INFO] [stdout] 1294 |     fn get_range(&self) -> Option<Range<usize>> {
[INFO] [stdout]      |                            ^^^^^^^^^^^^^^^^^^^^ expected `std::ops::Range<usize>`, found `Option<std::ops::Range<usize>>`
[INFO] [stdout]      |
[INFO] [stdout]      = note: expected signature `fn(&IntegerNode) -> Range<_>`
[INFO] [stdout]                 found signature `fn(&IntegerNode) -> Option<Range<_>>`
[INFO] [stdout] help: change the output type to match the trait
[INFO] [stdout]      |
[INFO] [stdout] 1294 -     fn get_range(&self) -> Option<Range<usize>> {
[INFO] [stdout] 1294 +     fn get_range(&self) -> std::ops::Range<usize> {
[INFO] [stdout]      |
[INFO] [stdout] 
[INFO] [stdout] 
[INFO] [stdout] error[E0053]: method `get_range` has an incompatible type for trait
[INFO] [stdout]     --> src/bootstrap/parse_ast.rs:1314:28
[INFO] [stdout]      |
[INFO] [stdout] 1314 |     fn get_range(&self) -> Option<Range<usize>> {
[INFO] [stdout]      |                            ^^^^^^^^^^^^^^^^^^^^ expected `std::ops::Range<usize>`, found `Option<std::ops::Range<usize>>`
[INFO] [stdout]      |
[INFO] [stdout]      = note: expected signature `fn(&RangeExactNode) -> Range<_>`
[INFO] [stdout]                 found signature `fn(&RangeExactNode) -> Option<Range<_>>`
[INFO] [stdout] help: change the output type to match the trait
[INFO] [stdout]      |
[INFO] [stdout] 1314 -     fn get_range(&self) -> Option<Range<usize>> {
[INFO] [stdout] 1314 +     fn get_range(&self) -> std::ops::Range<usize> {
[INFO] [stdout]      |
[INFO] [stdout] 
[INFO] [stdout] 
[INFO] [stdout] error[E0053]: method `get_range` has an incompatible type for trait
[INFO] [stdout]     --> src/bootstrap/parse_ast.rs:1337:28
[INFO] [stdout]      |
[INFO] [stdout] 1337 |     fn get_range(&self) -> Option<Range<usize>> {
[INFO] [stdout]      |                            ^^^^^^^^^^^^^^^^^^^^ expected `std::ops::Range<usize>`, found `Option<std::ops::Range<usize>>`
[INFO] [stdout]      |
[INFO] [stdout]      = note: expected signature `fn(&RangeNode) -> Range<_>`
[INFO] [stdout]                 found signature `fn(&RangeNode) -> Option<Range<_>>`
[INFO] [stdout] help: change the output type to match the trait
[INFO] [stdout]      |
[INFO] [stdout] 1337 -     fn get_range(&self) -> Option<Range<usize>> {
[INFO] [stdout] 1337 +     fn get_range(&self) -> std::ops::Range<usize> {
[INFO] [stdout]      |
[INFO] [stdout] 
[INFO] [stdout] 
[INFO] [stdout] error[E0053]: method `get_range` has an incompatible type for trait
[INFO] [stdout]     --> src/bootstrap/parse_ast.rs:1361:28
[INFO] [stdout]      |
[INFO] [stdout] 1361 |     fn get_range(&self) -> Option<Range<usize>> {
[INFO] [stdout]      |                            ^^^^^^^^^^^^^^^^^^^^ expected `std::ops::Range<usize>`, found `Option<std::ops::Range<usize>>`
[INFO] [stdout]      |
[INFO] [stdout]      = note: expected signature `fn(&ModifierCallNode) -> Range<_>`
[INFO] [stdout]                 found signature `fn(&ModifierCallNode) -> Option<Range<_>>`
[INFO] [stdout] help: change the output type to match the trait
[INFO] [stdout]      |
[INFO] [stdout] 1361 -     fn get_range(&self) -> Option<Range<usize>> {
[INFO] [stdout] 1361 +     fn get_range(&self) -> std::ops::Range<usize> {
[INFO] [stdout]      |
[INFO] [stdout] 
[INFO] [stdout] 
[INFO] [stdout] error[E0053]: method `get_range` has an incompatible type for trait
[INFO] [stdout]     --> src/bootstrap/parse_ast.rs:1385:28
[INFO] [stdout]      |
[INFO] [stdout] 1385 |     fn get_range(&self) -> Option<Range<usize>> {
[INFO] [stdout]      |                            ^^^^^^^^^^^^^^^^^^^^ expected `std::ops::Range<usize>`, found `Option<std::ops::Range<usize>>`
[INFO] [stdout]      |
[INFO] [stdout]      = note: expected signature `fn(&OpCategoryNode) -> Range<_>`
[INFO] [stdout]                 found signature `fn(&OpCategoryNode) -> Option<Range<_>>`
[INFO] [stdout] help: change the output type to match the trait
[INFO] [stdout]      |
[INFO] [stdout] 1385 -     fn get_range(&self) -> Option<Range<usize>> {
[INFO] [stdout] 1385 +     fn get_range(&self) -> std::ops::Range<usize> {
[INFO] [stdout]      |
[INFO] [stdout] 
[INFO] [stdout] 
[INFO] [stdout] error[E0053]: method `get_range` has an incompatible type for trait
[INFO] [stdout]     --> src/bootstrap/parse_ast.rs:1406:28
[INFO] [stdout]      |
[INFO] [stdout] 1406 |     fn get_range(&self) -> Option<Range<usize>> {
[INFO] [stdout]      |                            ^^^^^^^^^^^^^^^^^^^^ expected `std::ops::Range<usize>`, found `Option<std::ops::Range<usize>>`
[INFO] [stdout]      |
[INFO] [stdout]      = note: expected signature `fn(&KwGrammarNode) -> Range<_>`
[INFO] [stdout]                 found signature `fn(&KwGrammarNode) -> Option<Range<_>>`
[INFO] [stdout] help: change the output type to match the trait
[INFO] [stdout]      |
[INFO] [stdout] 1406 -     fn get_range(&self) -> Option<Range<usize>> {
[INFO] [stdout] 1406 +     fn get_range(&self) -> std::ops::Range<usize> {
[INFO] [stdout]      |
[INFO] [stdout] 
[INFO] [stdout] 
[INFO] [stdout] error[E0053]: method `get_range` has an incompatible type for trait
[INFO] [stdout]     --> src/bootstrap/parse_ast.rs:1426:28
[INFO] [stdout]      |
[INFO] [stdout] 1426 |     fn get_range(&self) -> Option<Range<usize>> {
[INFO] [stdout]      |                            ^^^^^^^^^^^^^^^^^^^^ expected `std::ops::Range<usize>`, found `Option<std::ops::Range<usize>>`
[INFO] [stdout]      |
[INFO] [stdout]      = note: expected signature `fn(&KwImportNode) -> Range<_>`
[INFO] [stdout]                 found signature `fn(&KwImportNode) -> Option<Range<_>>`
[INFO] [stdout] help: change the output type to match the trait
[INFO] [stdout]      |
[INFO] [stdout] 1426 -     fn get_range(&self) -> Option<Range<usize>> {
[INFO] [stdout] 1426 +     fn get_range(&self) -> std::ops::Range<usize> {
[INFO] [stdout]      |
[INFO] [stdout] 
[INFO] [stdout] 
[INFO] [stdout] error[E0053]: method `get_range` has an incompatible type for trait
[INFO] [stdout]     --> src/bootstrap/parse_ast.rs:1446:28
[INFO] [stdout]      |
[INFO] [stdout] 1446 |     fn get_range(&self) -> Option<Range<usize>> {
[INFO] [stdout]      |                            ^^^^^^^^^^^^^^^^^^^^ expected `std::ops::Range<usize>`, found `Option<std::ops::Range<usize>>`
[INFO] [stdout]      |
[INFO] [stdout]      = note: expected signature `fn(&KwClassNode) -> Range<_>`
[INFO] [stdout]                 found signature `fn(&KwClassNode) -> Option<Range<_>>`
[INFO] [stdout] help: change the output type to match the trait
[INFO] [stdout]      |
[INFO] [stdout] 1446 -     fn get_range(&self) -> Option<Range<usize>> {
[INFO] [stdout] 1446 +     fn get_range(&self) -> std::ops::Range<usize> {
[INFO] [stdout]      |
[INFO] [stdout] 
[INFO] [stdout] 
[INFO] [stdout] error[E0053]: method `get_range` has an incompatible type for trait
[INFO] [stdout]     --> src/bootstrap/parse_ast.rs:1466:28
[INFO] [stdout]      |
[INFO] [stdout] 1466 |     fn get_range(&self) -> Option<Range<usize>> {
[INFO] [stdout]      |                            ^^^^^^^^^^^^^^^^^^^^ expected `std::ops::Range<usize>`, found `Option<std::ops::Range<usize>>`
[INFO] [stdout]      |
[INFO] [stdout]      = note: expected signature `fn(&KwUnionNode) -> Range<_>`
[INFO] [stdout]                 found signature `fn(&KwUnionNode) -> Option<Range<_>>`
[INFO] [stdout] help: change the output type to match the trait
[INFO] [stdout]      |
[INFO] [stdout] 1466 -     fn get_range(&self) -> Option<Range<usize>> {
[INFO] [stdout] 1466 +     fn get_range(&self) -> std::ops::Range<usize> {
[INFO] [stdout]      |
[INFO] [stdout] 
[INFO] [stdout] 
[INFO] [stdout] error[E0053]: method `get_range` has an incompatible type for trait
[INFO] [stdout]     --> src/bootstrap/parse_ast.rs:1486:28
[INFO] [stdout]      |
[INFO] [stdout] 1486 |     fn get_range(&self) -> Option<Range<usize>> {
[INFO] [stdout]      |                            ^^^^^^^^^^^^^^^^^^^^ expected `std::ops::Range<usize>`, found `Option<std::ops::Range<usize>>`
[INFO] [stdout]      |
[INFO] [stdout]      = note: expected signature `fn(&KwGroupNode) -> Range<_>`
[INFO] [stdout]                 found signature `fn(&KwGroupNode) -> Option<Range<_>>`
[INFO] [stdout] help: change the output type to match the trait
[INFO] [stdout]      |
[INFO] [stdout] 1486 -     fn get_range(&self) -> Option<Range<usize>> {
[INFO] [stdout] 1486 +     fn get_range(&self) -> std::ops::Range<usize> {
[INFO] [stdout]      |
[INFO] [stdout] 
[INFO] [stdout] 
[INFO] [stdout] error[E0053]: method `get_range` has an incompatible type for trait
[INFO] [stdout]     --> src/bootstrap/parse_ast.rs:1506:28
[INFO] [stdout]      |
[INFO] [stdout] 1506 |     fn get_range(&self) -> Option<Range<usize>> {
[INFO] [stdout]      |                            ^^^^^^^^^^^^^^^^^^^^ expected `std::ops::Range<usize>`, found `Option<std::ops::Range<usize>>`
[INFO] [stdout]      |
[INFO] [stdout]      = note: expected signature `fn(&KwClimbNode) -> Range<_>`
[INFO] [stdout]                 found signature `fn(&KwClimbNode) -> Option<Range<_>>`
[INFO] [stdout] help: change the output type to match the trait
[INFO] [stdout]      |
[INFO] [stdout] 1506 -     fn get_range(&self) -> Option<Range<usize>> {
[INFO] [stdout] 1506 +     fn get_range(&self) -> std::ops::Range<usize> {
[INFO] [stdout]      |
[INFO] [stdout] 
[INFO] [stdout] 
[INFO] [stdout] error[E0053]: method `get_range` has an incompatible type for trait
[INFO] [stdout]     --> src/bootstrap/parse_ast.rs:1526:28
[INFO] [stdout]      |
[INFO] [stdout] 1526 |     fn get_range(&self) -> Option<Range<usize>> {
[INFO] [stdout]      |                            ^^^^^^^^^^^^^^^^^^^^ expected `std::ops::Range<usize>`, found `Option<std::ops::Range<usize>>`
[INFO] [stdout]      |
[INFO] [stdout]      = note: expected signature `fn(&KwMacroNode) -> Range<_>`
[INFO] [stdout]                 found signature `fn(&KwMacroNode) -> Option<Range<_>>`
[INFO] [stdout] help: change the output type to match the trait
[INFO] [stdout]      |
[INFO] [stdout] 1526 -     fn get_range(&self) -> Option<Range<usize>> {
[INFO] [stdout] 1526 +     fn get_range(&self) -> std::ops::Range<usize> {
[INFO] [stdout]      |
[INFO] [stdout] 
[INFO] [stdout] 
[INFO] [stdout] error[E0053]: method `get_range` has an incompatible type for trait
[INFO] [stdout]     --> src/bootstrap/parse_ast.rs:1546:28
[INFO] [stdout]      |
[INFO] [stdout] 1546 |     fn get_range(&self) -> Option<Range<usize>> {
[INFO] [stdout]      |                            ^^^^^^^^^^^^^^^^^^^^ expected `std::ops::Range<usize>`, found `Option<std::ops::Range<usize>>`
[INFO] [stdout]      |
[INFO] [stdout]      = note: expected signature `fn(&WhiteSpaceNode) -> Range<_>`
[INFO] [stdout]                 found signature `fn(&WhiteSpaceNode) -> Option<Range<_>>`
[INFO] [stdout] help: change the output type to match the trait
[INFO] [stdout]      |
[INFO] [stdout] 1546 -     fn get_range(&self) -> Option<Range<usize>> {
[INFO] [stdout] 1546 +     fn get_range(&self) -> std::ops::Range<usize> {
[INFO] [stdout]      |
[INFO] [stdout] 
[INFO] [stdout] 
[INFO] [stdout] error[E0053]: method `get_range` has an incompatible type for trait
[INFO] [stdout]     --> src/bootstrap/parse_ast.rs:1566:28
[INFO] [stdout]      |
[INFO] [stdout] 1566 |     fn get_range(&self) -> Option<Range<usize>> {
[INFO] [stdout]      |                            ^^^^^^^^^^^^^^^^^^^^ expected `std::ops::Range<usize>`, found `Option<std::ops::Range<usize>>`
[INFO] [stdout]      |
[INFO] [stdout]      = note: expected signature `fn(&CommentNode) -> Range<_>`
[INFO] [stdout]                 found signature `fn(&CommentNode) -> Option<Range<_>>`
[INFO] [stdout] help: change the output type to match the trait
[INFO] [stdout]      |
[INFO] [stdout] 1566 -     fn get_range(&self) -> Option<Range<usize>> {
[INFO] [stdout] 1566 +     fn get_range(&self) -> std::ops::Range<usize> {
[INFO] [stdout]      |
[INFO] [stdout] 
[INFO] [stdout] 
[INFO] [stdout] error[E0308]: mismatched types
[INFO] [stdout]   --> src/bootstrap/parse_ast.rs:31:40
[INFO] [stdout]    |
[INFO] [stdout] 29 |     fn get_range(&self) -> Option<Range<usize>> {
[INFO] [stdout]    |                            -------------------- expected `Option<std::ops::Range<usize>>` because of return type
[INFO] [stdout] 30 |         match self {
[INFO] [stdout] 31 |             Self::ClassStatement(s) => s.get_range(),
[INFO] [stdout]    |                                        ^^^^^^^^^^^^^ expected `Option<Range<usize>>`, found `Range<usize>`
[INFO] [stdout]    |
[INFO] [stdout]    = note: expected enum `Option<Range<_>>`
[INFO] [stdout]             found struct `Range<_>`
[INFO] [stdout] help: try wrapping the expression in `Some`
[INFO] [stdout]    |
[INFO] [stdout] 31 |             Self::ClassStatement(s) => Some(s.get_range()),
[INFO] [stdout]    |                                        +++++             +
[INFO] [stdout] 
[INFO] [stdout] 
[INFO] [stdout] error[E0308]: `match` arms have incompatible types
[INFO] [stdout]    --> src/bootstrap/parse_ast.rs:776:31
[INFO] [stdout]     |
[INFO] [stdout] 772 | /         match self {
[INFO] [stdout] 773 | |             Self::Many => None,
[INFO] [stdout]     | |                           ---- this is found to be of type `Option<std::ops::Range<usize>>`
[INFO] [stdout] 774 | |             Self::Many1 => None,
[INFO] [stdout]     | |                            ---- this is found to be of type `Option<std::ops::Range<usize>>`
[INFO] [stdout] 775 | |             Self::Optional => None,
[INFO] [stdout]     | |                               ---- this is found to be of type `Option<std::ops::Range<usize>>`
[INFO] [stdout] 776 | |             Self::Range(s) => s.get_range(),
[INFO] [stdout]     | |                               ^^^^^^^^^^^^^ expected `Option<Range<usize>>`, found `Range<usize>`
[INFO] [stdout] 777 | |             Self::RangeExact(s) => s.get_range(),
[INFO] [stdout] 778 | |         }
[INFO] [stdout]     | |_________- `match` arms have incompatible types
[INFO] [stdout]     |
[INFO] [stdout]     = note: expected enum `Option<Range<_>>`
[INFO] [stdout]              found struct `Range<_>`
[INFO] [stdout] help: try wrapping the expression in `Some`
[INFO] [stdout]     |
[INFO] [stdout] 776 |             Self::Range(s) => Some(s.get_range()),
[INFO] [stdout]     |                               +++++             +
[INFO] [stdout] 
[INFO] [stdout] 
[INFO] [stdout] error[E0308]: mismatched types
[INFO] [stdout]    --> src/bootstrap/parse_ast.rs:814:33
[INFO] [stdout]     |
[INFO] [stdout] 812 |     fn get_range(&self) -> Option<Range<usize>> {
[INFO] [stdout]     |                            -------------------- expected `Option<std::ops::Range<usize>>` because of return type
[INFO] [stdout] 813 |         match self {
[INFO] [stdout] 814 |             Self::Boolean(s) => s.get_range(),
[INFO] [stdout]     |                                 ^^^^^^^^^^^^^ expected `Option<Range<usize>>`, found `Range<usize>`
[INFO] [stdout]     |
[INFO] [stdout]     = note: expected enum `Option<Range<_>>`
[INFO] [stdout]              found struct `Range<_>`
[INFO] [stdout] help: try wrapping the expression in `Some`
[INFO] [stdout]     |
[INFO] [stdout] 814 |             Self::Boolean(s) => Some(s.get_range()),
[INFO] [stdout]     |                                 +++++             +
[INFO] [stdout] 
[INFO] [stdout] 
[INFO] [stdout] error[E0308]: mismatched types
[INFO] [stdout]    --> src/bootstrap/parse_ast.rs:970:42
[INFO] [stdout]     |
[INFO] [stdout] 968 |     fn get_range(&self) -> Option<Range<usize>> {
[INFO] [stdout]     |                            -------------------- expected `Option<std::ops::Range<usize>>` because of return type
[INFO] [stdout] 969 |         match self {
[INFO] [stdout] 970 |             Self::EscapedCharacter(s) => s.get_range(),
[INFO] [stdout]     |                                          ^^^^^^^^^^^^^ expected `Option<Range<usize>>`, found `Range<usize>`
[INFO] [stdout]     |
[INFO] [stdout]     = note: expected enum `Option<Range<_>>`
[INFO] [stdout]              found struct `Range<_>`
[INFO] [stdout] help: try wrapping the expression in `Some`
[INFO] [stdout]     |
[INFO] [stdout] 970 |             Self::EscapedCharacter(s) => Some(s.get_range()),
[INFO] [stdout]     |                                          +++++             +
[INFO] [stdout] 
[INFO] [stdout] 
[INFO] [stdout] Some errors have detailed explanations: E0053, E0308, E0554.
[INFO] [stdout] 
[INFO] [stdout] For more information about an error, try `rustc --explain E0053`.
[INFO] [stdout] 
[INFO] [stderr] error: could not compile `yggdrasil-parser` (lib) due to 69 previous errors; 67 warnings emitted
[INFO] [stderr] warning: build failed, waiting for other jobs to finish...
[INFO] running `Command { std: "docker" "inspect" "d0bd901bd21b405a73f240c767b51a3c90b8183e1556cefc800d5a4bad8b7739", kill_on_drop: false }`
[INFO] running `Command { std: "docker" "rm" "-f" "d0bd901bd21b405a73f240c767b51a3c90b8183e1556cefc800d5a4bad8b7739", kill_on_drop: false }`
[INFO] [stdout] d0bd901bd21b405a73f240c767b51a3c90b8183e1556cefc800d5a4bad8b7739
