[INFO] fetching crate yew_vnode_struct 0.1.1...
[INFO] testing yew_vnode_struct-0.1.1 against 1.99.0-beta.8+cargoflags=--release for beta-release-1.100-2
[INFO] extracting crate yew_vnode_struct 0.1.1 into /workspace/builds/worker-2-tc1/source
[INFO] started tweaking crates.io crate yew_vnode_struct 0.1.1
[INFO] finished tweaking crates.io crate yew_vnode_struct 0.1.1
[INFO] tweaked toml for crates.io crate yew_vnode_struct 0.1.1 written to /workspace/builds/worker-2-tc1/source/Cargo.toml
[INFO] validating manifest of crates.io crate yew_vnode_struct 0.1.1 on toolchain 1.99.0-beta.8
[INFO] running `Command { std: CARGO_HOME="/workspace/cargo-home" RUSTUP_HOME="/workspace/rustup-home" "/workspace/cargo-home/bin/cargo" "+1.99.0-beta.8" "metadata" "--manifest-path" "Cargo.toml" "--no-deps", kill_on_drop: false }`
[INFO] running `Command { std: CARGO_HOME="/workspace/cargo-home" RUSTUP_HOME="/workspace/rustup-home" "/workspace/cargo-home/bin/cargo" "+1.99.0-beta.8" "generate-lockfile" "--manifest-path" "Cargo.toml", kill_on_drop: false }`
[INFO] [stderr]     Updating crates.io index
[INFO] [stderr]      Locking 73 packages to highest compatible versions
[INFO] [stderr]       Adding bincode v1.2.1 (available: v1.3.3)
[INFO] [stderr]       Adding yew v0.14.3 (available: v0.23.0)
[INFO] running `Command { std: CARGO_HOME="/workspace/cargo-home" RUSTUP_HOME="/workspace/rustup-home" "/workspace/cargo-home/bin/cargo" "+1.99.0-beta.8" "fetch" "--manifest-path" "Cargo.toml", kill_on_drop: false }`
[INFO] [stderr]  Downloading crates ...
[INFO] [stderr]   Downloaded rmp-serde v0.14.4
[INFO] [stderr]   Downloaded yew v0.14.3
[INFO] [stderr]   Downloaded anymap v0.12.1
[INFO] [stderr]   Downloaded proc-macro-nested v0.1.7
[INFO] [stderr]   Downloaded bincode v1.2.1
[INFO] [stderr]   Downloaded yew-macro v0.14.1
[INFO] [stderr]   Downloaded gloo-file v0.1.0
[INFO] [stderr]   Downloaded gloo-console-timer v0.1.0
[INFO] [stderr]   Downloaded cfg-match v0.2.1
[INFO] [stderr]   Downloaded gloo v0.2.1
[INFO] running `Command { std: "docker" "create" "-v" "/var/lib/crater-agent-workspace/builds/worker-2-tc1/source:/opt/rustwide/workdir:ro,Z" "-v" "/var/lib/crater-agent-workspace/builds/worker-2-tc1/target:/opt/rustwide/target:rw,Z" "-v" "/var/lib/crater-agent-workspace/cargo-home:/opt/rustwide/cargo-home:ro,Z" "-v" "/var/lib/crater-agent-workspace/rustup-home:/opt/rustwide/rustup-home:ro,Z" "-m" "1610612736" "--network" "none" "ghcr.io/rust-lang/crates-build-env/linux@sha256:77db811e55d90add9212f6832c23229e3de5f1c1f9905e8cb07319ea15df73ac" "sleep" "infinity", kill_on_drop: false }`
[INFO] [stdout] 9e1f662b60cf0ace050c0d7faaa5dd9681a368e55bed0acc2f561573fec1530b
[INFO] running `Command { std: "docker" "start" "9e1f662b60cf0ace050c0d7faaa5dd9681a368e55bed0acc2f561573fec1530b", kill_on_drop: false }`
[INFO] running `Command { std: "docker" "inspect" "9e1f662b60cf0ace050c0d7faaa5dd9681a368e55bed0acc2f561573fec1530b", kill_on_drop: false }`
[INFO] running `Command { std: "docker" "exec" "-e" "SOURCE_DIR=/opt/rustwide/workdir" "-e" "CARGO_HOME=/opt/rustwide/cargo-home" "-e" "RUSTUP_HOME=/opt/rustwide/rustup-home" "-e" "CARGO_TARGET_DIR=/opt/rustwide/target" "-w" "/opt/rustwide/workdir" "--user" "0:0" "9e1f662b60cf0ace050c0d7faaa5dd9681a368e55bed0acc2f561573fec1530b" "/opt/rustwide/cargo-home/bin/cargo" "+1.99.0-beta.8" "metadata" "--no-deps" "--format-version=1", kill_on_drop: false }`
[INFO] running `Command { std: "docker" "inspect" "9e1f662b60cf0ace050c0d7faaa5dd9681a368e55bed0acc2f561573fec1530b", kill_on_drop: false }`
[INFO] running `Command { std: "docker" "exec" "-e" "SOURCE_DIR=/opt/rustwide/workdir" "-e" "CARGO_HOME=/opt/rustwide/cargo-home" "-e" "RUSTUP_HOME=/opt/rustwide/rustup-home" "-e" "CARGO_TARGET_DIR=/opt/rustwide/target" "-e" "CARGO_INCREMENTAL=0" "-e" "RUST_BACKTRACE=full" "-e" "RUSTFLAGS=--cap-lints=warn" "-e" "RUSTDOCFLAGS=--cap-lints=warn" "-w" "/opt/rustwide/workdir" "--user" "0:0" "9e1f662b60cf0ace050c0d7faaa5dd9681a368e55bed0acc2f561573fec1530b" "/opt/rustwide/cargo-home/bin/cargo" "+1.99.0-beta.8" "build" "--frozen" "--message-format=json" "--release", kill_on_drop: false }`
[INFO] [stderr]    Compiling wasm-bindgen-shared v0.2.129
[INFO] [stderr]    Compiling once_cell v1.21.4
[INFO] [stderr]    Compiling syn v1.0.109
[INFO] [stderr]    Compiling indexmap v1.9.3
[INFO] [stderr]    Compiling proc-macro-nested v0.1.7
[INFO] [stderr]    Compiling linked-hash-map v0.5.6
[INFO] [stderr]    Compiling wasm-bindgen v0.2.129
[INFO] [stderr]    Compiling yew v0.14.3
[INFO] [stderr]    Compiling syn v3.0.9
[INFO] [stderr]    Compiling boolinator v2.4.0
[INFO] [stderr]    Compiling rmp v0.8.15
[INFO] [stderr]    Compiling anymap v0.12.1
[INFO] [stderr]    Compiling cfg-match v0.2.1
[INFO] [stderr]    Compiling yaml-rust v0.4.5
[INFO] [stderr]    Compiling yew-macro v0.14.1
[INFO] [stderr]    Compiling wasm-bindgen-macro-support v0.2.129
[INFO] [stderr]    Compiling futures-macro v0.3.34
[INFO] [stderr]    Compiling serde_derive v1.0.229
[INFO] [stderr]    Compiling futures-util v0.3.34
[INFO] [stderr]    Compiling serde v1.0.229
[INFO] [stderr]    Compiling rmp-serde v0.14.4
[INFO] [stderr]    Compiling toml v0.5.11
[INFO] [stderr]    Compiling bincode v1.2.1
[INFO] [stderr]    Compiling serde_yaml v0.8.26
[INFO] [stderr]    Compiling serde_cbor v0.11.2
[INFO] [stdout] error[E0425]: cannot find function `read_data_i8` in module `rmp::decode`
[INFO] [stdout]    --> /opt/rustwide/cargo-home/registry/src/index.crates.io-1949cf8c6b5b557f/rmp-serde-0.14.4/src/decode.rs:361:40
[INFO] [stdout]     |
[INFO] [stdout] 361 |                 let tag = rmp::decode::read_data_i8(self.rd)?;
[INFO] [stdout]     |                                        ^^^^^^^^^^^^ not found in `rmp::decode`
[INFO] [stdout] 
[INFO] [stdout] 
[INFO] [stdout] error[E0425]: cannot find function `read_data_u8` in module `rmp::decode`
[INFO] [stdout]    --> /opt/rustwide/cargo-home/registry/src/index.crates.io-1949cf8c6b5b557f/rmp-serde-0.14.4/src/decode.rs:405:57
[INFO] [stdout]     |
[INFO] [stdout] 405 |             Marker::U8 => visitor.visit_u8(rmp::decode::read_data_u8(&mut self.rd)?),
[INFO] [stdout]     |                                                         ^^^^^^^^^^^^ not found in `rmp::decode`
[INFO] [stdout] 
[INFO] [stdout] 
[INFO] [stdout] error[E0425]: cannot find function `read_data_u16` in module `rmp::decode`
[INFO] [stdout]    --> /opt/rustwide/cargo-home/registry/src/index.crates.io-1949cf8c6b5b557f/rmp-serde-0.14.4/src/decode.rs:406:59
[INFO] [stdout]     |
[INFO] [stdout] 406 |             Marker::U16 => visitor.visit_u16(rmp::decode::read_data_u16(&mut self.rd)?),
[INFO] [stdout]     |                                                           ^^^^^^^^^^^^^ not found in `rmp::decode`
[INFO] [stdout] 
[INFO] [stdout] 
[INFO] [stdout] error[E0425]: cannot find function `read_data_u32` in module `rmp::decode`
[INFO] [stdout]    --> /opt/rustwide/cargo-home/registry/src/index.crates.io-1949cf8c6b5b557f/rmp-serde-0.14.4/src/decode.rs:407:59
[INFO] [stdout]     |
[INFO] [stdout] 407 |             Marker::U32 => visitor.visit_u32(rmp::decode::read_data_u32(&mut self.rd)?),
[INFO] [stdout]     |                                                           ^^^^^^^^^^^^^ not found in `rmp::decode`
[INFO] [stdout] 
[INFO] [stdout] 
[INFO] [stdout] error[E0425]: cannot find function `read_data_u64` in module `rmp::decode`
[INFO] [stdout]    --> /opt/rustwide/cargo-home/registry/src/index.crates.io-1949cf8c6b5b557f/rmp-serde-0.14.4/src/decode.rs:408:59
[INFO] [stdout]     |
[INFO] [stdout] 408 |             Marker::U64 => visitor.visit_u64(rmp::decode::read_data_u64(&mut self.rd)?),
[INFO] [stdout]     |                                                           ^^^^^^^^^^^^^ not found in `rmp::decode`
[INFO] [stdout] 
[INFO] [stdout] 
[INFO] [stdout] error[E0425]: cannot find function `read_data_i8` in module `rmp::decode`
[INFO] [stdout]    --> /opt/rustwide/cargo-home/registry/src/index.crates.io-1949cf8c6b5b557f/rmp-serde-0.14.4/src/decode.rs:409:57
[INFO] [stdout]     |
[INFO] [stdout] 409 |             Marker::I8 => visitor.visit_i8(rmp::decode::read_data_i8(&mut self.rd)?),
[INFO] [stdout]     |                                                         ^^^^^^^^^^^^ not found in `rmp::decode`
[INFO] [stdout] 
[INFO] [stdout] 
[INFO] [stdout] error[E0425]: cannot find function `read_data_i16` in module `rmp::decode`
[INFO] [stdout]    --> /opt/rustwide/cargo-home/registry/src/index.crates.io-1949cf8c6b5b557f/rmp-serde-0.14.4/src/decode.rs:410:59
[INFO] [stdout]     |
[INFO] [stdout] 410 |             Marker::I16 => visitor.visit_i16(rmp::decode::read_data_i16(&mut self.rd)?),
[INFO] [stdout]     |                                                           ^^^^^^^^^^^^^ not found in `rmp::decode`
[INFO] [stdout] 
[INFO] [stdout] 
[INFO] [stdout] error[E0425]: cannot find function `read_data_i32` in module `rmp::decode`
[INFO] [stdout]    --> /opt/rustwide/cargo-home/registry/src/index.crates.io-1949cf8c6b5b557f/rmp-serde-0.14.4/src/decode.rs:411:59
[INFO] [stdout]     |
[INFO] [stdout] 411 |             Marker::I32 => visitor.visit_i32(rmp::decode::read_data_i32(&mut self.rd)?),
[INFO] [stdout]     |                                                           ^^^^^^^^^^^^^ not found in `rmp::decode`
[INFO] [stdout] 
[INFO] [stdout] 
[INFO] [stdout] error[E0425]: cannot find function `read_data_i64` in module `rmp::decode`
[INFO] [stdout]    --> /opt/rustwide/cargo-home/registry/src/index.crates.io-1949cf8c6b5b557f/rmp-serde-0.14.4/src/decode.rs:412:59
[INFO] [stdout]     |
[INFO] [stdout] 412 |             Marker::I64 => visitor.visit_i64(rmp::decode::read_data_i64(&mut self.rd)?),
[INFO] [stdout]     |                                                           ^^^^^^^^^^^^^ not found in `rmp::decode`
[INFO] [stdout] 
[INFO] [stdout] 
[INFO] [stdout] error[E0425]: cannot find function `read_data_f32` in module `rmp::decode`
[INFO] [stdout]    --> /opt/rustwide/cargo-home/registry/src/index.crates.io-1949cf8c6b5b557f/rmp-serde-0.14.4/src/decode.rs:413:59
[INFO] [stdout]     |
[INFO] [stdout] 413 |             Marker::F32 => visitor.visit_f32(rmp::decode::read_data_f32(&mut self.rd)?),
[INFO] [stdout]     |                                                           ^^^^^^^^^^^^^ not found in `rmp::decode`
[INFO] [stdout] 
[INFO] [stdout] 
[INFO] [stdout] error[E0425]: cannot find function `read_data_f64` in module `rmp::decode`
[INFO] [stdout]    --> /opt/rustwide/cargo-home/registry/src/index.crates.io-1949cf8c6b5b557f/rmp-serde-0.14.4/src/decode.rs:414:59
[INFO] [stdout]     |
[INFO] [stdout] 414 |             Marker::F64 => visitor.visit_f64(rmp::decode::read_data_f64(&mut self.rd)?),
[INFO] [stdout]     |                                                           ^^^^^^^^^^^^^ not found in `rmp::decode`
[INFO] [stdout] 
[INFO] [stdout] 
[INFO] [stdout] error[E0425]: cannot find function `read_data_u8` in module `rmp::decode`
[INFO] [stdout]    --> /opt/rustwide/cargo-home/registry/src/index.crates.io-1949cf8c6b5b557f/rmp-serde-0.14.4/src/decode.rs:604:58
[INFO] [stdout]     |
[INFO] [stdout] 604 |             Marker::U8 => visitor.visit_f32(rmp::decode::read_data_u8(&mut self.rd)?.into()),
[INFO] [stdout]     |                                                          ^^^^^^^^^^^^ not found in `rmp::decode`
[INFO] [stdout] 
[INFO] [stdout] 
[INFO] [stdout] error[E0425]: cannot find function `read_data_u16` in module `rmp::decode`
[INFO] [stdout]    --> /opt/rustwide/cargo-home/registry/src/index.crates.io-1949cf8c6b5b557f/rmp-serde-0.14.4/src/decode.rs:605:59
[INFO] [stdout]     |
[INFO] [stdout] 605 |             Marker::U16 => visitor.visit_f32(rmp::decode::read_data_u16(&mut self.rd)?.into()),
[INFO] [stdout]     |                                                           ^^^^^^^^^^^^^ not found in `rmp::decode`
[INFO] [stdout] 
[INFO] [stdout] 
[INFO] [stdout] error[E0425]: cannot find function `read_data_i8` in module `rmp::decode`
[INFO] [stdout]    --> /opt/rustwide/cargo-home/registry/src/index.crates.io-1949cf8c6b5b557f/rmp-serde-0.14.4/src/decode.rs:606:58
[INFO] [stdout]     |
[INFO] [stdout] 606 |             Marker::I8 => visitor.visit_f32(rmp::decode::read_data_i8(&mut self.rd)?.into()),
[INFO] [stdout]     |                                                          ^^^^^^^^^^^^ not found in `rmp::decode`
[INFO] [stdout] 
[INFO] [stdout] 
[INFO] [stdout] error[E0425]: cannot find function `read_data_i16` in module `rmp::decode`
[INFO] [stdout]    --> /opt/rustwide/cargo-home/registry/src/index.crates.io-1949cf8c6b5b557f/rmp-serde-0.14.4/src/decode.rs:607:59
[INFO] [stdout]     |
[INFO] [stdout] 607 |             Marker::I16 => visitor.visit_f32(rmp::decode::read_data_i16(&mut self.rd)?.into()),
[INFO] [stdout]     |                                                           ^^^^^^^^^^^^^ not found in `rmp::decode`
[INFO] [stdout] 
[INFO] [stdout] 
[INFO] [stdout] error[E0425]: cannot find function `read_data_f32` in module `rmp::decode`
[INFO] [stdout]    --> /opt/rustwide/cargo-home/registry/src/index.crates.io-1949cf8c6b5b557f/rmp-serde-0.14.4/src/decode.rs:608:59
[INFO] [stdout]     |
[INFO] [stdout] 608 |             Marker::F32 => visitor.visit_f32(rmp::decode::read_data_f32(&mut self.rd)?),
[INFO] [stdout]     |                                                           ^^^^^^^^^^^^^ not found in `rmp::decode`
[INFO] [stdout] 
[INFO] [stdout] 
[INFO] [stdout] error[E0425]: cannot find function `read_data_u8` in module `rmp::decode`
[INFO] [stdout]    --> /opt/rustwide/cargo-home/registry/src/index.crates.io-1949cf8c6b5b557f/rmp-serde-0.14.4/src/decode.rs:626:58
[INFO] [stdout]     |
[INFO] [stdout] 626 |             Marker::U8 => visitor.visit_f64(rmp::decode::read_data_u8(&mut self.rd)?.into()),
[INFO] [stdout]     |                                                          ^^^^^^^^^^^^ not found in `rmp::decode`
[INFO] [stdout] 
[INFO] [stdout] 
[INFO] [stdout] error[E0425]: cannot find function `read_data_u16` in module `rmp::decode`
[INFO] [stdout]    --> /opt/rustwide/cargo-home/registry/src/index.crates.io-1949cf8c6b5b557f/rmp-serde-0.14.4/src/decode.rs:627:59
[INFO] [stdout]     |
[INFO] [stdout] 627 |             Marker::U16 => visitor.visit_f64(rmp::decode::read_data_u16(&mut self.rd)?.into()),
[INFO] [stdout]     |                                                           ^^^^^^^^^^^^^ not found in `rmp::decode`
[INFO] [stdout] 
[INFO] [stdout] 
[INFO] [stdout] error[E0425]: cannot find function `read_data_u32` in module `rmp::decode`
[INFO] [stdout]    --> /opt/rustwide/cargo-home/registry/src/index.crates.io-1949cf8c6b5b557f/rmp-serde-0.14.4/src/decode.rs:628:59
[INFO] [stdout]     |
[INFO] [stdout] 628 |             Marker::U32 => visitor.visit_f64(rmp::decode::read_data_u32(&mut self.rd)?.into()),
[INFO] [stdout]     |                                                           ^^^^^^^^^^^^^ not found in `rmp::decode`
[INFO] [stdout] 
[INFO] [stdout] 
[INFO] [stdout] error[E0425]: cannot find function `read_data_i8` in module `rmp::decode`
[INFO] [stdout]    --> /opt/rustwide/cargo-home/registry/src/index.crates.io-1949cf8c6b5b557f/rmp-serde-0.14.4/src/decode.rs:629:58
[INFO] [stdout]     |
[INFO] [stdout] 629 |             Marker::I8 => visitor.visit_f64(rmp::decode::read_data_i8(&mut self.rd)?.into()),
[INFO] [stdout]     |                                                          ^^^^^^^^^^^^ not found in `rmp::decode`
[INFO] [stdout] 
[INFO] [stdout] 
[INFO] [stdout] error[E0425]: cannot find function `read_data_i16` in module `rmp::decode`
[INFO] [stdout]    --> /opt/rustwide/cargo-home/registry/src/index.crates.io-1949cf8c6b5b557f/rmp-serde-0.14.4/src/decode.rs:630:59
[INFO] [stdout]     |
[INFO] [stdout] 630 |             Marker::I16 => visitor.visit_f64(rmp::decode::read_data_i16(&mut self.rd)?.into()),
[INFO] [stdout]     |                                                           ^^^^^^^^^^^^^ not found in `rmp::decode`
[INFO] [stdout] 
[INFO] [stdout] 
[INFO] [stdout] error[E0425]: cannot find function `read_data_i32` in module `rmp::decode`
[INFO] [stdout]    --> /opt/rustwide/cargo-home/registry/src/index.crates.io-1949cf8c6b5b557f/rmp-serde-0.14.4/src/decode.rs:631:59
[INFO] [stdout]     |
[INFO] [stdout] 631 |             Marker::I32 => visitor.visit_f64(rmp::decode::read_data_i32(&mut self.rd)?.into()),
[INFO] [stdout]     |                                                           ^^^^^^^^^^^^^ not found in `rmp::decode`
[INFO] [stdout] 
[INFO] [stdout] 
[INFO] [stdout] error[E0425]: cannot find function `read_data_f32` in module `rmp::decode`
[INFO] [stdout]    --> /opt/rustwide/cargo-home/registry/src/index.crates.io-1949cf8c6b5b557f/rmp-serde-0.14.4/src/decode.rs:632:59
[INFO] [stdout]     |
[INFO] [stdout] 632 |             Marker::F32 => visitor.visit_f64(rmp::decode::read_data_f32(&mut self.rd)?.into()),
[INFO] [stdout]     |                                                           ^^^^^^^^^^^^^ not found in `rmp::decode`
[INFO] [stdout] 
[INFO] [stdout] 
[INFO] [stdout] error[E0425]: cannot find function `read_data_f64` in module `rmp::decode`
[INFO] [stdout]    --> /opt/rustwide/cargo-home/registry/src/index.crates.io-1949cf8c6b5b557f/rmp-serde-0.14.4/src/decode.rs:633:59
[INFO] [stdout]     |
[INFO] [stdout] 633 |             Marker::F64 => visitor.visit_f64(rmp::decode::read_data_f64(&mut self.rd)?),
[INFO] [stdout]     |                                                           ^^^^^^^^^^^^^ not found in `rmp::decode`
[INFO] [stdout] 
[INFO] [stdout] 
[INFO] [stdout] For more information about this error, try `rustc --explain E0425`.
[INFO] [stdout] 
[INFO] [stderr] error: could not compile `rmp-serde` (lib) due to 24 previous errors
[INFO] [stderr] warning: build failed, waiting for other jobs to finish...
[INFO] running `Command { std: "docker" "inspect" "9e1f662b60cf0ace050c0d7faaa5dd9681a368e55bed0acc2f561573fec1530b", kill_on_drop: false }`
[INFO] running `Command { std: "docker" "rm" "-f" "9e1f662b60cf0ace050c0d7faaa5dd9681a368e55bed0acc2f561573fec1530b", kill_on_drop: false }`
[INFO] [stdout] 9e1f662b60cf0ace050c0d7faaa5dd9681a368e55bed0acc2f561573fec1530b
