[INFO] fetching crate yaslapi 0.1.0...
[INFO] testing yaslapi-0.1.0 against 1.99.0-beta.8+cargoflags=--release for beta-release-1.100-2
[INFO] extracting crate yaslapi 0.1.0 into /workspace/builds/worker-5-tc1/source
[INFO] started tweaking crates.io crate yaslapi 0.1.0
[INFO] finished tweaking crates.io crate yaslapi 0.1.0
[INFO] tweaked toml for crates.io crate yaslapi 0.1.0 written to /workspace/builds/worker-5-tc1/source/Cargo.toml
[INFO] validating manifest of crates.io crate yaslapi 0.1.0 on toolchain 1.99.0-beta.8
[INFO] running `Command { std: CARGO_HOME="/workspace/cargo-home" RUSTUP_HOME="/workspace/rustup-home" "/workspace/cargo-home/bin/cargo" "+1.99.0-beta.8" "metadata" "--manifest-path" "Cargo.toml" "--no-deps", kill_on_drop: false }`
[INFO] crate crates.io crate yaslapi 0.1.0 already has a lockfile, it will not be regenerated
[INFO] running `Command { std: CARGO_HOME="/workspace/cargo-home" RUSTUP_HOME="/workspace/rustup-home" "/workspace/cargo-home/bin/cargo" "+1.99.0-beta.8" "fetch" "--manifest-path" "Cargo.toml", kill_on_drop: false }`
[INFO] [stderr]     Updating crates.io index
[INFO] [stderr]  Downloading crates ...
[INFO] [stderr]   Downloaded str-buf v1.0.6
[INFO] [stderr]   Downloaded fd-lock v3.0.13
[INFO] [stderr]   Downloaded prettyplease v0.2.15
[INFO] [stderr]   Downloaded clipboard-win v4.5.0
[INFO] [stderr]   Downloaded cmake v0.1.50
[INFO] [stderr]   Downloaded clang-sys v1.6.1
[INFO] [stderr]   Downloaded aho-corasick v1.0.5
[INFO] [stderr]   Downloaded yaslapi-sys v0.2.3
[INFO] [stderr]   Downloaded syn v2.0.31
[INFO] [stderr]   Downloaded bindgen v0.66.1
[INFO] [stderr]   Downloaded regex-automata v0.3.8
[INFO] [stderr]   Downloaded num v0.4.1
[INFO] [stderr]   Downloaded unicode-segmentation v1.10.1
[INFO] [stderr]   Downloaded num-derive v0.4.0
[INFO] [stderr]   Downloaded error-code v2.3.1
[INFO] [stderr]   Downloaded rustyline v12.0.0
[INFO] [stderr]   Downloaded num-complex v0.4.4
[INFO] [stderr]   Downloaded regex v1.9.5
[INFO] [stderr]   Downloaded shlex v1.2.0
[INFO] [stderr]   Downloaded regex-syntax v0.7.5
[INFO] running `Command { std: "docker" "create" "-v" "/var/lib/crater-agent-workspace/builds/worker-5-tc1/source:/opt/rustwide/workdir:ro,Z" "-v" "/var/lib/crater-agent-workspace/builds/worker-5-tc1/target:/opt/rustwide/target:rw,Z" "-v" "/var/lib/crater-agent-workspace/cargo-home:/opt/rustwide/cargo-home:ro,Z" "-v" "/var/lib/crater-agent-workspace/rustup-home:/opt/rustwide/rustup-home:ro,Z" "-m" "1610612736" "--network" "none" "ghcr.io/rust-lang/crates-build-env/linux@sha256:77db811e55d90add9212f6832c23229e3de5f1c1f9905e8cb07319ea15df73ac" "sleep" "infinity", kill_on_drop: false }`
[INFO] [stdout] 922b6bbab0aa1f783155afa952bc9fc684199e858efe43978bc9b83a313dbf28
[INFO] running `Command { std: "docker" "start" "922b6bbab0aa1f783155afa952bc9fc684199e858efe43978bc9b83a313dbf28", kill_on_drop: false }`
[INFO] running `Command { std: "docker" "inspect" "922b6bbab0aa1f783155afa952bc9fc684199e858efe43978bc9b83a313dbf28", kill_on_drop: false }`
[INFO] running `Command { std: "docker" "exec" "-e" "SOURCE_DIR=/opt/rustwide/workdir" "-e" "CARGO_HOME=/opt/rustwide/cargo-home" "-e" "RUSTUP_HOME=/opt/rustwide/rustup-home" "-e" "CARGO_TARGET_DIR=/opt/rustwide/target" "-w" "/opt/rustwide/workdir" "--user" "0:0" "922b6bbab0aa1f783155afa952bc9fc684199e858efe43978bc9b83a313dbf28" "/opt/rustwide/cargo-home/bin/cargo" "+1.99.0-beta.8" "metadata" "--no-deps" "--format-version=1", kill_on_drop: false }`
[INFO] running `Command { std: "docker" "inspect" "922b6bbab0aa1f783155afa952bc9fc684199e858efe43978bc9b83a313dbf28", kill_on_drop: false }`
[INFO] running `Command { std: "docker" "exec" "-e" "SOURCE_DIR=/opt/rustwide/workdir" "-e" "CARGO_HOME=/opt/rustwide/cargo-home" "-e" "RUSTUP_HOME=/opt/rustwide/rustup-home" "-e" "CARGO_TARGET_DIR=/opt/rustwide/target" "-e" "CARGO_INCREMENTAL=0" "-e" "RUST_BACKTRACE=full" "-e" "RUSTFLAGS=--cap-lints=warn" "-e" "RUSTDOCFLAGS=--cap-lints=warn" "-w" "/opt/rustwide/workdir" "--user" "0:0" "922b6bbab0aa1f783155afa952bc9fc684199e858efe43978bc9b83a313dbf28" "/opt/rustwide/cargo-home/bin/cargo" "+1.99.0-beta.8" "build" "--frozen" "--message-format=json" "--release", kill_on_drop: false }`
[INFO] [stderr]    Compiling autocfg v1.1.0
[INFO] [stderr]    Compiling proc-macro2 v1.0.66
[INFO] [stderr]    Compiling unicode-ident v1.0.11
[INFO] [stderr]    Compiling libc v0.2.147
[INFO] [stderr]    Compiling glob v0.3.1
[INFO] [stderr]    Compiling prettyplease v0.2.15
[INFO] [stderr]    Compiling rustix v0.38.11
[INFO] [stderr]    Compiling regex-syntax v0.7.5
[INFO] [stderr]    Compiling linux-raw-sys v0.4.5
[INFO] [stderr]    Compiling bitflags v2.4.0
[INFO] [stderr]    Compiling minimal-lexical v0.2.1
[INFO] [stderr]    Compiling cfg-if v1.0.0
[INFO] [stderr]    Compiling memchr v2.6.3
[INFO] [stderr]    Compiling num-traits v0.2.16
[INFO] [stderr]    Compiling num-integer v0.1.45
[INFO] [stderr]    Compiling clang-sys v1.6.1
[INFO] [stderr]    Compiling num-bigint v0.4.4
[INFO] [stderr]    Compiling libloading v0.7.4
[INFO] [stderr]    Compiling quote v1.0.33
[INFO] [stderr]    Compiling home v0.5.5
[INFO] [stderr]    Compiling bindgen v0.66.1
[INFO] [stderr]    Compiling either v1.9.0
[INFO] [stderr]    Compiling cc v1.0.83
[INFO] [stderr]    Compiling syn v2.0.31
[INFO] [stderr]    Compiling nom v7.1.3
[INFO] [stderr]    Compiling num-rational v0.4.1
[INFO] [stderr]    Compiling num-iter v0.1.43
[INFO] [stderr]    Compiling rustc-hash v1.1.0
[INFO] [stderr]    Compiling log v0.4.20
[INFO] [stderr]    Compiling lazycell v1.3.0
[INFO] [stderr]    Compiling lazy_static v1.4.0
[INFO] [stderr]    Compiling shlex v1.2.0
[INFO] [stderr]    Compiling peeking_take_while v0.1.2
[INFO] [stderr]    Compiling cmake v0.1.50
[INFO] [stderr]    Compiling which v4.4.2
[INFO] [stderr]    Compiling num-complex v0.4.4
[INFO] [stderr]    Compiling regex-automata v0.3.8
[INFO] [stderr]    Compiling cexpr v0.6.0
[INFO] [stderr]    Compiling regex v1.9.5
[INFO] [stderr]    Compiling num v0.4.1
[INFO] [stderr]    Compiling num-derive v0.4.0
[INFO] [stderr]    Compiling yaslapi-sys v0.2.3
[INFO] [stderr] error: failed to run custom build command for `yaslapi-sys v0.2.3`
[INFO] [stderr] note: To improve backtraces for build dependencies, set the CARGO_PROFILE_RELEASE_BUILD_OVERRIDE_DEBUG=true environment variable to enable debug information generation.
[INFO] [stderr] 
[INFO] [stderr] Caused by:
[INFO] [stderr]   process didn't exit successfully: `/opt/rustwide/target/release/build/yaslapi-sys-dc83878f8003487f/build-script-build` (exit status: 101)
[INFO] [stderr]   --- stdout
[INFO] [stderr]   CMAKE_TOOLCHAIN_FILE_x86_64-unknown-linux-gnu = None
[INFO] [stderr]   CMAKE_TOOLCHAIN_FILE_x86_64_unknown_linux_gnu = None
[INFO] [stderr]   HOST_CMAKE_TOOLCHAIN_FILE = None
[INFO] [stderr]   CMAKE_TOOLCHAIN_FILE = None
[INFO] [stderr]   CMAKE_GENERATOR_x86_64-unknown-linux-gnu = None
[INFO] [stderr]   CMAKE_GENERATOR_x86_64_unknown_linux_gnu = None
[INFO] [stderr]   HOST_CMAKE_GENERATOR = None
[INFO] [stderr]   CMAKE_GENERATOR = None
[INFO] [stderr]   CMAKE_PREFIX_PATH_x86_64-unknown-linux-gnu = None
[INFO] [stderr]   CMAKE_PREFIX_PATH_x86_64_unknown_linux_gnu = None
[INFO] [stderr]   HOST_CMAKE_PREFIX_PATH = None
[INFO] [stderr]   CMAKE_PREFIX_PATH = None
[INFO] [stderr]   CMAKE_x86_64-unknown-linux-gnu = None
[INFO] [stderr]   CMAKE_x86_64_unknown_linux_gnu = None
[INFO] [stderr]   HOST_CMAKE = None
[INFO] [stderr]   CMAKE = None
[INFO] [stderr]   running: cd "/opt/rustwide/target/release/build/yaslapi-sys-353e93f0143ac757/out/build" && CMAKE_PREFIX_PATH="" "cmake" "/opt/rustwide/cargo-home/registry/src/index.crates.io-1949cf8c6b5b557f/yaslapi-sys-0.2.3/yasl" "-DCMAKE_INSTALL_PREFIX=/opt/rustwide/target/release/build/yaslapi-sys-353e93f0143ac757/out" "-DCMAKE_C_FLAGS= -ffunction-sections -fdata-sections -fPIC -m64" "-DCMAKE_C_COMPILER=/usr/bin/cc" "-DCMAKE_CXX_FLAGS= -ffunction-sections -fdata-sections -fPIC -m64" "-DCMAKE_CXX_COMPILER=/usr/bin/c++" "-DCMAKE_ASM_FLAGS= -ffunction-sections -fdata-sections -fPIC -m64" "-DCMAKE_ASM_COMPILER=/usr/bin/cc" "-DCMAKE_BUILD_TYPE=Release"
[INFO] [stderr]   -- The C compiler identification is GNU 15.2.0
[INFO] [stderr]   -- The CXX compiler identification is GNU 15.2.0
[INFO] [stderr]   -- Detecting C compiler ABI info
[INFO] [stderr]   -- Detecting C compiler ABI info - done
[INFO] [stderr]   -- Check for working C compiler: /usr/bin/cc - skipped
[INFO] [stderr]   -- Detecting C compile features
[INFO] [stderr]   -- Detecting C compile features - done
[INFO] [stderr]   -- Detecting CXX compiler ABI info
[INFO] [stderr]   -- Detecting CXX compiler ABI info - done
[INFO] [stderr]   -- Check for working CXX compiler: /usr/bin/c++ - skipped
[INFO] [stderr]   -- Detecting CXX compile features
[INFO] [stderr]   -- Detecting CXX compile features - done
[INFO] [stderr]   -- Configuring done (1.2s)
[INFO] [stderr]   -- Generating done (0.1s)
[INFO] [stderr]   -- Build files have been written to: /opt/rustwide/target/release/build/yaslapi-sys-353e93f0143ac757/out/build
[INFO] [stderr]   running: cd "/opt/rustwide/target/release/build/yaslapi-sys-353e93f0143ac757/out/build" && MAKEFLAGS="-j --jobserver-fds=4,5 --jobserver-auth=4,5" "cmake" "--build" "." "--target" "yaslapi" "--config" "Release"
[INFO] [stderr]   [  2%] Building C object CMakeFiles/yaslapi.dir/yasl.c.o
[INFO] [stderr]   [  5%] Building C object CMakeFiles/yaslapi.dir/yasl_aux.c.o
[INFO] [stderr]   [  8%] Building C object CMakeFiles/yaslapi.dir/data-structures/YASL_ByteBuffer.c.o
[INFO] [stderr]   [ 11%] Building C object CMakeFiles/yaslapi.dir/data-structures/YASL_Buffer.c.o
[INFO] [stderr]   [ 13%] Building C object CMakeFiles/yaslapi.dir/compiler/ast.c.o
[INFO] [stderr]   [ 16%] Building C object CMakeFiles/yaslapi.dir/compiler/lexer.c.o
[INFO] [stderr]   [ 16%] Building C object CMakeFiles/yaslapi.dir/compiler/env.c.o
[INFO] [stderr]   [ 19%] Building C object CMakeFiles/yaslapi.dir/compiler/compiler.c.o
[INFO] [stderr]   [ 22%] Building C object CMakeFiles/yaslapi.dir/compiler/lexinput.c.o
[INFO] [stderr]   [ 25%] Building C object CMakeFiles/yaslapi.dir/compiler/middleend.c.o
[INFO] [stderr]   [ 27%] Building C object CMakeFiles/yaslapi.dir/compiler/parser.c.o
[INFO] [stderr]   [ 30%] Building C object CMakeFiles/yaslapi.dir/util/hash_function.c.o
[INFO] [stderr]   [ 33%] Building C object CMakeFiles/yaslapi.dir/data-structures/YASL_Table.c.o
[INFO] [stderr]   [ 36%] Building C object CMakeFiles/yaslapi.dir/interpreter/builtins.c.o
[INFO] [stderr]   [ 36%] Building C object CMakeFiles/yaslapi.dir/interpreter/bool_methods.c.o
[INFO] [stderr]   [ 38%] Building C object CMakeFiles/yaslapi.dir/interpreter/float_methods.c.o
[INFO] [stderr]   [ 41%] Building C object CMakeFiles/yaslapi.dir/util/yasl_float.c.o
[INFO] [stderr]   [ 44%] Building C object CMakeFiles/yaslapi.dir/interpreter/upvalue.c.o
[INFO] [stderr]   [ 47%] Building C object CMakeFiles/yaslapi.dir/interpreter/closure.c.o
[INFO] [stderr]   [ 50%] Building C object CMakeFiles/yaslapi.dir/interpreter/int_methods.c.o
[INFO] [stderr]   [ 50%] Building C object CMakeFiles/yaslapi.dir/data-structures/YASL_List.c.o
[INFO] [stderr]   [ 52%] Building C object CMakeFiles/yaslapi.dir/interpreter/list_methods.c.o
[INFO] [stderr]   [ 55%] Building C object CMakeFiles/yaslapi.dir/interpreter/table_methods.c.o
[INFO] [stderr]   [ 58%] Building C object CMakeFiles/yaslapi.dir/interpreter/VM.c.o
[INFO] [stderr]   [ 61%] Building C object CMakeFiles/yaslapi.dir/interpreter/YASL_Object.c.o
[INFO] [stderr]   [ 63%] Building C object CMakeFiles/yaslapi.dir/interpreter/refcount.c.o
[INFO] [stderr]   [ 66%] Building C object CMakeFiles/yaslapi.dir/interpreter/str_methods.c.o
[INFO] [stderr]   [ 69%] Building C object CMakeFiles/yaslapi.dir/interpreter/undef_methods.c.o
[INFO] [stderr]   [ 69%] Building C object CMakeFiles/yaslapi.dir/data-structures/YASL_String.c.o
[INFO] [stderr]   [ 72%] Building C object CMakeFiles/yaslapi.dir/interpreter/userdata.c.o
[INFO] [stderr]   [ 75%] Building C object CMakeFiles/yaslapi.dir/util/prime.c.o
[INFO] [stderr]   [ 77%] Building C object CMakeFiles/yaslapi.dir/util/varint.c.o
[INFO] [stderr]   [ 80%] Building C object CMakeFiles/yaslapi.dir/std/yasl-std-collections.c.o
[INFO] [stderr]   [ 83%] Building C object CMakeFiles/yaslapi.dir/util/IO.c.o
[INFO] [stderr]   [ 83%] Building C object CMakeFiles/yaslapi.dir/std/yasl-std-error.c.o
[INFO] [stderr]   [ 86%] Building C object CMakeFiles/yaslapi.dir/std/yasl-std-math.c.o
[INFO] [stderr]   [ 88%] Building C object CMakeFiles/yaslapi.dir/std/yasl-std-io.c.o
[INFO] [stderr]   [ 91%] Building C object CMakeFiles/yaslapi.dir/std/yasl-std-require.c.o
[INFO] [stderr]   [ 94%] Building C object CMakeFiles/yaslapi.dir/data-structures/YASL_Set.c.o
[INFO] [stderr]   [ 97%] Building C object CMakeFiles/yaslapi.dir/std/yasl-std-mt.c.o
[INFO] [stderr] 
[INFO] [stderr]   --- stderr
[INFO] [stderr]   CMake Deprecation Warning at CMakeLists.txt:1 (cmake_minimum_required):
[INFO] [stderr]     Compatibility with CMake < 3.10 will be removed from a future version of
[INFO] [stderr]     CMake.
[INFO] [stderr] 
[INFO] [stderr]     Update the VERSION argument <min> value.  Or, use the <min>...<max> syntax
[INFO] [stderr]     to tell CMake that the project requires at least <min> but has been updated
[INFO] [stderr]     to work with policies introduced by <max> or earlier.
[INFO] [stderr] 
[INFO] [stderr] 
[INFO] [stderr]   CMake Warning:
[INFO] [stderr]     Manually-specified variables were not used by the project:
[INFO] [stderr] 
[INFO] [stderr]       CMAKE_ASM_COMPILER
[INFO] [stderr]       CMAKE_ASM_FLAGS
[INFO] [stderr] 
[INFO] [stderr] 
[INFO] [stderr]   /opt/rustwide/cargo-home/registry/src/index.crates.io-1949cf8c6b5b557f/yaslapi-sys-0.2.3/yasl/interpreter/VM.c: In function 'vm_init':
[INFO] [stderr]   /opt/rustwide/cargo-home/registry/src/index.crates.io-1949cf8c6b5b557f/yaslapi-sys-0.2.3/yasl/interpreter/VM.c:49:55: error: 'calloc' sizes specified with 'sizeof' in the earlier argument and not in the later argument [-Werror=calloc-transposed-args]
[INFO] [stderr]      49 |         vm->headers = (unsigned char **)calloc(sizeof(unsigned char *), datasize);
[INFO] [stderr]         |                                                       ^~~~~~~~
[INFO] [stderr]   /opt/rustwide/cargo-home/registry/src/index.crates.io-1949cf8c6b5b557f/yaslapi-sys-0.2.3/yasl/interpreter/VM.c:49:55: note: earlier argument should specify number of elements, later size of each element
[INFO] [stderr]   /opt/rustwide/cargo-home/registry/src/index.crates.io-1949cf8c6b5b557f/yaslapi-sys-0.2.3/yasl/interpreter/VM.c:66:57: error: 'calloc' sizes specified with 'sizeof' in the earlier argument and not in the later argument [-Werror=calloc-transposed-args]
[INFO] [stderr]      66 |         vm->stack = (struct YASL_Object *)calloc(sizeof(struct YASL_Object), STACK_SIZE);
[INFO] [stderr]         |                                                         ^~~~~~
[INFO] [stderr]   /opt/rustwide/cargo-home/registry/src/index.crates.io-1949cf8c6b5b557f/yaslapi-sys-0.2.3/yasl/interpreter/VM.c:66:57: note: earlier argument should specify number of elements, later size of each element
[INFO] [stderr]   At top level:
[INFO] [stderr]   cc1: note: unrecognized command-line option '-Wno-pedantic-ms-format' may have been intended to silence earlier diagnostics
[INFO] [stderr]   cc1: note: unrecognized command-line option '-Wno-logical-op-parentheses' may have been intended to silence earlier diagnostics
[INFO] [stderr]   cc1: all warnings being treated as errors
[INFO] [stderr]   gmake[3]: *** [CMakeFiles/yaslapi.dir/build.make:401: CMakeFiles/yaslapi.dir/interpreter/VM.c.o] Error 1
[INFO] [stderr]   gmake[2]: *** [CMakeFiles/Makefile2:125: CMakeFiles/yaslapi.dir/all] Error 2
[INFO] [stderr]   gmake[1]: *** [CMakeFiles/Makefile2:132: CMakeFiles/yaslapi.dir/rule] Error 2
[INFO] [stderr]   gmake: *** [Makefile:137: yaslapi] Error 2
[INFO] [stderr] 
[INFO] [stderr]   thread 'main' (816) panicked at /opt/rustwide/cargo-home/registry/src/index.crates.io-1949cf8c6b5b557f/cmake-0.1.50/src/lib.rs:1098:5:
[INFO] [stderr] 
[INFO] [stderr]   command did not execute successfully, got: exit status: 2
[INFO] [stderr] 
[INFO] [stderr]   build script failed, must exit now
[INFO] [stderr]   stack backtrace:
[INFO] [stderr]      0:     0x581c62f35d81 - <unknown>
[INFO] [stderr]      1:     0x581c62f4db3a - <unknown>
[INFO] [stderr]      2:     0x581c62f3c28c - <unknown>
[INFO] [stderr]      3:     0x581c62f13496 - <unknown>
[INFO] [stderr]      4:     0x581c62f2fdc1 - <unknown>
[INFO] [stderr]      5:     0x581c62f300eb - <unknown>
[INFO] [stderr]      6:     0x581c62f13542 - <unknown>
[INFO] [stderr]      7:     0x581c62f0c0d9 - <unknown>
[INFO] [stderr]      8:     0x581c62f13d5d - <unknown>
[INFO] [stderr]      9:     0x581c62f4e35c - <unknown>
[INFO] [stderr]     10:     0x581c62a44797 - <unknown>
[INFO] [stderr]     11:     0x581c62a44451 - <unknown>
[INFO] [stderr]     12:     0x581c62a4a19a - <unknown>
[INFO] [stderr]     13:     0x581c62a34df1 - <unknown>
[INFO] [stderr]     14:     0x581c62a360d3 - <unknown>
[INFO] [stderr]     15:     0x581c62a34cee - <unknown>
[INFO] [stderr]     16:     0x581c62a34cf9 - <unknown>
[INFO] [stderr]     17:     0x581c62f2ee49 - <unknown>
[INFO] [stderr]     18:     0x581c62a346f1 - <unknown>
[INFO] [stderr]     19:     0x581c62a362f5 - <unknown>
[INFO] [stderr]     20:     0x7e70105b7601 - <unknown>
[INFO] [stderr]     21:     0x7e70105b7718 - __libc_start_main
[INFO] [stderr]     22:     0x581c62a33725 - <unknown>
[INFO] [stderr]     23:                0x0 - <unknown>
[INFO] running `Command { std: "docker" "inspect" "922b6bbab0aa1f783155afa952bc9fc684199e858efe43978bc9b83a313dbf28", kill_on_drop: false }`
[INFO] running `Command { std: "docker" "rm" "-f" "922b6bbab0aa1f783155afa952bc9fc684199e858efe43978bc9b83a313dbf28", kill_on_drop: false }`
[INFO] [stdout] 922b6bbab0aa1f783155afa952bc9fc684199e858efe43978bc9b83a313dbf28
