[INFO] fetching crate yash-prompt 0.16.0...
[INFO] testing yash-prompt-0.16.0 against 1.100.0-beta.1+cargoflags=--release for beta-release-1.100-2
[INFO] extracting crate yash-prompt 0.16.0 into /workspace/builds/worker-5-tc2/source
[INFO] started tweaking crates.io crate yash-prompt 0.16.0
[INFO] finished tweaking crates.io crate yash-prompt 0.16.0
[INFO] tweaked toml for crates.io crate yash-prompt 0.16.0 written to /workspace/builds/worker-5-tc2/source/Cargo.toml
[INFO] validating manifest of crates.io crate yash-prompt 0.16.0 on toolchain 1.100.0-beta.1
[INFO] running `Command { std: CARGO_HOME="/workspace/cargo-home" RUSTUP_HOME="/workspace/rustup-home" "/workspace/cargo-home/bin/cargo" "+1.100.0-beta.1" "metadata" "--manifest-path" "Cargo.toml" "--no-deps", kill_on_drop: false }`
[INFO] crate crates.io crate yash-prompt 0.16.0 already has a lockfile, it will not be regenerated
[INFO] running `Command { std: CARGO_HOME="/workspace/cargo-home" RUSTUP_HOME="/workspace/rustup-home" "/workspace/cargo-home/bin/cargo" "+1.100.0-beta.1" "fetch" "--manifest-path" "Cargo.toml", kill_on_drop: false }`
[INFO] running `Command { std: "docker" "create" "-v" "/var/lib/crater-agent-workspace/builds/worker-5-tc2/source:/opt/rustwide/workdir:ro,Z" "-v" "/var/lib/crater-agent-workspace/builds/worker-5-tc2/target:/opt/rustwide/target:rw,Z" "-v" "/var/lib/crater-agent-workspace/cargo-home:/opt/rustwide/cargo-home:ro,Z" "-v" "/var/lib/crater-agent-workspace/rustup-home:/opt/rustwide/rustup-home:ro,Z" "-m" "1610612736" "--network" "none" "ghcr.io/rust-lang/crates-build-env/linux@sha256:77db811e55d90add9212f6832c23229e3de5f1c1f9905e8cb07319ea15df73ac" "sleep" "infinity", kill_on_drop: false }`
[INFO] [stdout] 108a5010b202c6a260fd30a46dcad747571819d668abc4c3562855f33a4719bb
[INFO] running `Command { std: "docker" "start" "108a5010b202c6a260fd30a46dcad747571819d668abc4c3562855f33a4719bb", kill_on_drop: false }`
[INFO] running `Command { std: "docker" "inspect" "108a5010b202c6a260fd30a46dcad747571819d668abc4c3562855f33a4719bb", kill_on_drop: false }`
[INFO] running `Command { std: "docker" "exec" "-e" "SOURCE_DIR=/opt/rustwide/workdir" "-e" "CARGO_HOME=/opt/rustwide/cargo-home" "-e" "RUSTUP_HOME=/opt/rustwide/rustup-home" "-e" "CARGO_TARGET_DIR=/opt/rustwide/target" "-w" "/opt/rustwide/workdir" "--user" "0:0" "108a5010b202c6a260fd30a46dcad747571819d668abc4c3562855f33a4719bb" "/opt/rustwide/cargo-home/bin/cargo" "+1.100.0-beta.1" "metadata" "--no-deps" "--format-version=1", kill_on_drop: false }`
[INFO] running `Command { std: "docker" "inspect" "108a5010b202c6a260fd30a46dcad747571819d668abc4c3562855f33a4719bb", kill_on_drop: false }`
[INFO] running `Command { std: "docker" "exec" "-e" "SOURCE_DIR=/opt/rustwide/workdir" "-e" "CARGO_HOME=/opt/rustwide/cargo-home" "-e" "RUSTUP_HOME=/opt/rustwide/rustup-home" "-e" "CARGO_TARGET_DIR=/opt/rustwide/target" "-e" "CARGO_INCREMENTAL=0" "-e" "RUST_BACKTRACE=full" "-e" "RUSTFLAGS=--cap-lints=warn" "-e" "RUSTDOCFLAGS=--cap-lints=warn" "-w" "/opt/rustwide/workdir" "--user" "0:0" "108a5010b202c6a260fd30a46dcad747571819d668abc4c3562855f33a4719bb" "/opt/rustwide/cargo-home/bin/cargo" "+1.100.0-beta.1" "build" "--frozen" "--message-format=json" "--release", kill_on_drop: false }`
[INFO] [stderr]    Compiling libc v0.2.189
[INFO] [stderr]    Compiling either v1.18.0
[INFO] [stderr]    Compiling anstyle v1.0.14
[INFO] [stderr]    Compiling unix_str v1.0.0
[INFO] [stderr]    Compiling yash-quote v1.1.1
[INFO] [stderr]    Compiling rustix v1.1.4
[INFO] [stderr]    Compiling syn v2.0.119
[INFO] [stderr]    Compiling syn v3.0.5
[INFO] [stderr]    Compiling annotate-snippets v0.12.16
[INFO] [stderr]    Compiling itertools v0.15.0
[INFO] [stderr]    Compiling unix_path v1.0.1
[INFO] [stderr]    Compiling getrandom v0.4.3
[INFO] [stderr]    Compiling errno v0.3.14
[INFO] [stderr]    Compiling tempfile v3.27.0
[INFO] [stderr]    Compiling thiserror-impl v2.0.20
[INFO] [stderr]    Compiling futures-macro v0.3.34
[INFO] [stderr]    Compiling futures-util v0.3.34
[INFO] [stderr]    Compiling darling_core v0.21.3
[INFO] [stderr]    Compiling thiserror v2.0.20
[INFO] [stderr]    Compiling derive_more-impl v2.1.1
[INFO] [stderr]    Compiling strum_macros v0.28.0
[INFO] [stderr]    Compiling derive_more v2.1.1
[INFO] [stderr]    Compiling strum v0.28.0
[INFO] [stderr]    Compiling darling_macro v0.21.3
[INFO] [stderr]    Compiling darling v0.21.3
[INFO] [stderr]    Compiling enumset_derive v0.15.0
[INFO] [stderr]    Compiling enumset v1.1.14
[INFO] [stderr]    Compiling yash-env v0.17.0
[INFO] [stderr]    Compiling yash-syntax v0.25.0
[INFO] [stderr]    Compiling yash-prompt v0.16.0 (/opt/rustwide/workdir)
[INFO] [stderr]     Finished `release` profile [optimized] target(s) in 44.32s
[INFO] running `Command { std: "docker" "inspect" "108a5010b202c6a260fd30a46dcad747571819d668abc4c3562855f33a4719bb", kill_on_drop: false }`
[INFO] running `Command { std: "docker" "exec" "-e" "SOURCE_DIR=/opt/rustwide/workdir" "-e" "CARGO_HOME=/opt/rustwide/cargo-home" "-e" "RUSTUP_HOME=/opt/rustwide/rustup-home" "-e" "CARGO_TARGET_DIR=/opt/rustwide/target" "-e" "CARGO_INCREMENTAL=0" "-e" "RUST_BACKTRACE=full" "-e" "RUSTFLAGS=--cap-lints=warn" "-e" "RUSTDOCFLAGS=--cap-lints=warn" "-w" "/opt/rustwide/workdir" "--user" "0:0" "108a5010b202c6a260fd30a46dcad747571819d668abc4c3562855f33a4719bb" "/opt/rustwide/cargo-home/bin/cargo" "+1.100.0-beta.1" "test" "--frozen" "--no-run" "--message-format=json" "--release", kill_on_drop: false }`
[INFO] [stderr]    Compiling yash-prompt v0.16.0 (/opt/rustwide/workdir)
[INFO] [stdout] error[E0432]: unresolved import `yash_env::test_helper`
[INFO] [stdout]    --> src/prompter.rs:121:19
[INFO] [stdout]     |
[INFO] [stdout] 121 |     use yash_env::test_helper::assert_stderr;
[INFO] [stdout]     |                   ^^^^^^^^^^^ could not find `test_helper` in `yash_env`
[INFO] [stdout]     |
[INFO] [stdout] note: found an item that was configured out
[INFO] [stdout]    --> /opt/rustwide/cargo-home/registry/src/index.crates.io-1949cf8c6b5b557f/yash-env-0.17.0/src/lib.rs:721:9
[INFO] [stdout]     |
[INFO] [stdout] 720 | #[cfg(any(test, feature = "test-helper"))]
[INFO] [stdout]     |          ------------------------------- the item is gated here
[INFO] [stdout] 721 | pub mod test_helper;
[INFO] [stdout]     |         ^^^^^^^^^^^
[INFO] [stdout] 
[INFO] [stdout] 
[INFO] [stdout] error[E0432]: unresolved import `yash_semantics`
[INFO] [stdout]   --> src/lib.rs:98:9
[INFO] [stdout]    |
[INFO] [stdout] 98 |     use yash_semantics::Runtime;
[INFO] [stdout]    |         ^^^^^^^^^^^^^^ use of unresolved module or unlinked crate `yash_semantics`
[INFO] [stdout]    |
[INFO] [stdout]    = help: if you wanted to use a crate named `yash_semantics`, use `cargo add yash_semantics` to add it to your `Cargo.toml`
[INFO] [stdout] 
[INFO] [stdout] 
[INFO] [stdout] error[E0433]: cannot find module or crate `yash_semantics` in this scope
[INFO] [stdout]    --> src/lib.rs:106:35
[INFO] [stdout]     |
[INFO] [stdout] 106 |             Box::pin(async move { yash_semantics::expansion::expand_text(env, text).await.ok() })
[INFO] [stdout]     |                                   ^^^^^^^^^^^^^^ use of unresolved module or unlinked crate `yash_semantics`
[INFO] [stdout]     |
[INFO] [stdout]     = help: if you wanted to use a crate named `yash_semantics`, use `cargo add yash_semantics` to add it to your `Cargo.toml`
[INFO] [stdout] 
[INFO] [stdout] 
[INFO] [stdout] Some errors have detailed explanations: E0432, E0433.
[INFO] [stdout] 
[INFO] [stdout] For more information about an error, try `rustc --explain E0432`.
[INFO] [stdout] 
[INFO] [stderr] error: could not compile `yash-prompt` (lib test) due to 3 previous errors
[INFO] running `Command { std: "docker" "inspect" "108a5010b202c6a260fd30a46dcad747571819d668abc4c3562855f33a4719bb", kill_on_drop: false }`
[INFO] running `Command { std: "docker" "rm" "-f" "108a5010b202c6a260fd30a46dcad747571819d668abc4c3562855f33a4719bb", kill_on_drop: false }`
[INFO] [stdout] 108a5010b202c6a260fd30a46dcad747571819d668abc4c3562855f33a4719bb
