[INFO] fetching crate yash-env 0.17.1...
[INFO] testing yash-env-0.17.1 against 1.100.0-beta.1+cargoflags=--release for beta-release-1.100-2
[INFO] extracting crate yash-env 0.17.1 into /workspace/builds/worker-5-tc2/source
[INFO] started tweaking crates.io crate yash-env 0.17.1
[INFO] finished tweaking crates.io crate yash-env 0.17.1
[INFO] tweaked toml for crates.io crate yash-env 0.17.1 written to /workspace/builds/worker-5-tc2/source/Cargo.toml
[INFO] validating manifest of crates.io crate yash-env 0.17.1 on toolchain 1.100.0-beta.1
[INFO] running `Command { std: CARGO_HOME="/workspace/cargo-home" RUSTUP_HOME="/workspace/rustup-home" "/workspace/cargo-home/bin/cargo" "+1.100.0-beta.1" "metadata" "--manifest-path" "Cargo.toml" "--no-deps", kill_on_drop: false }`
[INFO] crate crates.io crate yash-env 0.17.1 already has a lockfile, it will not be regenerated
[INFO] running `Command { std: CARGO_HOME="/workspace/cargo-home" RUSTUP_HOME="/workspace/rustup-home" "/workspace/cargo-home/bin/cargo" "+1.100.0-beta.1" "fetch" "--manifest-path" "Cargo.toml", kill_on_drop: false }`
[INFO] running `Command { std: "docker" "create" "-v" "/var/lib/crater-agent-workspace/builds/worker-5-tc2/source:/opt/rustwide/workdir:ro,Z" "-v" "/var/lib/crater-agent-workspace/builds/worker-5-tc2/target:/opt/rustwide/target:rw,Z" "-v" "/var/lib/crater-agent-workspace/cargo-home:/opt/rustwide/cargo-home:ro,Z" "-v" "/var/lib/crater-agent-workspace/rustup-home:/opt/rustwide/rustup-home:ro,Z" "-m" "1610612736" "--network" "none" "ghcr.io/rust-lang/crates-build-env/linux@sha256:77db811e55d90add9212f6832c23229e3de5f1c1f9905e8cb07319ea15df73ac" "sleep" "infinity", kill_on_drop: false }`
[INFO] [stdout] 28b06a4d09c71442de04f22d8e706188c74a42d84a742b087ed2b33c6c3d90cc
[INFO] running `Command { std: "docker" "start" "28b06a4d09c71442de04f22d8e706188c74a42d84a742b087ed2b33c6c3d90cc", kill_on_drop: false }`
[INFO] running `Command { std: "docker" "inspect" "28b06a4d09c71442de04f22d8e706188c74a42d84a742b087ed2b33c6c3d90cc", kill_on_drop: false }`
[INFO] running `Command { std: "docker" "exec" "-e" "SOURCE_DIR=/opt/rustwide/workdir" "-e" "CARGO_HOME=/opt/rustwide/cargo-home" "-e" "RUSTUP_HOME=/opt/rustwide/rustup-home" "-e" "CARGO_TARGET_DIR=/opt/rustwide/target" "-w" "/opt/rustwide/workdir" "--user" "0:0" "28b06a4d09c71442de04f22d8e706188c74a42d84a742b087ed2b33c6c3d90cc" "/opt/rustwide/cargo-home/bin/cargo" "+1.100.0-beta.1" "metadata" "--no-deps" "--format-version=1", kill_on_drop: false }`
[INFO] running `Command { std: "docker" "inspect" "28b06a4d09c71442de04f22d8e706188c74a42d84a742b087ed2b33c6c3d90cc", kill_on_drop: false }`
[INFO] running `Command { std: "docker" "exec" "-e" "SOURCE_DIR=/opt/rustwide/workdir" "-e" "CARGO_HOME=/opt/rustwide/cargo-home" "-e" "RUSTUP_HOME=/opt/rustwide/rustup-home" "-e" "CARGO_TARGET_DIR=/opt/rustwide/target" "-e" "CARGO_INCREMENTAL=0" "-e" "RUST_BACKTRACE=full" "-e" "RUSTFLAGS=--cap-lints=warn" "-e" "RUSTDOCFLAGS=--cap-lints=warn" "-w" "/opt/rustwide/workdir" "--user" "0:0" "28b06a4d09c71442de04f22d8e706188c74a42d84a742b087ed2b33c6c3d90cc" "/opt/rustwide/cargo-home/bin/cargo" "+1.100.0-beta.1" "build" "--frozen" "--message-format=json" "--release", kill_on_drop: false }`
[INFO] [stderr]    Compiling libc v0.2.190
[INFO] [stderr]    Compiling unix_str v1.0.0
[INFO] [stderr]    Compiling either v1.18.0
[INFO] [stderr]    Compiling anstyle v1.0.14
[INFO] [stderr]    Compiling futures-core v0.3.34
[INFO] [stderr]    Compiling yash-quote v1.1.1
[INFO] [stderr]    Compiling syn v2.0.119
[INFO] [stderr]    Compiling syn v3.0.6
[INFO] [stderr]    Compiling itertools v0.15.0
[INFO] [stderr]    Compiling annotate-snippets v0.12.16
[INFO] [stderr]    Compiling unix_path v1.0.1
[INFO] [stderr]    Compiling getrandom v0.4.3
[INFO] [stderr]    Compiling errno v0.3.14
[INFO] [stderr]    Compiling tempfile v3.27.0
[INFO] [stderr]    Compiling thiserror-impl v2.0.21
[INFO] [stderr]    Compiling futures-macro v0.3.34
[INFO] [stderr]    Compiling futures-util v0.3.34
[INFO] [stderr]    Compiling darling_core v0.21.3
[INFO] [stderr]    Compiling thiserror v2.0.21
[INFO] [stderr]    Compiling strum_macros v0.28.0
[INFO] [stderr]    Compiling derive_more-impl v2.1.1
[INFO] [stderr]    Compiling strum v0.28.0
[INFO] [stderr]    Compiling derive_more v2.1.1
[INFO] [stderr]    Compiling darling_macro v0.21.3
[INFO] [stderr]    Compiling darling v0.21.3
[INFO] [stderr]    Compiling enumset_derive v0.15.0
[INFO] [stderr]    Compiling enumset v1.1.14
[INFO] [stderr]    Compiling yash-env v0.17.1 (/opt/rustwide/workdir)
[INFO] [stderr]     Finished `release` profile [optimized] target(s) in 39.22s
[INFO] running `Command { std: "docker" "inspect" "28b06a4d09c71442de04f22d8e706188c74a42d84a742b087ed2b33c6c3d90cc", kill_on_drop: false }`
[INFO] running `Command { std: "docker" "exec" "-e" "SOURCE_DIR=/opt/rustwide/workdir" "-e" "CARGO_HOME=/opt/rustwide/cargo-home" "-e" "RUSTUP_HOME=/opt/rustwide/rustup-home" "-e" "CARGO_TARGET_DIR=/opt/rustwide/target" "-e" "CARGO_INCREMENTAL=0" "-e" "RUST_BACKTRACE=full" "-e" "RUSTFLAGS=--cap-lints=warn" "-e" "RUSTDOCFLAGS=--cap-lints=warn" "-w" "/opt/rustwide/workdir" "--user" "0:0" "28b06a4d09c71442de04f22d8e706188c74a42d84a742b087ed2b33c6c3d90cc" "/opt/rustwide/cargo-home/bin/cargo" "+1.100.0-beta.1" "test" "--frozen" "--no-run" "--message-format=json" "--release", kill_on_drop: false }`
[INFO] [stderr]    Compiling futures-channel v0.3.34
[INFO] [stderr]    Compiling futures-util v0.3.34
[INFO] [stderr]    Compiling futures-executor v0.3.34
[INFO] [stderr]    Compiling yash-env v0.17.1 (/opt/rustwide/workdir)
[INFO] [stdout] error[E0433]: cannot find module or crate `yash_executor` in this scope
[INFO] [stdout]    --> src/system/concurrency/rw_all.rs:184:9
[INFO] [stdout]     |
[INFO] [stdout] 184 |     use yash_executor::forwarder::TryReceiveError;
[INFO] [stdout]     |         ^^^^^^^^^^^^^ use of unresolved module or unlinked crate `yash_executor`
[INFO] [stdout]     |
[INFO] [stdout]     = help: if you wanted to use a crate named `yash_executor`, use `cargo add yash_executor` to add it to your `Cargo.toml`
[INFO] [stdout] 
[INFO] [stdout] 
[INFO] [stdout] error[E0432]: unresolved import `yash_executor`
[INFO] [stdout]    --> src/system/concurrency/rw_all.rs:183:9
[INFO] [stdout]     |
[INFO] [stdout] 183 |     use yash_executor::Executor;
[INFO] [stdout]     |         ^^^^^^^^^^^^^ use of unresolved module or unlinked crate `yash_executor`
[INFO] [stdout]     |
[INFO] [stdout]     = help: if you wanted to use a crate named `yash_executor`, use `cargo add yash_executor` to add it to your `Cargo.toml`
[INFO] [stdout] 
[INFO] [stdout] 
[INFO] [stdout] error[E0433]: cannot find module or crate `yash_executor` in this scope
[INFO] [stdout]   --> src/test_helper.rs:82:27
[INFO] [stdout]    |
[INFO] [stdout] 82 |     let global_executor = yash_executor::Executor::new();
[INFO] [stdout]    |                           ^^^^^^^^^^^^^ use of unresolved module or unlinked crate `yash_executor`
[INFO] [stdout]    |
[INFO] [stdout]    = help: if you wanted to use a crate named `yash_executor`, use `cargo add yash_executor` to add it to your `Cargo.toml`
[INFO] [stdout] help: consider importing this trait
[INFO] [stdout]    |
[INFO] [stdout] 21 + use crate::system::r#virtual::Executor;
[INFO] [stdout]    |
[INFO] [stdout] help: if you import `Executor`, refer to it directly
[INFO] [stdout]    |
[INFO] [stdout] 82 -     let global_executor = yash_executor::Executor::new();
[INFO] [stdout] 82 +     let global_executor = Executor::new();
[INFO] [stdout]    |
[INFO] [stdout] 
[INFO] [stdout] 
[INFO] [stdout] error[E0433]: cannot find module or crate `yash_executor` in this scope
[INFO] [stdout]   --> src/executor_helper.rs:27:49
[INFO] [stdout]    |
[INFO] [stdout] 27 | impl<'a> crate::system::r#virtual::Executor for yash_executor::Spawner<'a> {
[INFO] [stdout]    |                                                 ^^^^^^^^^^^^^ use of unresolved module or unlinked crate `yash_executor`
[INFO] [stdout]    |
[INFO] [stdout]    = help: if you wanted to use a crate named `yash_executor`, use `cargo add yash_executor` to add it to your `Cargo.toml`
[INFO] [stdout] 
[INFO] [stdout] 
[INFO] [stdout] Some errors have detailed explanations: E0432, E0433.
[INFO] [stdout] 
[INFO] [stdout] For more information about an error, try `rustc --explain E0432`.
[INFO] [stdout] 
[INFO] [stderr] error: could not compile `yash-env` (lib test) due to 4 previous errors
[INFO] running `Command { std: "docker" "inspect" "28b06a4d09c71442de04f22d8e706188c74a42d84a742b087ed2b33c6c3d90cc", kill_on_drop: false }`
[INFO] running `Command { std: "docker" "rm" "-f" "28b06a4d09c71442de04f22d8e706188c74a42d84a742b087ed2b33c6c3d90cc", kill_on_drop: false }`
[INFO] [stdout] 28b06a4d09c71442de04f22d8e706188c74a42d84a742b087ed2b33c6c3d90cc
