[INFO] fetching crate yash-env-test-helper 0.11.0...
[INFO] testing yash-env-test-helper-0.11.0 against 1.100.0-beta.1+cargoflags=--release for beta-release-1.100-2
[INFO] extracting crate yash-env-test-helper 0.11.0 into /workspace/builds/worker-0-tc2/source
[INFO] started tweaking crates.io crate yash-env-test-helper 0.11.0
[INFO] finished tweaking crates.io crate yash-env-test-helper 0.11.0
[INFO] tweaked toml for crates.io crate yash-env-test-helper 0.11.0 written to /workspace/builds/worker-0-tc2/source/Cargo.toml
[INFO] validating manifest of crates.io crate yash-env-test-helper 0.11.0 on toolchain 1.100.0-beta.1
[INFO] running `Command { std: CARGO_HOME="/workspace/cargo-home" RUSTUP_HOME="/workspace/rustup-home" "/workspace/cargo-home/bin/cargo" "+1.100.0-beta.1" "metadata" "--manifest-path" "Cargo.toml" "--no-deps", kill_on_drop: false }`
[INFO] crate crates.io crate yash-env-test-helper 0.11.0 already has a lockfile, it will not be regenerated
[INFO] running `Command { std: CARGO_HOME="/workspace/cargo-home" RUSTUP_HOME="/workspace/rustup-home" "/workspace/cargo-home/bin/cargo" "+1.100.0-beta.1" "fetch" "--manifest-path" "Cargo.toml", kill_on_drop: false }`
[INFO] running `Command { std: "docker" "create" "-v" "/var/lib/crater-agent-workspace/builds/worker-0-tc2/source:/opt/rustwide/workdir:ro,Z" "-v" "/var/lib/crater-agent-workspace/builds/worker-0-tc2/target:/opt/rustwide/target:rw,Z" "-v" "/var/lib/crater-agent-workspace/cargo-home:/opt/rustwide/cargo-home:ro,Z" "-v" "/var/lib/crater-agent-workspace/rustup-home:/opt/rustwide/rustup-home:ro,Z" "-m" "1610612736" "--network" "none" "ghcr.io/rust-lang/crates-build-env/linux@sha256:77db811e55d90add9212f6832c23229e3de5f1c1f9905e8cb07319ea15df73ac" "sleep" "infinity", kill_on_drop: false }`
[INFO] [stdout] b8d81632ea06d6029b766a2b8758907386f6904332401b11d691717532bc7ab8
[INFO] running `Command { std: "docker" "start" "b8d81632ea06d6029b766a2b8758907386f6904332401b11d691717532bc7ab8", kill_on_drop: false }`
[INFO] running `Command { std: "docker" "inspect" "b8d81632ea06d6029b766a2b8758907386f6904332401b11d691717532bc7ab8", kill_on_drop: false }`
[INFO] running `Command { std: "docker" "exec" "-e" "SOURCE_DIR=/opt/rustwide/workdir" "-e" "CARGO_HOME=/opt/rustwide/cargo-home" "-e" "RUSTUP_HOME=/opt/rustwide/rustup-home" "-e" "CARGO_TARGET_DIR=/opt/rustwide/target" "-w" "/opt/rustwide/workdir" "--user" "0:0" "b8d81632ea06d6029b766a2b8758907386f6904332401b11d691717532bc7ab8" "/opt/rustwide/cargo-home/bin/cargo" "+1.100.0-beta.1" "metadata" "--no-deps" "--format-version=1", kill_on_drop: false }`
[INFO] running `Command { std: "docker" "inspect" "b8d81632ea06d6029b766a2b8758907386f6904332401b11d691717532bc7ab8", kill_on_drop: false }`
[INFO] running `Command { std: "docker" "exec" "-e" "SOURCE_DIR=/opt/rustwide/workdir" "-e" "CARGO_HOME=/opt/rustwide/cargo-home" "-e" "RUSTUP_HOME=/opt/rustwide/rustup-home" "-e" "CARGO_TARGET_DIR=/opt/rustwide/target" "-e" "CARGO_INCREMENTAL=0" "-e" "RUST_BACKTRACE=full" "-e" "RUSTFLAGS=--cap-lints=warn" "-e" "RUSTDOCFLAGS=--cap-lints=warn" "-w" "/opt/rustwide/workdir" "--user" "0:0" "b8d81632ea06d6029b766a2b8758907386f6904332401b11d691717532bc7ab8" "/opt/rustwide/cargo-home/bin/cargo" "+1.100.0-beta.1" "build" "--frozen" "--message-format=json" "--release", kill_on_drop: false }`
[INFO] [stderr]    Compiling libc v0.2.185
[INFO] [stderr]    Compiling futures-core v0.3.32
[INFO] [stderr]    Compiling syn v2.0.117
[INFO] [stderr]    Compiling unix_str v1.0.0
[INFO] [stderr]    Compiling once_cell v1.21.4
[INFO] [stderr]    Compiling unicode-width v0.2.2
[INFO] [stderr]    Compiling anstyle v1.0.14
[INFO] [stderr]    Compiling yash-quote v1.1.1
[INFO] [stderr]    Compiling futures-channel v0.3.32
[INFO] [stderr]    Compiling unix_path v1.0.1
[INFO] [stderr]    Compiling yash-executor v1.0.1
[INFO] [stderr]    Compiling assert_matches v1.5.0
[INFO] [stderr]    Compiling annotate-snippets v0.12.15
[INFO] [stderr]    Compiling getrandom v0.4.2
[INFO] [stderr]    Compiling errno v0.3.14
[INFO] [stderr]    Compiling tempfile v3.27.0
[INFO] [stderr]    Compiling darling_core v0.21.3
[INFO] [stderr]    Compiling futures-macro v0.3.32
[INFO] [stderr]    Compiling thiserror-impl v2.0.18
[INFO] [stderr]    Compiling strum_macros v0.28.0
[INFO] [stderr]    Compiling derive_more-impl v2.1.1
[INFO] [stderr]    Compiling futures-util v0.3.32
[INFO] [stderr]    Compiling thiserror v2.0.18
[INFO] [stderr]    Compiling derive_more v2.1.1
[INFO] [stderr]    Compiling strum v0.28.0
[INFO] [stderr]    Compiling darling_macro v0.21.3
[INFO] [stderr]    Compiling darling v0.21.3
[INFO] [stderr]    Compiling enumset_derive v0.14.0
[INFO] [stderr]    Compiling enumset v1.1.10
[INFO] [stderr]    Compiling futures-executor v0.3.32
[INFO] [stderr]    Compiling yash-env v0.13.0
[INFO] [stdout] error[E0599]: no method named `validate` found for mutable reference `&mut ScheduledWakerQueue` in the current scope
[INFO] [stdout]   --> /opt/rustwide/cargo-home/registry/src/index.crates.io-1949cf8c6b5b557f/yash-env-0.13.0/src/waker/queue.rs:83:14
[INFO] [stdout]    |
[INFO] [stdout] 83 |         self.validate();
[INFO] [stdout]    |              ^^^^^^^^ method not found in `&mut ScheduledWakerQueue`
[INFO] [stdout] 
[INFO] [stdout] 
[INFO] [stdout] error[E0599]: no method named `validate` found for mutable reference `&mut ScheduledWakerQueue` in the current scope
[INFO] [stdout]    --> /opt/rustwide/cargo-home/registry/src/index.crates.io-1949cf8c6b5b557f/yash-env-0.13.0/src/waker/queue.rs:158:14
[INFO] [stdout]     |
[INFO] [stdout] 158 |         self.validate();
[INFO] [stdout]     |              ^^^^^^^^ method not found in `&mut ScheduledWakerQueue`
[INFO] [stdout] 
[INFO] [stdout] 
[INFO] [stdout] error[E0599]: no method named `validate` found for mutable reference `&mut ScheduledWakerQueue` in the current scope
[INFO] [stdout]    --> /opt/rustwide/cargo-home/registry/src/index.crates.io-1949cf8c6b5b557f/yash-env-0.13.0/src/waker/queue.rs:205:14
[INFO] [stdout]     |
[INFO] [stdout] 205 |         self.validate();
[INFO] [stdout]     |              ^^^^^^^^ method not found in `&mut ScheduledWakerQueue`
[INFO] [stdout] 
[INFO] [stdout] 
[INFO] [stdout] error[E0599]: no method named `validate` found for mutable reference `&mut ScheduledWakerQueue` in the current scope
[INFO] [stdout]    --> /opt/rustwide/cargo-home/registry/src/index.crates.io-1949cf8c6b5b557f/yash-env-0.13.0/src/waker/queue.rs:227:14
[INFO] [stdout]     |
[INFO] [stdout] 227 |         self.validate();
[INFO] [stdout]     |              ^^^^^^^^ method not found in `&mut ScheduledWakerQueue`
[INFO] [stdout] 
[INFO] [stdout] 
[INFO] [stdout] For more information about this error, try `rustc --explain E0599`.
[INFO] [stdout] 
[INFO] [stderr] error: could not compile `yash-env` (lib) due to 4 previous errors
[INFO] running `Command { std: "docker" "inspect" "b8d81632ea06d6029b766a2b8758907386f6904332401b11d691717532bc7ab8", kill_on_drop: false }`
[INFO] running `Command { std: "docker" "rm" "-f" "b8d81632ea06d6029b766a2b8758907386f6904332401b11d691717532bc7ab8", kill_on_drop: false }`
[INFO] [stdout] b8d81632ea06d6029b766a2b8758907386f6904332401b11d691717532bc7ab8
