[INFO] fetching crate yash-builtin 0.25.0...
[INFO] testing yash-builtin-0.25.0 against 1.100.0-beta.1+cargoflags=--release for beta-release-1.100-2
[INFO] extracting crate yash-builtin 0.25.0 into /workspace/builds/worker-6-tc2/source
[INFO] started tweaking crates.io crate yash-builtin 0.25.0
[INFO] finished tweaking crates.io crate yash-builtin 0.25.0
[INFO] tweaked toml for crates.io crate yash-builtin 0.25.0 written to /workspace/builds/worker-6-tc2/source/Cargo.toml
[INFO] validating manifest of crates.io crate yash-builtin 0.25.0 on toolchain 1.100.0-beta.1
[INFO] running `Command { std: CARGO_HOME="/workspace/cargo-home" RUSTUP_HOME="/workspace/rustup-home" "/workspace/cargo-home/bin/cargo" "+1.100.0-beta.1" "metadata" "--manifest-path" "Cargo.toml" "--no-deps", kill_on_drop: false }`
[INFO] crate crates.io crate yash-builtin 0.25.0 already has a lockfile, it will not be regenerated
[INFO] running `Command { std: CARGO_HOME="/workspace/cargo-home" RUSTUP_HOME="/workspace/rustup-home" "/workspace/cargo-home/bin/cargo" "+1.100.0-beta.1" "fetch" "--manifest-path" "Cargo.toml", kill_on_drop: false }`
[INFO] running `Command { std: "docker" "create" "-v" "/var/lib/crater-agent-workspace/builds/worker-6-tc2/source:/opt/rustwide/workdir:ro,Z" "-v" "/var/lib/crater-agent-workspace/builds/worker-6-tc2/target:/opt/rustwide/target:rw,Z" "-v" "/var/lib/crater-agent-workspace/cargo-home:/opt/rustwide/cargo-home:ro,Z" "-v" "/var/lib/crater-agent-workspace/rustup-home:/opt/rustwide/rustup-home:ro,Z" "-m" "1610612736" "--network" "none" "ghcr.io/rust-lang/crates-build-env/linux@sha256:77db811e55d90add9212f6832c23229e3de5f1c1f9905e8cb07319ea15df73ac" "sleep" "infinity", kill_on_drop: false }`
[INFO] [stdout] ff3c88d2133b4259dce99a76c0966a636670aa7b681960edcbb741398eb36832
[INFO] running `Command { std: "docker" "start" "ff3c88d2133b4259dce99a76c0966a636670aa7b681960edcbb741398eb36832", kill_on_drop: false }`
[INFO] running `Command { std: "docker" "inspect" "ff3c88d2133b4259dce99a76c0966a636670aa7b681960edcbb741398eb36832", kill_on_drop: false }`
[INFO] running `Command { std: "docker" "exec" "-e" "SOURCE_DIR=/opt/rustwide/workdir" "-e" "CARGO_HOME=/opt/rustwide/cargo-home" "-e" "RUSTUP_HOME=/opt/rustwide/rustup-home" "-e" "CARGO_TARGET_DIR=/opt/rustwide/target" "-w" "/opt/rustwide/workdir" "--user" "0:0" "ff3c88d2133b4259dce99a76c0966a636670aa7b681960edcbb741398eb36832" "/opt/rustwide/cargo-home/bin/cargo" "+1.100.0-beta.1" "metadata" "--no-deps" "--format-version=1", kill_on_drop: false }`
[INFO] running `Command { std: "docker" "inspect" "ff3c88d2133b4259dce99a76c0966a636670aa7b681960edcbb741398eb36832", kill_on_drop: false }`
[INFO] running `Command { std: "docker" "exec" "-e" "SOURCE_DIR=/opt/rustwide/workdir" "-e" "CARGO_HOME=/opt/rustwide/cargo-home" "-e" "RUSTUP_HOME=/opt/rustwide/rustup-home" "-e" "CARGO_TARGET_DIR=/opt/rustwide/target" "-e" "CARGO_INCREMENTAL=0" "-e" "RUST_BACKTRACE=full" "-e" "RUSTFLAGS=--cap-lints=warn" "-e" "RUSTDOCFLAGS=--cap-lints=warn" "-w" "/opt/rustwide/workdir" "--user" "0:0" "ff3c88d2133b4259dce99a76c0966a636670aa7b681960edcbb741398eb36832" "/opt/rustwide/cargo-home/bin/cargo" "+1.100.0-beta.1" "build" "--frozen" "--message-format=json" "--release", kill_on_drop: false }`
[INFO] [stderr]    Compiling syn v2.0.119
[INFO] [stderr]    Compiling libc v0.2.190
[INFO] [stderr]    Compiling rustix v1.1.5
[INFO] [stderr]    Compiling bitflags v2.13.2
[INFO] [stderr]    Compiling anstyle v1.0.14
[INFO] [stderr]    Compiling futures-macro v0.3.34
[INFO] [stderr]    Compiling unix_str v1.0.0
[INFO] [stderr]    Compiling either v1.18.0
[INFO] [stderr]    Compiling yash-quote v1.1.1
[INFO] [stderr]    Compiling dyn-clone v1.0.20
[INFO] [stderr]    Compiling annotate-snippets v0.12.16
[INFO] [stderr]    Compiling unix_path v1.0.1
[INFO] [stderr]    Compiling itertools v0.15.0
[INFO] [stderr]    Compiling futures-util v0.3.34
[INFO] [stderr]    Compiling getrandom v0.4.3
[INFO] [stderr]    Compiling errno v0.3.14
[INFO] [stderr]    Compiling tempfile v3.27.0
[INFO] [stderr]    Compiling darling_core v0.21.3
[INFO] [stderr]    Compiling derive_more-impl v2.1.1
[INFO] [stderr]    Compiling strum_macros v0.28.0
[INFO] [stderr]    Compiling derive_more v2.1.1
[INFO] [stderr]    Compiling strum v0.28.0
[INFO] [stderr]    Compiling darling_macro v0.21.3
[INFO] [stderr]    Compiling darling v0.21.3
[INFO] [stderr]    Compiling enumset_derive v0.15.0
[INFO] [stderr]    Compiling enumset v1.1.14
[INFO] [stderr]    Compiling yash-env v0.17.1
[INFO] [stderr]    Compiling yash-builtin v0.25.0 (/opt/rustwide/workdir)
[INFO] [stderr]     Finished `release` profile [optimized] target(s) in 23.73s
[INFO] running `Command { std: "docker" "inspect" "ff3c88d2133b4259dce99a76c0966a636670aa7b681960edcbb741398eb36832", kill_on_drop: false }`
[INFO] running `Command { std: "docker" "exec" "-e" "SOURCE_DIR=/opt/rustwide/workdir" "-e" "CARGO_HOME=/opt/rustwide/cargo-home" "-e" "RUSTUP_HOME=/opt/rustwide/rustup-home" "-e" "CARGO_TARGET_DIR=/opt/rustwide/target" "-e" "CARGO_INCREMENTAL=0" "-e" "RUST_BACKTRACE=full" "-e" "RUSTFLAGS=--cap-lints=warn" "-e" "RUSTDOCFLAGS=--cap-lints=warn" "-w" "/opt/rustwide/workdir" "--user" "0:0" "ff3c88d2133b4259dce99a76c0966a636670aa7b681960edcbb741398eb36832" "/opt/rustwide/cargo-home/bin/cargo" "+1.100.0-beta.1" "test" "--frozen" "--no-run" "--message-format=json" "--release", kill_on_drop: false }`
[INFO] [stderr]    Compiling futures-channel v0.3.34
[INFO] [stderr]    Compiling assert_matches v1.5.0
[INFO] [stderr]    Compiling futures-util v0.3.34
[INFO] [stderr]    Compiling yash-env v0.17.1
[INFO] [stderr]    Compiling futures-executor v0.3.34
[INFO] [stderr]    Compiling yash-builtin v0.25.0 (/opt/rustwide/workdir)
[INFO] [stdout] error[E0432]: unresolved import `yash_env::test_helper`
[INFO] [stdout]    --> src/alias.rs:86:19
[INFO] [stdout]     |
[INFO] [stdout]  86 |     use yash_env::test_helper::assert_stderr;
[INFO] [stdout]     |                   ^^^^^^^^^^^ could not find `test_helper` in `yash_env`
[INFO] [stdout]     |
[INFO] [stdout] note: found an item that was configured out
[INFO] [stdout]    --> /opt/rustwide/cargo-home/registry/src/index.crates.io-1949cf8c6b5b557f/yash-env-0.17.1/src/lib.rs:721:9
[INFO] [stdout]     |
[INFO] [stdout] 720 | #[cfg(any(test, feature = "test-helper"))]
[INFO] [stdout]     |          ------------------------------- the item is gated here
[INFO] [stdout] 721 | pub mod test_helper;
[INFO] [stdout]     |         ^^^^^^^^^^^
[INFO] [stdout] 
[INFO] [stdout] 
[INFO] [stdout] error[E0432]: unresolved import `yash_env::test_helper`
[INFO] [stdout]    --> src/bg.rs:289:19
[INFO] [stdout]     |
[INFO] [stdout] 289 |     use yash_env::test_helper::assert_stderr;
[INFO] [stdout]     |                   ^^^^^^^^^^^ could not find `test_helper` in `yash_env`
[INFO] [stdout]     |
[INFO] [stdout] note: found an item that was configured out
[INFO] [stdout]    --> /opt/rustwide/cargo-home/registry/src/index.crates.io-1949cf8c6b5b557f/yash-env-0.17.1/src/lib.rs:721:9
[INFO] [stdout]     |
[INFO] [stdout] 720 | #[cfg(any(test, feature = "test-helper"))]
[INFO] [stdout]     |          ------------------------------- the item is gated here
[INFO] [stdout] 721 | pub mod test_helper;
[INFO] [stdout]     |         ^^^^^^^^^^^
[INFO] [stdout] 
[INFO] [stdout] 
[INFO] [stdout] error[E0432]: unresolved import `yash_env::test_helper`
[INFO] [stdout]    --> src/bg.rs:290:19
[INFO] [stdout]     |
[INFO] [stdout] 290 |     use yash_env::test_helper::assert_stdout;
[INFO] [stdout]     |                   ^^^^^^^^^^^ could not find `test_helper` in `yash_env`
[INFO] [stdout]     |
[INFO] [stdout] note: found an item that was configured out
[INFO] [stdout]    --> /opt/rustwide/cargo-home/registry/src/index.crates.io-1949cf8c6b5b557f/yash-env-0.17.1/src/lib.rs:721:9
[INFO] [stdout]     |
[INFO] [stdout] 720 | #[cfg(any(test, feature = "test-helper"))]
[INFO] [stdout]     |          ------------------------------- the item is gated here
[INFO] [stdout] 721 | pub mod test_helper;
[INFO] [stdout]     |         ^^^^^^^^^^^
[INFO] [stdout] 
[INFO] [stdout] 
[INFO] [stdout] error[E0432]: unresolved import `yash_env::test_helper`
[INFO] [stdout]    --> src/cd/assign.rs:123:19
[INFO] [stdout]     |
[INFO] [stdout] 123 |     use yash_env::test_helper::{assert_stderr, assert_stdout};
[INFO] [stdout]     |                   ^^^^^^^^^^^ could not find `test_helper` in `yash_env`
[INFO] [stdout]     |
[INFO] [stdout] note: found an item that was configured out
[INFO] [stdout]    --> /opt/rustwide/cargo-home/registry/src/index.crates.io-1949cf8c6b5b557f/yash-env-0.17.1/src/lib.rs:721:9
[INFO] [stdout]     |
[INFO] [stdout] 720 | #[cfg(any(test, feature = "test-helper"))]
[INFO] [stdout]     |          ------------------------------- the item is gated here
[INFO] [stdout] 721 | pub mod test_helper;
[INFO] [stdout]     |         ^^^^^^^^^^^
[INFO] [stdout] 
[INFO] [stdout] 
[INFO] [stdout] error[E0433]: cannot find `test_helper` in `yash_env`
[INFO] [stdout]    --> src/command/identify.rs:440:19
[INFO] [stdout]     |
[INFO] [stdout] 440 |     use yash_env::test_helper::function::FunctionBodyStub;
[INFO] [stdout]     |                   ^^^^^^^^^^^ could not find `test_helper` in `yash_env`
[INFO] [stdout]     |
[INFO] [stdout] note: found an item that was configured out
[INFO] [stdout]    --> /opt/rustwide/cargo-home/registry/src/index.crates.io-1949cf8c6b5b557f/yash-env-0.17.1/src/lib.rs:721:9
[INFO] [stdout]     |
[INFO] [stdout] 720 | #[cfg(any(test, feature = "test-helper"))]
[INFO] [stdout]     |          ------------------------------- the item is gated here
[INFO] [stdout] 721 | pub mod test_helper;
[INFO] [stdout]     |         ^^^^^^^^^^^
[INFO] [stdout] 
[INFO] [stdout] 
[INFO] [stdout] error[E0432]: unresolved import `yash_env::test_helper`
[INFO] [stdout]    --> src/cd.rs:177:19
[INFO] [stdout]     |
[INFO] [stdout] 177 |     use yash_env::test_helper::assert_stderr;
[INFO] [stdout]     |                   ^^^^^^^^^^^ could not find `test_helper` in `yash_env`
[INFO] [stdout]     |
[INFO] [stdout] note: found an item that was configured out
[INFO] [stdout]    --> /opt/rustwide/cargo-home/registry/src/index.crates.io-1949cf8c6b5b557f/yash-env-0.17.1/src/lib.rs:721:9
[INFO] [stdout]     |
[INFO] [stdout] 720 | #[cfg(any(test, feature = "test-helper"))]
[INFO] [stdout]     |          ------------------------------- the item is gated here
[INFO] [stdout] 721 | pub mod test_helper;
[INFO] [stdout]     |         ^^^^^^^^^^^
[INFO] [stdout] 
[INFO] [stdout] 
[INFO] [stdout] error[E0432]: unresolved import `yash_env::test_helper`
[INFO] [stdout]    --> src/command/invoke.rs:189:19
[INFO] [stdout]     |
[INFO] [stdout] 189 |     use yash_env::test_helper::assert_stderr;
[INFO] [stdout]     |                   ^^^^^^^^^^^ could not find `test_helper` in `yash_env`
[INFO] [stdout]     |
[INFO] [stdout] note: found an item that was configured out
[INFO] [stdout]    --> /opt/rustwide/cargo-home/registry/src/index.crates.io-1949cf8c6b5b557f/yash-env-0.17.1/src/lib.rs:721:9
[INFO] [stdout]     |
[INFO] [stdout] 720 | #[cfg(any(test, feature = "test-helper"))]
[INFO] [stdout]     |          ------------------------------- the item is gated here
[INFO] [stdout] 721 | pub mod test_helper;
[INFO] [stdout]     |         ^^^^^^^^^^^
[INFO] [stdout] 
[INFO] [stdout] 
[INFO] [stdout] error[E0433]: cannot find `test_helper` in `yash_env`
[INFO] [stdout]    --> src/command/search.rs:104:19
[INFO] [stdout]     |
[INFO] [stdout] 104 |     use yash_env::test_helper::function::FunctionBodyStub;
[INFO] [stdout]     |                   ^^^^^^^^^^^ could not find `test_helper` in `yash_env`
[INFO] [stdout]     |
[INFO] [stdout] note: found an item that was configured out
[INFO] [stdout]    --> /opt/rustwide/cargo-home/registry/src/index.crates.io-1949cf8c6b5b557f/yash-env-0.17.1/src/lib.rs:721:9
[INFO] [stdout]     |
[INFO] [stdout] 720 | #[cfg(any(test, feature = "test-helper"))]
[INFO] [stdout]     |          ------------------------------- the item is gated here
[INFO] [stdout] 721 | pub mod test_helper;
[INFO] [stdout]     |         ^^^^^^^^^^^
[INFO] [stdout] 
[INFO] [stdout] 
[INFO] [stdout] error[E0432]: unresolved import `yash_env::test_helper`
[INFO] [stdout]    --> src/command/invoke.rs:190:19
[INFO] [stdout]     |
[INFO] [stdout] 190 |     use yash_env::test_helper::assert_stdout;
[INFO] [stdout]     |                   ^^^^^^^^^^^ could not find `test_helper` in `yash_env`
[INFO] [stdout]     |
[INFO] [stdout] note: found an item that was configured out
[INFO] [stdout]    --> /opt/rustwide/cargo-home/registry/src/index.crates.io-1949cf8c6b5b557f/yash-env-0.17.1/src/lib.rs:721:9
[INFO] [stdout]     |
[INFO] [stdout] 720 | #[cfg(any(test, feature = "test-helper"))]
[INFO] [stdout]     |          ------------------------------- the item is gated here
[INFO] [stdout] 721 | pub mod test_helper;
[INFO] [stdout]     |         ^^^^^^^^^^^
[INFO] [stdout] 
[INFO] [stdout] 
[INFO] [stdout] error[E0432]: unresolved import `yash_env::test_helper`
[INFO] [stdout]    --> src/common/no_arg.rs:73:19
[INFO] [stdout]     |
[INFO] [stdout]  73 |     use yash_env::test_helper::assert_stderr;
[INFO] [stdout]     |                   ^^^^^^^^^^^ could not find `test_helper` in `yash_env`
[INFO] [stdout]     |
[INFO] [stdout] note: found an item that was configured out
[INFO] [stdout]    --> /opt/rustwide/cargo-home/registry/src/index.crates.io-1949cf8c6b5b557f/yash-env-0.17.1/src/lib.rs:721:9
[INFO] [stdout]     |
[INFO] [stdout] 720 | #[cfg(any(test, feature = "test-helper"))]
[INFO] [stdout]     |          ------------------------------- the item is gated here
[INFO] [stdout] 721 | pub mod test_helper;
[INFO] [stdout]     |         ^^^^^^^^^^^
[INFO] [stdout] 
[INFO] [stdout] 
[INFO] [stdout] error[E0432]: unresolved import `yash_env::test_helper`
[INFO] [stdout]    --> src/continue.rs:77:19
[INFO] [stdout]     |
[INFO] [stdout]  77 |     use yash_env::test_helper::assert_stderr;
[INFO] [stdout]     |                   ^^^^^^^^^^^ could not find `test_helper` in `yash_env`
[INFO] [stdout]     |
[INFO] [stdout] note: found an item that was configured out
[INFO] [stdout]    --> /opt/rustwide/cargo-home/registry/src/index.crates.io-1949cf8c6b5b557f/yash-env-0.17.1/src/lib.rs:721:9
[INFO] [stdout]     |
[INFO] [stdout] 720 | #[cfg(any(test, feature = "test-helper"))]
[INFO] [stdout]     |          ------------------------------- the item is gated here
[INFO] [stdout] 721 | pub mod test_helper;
[INFO] [stdout]     |         ^^^^^^^^^^^
[INFO] [stdout] 
[INFO] [stdout] 
[INFO] [stdout] error[E0432]: unresolved import `yash_env::test_helper`
[INFO] [stdout]    --> src/continue.rs:78:19
[INFO] [stdout]     |
[INFO] [stdout]  78 |     use yash_env::test_helper::assert_stdout;
[INFO] [stdout]     |                   ^^^^^^^^^^^ could not find `test_helper` in `yash_env`
[INFO] [stdout]     |
[INFO] [stdout] note: found an item that was configured out
[INFO] [stdout]    --> /opt/rustwide/cargo-home/registry/src/index.crates.io-1949cf8c6b5b557f/yash-env-0.17.1/src/lib.rs:721:9
[INFO] [stdout]     |
[INFO] [stdout] 720 | #[cfg(any(test, feature = "test-helper"))]
[INFO] [stdout]     |          ------------------------------- the item is gated here
[INFO] [stdout] 721 | pub mod test_helper;
[INFO] [stdout]     |         ^^^^^^^^^^^
[INFO] [stdout] 
[INFO] [stdout] 
[INFO] [stdout] error[E0432]: unresolved import `yash_env::test_helper`
[INFO] [stdout]    --> src/exit.rs:143:19
[INFO] [stdout]     |
[INFO] [stdout] 143 |     use yash_env::test_helper::assert_stderr;
[INFO] [stdout]     |                   ^^^^^^^^^^^ could not find `test_helper` in `yash_env`
[INFO] [stdout]     |
[INFO] [stdout] note: found an item that was configured out
[INFO] [stdout]    --> /opt/rustwide/cargo-home/registry/src/index.crates.io-1949cf8c6b5b557f/yash-env-0.17.1/src/lib.rs:721:9
[INFO] [stdout]     |
[INFO] [stdout] 720 | #[cfg(any(test, feature = "test-helper"))]
[INFO] [stdout]     |          ------------------------------- the item is gated here
[INFO] [stdout] 721 | pub mod test_helper;
[INFO] [stdout]     |         ^^^^^^^^^^^
[INFO] [stdout] 
[INFO] [stdout] 
[INFO] [stdout] error[E0432]: unresolved import `yash_env::test_helper`
[INFO] [stdout]    --> src/false.rs:54:19
[INFO] [stdout]     |
[INFO] [stdout]  54 |     use yash_env::test_helper::assert_stderr;
[INFO] [stdout]     |                   ^^^^^^^^^^^ could not find `test_helper` in `yash_env`
[INFO] [stdout]     |
[INFO] [stdout] note: found an item that was configured out
[INFO] [stdout]    --> /opt/rustwide/cargo-home/registry/src/index.crates.io-1949cf8c6b5b557f/yash-env-0.17.1/src/lib.rs:721:9
[INFO] [stdout]     |
[INFO] [stdout] 720 | #[cfg(any(test, feature = "test-helper"))]
[INFO] [stdout]     |          ------------------------------- the item is gated here
[INFO] [stdout] 721 | pub mod test_helper;
[INFO] [stdout]     |         ^^^^^^^^^^^
[INFO] [stdout] 
[INFO] [stdout] 
[INFO] [stdout] error[E0432]: unresolved import `yash_env::test_helper`
[INFO] [stdout]    --> src/fg.rs:268:19
[INFO] [stdout]     |
[INFO] [stdout] 268 |     use yash_env::test_helper::assert_stderr;
[INFO] [stdout]     |                   ^^^^^^^^^^^ could not find `test_helper` in `yash_env`
[INFO] [stdout]     |
[INFO] [stdout] note: found an item that was configured out
[INFO] [stdout]    --> /opt/rustwide/cargo-home/registry/src/index.crates.io-1949cf8c6b5b557f/yash-env-0.17.1/src/lib.rs:721:9
[INFO] [stdout]     |
[INFO] [stdout] 720 | #[cfg(any(test, feature = "test-helper"))]
[INFO] [stdout]     |          ------------------------------- the item is gated here
[INFO] [stdout] 721 | pub mod test_helper;
[INFO] [stdout]     |         ^^^^^^^^^^^
[INFO] [stdout] 
[INFO] [stdout] 
[INFO] [stdout] error[E0432]: unresolved import `yash_env::test_helper`
[INFO] [stdout]    --> src/fg.rs:269:19
[INFO] [stdout]     |
[INFO] [stdout] 269 |     use yash_env::test_helper::assert_stdout;
[INFO] [stdout]     |                   ^^^^^^^^^^^ could not find `test_helper` in `yash_env`
[INFO] [stdout]     |
[INFO] [stdout] note: found an item that was configured out
[INFO] [stdout]    --> /opt/rustwide/cargo-home/registry/src/index.crates.io-1949cf8c6b5b557f/yash-env-0.17.1/src/lib.rs:721:9
[INFO] [stdout]     |
[INFO] [stdout] 720 | #[cfg(any(test, feature = "test-helper"))]
[INFO] [stdout]     |          ------------------------------- the item is gated here
[INFO] [stdout] 721 | pub mod test_helper;
[INFO] [stdout]     |         ^^^^^^^^^^^
[INFO] [stdout] 
[INFO] [stdout] 
[INFO] [stdout] error[E0432]: unresolved import `yash_env::test_helper`
[INFO] [stdout]    --> src/fg.rs:270:19
[INFO] [stdout]     |
[INFO] [stdout] 270 |     use yash_env::test_helper::in_virtual_system;
[INFO] [stdout]     |                   ^^^^^^^^^^^ could not find `test_helper` in `yash_env`
[INFO] [stdout]     |
[INFO] [stdout] note: found an item that was configured out
[INFO] [stdout]    --> /opt/rustwide/cargo-home/registry/src/index.crates.io-1949cf8c6b5b557f/yash-env-0.17.1/src/lib.rs:721:9
[INFO] [stdout]     |
[INFO] [stdout] 720 | #[cfg(any(test, feature = "test-helper"))]
[INFO] [stdout]     |          ------------------------------- the item is gated here
[INFO] [stdout] 721 | pub mod test_helper;
[INFO] [stdout]     |         ^^^^^^^^^^^
[INFO] [stdout] 
[INFO] [stdout] 
[INFO] [stdout] error[E0432]: unresolved import `yash_env::test_helper`
[INFO] [stdout]    --> src/fg.rs:271:19
[INFO] [stdout]     |
[INFO] [stdout] 271 |     use yash_env::test_helper::stub_tty;
[INFO] [stdout]     |                   ^^^^^^^^^^^ could not find `test_helper` in `yash_env`
[INFO] [stdout]     |
[INFO] [stdout] note: found an item that was configured out
[INFO] [stdout]    --> /opt/rustwide/cargo-home/registry/src/index.crates.io-1949cf8c6b5b557f/yash-env-0.17.1/src/lib.rs:721:9
[INFO] [stdout]     |
[INFO] [stdout] 720 | #[cfg(any(test, feature = "test-helper"))]
[INFO] [stdout]     |          ------------------------------- the item is gated here
[INFO] [stdout] 721 | pub mod test_helper;
[INFO] [stdout]     |         ^^^^^^^^^^^
[INFO] [stdout] 
[INFO] [stdout] 
[INFO] [stdout] error[E0432]: unresolved import `yash_env::test_helper`
[INFO] [stdout]    --> src/jobs.rs:201:19
[INFO] [stdout]     |
[INFO] [stdout] 201 |     use yash_env::test_helper::assert_stderr;
[INFO] [stdout]     |                   ^^^^^^^^^^^ could not find `test_helper` in `yash_env`
[INFO] [stdout]     |
[INFO] [stdout] note: found an item that was configured out
[INFO] [stdout]    --> /opt/rustwide/cargo-home/registry/src/index.crates.io-1949cf8c6b5b557f/yash-env-0.17.1/src/lib.rs:721:9
[INFO] [stdout]     |
[INFO] [stdout] 720 | #[cfg(any(test, feature = "test-helper"))]
[INFO] [stdout]     |          ------------------------------- the item is gated here
[INFO] [stdout] 721 | pub mod test_helper;
[INFO] [stdout]     |         ^^^^^^^^^^^
[INFO] [stdout] 
[INFO] [stdout] 
[INFO] [stdout] error[E0432]: unresolved import `yash_env::test_helper`
[INFO] [stdout]    --> src/jobs.rs:202:19
[INFO] [stdout]     |
[INFO] [stdout] 202 |     use yash_env::test_helper::assert_stdout;
[INFO] [stdout]     |                   ^^^^^^^^^^^ could not find `test_helper` in `yash_env`
[INFO] [stdout]     |
[INFO] [stdout] note: found an item that was configured out
[INFO] [stdout]    --> /opt/rustwide/cargo-home/registry/src/index.crates.io-1949cf8c6b5b557f/yash-env-0.17.1/src/lib.rs:721:9
[INFO] [stdout]     |
[INFO] [stdout] 720 | #[cfg(any(test, feature = "test-helper"))]
[INFO] [stdout]     |          ------------------------------- the item is gated here
[INFO] [stdout] 721 | pub mod test_helper;
[INFO] [stdout]     |         ^^^^^^^^^^^
[INFO] [stdout] 
[INFO] [stdout] 
[INFO] [stdout] error[E0432]: unresolved import `yash_env::test_helper`
[INFO] [stdout]    --> src/kill/send.rs:287:19
[INFO] [stdout]     |
[INFO] [stdout] 287 |     use yash_env::test_helper::assert_stderr;
[INFO] [stdout]     |                   ^^^^^^^^^^^ could not find `test_helper` in `yash_env`
[INFO] [stdout]     |
[INFO] [stdout] note: found an item that was configured out
[INFO] [stdout]    --> /opt/rustwide/cargo-home/registry/src/index.crates.io-1949cf8c6b5b557f/yash-env-0.17.1/src/lib.rs:721:9
[INFO] [stdout]     |
[INFO] [stdout] 720 | #[cfg(any(test, feature = "test-helper"))]
[INFO] [stdout]     |          ------------------------------- the item is gated here
[INFO] [stdout] 721 | pub mod test_helper;
[INFO] [stdout]     |         ^^^^^^^^^^^
[INFO] [stdout] 
[INFO] [stdout] 
[INFO] [stdout] error[E0432]: unresolved import `yash_env::test_helper`
[INFO] [stdout]    --> src/read/input.rs:227:19
[INFO] [stdout]     |
[INFO] [stdout] 227 |     use yash_env::test_helper::in_virtual_system;
[INFO] [stdout]     |                   ^^^^^^^^^^^ could not find `test_helper` in `yash_env`
[INFO] [stdout]     |
[INFO] [stdout] note: found an item that was configured out
[INFO] [stdout]    --> /opt/rustwide/cargo-home/registry/src/index.crates.io-1949cf8c6b5b557f/yash-env-0.17.1/src/lib.rs:721:9
[INFO] [stdout]     |
[INFO] [stdout] 720 | #[cfg(any(test, feature = "test-helper"))]
[INFO] [stdout]     |          ------------------------------- the item is gated here
[INFO] [stdout] 721 | pub mod test_helper;
[INFO] [stdout]     |         ^^^^^^^^^^^
[INFO] [stdout] 
[INFO] [stdout] 
[INFO] [stdout] error[E0432]: unresolved import `yash_env::test_helper`
[INFO] [stdout]    --> src/return.rs:124:19
[INFO] [stdout]     |
[INFO] [stdout] 124 |     use yash_env::test_helper::assert_stderr;
[INFO] [stdout]     |                   ^^^^^^^^^^^ could not find `test_helper` in `yash_env`
[INFO] [stdout]     |
[INFO] [stdout] note: found an item that was configured out
[INFO] [stdout]    --> /opt/rustwide/cargo-home/registry/src/index.crates.io-1949cf8c6b5b557f/yash-env-0.17.1/src/lib.rs:721:9
[INFO] [stdout]     |
[INFO] [stdout] 720 | #[cfg(any(test, feature = "test-helper"))]
[INFO] [stdout]     |          ------------------------------- the item is gated here
[INFO] [stdout] 721 | pub mod test_helper;
[INFO] [stdout]     |         ^^^^^^^^^^^
[INFO] [stdout] 
[INFO] [stdout] 
[INFO] [stdout] error[E0432]: unresolved import `yash_env::test_helper`
[INFO] [stdout]    --> src/set.rs:236:19
[INFO] [stdout]     |
[INFO] [stdout] 236 |     use yash_env::test_helper::assert_stderr;
[INFO] [stdout]     |                   ^^^^^^^^^^^ could not find `test_helper` in `yash_env`
[INFO] [stdout]     |
[INFO] [stdout] note: found an item that was configured out
[INFO] [stdout]    --> /opt/rustwide/cargo-home/registry/src/index.crates.io-1949cf8c6b5b557f/yash-env-0.17.1/src/lib.rs:721:9
[INFO] [stdout]     |
[INFO] [stdout] 720 | #[cfg(any(test, feature = "test-helper"))]
[INFO] [stdout]     |          ------------------------------- the item is gated here
[INFO] [stdout] 721 | pub mod test_helper;
[INFO] [stdout]     |         ^^^^^^^^^^^
[INFO] [stdout] 
[INFO] [stdout] 
[INFO] [stdout] error[E0432]: unresolved import `yash_env::test_helper`
[INFO] [stdout]    --> src/set.rs:237:19
[INFO] [stdout]     |
[INFO] [stdout] 237 |     use yash_env::test_helper::assert_stdout;
[INFO] [stdout]     |                   ^^^^^^^^^^^ could not find `test_helper` in `yash_env`
[INFO] [stdout]     |
[INFO] [stdout] note: found an item that was configured out
[INFO] [stdout]    --> /opt/rustwide/cargo-home/registry/src/index.crates.io-1949cf8c6b5b557f/yash-env-0.17.1/src/lib.rs:721:9
[INFO] [stdout]     |
[INFO] [stdout] 720 | #[cfg(any(test, feature = "test-helper"))]
[INFO] [stdout]     |          ------------------------------- the item is gated here
[INFO] [stdout] 721 | pub mod test_helper;
[INFO] [stdout]     |         ^^^^^^^^^^^
[INFO] [stdout] 
[INFO] [stdout] 
[INFO] [stdout] error[E0432]: unresolved import `yash_env::test_helper`
[INFO] [stdout]    --> src/shift.rs:139:19
[INFO] [stdout]     |
[INFO] [stdout] 139 |     use yash_env::test_helper::assert_stderr;
[INFO] [stdout]     |                   ^^^^^^^^^^^ could not find `test_helper` in `yash_env`
[INFO] [stdout]     |
[INFO] [stdout] note: found an item that was configured out
[INFO] [stdout]    --> /opt/rustwide/cargo-home/registry/src/index.crates.io-1949cf8c6b5b557f/yash-env-0.17.1/src/lib.rs:721:9
[INFO] [stdout]     |
[INFO] [stdout] 720 | #[cfg(any(test, feature = "test-helper"))]
[INFO] [stdout]     |          ------------------------------- the item is gated here
[INFO] [stdout] 721 | pub mod test_helper;
[INFO] [stdout]     |         ^^^^^^^^^^^
[INFO] [stdout] 
[INFO] [stdout] 
[INFO] [stdout] error[E0432]: unresolved import `yash_env::test_helper`
[INFO] [stdout]    --> src/trap.rs:335:19
[INFO] [stdout]     |
[INFO] [stdout] 335 |     use yash_env::test_helper::assert_stderr;
[INFO] [stdout]     |                   ^^^^^^^^^^^ could not find `test_helper` in `yash_env`
[INFO] [stdout]     |
[INFO] [stdout] note: found an item that was configured out
[INFO] [stdout]    --> /opt/rustwide/cargo-home/registry/src/index.crates.io-1949cf8c6b5b557f/yash-env-0.17.1/src/lib.rs:721:9
[INFO] [stdout]     |
[INFO] [stdout] 720 | #[cfg(any(test, feature = "test-helper"))]
[INFO] [stdout]     |          ------------------------------- the item is gated here
[INFO] [stdout] 721 | pub mod test_helper;
[INFO] [stdout]     |         ^^^^^^^^^^^
[INFO] [stdout] 
[INFO] [stdout] 
[INFO] [stdout] error[E0432]: unresolved import `yash_env::test_helper`
[INFO] [stdout]    --> src/trap.rs:336:19
[INFO] [stdout]     |
[INFO] [stdout] 336 |     use yash_env::test_helper::assert_stdout;
[INFO] [stdout]     |                   ^^^^^^^^^^^ could not find `test_helper` in `yash_env`
[INFO] [stdout]     |
[INFO] [stdout] note: found an item that was configured out
[INFO] [stdout]    --> /opt/rustwide/cargo-home/registry/src/index.crates.io-1949cf8c6b5b557f/yash-env-0.17.1/src/lib.rs:721:9
[INFO] [stdout]     |
[INFO] [stdout] 720 | #[cfg(any(test, feature = "test-helper"))]
[INFO] [stdout]     |          ------------------------------- the item is gated here
[INFO] [stdout] 721 | pub mod test_helper;
[INFO] [stdout]     |         ^^^^^^^^^^^
[INFO] [stdout] 
[INFO] [stdout] 
[INFO] [stdout] error[E0433]: cannot find `test_helper` in `yash_env`
[INFO] [stdout]    --> src/typeset/set_functions.rs:83:19
[INFO] [stdout]     |
[INFO] [stdout]  83 |     use yash_env::test_helper::function::FunctionBodyStub;
[INFO] [stdout]     |                   ^^^^^^^^^^^ could not find `test_helper` in `yash_env`
[INFO] [stdout]     |
[INFO] [stdout] note: found an item that was configured out
[INFO] [stdout]    --> /opt/rustwide/cargo-home/registry/src/index.crates.io-1949cf8c6b5b557f/yash-env-0.17.1/src/lib.rs:721:9
[INFO] [stdout]     |
[INFO] [stdout] 720 | #[cfg(any(test, feature = "test-helper"))]
[INFO] [stdout]     |          ------------------------------- the item is gated here
[INFO] [stdout] 721 | pub mod test_helper;
[INFO] [stdout]     |         ^^^^^^^^^^^
[INFO] [stdout] 
[INFO] [stdout] 
[INFO] [stdout] error[E0432]: unresolved import `yash_env::test_helper`
[INFO] [stdout]    --> src/true.rs:53:19
[INFO] [stdout]     |
[INFO] [stdout]  53 |     use yash_env::test_helper::assert_stderr;
[INFO] [stdout]     |                   ^^^^^^^^^^^ could not find `test_helper` in `yash_env`
[INFO] [stdout]     |
[INFO] [stdout] note: found an item that was configured out
[INFO] [stdout]    --> /opt/rustwide/cargo-home/registry/src/index.crates.io-1949cf8c6b5b557f/yash-env-0.17.1/src/lib.rs:721:9
[INFO] [stdout]     |
[INFO] [stdout] 720 | #[cfg(any(test, feature = "test-helper"))]
[INFO] [stdout]     |          ------------------------------- the item is gated here
[INFO] [stdout] 721 | pub mod test_helper;
[INFO] [stdout]     |         ^^^^^^^^^^^
[INFO] [stdout] 
[INFO] [stdout] 
[INFO] [stdout] error[E0432]: unresolved import `yash_env::test_helper`
[INFO] [stdout]    --> src/wait/core.rs:148:19
[INFO] [stdout]     |
[INFO] [stdout] 148 |     use yash_env::test_helper::in_virtual_system;
[INFO] [stdout]     |                   ^^^^^^^^^^^ could not find `test_helper` in `yash_env`
[INFO] [stdout]     |
[INFO] [stdout] note: found an item that was configured out
[INFO] [stdout]    --> /opt/rustwide/cargo-home/registry/src/index.crates.io-1949cf8c6b5b557f/yash-env-0.17.1/src/lib.rs:721:9
[INFO] [stdout]     |
[INFO] [stdout] 720 | #[cfg(any(test, feature = "test-helper"))]
[INFO] [stdout]     |          ------------------------------- the item is gated here
[INFO] [stdout] 721 | pub mod test_helper;
[INFO] [stdout]     |         ^^^^^^^^^^^
[INFO] [stdout] 
[INFO] [stdout] 
[INFO] [stdout] error[E0433]: cannot find module or crate `yash_semantics` in this scope
[INFO] [stdout]    --> src/command/invoke.rs:191:9
[INFO] [stdout]     |
[INFO] [stdout] 191 |     use yash_semantics::Divert::Return;
[INFO] [stdout]     |         ^^^^^^^^^^^^^^ use of unresolved module or unlinked crate `yash_semantics`
[INFO] [stdout]     |
[INFO] [stdout]     = help: if you wanted to use a crate named `yash_semantics`, use `cargo add yash_semantics` to add it to your `Cargo.toml`
[INFO] [stdout] 
[INFO] [stdout] 
[INFO] [stdout] error[E0432]: unresolved import `yash_env::test_helper`
[INFO] [stdout]    --> src/wait.rs:162:19
[INFO] [stdout]     |
[INFO] [stdout] 162 |     use yash_env::test_helper::{assert_stderr, in_virtual_system, stub_tty};
[INFO] [stdout]     |                   ^^^^^^^^^^^ could not find `test_helper` in `yash_env`
[INFO] [stdout]     |
[INFO] [stdout] note: found an item that was configured out
[INFO] [stdout]    --> /opt/rustwide/cargo-home/registry/src/index.crates.io-1949cf8c6b5b557f/yash-env-0.17.1/src/lib.rs:721:9
[INFO] [stdout]     |
[INFO] [stdout] 720 | #[cfg(any(test, feature = "test-helper"))]
[INFO] [stdout]     |          ------------------------------- the item is gated here
[INFO] [stdout] 721 | pub mod test_helper;
[INFO] [stdout]     |         ^^^^^^^^^^^
[INFO] [stdout] 
[INFO] [stdout] 
[INFO] [stdout] error[E0433]: cannot find module or crate `yash_syntax` in this scope
[INFO] [stdout]    --> src/command/invoke.rs:193:9
[INFO] [stdout]     |
[INFO] [stdout] 193 |     use yash_syntax::syntax::FullCompoundCommand;
[INFO] [stdout]     |         ^^^^^^^^^^^ use of unresolved module or unlinked crate `yash_syntax`
[INFO] [stdout]     |
[INFO] [stdout]     = help: if you wanted to use a crate named `yash_syntax`, use `cargo add yash_syntax` to add it to your `Cargo.toml`
[INFO] [stdout] 
[INFO] [stdout] 
[INFO] [stdout] error[E0433]: cannot find module or crate `yash_semantics` in this scope
[INFO] [stdout]    --> src/command/invoke.rs:206:17
[INFO] [stdout]     |
[INFO] [stdout] 206 |             use yash_semantics::command::Command as _;
[INFO] [stdout]     |                 ^^^^^^^^^^^^^^ use of unresolved module or unlinked crate `yash_semantics`
[INFO] [stdout]     |
[INFO] [stdout]     = help: if you wanted to use a crate named `yash_semantics`, use `cargo add yash_semantics` to add it to your `Cargo.toml`
[INFO] [stdout] 
[INFO] [stdout] 
[INFO] [stdout] error[E0433]: cannot find module or crate `yash_semantics` in this scope
[INFO] [stdout]    --> src/set.rs:240:9
[INFO] [stdout]     |
[INFO] [stdout] 240 |     use yash_semantics::command::Command as _;
[INFO] [stdout]     |         ^^^^^^^^^^^^^^ use of unresolved module or unlinked crate `yash_semantics`
[INFO] [stdout]     |
[INFO] [stdout]     = help: if you wanted to use a crate named `yash_semantics`, use `cargo add yash_semantics` to add it to your `Cargo.toml`
[INFO] [stdout] 
[INFO] [stdout] 
[INFO] [stdout] error[E0433]: cannot find module or crate `yash_syntax` in this scope
[INFO] [stdout]    --> src/set.rs:241:9
[INFO] [stdout]     |
[INFO] [stdout] 241 |     use yash_syntax::syntax::List;
[INFO] [stdout]     |         ^^^^^^^^^^^ use of unresolved module or unlinked crate `yash_syntax`
[INFO] [stdout]     |
[INFO] [stdout]     = help: if you wanted to use a crate named `yash_syntax`, use `cargo add yash_syntax` to add it to your `Cargo.toml`
[INFO] [stdout] 
[INFO] [stdout] 
[INFO] [stdout] error[E0432]: unresolved import `yash_semantics`
[INFO] [stdout]    --> src/command/invoke.rs:192:9
[INFO] [stdout]     |
[INFO] [stdout] 192 |     use yash_semantics::Runtime;
[INFO] [stdout]     |         ^^^^^^^^^^^^^^ use of unresolved module or unlinked crate `yash_semantics`
[INFO] [stdout]     |
[INFO] [stdout]     = help: if you wanted to use a crate named `yash_semantics`, use `cargo add yash_semantics` to add it to your `Cargo.toml`
[INFO] [stdout] 
[INFO] [stdout] 
[INFO] [stdout] error[E0433]: cannot find module or crate `yash_semantics` in this scope
[INFO] [stdout]    --> src/command/invoke.rs:340:25
[INFO] [stdout]     |
[INFO] [stdout] 340 |                         yash_semantics::command::simple_command::execute_function_body(
[INFO] [stdout]     |                         ^^^^^^^^^^^^^^ use of unresolved module or unlinked crate `yash_semantics`
[INFO] [stdout]     |
[INFO] [stdout]     = help: if you wanted to use a crate named `yash_semantics`, use `cargo add yash_semantics` to add it to your `Cargo.toml`
[INFO] [stdout] 
[INFO] [stdout] 
[INFO] [stdout] error[E0433]: cannot find module or crate `yash_syntax` in this scope
[INFO] [stdout]    --> src/set.rs:250:30
[INFO] [stdout]     |
[INFO] [stdout] 250 |                 |_env, name| yash_syntax::parser::lex::is_name(name),
[INFO] [stdout]     |                              ^^^^^^^^^^^ use of unresolved module or unlinked crate `yash_syntax`
[INFO] [stdout]     |
[INFO] [stdout]     = help: if you wanted to use a crate named `yash_syntax`, use `cargo add yash_syntax` to add it to your `Cargo.toml`
[INFO] [stdout] 
[INFO] [stdout] 
[INFO] [stdout] error[E0433]: cannot find module or crate `yash_semantics` in this scope
[INFO] [stdout]    --> src/wait/core.rs:223:38
[INFO] [stdout]     |
[INFO] [stdout] 223 |                         async move { yash_semantics::trap::run_trap_if_caught(env, signal).await },
[INFO] [stdout]     |                                      ^^^^^^^^^^^^^^ use of unresolved module or unlinked crate `yash_semantics`
[INFO] [stdout]     |
[INFO] [stdout]     = help: if you wanted to use a crate named `yash_semantics`, use `cargo add yash_semantics` to add it to your `Cargo.toml`
[INFO] [stdout] 
[INFO] [stdout] 
[INFO] [stdout] error[E0433]: cannot find module or crate `yash_semantics` in this scope
[INFO] [stdout]    --> src/wait/core.rs:279:38
[INFO] [stdout]     |
[INFO] [stdout] 279 |                         async move { yash_semantics::trap::run_trap_if_caught(env, signal).await },
[INFO] [stdout]     |                                      ^^^^^^^^^^^^^^ use of unresolved module or unlinked crate `yash_semantics`
[INFO] [stdout]     |
[INFO] [stdout]     = help: if you wanted to use a crate named `yash_semantics`, use `cargo add yash_semantics` to add it to your `Cargo.toml`
[INFO] [stdout] 
[INFO] [stdout] 
[INFO] [stdout] error[E0433]: cannot find `test_helper` in `yash_env`
[INFO] [stdout]    --> src/unset/semantics.rs:271:30
[INFO] [stdout]     |
[INFO] [stdout] 271 |         let body = yash_env::test_helper::function::FunctionBodyStub::rc_dyn();
[INFO] [stdout]     |                              ^^^^^^^^^^^ could not find `test_helper` in `yash_env`
[INFO] [stdout]     |
[INFO] [stdout] note: found an item that was configured out
[INFO] [stdout]    --> /opt/rustwide/cargo-home/registry/src/index.crates.io-1949cf8c6b5b557f/yash-env-0.17.1/src/lib.rs:721:9
[INFO] [stdout]     |
[INFO] [stdout] 720 | #[cfg(any(test, feature = "test-helper"))]
[INFO] [stdout]     |          ------------------------------- the item is gated here
[INFO] [stdout] 721 | pub mod test_helper;
[INFO] [stdout]     |         ^^^^^^^^^^^
[INFO] [stdout] note: struct `crate::typeset::print_functions::tests::FunctionBodyStub` exists but is inaccessible
[INFO] [stdout]    --> src/typeset/print_functions.rs:113:5
[INFO] [stdout]     |
[INFO] [stdout] 113 |     struct FunctionBodyStub(String);
[INFO] [stdout]     |     ^^^^^^^^^^^^^^^^^^^^^^^^^^^^^^^^ not accessible
[INFO] [stdout] 
[INFO] [stdout] 
[INFO] [stdout] Some errors have detailed explanations: E0432, E0433.
[INFO] [stdout] 
[INFO] [stdout] For more information about an error, try `rustc --explain E0432`.
[INFO] [stdout] 
[INFO] [stderr] error: could not compile `yash-builtin` (lib test) due to 43 previous errors
[INFO] [stderr] warning: build failed, waiting for other jobs to finish...
[INFO] running `Command { std: "docker" "inspect" "ff3c88d2133b4259dce99a76c0966a636670aa7b681960edcbb741398eb36832", kill_on_drop: false }`
[INFO] running `Command { std: "docker" "rm" "-f" "ff3c88d2133b4259dce99a76c0966a636670aa7b681960edcbb741398eb36832", kill_on_drop: false }`
[INFO] [stdout] ff3c88d2133b4259dce99a76c0966a636670aa7b681960edcbb741398eb36832
