[INFO] fetching crate yah-runner-ho 0.8.46...
[INFO] testing yah-runner-ho-0.8.46 against 1.99.0-beta.8+cargoflags=--release for beta-release-1.100-2
[INFO] extracting crate yah-runner-ho 0.8.46 into /workspace/builds/worker-3-tc1/source
[INFO] started tweaking crates.io crate yah-runner-ho 0.8.46
[INFO] removed 0 missing examples
[INFO] removed 0 missing tests
[INFO] finished tweaking crates.io crate yah-runner-ho 0.8.46
[INFO] tweaked toml for crates.io crate yah-runner-ho 0.8.46 written to /workspace/builds/worker-3-tc1/source/Cargo.toml
[INFO] validating manifest of crates.io crate yah-runner-ho 0.8.46 on toolchain 1.99.0-beta.8
[INFO] running `Command { std: CARGO_HOME="/workspace/cargo-home" RUSTUP_HOME="/workspace/rustup-home" "/workspace/cargo-home/bin/cargo" "+1.99.0-beta.8" "metadata" "--manifest-path" "Cargo.toml" "--no-deps", kill_on_drop: false }`
[INFO] crate crates.io crate yah-runner-ho 0.8.46 already has a lockfile, it will not be regenerated
[INFO] running `Command { std: CARGO_HOME="/workspace/cargo-home" RUSTUP_HOME="/workspace/rustup-home" "/workspace/cargo-home/bin/cargo" "+1.99.0-beta.8" "fetch" "--manifest-path" "Cargo.toml", kill_on_drop: false }`
[INFO] [stderr]     Updating crates.io index
[INFO] [stderr]  Downloading crates ...
[INFO] [stderr]   Downloaded yah-runner-core v0.8.46
[INFO] running `Command { std: "docker" "create" "-v" "/var/lib/crater-agent-workspace/builds/worker-3-tc1/source:/opt/rustwide/workdir:ro,Z" "-v" "/var/lib/crater-agent-workspace/builds/worker-3-tc1/target:/opt/rustwide/target:rw,Z" "-v" "/var/lib/crater-agent-workspace/cargo-home:/opt/rustwide/cargo-home:ro,Z" "-v" "/var/lib/crater-agent-workspace/rustup-home:/opt/rustwide/rustup-home:ro,Z" "-m" "1610612736" "--network" "none" "ghcr.io/rust-lang/crates-build-env/linux@sha256:77db811e55d90add9212f6832c23229e3de5f1c1f9905e8cb07319ea15df73ac" "sleep" "infinity", kill_on_drop: false }`
[INFO] [stdout] 708fb4e0d31f615d2c3199ff2d6298ab59d7905e2b1f74873bd8b18af595dc4d
[INFO] running `Command { std: "docker" "start" "708fb4e0d31f615d2c3199ff2d6298ab59d7905e2b1f74873bd8b18af595dc4d", kill_on_drop: false }`
[INFO] running `Command { std: "docker" "inspect" "708fb4e0d31f615d2c3199ff2d6298ab59d7905e2b1f74873bd8b18af595dc4d", kill_on_drop: false }`
[INFO] running `Command { std: "docker" "exec" "-e" "SOURCE_DIR=/opt/rustwide/workdir" "-e" "CARGO_HOME=/opt/rustwide/cargo-home" "-e" "RUSTUP_HOME=/opt/rustwide/rustup-home" "-e" "CARGO_TARGET_DIR=/opt/rustwide/target" "-w" "/opt/rustwide/workdir" "--user" "0:0" "708fb4e0d31f615d2c3199ff2d6298ab59d7905e2b1f74873bd8b18af595dc4d" "/opt/rustwide/cargo-home/bin/cargo" "+1.99.0-beta.8" "metadata" "--no-deps" "--format-version=1", kill_on_drop: false }`
[INFO] running `Command { std: "docker" "inspect" "708fb4e0d31f615d2c3199ff2d6298ab59d7905e2b1f74873bd8b18af595dc4d", kill_on_drop: false }`
[INFO] running `Command { std: "docker" "exec" "-e" "SOURCE_DIR=/opt/rustwide/workdir" "-e" "CARGO_HOME=/opt/rustwide/cargo-home" "-e" "RUSTUP_HOME=/opt/rustwide/rustup-home" "-e" "CARGO_TARGET_DIR=/opt/rustwide/target" "-e" "CARGO_INCREMENTAL=0" "-e" "RUST_BACKTRACE=full" "-e" "RUSTFLAGS=--cap-lints=warn" "-e" "RUSTDOCFLAGS=--cap-lints=warn" "-w" "/opt/rustwide/workdir" "--user" "0:0" "708fb4e0d31f615d2c3199ff2d6298ab59d7905e2b1f74873bd8b18af595dc4d" "/opt/rustwide/cargo-home/bin/cargo" "+1.99.0-beta.8" "build" "--frozen" "--message-format=json" "--release", kill_on_drop: false }`
[INFO] [stderr]    Compiling smallvec v1.16.3
[INFO] [stderr]    Compiling cc v1.7.0
[INFO] [stderr]    Compiling rustls v0.23.45
[INFO] [stderr]    Compiling syn v3.0.7
[INFO] [stderr]    Compiling syn v2.0.119
[INFO] [stderr]    Compiling getrandom v0.2.17
[INFO] [stderr]    Compiling tokio v1.53.2
[INFO] [stderr]    Compiling webpki-roots v1.0.9
[INFO] [stderr]    Compiling serde_json v1.0.151
[INFO] [stderr]    Compiling ring v0.17.14
[INFO] [stderr]    Compiling blake3 v1.8.7
[INFO] [stderr]    Compiling tracing-attributes v0.1.31
[INFO] [stderr]    Compiling thiserror-impl v1.0.69
[INFO] [stderr]    Compiling async-stream-impl v0.3.6
[INFO] [stderr]    Compiling synstructure v0.14.0
[INFO] [stderr]    Compiling async-stream v0.3.6
[INFO] [stderr]    Compiling zerofrom-derive v0.1.8
[INFO] [stderr]    Compiling yoke-derive v0.8.4
[INFO] [stderr]    Compiling zerovec-derive v0.11.6
[INFO] [stderr]    Compiling displaydoc v0.2.7
[INFO] [stderr]    Compiling futures-macro v0.3.34
[INFO] [stderr]    Compiling serde_derive v1.0.229
[INFO] [stderr]    Compiling async-trait v0.1.92
[INFO] [stderr]    Compiling thiserror v1.0.69
[INFO] [stderr]    Compiling tracing v0.1.44
[INFO] [stderr]    Compiling hyper v1.12.0
[INFO] [stderr]    Compiling tokio-util v0.7.20
[INFO] [stderr]    Compiling futures-util v0.3.34
[INFO] [stderr]    Compiling zerofrom v0.1.8
[INFO] [stderr]    Compiling yoke v0.8.3
[INFO] [stderr]    Compiling zerovec v0.11.8
[INFO] [stderr]    Compiling zerotrie v0.2.5
[INFO] [stderr]    Compiling tinystr v0.8.4
[INFO] [stderr]    Compiling potential_utf v0.1.6
[INFO] [stderr]    Compiling icu_collections v2.3.0
[INFO] [stderr]    Compiling icu_locale_core v2.3.0
[INFO] [stderr]    Compiling serde v1.0.229
[INFO] [stderr]    Compiling serde_urlencoded v0.7.1
[INFO] [stderr]    Compiling icu_provider v2.3.1
[INFO] [stderr]    Compiling icu_properties v2.3.0
[INFO] [stderr]    Compiling icu_normalizer v2.3.0
[INFO] [stderr]    Compiling hyper-util v0.1.21
[INFO] [stderr]    Compiling tower v0.5.3
[INFO] [stderr]    Compiling futures-executor v0.3.34
[INFO] [stderr]    Compiling futures v0.3.34
[INFO] [stderr]    Compiling idna_adapter v1.2.2
[INFO] [stderr]    Compiling idna v1.1.0
[INFO] [stderr]    Compiling url v2.5.8
[INFO] [stderr]    Compiling tower-http v0.6.11
[INFO] [stderr]    Compiling rustls-webpki v0.103.15
[INFO] [stderr]    Compiling tokio-rustls v0.26.6
[INFO] [stderr]    Compiling hyper-rustls v0.27.10
[INFO] [stderr]    Compiling reqwest v0.12.28
[INFO] [stderr]    Compiling yah-runner-core v0.8.46
[INFO] [stderr]    Compiling yah-runner-ho v0.8.46 (/opt/rustwide/workdir)
[INFO] [stderr]     Finished `release` profile [optimized] target(s) in 20.82s
[INFO] running `Command { std: "docker" "inspect" "708fb4e0d31f615d2c3199ff2d6298ab59d7905e2b1f74873bd8b18af595dc4d", kill_on_drop: false }`
[INFO] running `Command { std: "docker" "exec" "-e" "SOURCE_DIR=/opt/rustwide/workdir" "-e" "CARGO_HOME=/opt/rustwide/cargo-home" "-e" "RUSTUP_HOME=/opt/rustwide/rustup-home" "-e" "CARGO_TARGET_DIR=/opt/rustwide/target" "-e" "CARGO_INCREMENTAL=0" "-e" "RUST_BACKTRACE=full" "-e" "RUSTFLAGS=--cap-lints=warn" "-e" "RUSTDOCFLAGS=--cap-lints=warn" "-w" "/opt/rustwide/workdir" "--user" "0:0" "708fb4e0d31f615d2c3199ff2d6298ab59d7905e2b1f74873bd8b18af595dc4d" "/opt/rustwide/cargo-home/bin/cargo" "+1.99.0-beta.8" "test" "--frozen" "--no-run" "--message-format=json" "--release", kill_on_drop: false }`
[INFO] [stderr]    Compiling tokio-macros v2.7.2
[INFO] [stderr]    Compiling tokio v1.53.2
[INFO] [stderr]    Compiling hyper v1.12.0
[INFO] [stderr]    Compiling tower v0.5.3
[INFO] [stderr]    Compiling tokio-rustls v0.26.6
[INFO] [stderr]    Compiling tokio-util v0.7.20
[INFO] [stderr]    Compiling tower-http v0.6.11
[INFO] [stderr]    Compiling hyper-util v0.1.21
[INFO] [stderr]    Compiling hyper-rustls v0.27.10
[INFO] [stderr]    Compiling reqwest v0.12.28
[INFO] [stderr]    Compiling yah-runner-core v0.8.46
[INFO] [stderr]    Compiling yah-runner-ho v0.8.46 (/opt/rustwide/workdir)
[INFO] [stdout] error[E0433]: cannot find module or crate `yah_runner_stub` in this scope
[INFO] [stdout]     --> src/openai_compat.rs:3260:20
[INFO] [stdout]      |
[INFO] [stdout] 3260 |         let stub = yah_runner_stub::InferenceStub::builder(yah_runner_stub::StubMode::default())
[INFO] [stdout]      |                    ^^^^^^^^^^^^^^^ use of unresolved module or unlinked crate `yah_runner_stub`
[INFO] [stdout]      |
[INFO] [stdout] help: there is a crate or module with a similar name
[INFO] [stdout]      |
[INFO] [stdout] 3260 -         let stub = yah_runner_stub::InferenceStub::builder(yah_runner_stub::StubMode::default())
[INFO] [stdout] 3260 +         let stub = yah_runner_core::InferenceStub::builder(yah_runner_stub::StubMode::default())
[INFO] [stdout]      |
[INFO] [stdout] 
[INFO] [stdout] 
[INFO] [stdout] error[E0433]: cannot find module or crate `yah_runner_stub` in this scope
[INFO] [stdout]     --> src/openai_compat.rs:3260:60
[INFO] [stdout]      |
[INFO] [stdout] 3260 |         let stub = yah_runner_stub::InferenceStub::builder(yah_runner_stub::StubMode::default())
[INFO] [stdout]      |                                                            ^^^^^^^^^^^^^^^ use of unresolved module or unlinked crate `yah_runner_stub`
[INFO] [stdout]      |
[INFO] [stdout] help: there is a crate or module with a similar name
[INFO] [stdout]      |
[INFO] [stdout] 3260 -         let stub = yah_runner_stub::InferenceStub::builder(yah_runner_stub::StubMode::default())
[INFO] [stdout] 3260 +         let stub = yah_runner_stub::InferenceStub::builder(yah_runner_core::StubMode::default())
[INFO] [stdout]      |
[INFO] [stdout] 
[INFO] [stdout] 
[INFO] [stdout] error[E0433]: cannot find module or crate `yah_runner_stub` in this scope
[INFO] [stdout]     --> src/openai_compat.rs:3261:23
[INFO] [stdout]      |
[INFO] [stdout] 3261 |             .replies([yah_runner_stub::Reply::Json(json!({
[INFO] [stdout]      |                       ^^^^^^^^^^^^^^^ use of unresolved module or unlinked crate `yah_runner_stub`
[INFO] [stdout]      |
[INFO] [stdout] help: there is a crate or module with a similar name
[INFO] [stdout]      |
[INFO] [stdout] 3261 -             .replies([yah_runner_stub::Reply::Json(json!({
[INFO] [stdout] 3261 +             .replies([yah_runner_core::Reply::Json(json!({
[INFO] [stdout]      |
[INFO] [stdout] 
[INFO] [stdout] 
[INFO] [stdout] error[E0432]: unresolved import `yah_runner_stub`
[INFO] [stdout]   --> tests/openai_compat_e2e.rs:20:5
[INFO] [stdout]    |
[INFO] [stdout] 20 | use yah_runner_stub::{InferenceStub, Reply, StubMode};
[INFO] [stdout]    |     ^^^^^^^^^^^^^^^ use of unresolved module or unlinked crate `yah_runner_stub`
[INFO] [stdout]    |
[INFO] [stdout] help: there is a crate or module with a similar name
[INFO] [stdout]    |
[INFO] [stdout] 20 - use yah_runner_stub::{InferenceStub, Reply, StubMode};
[INFO] [stdout] 20 + use yah_runner_core::{InferenceStub, Reply, StubMode};
[INFO] [stdout]    |
[INFO] [stdout] 
[INFO] [stdout] 
[INFO] [stdout] error[E0433]: cannot find module or crate `yah_runner_stub` in this scope
[INFO] [stdout]     --> tests/openai_compat_e2e.rs:1149:18
[INFO] [stdout]      |
[INFO] [stdout] 1149 |     let script = yah_runner_stub::Script::from_value(json!({
[INFO] [stdout]      |                  ^^^^^^^^^^^^^^^ use of unresolved module or unlinked crate `yah_runner_stub`
[INFO] [stdout]      |
[INFO] [stdout] help: there is a crate or module with a similar name
[INFO] [stdout]      |
[INFO] [stdout] 1149 -     let script = yah_runner_stub::Script::from_value(json!({
[INFO] [stdout] 1149 +     let script = yah_runner_core::Script::from_value(json!({
[INFO] [stdout]      |
[INFO] [stdout] 
[INFO] [stdout] 
[INFO] [stdout] Some errors have detailed explanations: E0432, E0433.
[INFO] [stdout] 
[INFO] [stdout] For more information about an error, try `rustc --explain E0432`.
[INFO] [stdout] 
[INFO] [stderr] error: could not compile `yah-runner-ho` (test "openai_compat_e2e") due to 2 previous errors
[INFO] [stderr] warning: build failed, waiting for other jobs to finish...
[INFO] [stdout] For more information about this error, try `rustc --explain E0433`.
[INFO] [stdout] 
[INFO] [stderr] error: could not compile `yah-runner-ho` (lib test) due to 3 previous errors
[INFO] running `Command { std: "docker" "inspect" "708fb4e0d31f615d2c3199ff2d6298ab59d7905e2b1f74873bd8b18af595dc4d", kill_on_drop: false }`
[INFO] running `Command { std: "docker" "rm" "-f" "708fb4e0d31f615d2c3199ff2d6298ab59d7905e2b1f74873bd8b18af595dc4d", kill_on_drop: false }`
[INFO] [stdout] 708fb4e0d31f615d2c3199ff2d6298ab59d7905e2b1f74873bd8b18af595dc4d
