[INFO] fetching crate yah-runner-ha 0.8.46...
[INFO] testing yah-runner-ha-0.8.46 against 1.99.0-beta.8+cargoflags=--release for beta-release-1.100-2
[INFO] extracting crate yah-runner-ha 0.8.46 into /workspace/builds/worker-6-tc1/source
[INFO] started tweaking crates.io crate yah-runner-ha 0.8.46
[INFO] finished tweaking crates.io crate yah-runner-ha 0.8.46
[INFO] tweaked toml for crates.io crate yah-runner-ha 0.8.46 written to /workspace/builds/worker-6-tc1/source/Cargo.toml
[INFO] validating manifest of crates.io crate yah-runner-ha 0.8.46 on toolchain 1.99.0-beta.8
[INFO] running `Command { std: CARGO_HOME="/workspace/cargo-home" RUSTUP_HOME="/workspace/rustup-home" "/workspace/cargo-home/bin/cargo" "+1.99.0-beta.8" "metadata" "--manifest-path" "Cargo.toml" "--no-deps", kill_on_drop: false }`
[INFO] crate crates.io crate yah-runner-ha 0.8.46 already has a lockfile, it will not be regenerated
[INFO] running `Command { std: CARGO_HOME="/workspace/cargo-home" RUSTUP_HOME="/workspace/rustup-home" "/workspace/cargo-home/bin/cargo" "+1.99.0-beta.8" "fetch" "--manifest-path" "Cargo.toml", kill_on_drop: false }`
[INFO] [stderr]     Updating crates.io index
[INFO] [stderr]  Downloading crates ...
[INFO] [stderr]   Downloaded cc v1.7.0
[INFO] [stderr]   Downloaded yah-runner-core v0.8.46
[INFO] [stderr]   Downloaded hyper v1.12.0
[INFO] [stderr]   Downloaded syn v3.0.7
[INFO] running `Command { std: "docker" "create" "-v" "/var/lib/crater-agent-workspace/builds/worker-6-tc1/source:/opt/rustwide/workdir:ro,Z" "-v" "/var/lib/crater-agent-workspace/builds/worker-6-tc1/target:/opt/rustwide/target:rw,Z" "-v" "/var/lib/crater-agent-workspace/cargo-home:/opt/rustwide/cargo-home:ro,Z" "-v" "/var/lib/crater-agent-workspace/rustup-home:/opt/rustwide/rustup-home:ro,Z" "-m" "1610612736" "--network" "none" "ghcr.io/rust-lang/crates-build-env/linux@sha256:77db811e55d90add9212f6832c23229e3de5f1c1f9905e8cb07319ea15df73ac" "sleep" "infinity", kill_on_drop: false }`
[INFO] [stdout] 629de14d22f7b88f3914542acfc17c3f3286738939613c9a6967cb23edc46563
[INFO] running `Command { std: "docker" "start" "629de14d22f7b88f3914542acfc17c3f3286738939613c9a6967cb23edc46563", kill_on_drop: false }`
[INFO] running `Command { std: "docker" "inspect" "629de14d22f7b88f3914542acfc17c3f3286738939613c9a6967cb23edc46563", kill_on_drop: false }`
[INFO] running `Command { std: "docker" "exec" "-e" "SOURCE_DIR=/opt/rustwide/workdir" "-e" "CARGO_HOME=/opt/rustwide/cargo-home" "-e" "RUSTUP_HOME=/opt/rustwide/rustup-home" "-e" "CARGO_TARGET_DIR=/opt/rustwide/target" "-w" "/opt/rustwide/workdir" "--user" "0:0" "629de14d22f7b88f3914542acfc17c3f3286738939613c9a6967cb23edc46563" "/opt/rustwide/cargo-home/bin/cargo" "+1.99.0-beta.8" "metadata" "--no-deps" "--format-version=1", kill_on_drop: false }`
[INFO] running `Command { std: "docker" "inspect" "629de14d22f7b88f3914542acfc17c3f3286738939613c9a6967cb23edc46563", kill_on_drop: false }`
[INFO] running `Command { std: "docker" "exec" "-e" "SOURCE_DIR=/opt/rustwide/workdir" "-e" "CARGO_HOME=/opt/rustwide/cargo-home" "-e" "RUSTUP_HOME=/opt/rustwide/rustup-home" "-e" "CARGO_TARGET_DIR=/opt/rustwide/target" "-e" "CARGO_INCREMENTAL=0" "-e" "RUST_BACKTRACE=full" "-e" "RUSTFLAGS=--cap-lints=warn" "-e" "RUSTDOCFLAGS=--cap-lints=warn" "-w" "/opt/rustwide/workdir" "--user" "0:0" "629de14d22f7b88f3914542acfc17c3f3286738939613c9a6967cb23edc46563" "/opt/rustwide/cargo-home/bin/cargo" "+1.99.0-beta.8" "build" "--frozen" "--message-format=json" "--release", kill_on_drop: false }`
[INFO] [stderr]    Compiling unicode-ident v1.0.26
[INFO] [stderr]    Compiling libc v0.2.190
[INFO] [stderr]    Compiling cc v1.7.0
[INFO] [stderr]    Compiling writeable v0.6.4
[INFO] [stderr]    Compiling memchr v2.8.3
[INFO] [stderr]    Compiling litemap v0.8.3
[INFO] [stderr]    Compiling smallvec v1.16.3
[INFO] [stderr]    Compiling icu_normalizer_data v2.3.0
[INFO] [stderr]    Compiling proc-macro2 v1.0.107
[INFO] [stderr]    Compiling icu_properties_data v2.3.0
[INFO] [stderr]    Compiling http v1.5.0
[INFO] [stderr]    Compiling zeroize v1.9.1
[INFO] [stderr]    Compiling rustls-pki-types v1.15.1
[INFO] [stderr]    Compiling rustls v0.23.45
[INFO] [stderr]    Compiling want v0.3.2
[INFO] [stderr]    Compiling sync_wrapper v1.0.2
[INFO] [stderr]    Compiling base64 v0.23.1
[INFO] [stderr]    Compiling quote v1.0.47
[INFO] [stderr]    Compiling ipnet v2.12.2
[INFO] [stderr]    Compiling syn v3.0.7
[INFO] [stderr]    Compiling syn v2.0.119
[INFO] [stderr]    Compiling http-body v1.1.0
[INFO] [stderr]    Compiling socket2 v0.6.5
[INFO] [stderr]    Compiling mio v1.2.4
[INFO] [stderr]    Compiling getrandom v0.2.17
[INFO] [stderr]    Compiling webpki-roots v1.0.9
[INFO] [stderr]    Compiling bitflags v2.13.2
[INFO] [stderr]    Compiling ring v0.17.14
[INFO] [stderr]    Compiling blake3 v1.8.7
[INFO] [stderr]    Compiling http-body-util v0.1.5
[INFO] [stderr]    Compiling log v0.4.34
[INFO] [stderr]    Compiling serde_json v1.0.151
[INFO] [stderr]    Compiling tracing-attributes v0.1.31
[INFO] [stderr]    Compiling thiserror-impl v1.0.69
[INFO] [stderr]    Compiling synstructure v0.14.0
[INFO] [stderr]    Compiling thiserror v1.0.69
[INFO] [stderr]    Compiling tracing v0.1.44
[INFO] [stderr]    Compiling zerofrom-derive v0.1.8
[INFO] [stderr]    Compiling yoke-derive v0.8.4
[INFO] [stderr]    Compiling zerovec-derive v0.11.6
[INFO] [stderr]    Compiling displaydoc v0.2.7
[INFO] [stderr]    Compiling tokio-macros v2.7.2
[INFO] [stderr]    Compiling futures-macro v0.3.34
[INFO] [stderr]    Compiling serde_derive v1.0.229
[INFO] [stderr]    Compiling tokio v1.53.2
[INFO] [stderr]    Compiling futures-util v0.3.34
[INFO] [stderr]    Compiling async-trait v0.1.92
[INFO] [stderr]    Compiling zerofrom v0.1.8
[INFO] [stderr]    Compiling yoke v0.8.3
[INFO] [stderr]    Compiling zerovec v0.11.8
[INFO] [stderr]    Compiling zerotrie v0.2.5
[INFO] [stderr]    Compiling tinystr v0.8.4
[INFO] [stderr]    Compiling potential_utf v0.1.6
[INFO] [stderr]    Compiling icu_collections v2.3.0
[INFO] [stderr]    Compiling icu_locale_core v2.3.0
[INFO] [stderr]    Compiling serde v1.0.229
[INFO] [stderr]    Compiling serde_urlencoded v0.7.1
[INFO] [stderr]    Compiling icu_provider v2.3.1
[INFO] [stderr]    Compiling icu_properties v2.3.0
[INFO] [stderr]    Compiling icu_normalizer v2.3.0
[INFO] [stderr]    Compiling futures-executor v0.3.34
[INFO] [stderr]    Compiling futures v0.3.34
[INFO] [stderr]    Compiling idna_adapter v1.2.2
[INFO] [stderr]    Compiling idna v1.1.0
[INFO] [stderr]    Compiling hyper v1.12.0
[INFO] [stderr]    Compiling tower v0.5.3
[INFO] [stderr]    Compiling tokio-util v0.7.20
[INFO] [stderr]    Compiling url v2.5.8
[INFO] [stderr]    Compiling tower-http v0.6.11
[INFO] [stderr]    Compiling hyper-util v0.1.21
[INFO] [stderr]    Compiling rustls-webpki v0.103.15
[INFO] [stderr]    Compiling tokio-rustls v0.26.6
[INFO] [stderr]    Compiling hyper-rustls v0.27.10
[INFO] [stderr]    Compiling reqwest v0.12.28
[INFO] [stderr]    Compiling yah-runner-core v0.8.46
[INFO] [stderr]    Compiling yah-runner-ha v0.8.46 (/opt/rustwide/workdir)
[INFO] [stderr]     Finished `release` profile [optimized] target(s) in 2m 14s
[INFO] running `Command { std: "docker" "inspect" "629de14d22f7b88f3914542acfc17c3f3286738939613c9a6967cb23edc46563", kill_on_drop: false }`
[INFO] running `Command { std: "docker" "exec" "-e" "SOURCE_DIR=/opt/rustwide/workdir" "-e" "CARGO_HOME=/opt/rustwide/cargo-home" "-e" "RUSTUP_HOME=/opt/rustwide/rustup-home" "-e" "CARGO_TARGET_DIR=/opt/rustwide/target" "-e" "CARGO_INCREMENTAL=0" "-e" "RUST_BACKTRACE=full" "-e" "RUSTFLAGS=--cap-lints=warn" "-e" "RUSTDOCFLAGS=--cap-lints=warn" "-w" "/opt/rustwide/workdir" "--user" "0:0" "629de14d22f7b88f3914542acfc17c3f3286738939613c9a6967cb23edc46563" "/opt/rustwide/cargo-home/bin/cargo" "+1.99.0-beta.8" "test" "--frozen" "--no-run" "--message-format=json" "--release", kill_on_drop: false }`
[INFO] [stderr]    Compiling tokio v1.53.2
[INFO] [stderr]    Compiling hyper v1.12.0
[INFO] [stderr]    Compiling tokio-rustls v0.26.6
[INFO] [stderr]    Compiling tower v0.5.3
[INFO] [stderr]    Compiling tokio-util v0.7.20
[INFO] [stderr]    Compiling tower-http v0.6.11
[INFO] [stderr]    Compiling hyper-util v0.1.21
[INFO] [stderr]    Compiling hyper-rustls v0.27.10
[INFO] [stderr]    Compiling reqwest v0.12.28
[INFO] [stderr]    Compiling yah-runner-core v0.8.46
[INFO] [stderr]    Compiling yah-runner-ha v0.8.46 (/opt/rustwide/workdir)
[INFO] [stdout] error[E0433]: cannot find module or crate `yah_runner_stub` in this scope
[INFO] [stdout]     --> src/anthropic.rs:1699:9
[INFO] [stdout]      |
[INFO] [stdout] 1699 |     use yah_runner_stub::anthropic_wire::MessagesTurn;
[INFO] [stdout]      |         ^^^^^^^^^^^^^^^ use of unresolved module or unlinked crate `yah_runner_stub`
[INFO] [stdout]      |
[INFO] [stdout] help: there is a crate or module with a similar name
[INFO] [stdout]      |
[INFO] [stdout] 1699 -     use yah_runner_stub::anthropic_wire::MessagesTurn;
[INFO] [stdout] 1699 +     use yah_runner_core::anthropic_wire::MessagesTurn;
[INFO] [stdout]      |
[INFO] [stdout] 
[INFO] [stdout] 
[INFO] [stdout] error[E0433]: cannot find module or crate `yah_runner_stub` in this scope
[INFO] [stdout]     --> src/anthropic.rs:2022:20
[INFO] [stdout]      |
[INFO] [stdout] 2022 |         let stub = yah_runner_stub::InferenceStub::builder(yah_runner_stub::StubMode::default())
[INFO] [stdout]      |                    ^^^^^^^^^^^^^^^ use of unresolved module or unlinked crate `yah_runner_stub`
[INFO] [stdout]      |
[INFO] [stdout] help: there is a crate or module with a similar name
[INFO] [stdout]      |
[INFO] [stdout] 2022 -         let stub = yah_runner_stub::InferenceStub::builder(yah_runner_stub::StubMode::default())
[INFO] [stdout] 2022 +         let stub = yah_runner_core::InferenceStub::builder(yah_runner_stub::StubMode::default())
[INFO] [stdout]      |
[INFO] [stdout] 
[INFO] [stdout] 
[INFO] [stdout] error[E0433]: cannot find module or crate `yah_runner_stub` in this scope
[INFO] [stdout]     --> src/anthropic.rs:2022:60
[INFO] [stdout]      |
[INFO] [stdout] 2022 |         let stub = yah_runner_stub::InferenceStub::builder(yah_runner_stub::StubMode::default())
[INFO] [stdout]      |                                                            ^^^^^^^^^^^^^^^ use of unresolved module or unlinked crate `yah_runner_stub`
[INFO] [stdout]      |
[INFO] [stdout] help: there is a crate or module with a similar name
[INFO] [stdout]      |
[INFO] [stdout] 2022 -         let stub = yah_runner_stub::InferenceStub::builder(yah_runner_stub::StubMode::default())
[INFO] [stdout] 2022 +         let stub = yah_runner_stub::InferenceStub::builder(yah_runner_core::StubMode::default())
[INFO] [stdout]      |
[INFO] [stdout] 
[INFO] [stdout] 
[INFO] [stdout] error[E0277]: the size for values of type `str` cannot be known at compilation time
[INFO] [stdout]     --> src/anthropic.rs:2049:14
[INFO] [stdout]      |
[INFO] [stdout] 2049 |         let (url, stub_server) = scripted_messages(vec![
[INFO] [stdout]      |              ^^^ doesn't have a size known at compile-time
[INFO] [stdout]      |
[INFO] [stdout]      = help: the trait `Sized` is not implemented for `str`
[INFO] [stdout]      = note: all local variables must have a statically known size
[INFO] [stdout] 
[INFO] [stdout] 
[INFO] [stdout] error[E0277]: the size for values of type `str` cannot be known at compilation time
[INFO] [stdout]     --> src/anthropic.rs:2175:14
[INFO] [stdout]      |
[INFO] [stdout] 2175 |         let (url, stub_server) = scripted_messages(vec![final_text_turn("no tools here")]).await;
[INFO] [stdout]      |              ^^^ doesn't have a size known at compile-time
[INFO] [stdout]      |
[INFO] [stdout]      = help: the trait `Sized` is not implemented for `str`
[INFO] [stdout]      = note: all local variables must have a statically known size
[INFO] [stdout] 
[INFO] [stdout] 
[INFO] [stdout] error[E0277]: the size for values of type `str` cannot be known at compilation time
[INFO] [stdout]     --> src/anthropic.rs:2204:14
[INFO] [stdout]      |
[INFO] [stdout] 2204 |         let (url, _stub_server) =
[INFO] [stdout]      |              ^^^ doesn't have a size known at compile-time
[INFO] [stdout]      |
[INFO] [stdout]      = help: the trait `Sized` is not implemented for `str`
[INFO] [stdout]      = note: all local variables must have a statically known size
[INFO] [stdout] 
[INFO] [stdout] 
[INFO] [stdout] error[E0277]: the size for values of type `str` cannot be known at compilation time
[INFO] [stdout]     --> src/anthropic.rs:2258:14
[INFO] [stdout]      |
[INFO] [stdout] 2258 |         let (url, stub_server) = scripted_messages(vec![
[INFO] [stdout]      |              ^^^ doesn't have a size known at compile-time
[INFO] [stdout]      |
[INFO] [stdout]      = help: the trait `Sized` is not implemented for `str`
[INFO] [stdout]      = note: all local variables must have a statically known size
[INFO] [stdout] 
[INFO] [stdout] 
[INFO] [stdout] error[E0433]: cannot find module or crate `yah_runner_stub` in this scope
[INFO] [stdout]     --> src/anthropic.rs:2021:70
[INFO] [stdout]      |
[INFO] [stdout] 2021 |     async fn scripted_messages(turns: Vec<MessagesTurn>) -> (String, yah_runner_stub::InferenceStub) {
[INFO] [stdout]      |                                                                      ^^^^^^^^^^^^^^^ use of unresolved module or unlinked crate `yah_runner_stub`
[INFO] [stdout]      |
[INFO] [stdout] help: there is a crate or module with a similar name
[INFO] [stdout]      |
[INFO] [stdout] 2021 -     async fn scripted_messages(turns: Vec<MessagesTurn>) -> (String, yah_runner_stub::InferenceStub) {
[INFO] [stdout] 2021 +     async fn scripted_messages(turns: Vec<MessagesTurn>) -> (String, yah_runner_core::InferenceStub) {
[INFO] [stdout]      |
[INFO] [stdout] 
[INFO] [stdout] 
[INFO] [stdout] Some errors have detailed explanations: E0277, E0433.
[INFO] [stdout] 
[INFO] [stdout] For more information about an error, try `rustc --explain E0277`.
[INFO] [stdout] 
[INFO] [stderr] error: could not compile `yah-runner-ha` (lib test) due to 8 previous errors
[INFO] running `Command { std: "docker" "inspect" "629de14d22f7b88f3914542acfc17c3f3286738939613c9a6967cb23edc46563", kill_on_drop: false }`
[INFO] running `Command { std: "docker" "rm" "-f" "629de14d22f7b88f3914542acfc17c3f3286738939613c9a6967cb23edc46563", kill_on_drop: false }`
[INFO] [stdout] 629de14d22f7b88f3914542acfc17c3f3286738939613c9a6967cb23edc46563
