[INFO] fetching crate yagi 0.5.0...
[INFO] testing yagi-0.5.0 against 1.100.0-beta.1+cargoflags=--release for beta-release-1.100-2
[INFO] extracting crate yagi 0.5.0 into /workspace/builds/worker-3-tc2/source
[INFO] started tweaking crates.io crate yagi 0.5.0
[INFO] finished tweaking crates.io crate yagi 0.5.0
[INFO] tweaked toml for crates.io crate yagi 0.5.0 written to /workspace/builds/worker-3-tc2/source/Cargo.toml
[INFO] validating manifest of crates.io crate yagi 0.5.0 on toolchain 1.100.0-beta.1
[INFO] running `Command { std: CARGO_HOME="/workspace/cargo-home" RUSTUP_HOME="/workspace/rustup-home" "/workspace/cargo-home/bin/cargo" "+1.100.0-beta.1" "metadata" "--manifest-path" "Cargo.toml" "--no-deps", kill_on_drop: false }`
[INFO] crate crates.io crate yagi 0.5.0 already has a lockfile, it will not be regenerated
[INFO] running `Command { std: CARGO_HOME="/workspace/cargo-home" RUSTUP_HOME="/workspace/rustup-home" "/workspace/cargo-home/bin/cargo" "+1.100.0-beta.1" "fetch" "--manifest-path" "Cargo.toml", kill_on_drop: false }`
[INFO] running `Command { std: "docker" "create" "-v" "/var/lib/crater-agent-workspace/builds/worker-3-tc2/source:/opt/rustwide/workdir:ro,Z" "-v" "/var/lib/crater-agent-workspace/builds/worker-3-tc2/target:/opt/rustwide/target:rw,Z" "-v" "/var/lib/crater-agent-workspace/cargo-home:/opt/rustwide/cargo-home:ro,Z" "-v" "/var/lib/crater-agent-workspace/rustup-home:/opt/rustwide/rustup-home:ro,Z" "-m" "1610612736" "--network" "none" "ghcr.io/rust-lang/crates-build-env/linux@sha256:77db811e55d90add9212f6832c23229e3de5f1c1f9905e8cb07319ea15df73ac" "sleep" "infinity", kill_on_drop: false }`
[INFO] [stdout] f84dde30e9009840ce1b5773ddf87e5dc0257ff61aaa2d6b7acac60d2d99a40e
[INFO] running `Command { std: "docker" "start" "f84dde30e9009840ce1b5773ddf87e5dc0257ff61aaa2d6b7acac60d2d99a40e", kill_on_drop: false }`
[INFO] running `Command { std: "docker" "inspect" "f84dde30e9009840ce1b5773ddf87e5dc0257ff61aaa2d6b7acac60d2d99a40e", kill_on_drop: false }`
[INFO] running `Command { std: "docker" "exec" "-e" "SOURCE_DIR=/opt/rustwide/workdir" "-e" "CARGO_HOME=/opt/rustwide/cargo-home" "-e" "RUSTUP_HOME=/opt/rustwide/rustup-home" "-e" "CARGO_TARGET_DIR=/opt/rustwide/target" "-w" "/opt/rustwide/workdir" "--user" "0:0" "f84dde30e9009840ce1b5773ddf87e5dc0257ff61aaa2d6b7acac60d2d99a40e" "/opt/rustwide/cargo-home/bin/cargo" "+1.100.0-beta.1" "metadata" "--no-deps" "--format-version=1", kill_on_drop: false }`
[INFO] running `Command { std: "docker" "inspect" "f84dde30e9009840ce1b5773ddf87e5dc0257ff61aaa2d6b7acac60d2d99a40e", kill_on_drop: false }`
[INFO] running `Command { std: "docker" "exec" "-e" "SOURCE_DIR=/opt/rustwide/workdir" "-e" "CARGO_HOME=/opt/rustwide/cargo-home" "-e" "RUSTUP_HOME=/opt/rustwide/rustup-home" "-e" "CARGO_TARGET_DIR=/opt/rustwide/target" "-e" "CARGO_INCREMENTAL=0" "-e" "RUST_BACKTRACE=full" "-e" "RUSTFLAGS=--cap-lints=warn" "-e" "RUSTDOCFLAGS=--cap-lints=warn" "-w" "/opt/rustwide/workdir" "--user" "0:0" "f84dde30e9009840ce1b5773ddf87e5dc0257ff61aaa2d6b7acac60d2d99a40e" "/opt/rustwide/cargo-home/bin/cargo" "+1.100.0-beta.1" "build" "--frozen" "--message-format=json" "--release", kill_on_drop: false }`
[INFO] [stderr]    Compiling num-traits v0.2.19
[INFO] [stderr]    Compiling libc v0.2.158
[INFO] [stderr]    Compiling strength_reduce v0.2.4
[INFO] [stderr]    Compiling libm v0.2.8
[INFO] [stderr]    Compiling fec v0.2.2
[INFO] [stderr]    Compiling rustfft v6.2.0
[INFO] [stderr]    Compiling quote v1.0.37
[INFO] [stderr]    Compiling syn v2.0.77
[INFO] [stderr]    Compiling getrandom v0.2.15
[INFO] [stderr]    Compiling rand_core v0.6.4
[INFO] [stderr]    Compiling num-integer v0.1.46
[INFO] [stderr]    Compiling num-complex v0.4.6
[INFO] [stderr]    Compiling primal-check v0.3.4
[INFO] [stderr]    Compiling transpose v0.2.3
[INFO] [stderr]    Compiling zerocopy-derive v0.7.35
[INFO] [stderr]    Compiling zerocopy v0.7.35
[INFO] [stderr]    Compiling ppv-lite86 v0.2.20
[INFO] [stderr]    Compiling rand_chacha v0.3.1
[INFO] [stderr]    Compiling rand v0.8.5
[INFO] [stderr]    Compiling rustdct v0.7.1
[INFO] [stderr]    Compiling yagi v0.5.0 (/opt/rustwide/workdir)
[INFO] [stderr]     Finished `release` profile [optimized] target(s) in 28.73s
[INFO] running `Command { std: "docker" "inspect" "f84dde30e9009840ce1b5773ddf87e5dc0257ff61aaa2d6b7acac60d2d99a40e", kill_on_drop: false }`
[INFO] running `Command { std: "docker" "exec" "-e" "SOURCE_DIR=/opt/rustwide/workdir" "-e" "CARGO_HOME=/opt/rustwide/cargo-home" "-e" "RUSTUP_HOME=/opt/rustwide/rustup-home" "-e" "CARGO_TARGET_DIR=/opt/rustwide/target" "-e" "CARGO_INCREMENTAL=0" "-e" "RUST_BACKTRACE=full" "-e" "RUSTFLAGS=--cap-lints=warn" "-e" "RUSTDOCFLAGS=--cap-lints=warn" "-w" "/opt/rustwide/workdir" "--user" "0:0" "f84dde30e9009840ce1b5773ddf87e5dc0257ff61aaa2d6b7acac60d2d99a40e" "/opt/rustwide/cargo-home/bin/cargo" "+1.100.0-beta.1" "test" "--frozen" "--no-run" "--message-format=json" "--release", kill_on_drop: false }`
[INFO] [stderr]    Compiling libc v0.2.158
[INFO] [stderr]    Compiling crossbeam-utils v0.8.20
[INFO] [stderr]    Compiling serde v1.0.209
[INFO] [stderr]    Compiling serde_derive v1.0.209
[INFO] [stderr]    Compiling rayon-core v1.12.1
[INFO] [stderr]    Compiling either v1.13.0
[INFO] [stderr]    Compiling serde_json v1.0.127
[INFO] [stderr]    Compiling half v2.4.1
[INFO] [stderr]    Compiling regex-syntax v0.8.4
[INFO] [stderr]    Compiling plotters-backend v0.3.6
[INFO] [stderr]    Compiling cast v0.3.0
[INFO] [stderr]    Compiling clap_builder v4.5.15
[INFO] [stderr]    Compiling oorandom v11.1.4
[INFO] [stderr]    Compiling anes v0.1.6
[INFO] [stderr]    Compiling approx v0.5.1
[INFO] [stderr]    Compiling itertools v0.10.5
[INFO] [stderr]    Compiling ciborium-ll v0.2.2
[INFO] [stderr]    Compiling plotters-svg v0.3.6
[INFO] [stderr]    Compiling plotters v0.3.6
[INFO] [stderr]    Compiling crossbeam-epoch v0.9.18
[INFO] [stderr]    Compiling getrandom v0.2.15
[INFO] [stderr]    Compiling is-terminal v0.4.13
[INFO] [stderr]    Compiling crossbeam-deque v0.8.5
[INFO] [stderr]    Compiling rand_core v0.6.4
[INFO] [stderr]    Compiling rand_chacha v0.3.1
[INFO] [stderr]    Compiling rand v0.8.5
[INFO] [stderr]    Compiling rayon v1.10.0
[INFO] [stderr]    Compiling yagi v0.5.0 (/opt/rustwide/workdir)
[INFO] [stderr]    Compiling criterion-plot v0.5.0
[INFO] [stderr]    Compiling regex-automata v0.4.7
[INFO] [stderr]    Compiling clap v4.5.16
[INFO] [stderr]    Compiling regex v1.10.6
[INFO] [stderr]    Compiling ciborium v0.2.2
[INFO] [stderr]    Compiling tinytemplate v1.2.1
[INFO] [stderr]    Compiling criterion v0.5.1
[INFO] [stdout] error[E0432]: unresolved import `test_macro`
[INFO] [stdout]    --> src/agc/agc.rs:482:9
[INFO] [stdout]     |
[INFO] [stdout] 482 |     use test_macro::autotest_annotate;
[INFO] [stdout]     |         ^^^^^^^^^^ use of unresolved module or unlinked crate `test_macro`
[INFO] [stdout]     |
[INFO] [stdout]     = help: if you wanted to use a crate named `test_macro`, use `cargo add test_macro` to add it to your `Cargo.toml`
[INFO] [stdout] 
[INFO] [stdout] 
[INFO] [stdout] error[E0432]: unresolved import `test_macro`
[INFO] [stdout]    --> src/audio/cvsd_codec.rs:265:9
[INFO] [stdout]     |
[INFO] [stdout] 265 |     use test_macro::autotest_annotate;
[INFO] [stdout]     |         ^^^^^^^^^^ use of unresolved module or unlinked crate `test_macro`
[INFO] [stdout]     |
[INFO] [stdout]     = help: if you wanted to use a crate named `test_macro`, use `cargo add test_macro` to add it to your `Cargo.toml`
[INFO] [stdout] 
[INFO] [stdout] 
[INFO] [stdout] error[E0432]: unresolved import `test_macro`
[INFO] [stdout]    --> src/buffer/circular_buffer.rs:337:9
[INFO] [stdout]     |
[INFO] [stdout] 337 |     use test_macro::autotest_annotate;
[INFO] [stdout]     |         ^^^^^^^^^^ use of unresolved module or unlinked crate `test_macro`
[INFO] [stdout]     |
[INFO] [stdout]     = help: if you wanted to use a crate named `test_macro`, use `cargo add test_macro` to add it to your `Cargo.toml`
[INFO] [stdout] 
[INFO] [stdout] 
[INFO] [stdout] error[E0432]: unresolved import `test_macro`
[INFO] [stdout]    --> src/buffer/window.rs:203:9
[INFO] [stdout]     |
[INFO] [stdout] 203 |     use test_macro::autotest_annotate;
[INFO] [stdout]     |         ^^^^^^^^^^ use of unresolved module or unlinked crate `test_macro`
[INFO] [stdout]     |
[INFO] [stdout]     = help: if you wanted to use a crate named `test_macro`, use `cargo add test_macro` to add it to your `Cargo.toml`
[INFO] [stdout] 
[INFO] [stdout] 
[INFO] [stdout] error[E0432]: unresolved import `test_macro`
[INFO] [stdout]   --> src/buffer/windowed_delay.rs:77:9
[INFO] [stdout]    |
[INFO] [stdout] 77 |     use test_macro::autotest_annotate;
[INFO] [stdout]    |         ^^^^^^^^^^ use of unresolved module or unlinked crate `test_macro`
[INFO] [stdout]    |
[INFO] [stdout]    = help: if you wanted to use a crate named `test_macro`, use `cargo add test_macro` to add it to your `Cargo.toml`
[INFO] [stdout] 
[INFO] [stdout] 
[INFO] [stdout] error[E0432]: unresolved import `test_macro`
[INFO] [stdout]    --> src/dotprod/dot_product.rs:247:9
[INFO] [stdout]     |
[INFO] [stdout] 247 |     use test_macro::autotest_annotate;
[INFO] [stdout]     |         ^^^^^^^^^^ use of unresolved module or unlinked crate `test_macro`
[INFO] [stdout]     |
[INFO] [stdout]     = help: if you wanted to use a crate named `test_macro`, use `cargo add test_macro` to add it to your `Cargo.toml`
[INFO] [stdout] 
[INFO] [stdout] 
[INFO] [stdout] error[E0432]: unresolved import `test_macro`
[INFO] [stdout]    --> src/dotprod/real_real.rs:381:9
[INFO] [stdout]     |
[INFO] [stdout] 381 |     use test_macro::autotest_annotate;
[INFO] [stdout]     |         ^^^^^^^^^^ use of unresolved module or unlinked crate `test_macro`
[INFO] [stdout]     |
[INFO] [stdout]     = help: if you wanted to use a crate named `test_macro`, use `cargo add test_macro` to add it to your `Cargo.toml`
[INFO] [stdout] 
[INFO] [stdout] 
[INFO] [stdout] error[E0432]: unresolved import `test_macro`
[INFO] [stdout]   --> src/dotprod/sumsq.rs:35:9
[INFO] [stdout]    |
[INFO] [stdout] 35 |     use test_macro::autotest_annotate;
[INFO] [stdout]    |         ^^^^^^^^^^ use of unresolved module or unlinked crate `test_macro`
[INFO] [stdout]    |
[INFO] [stdout]    = help: if you wanted to use a crate named `test_macro`, use `cargo add test_macro` to add it to your `Cargo.toml`
[INFO] [stdout] 
[INFO] [stdout] 
[INFO] [stdout] error[E0432]: unresolved import `test_macro`
[INFO] [stdout]    --> src/equalization/least_mean_squares.rs:419:9
[INFO] [stdout]     |
[INFO] [stdout] 419 |     use test_macro::autotest_annotate;
[INFO] [stdout]     |         ^^^^^^^^^^ use of unresolved module or unlinked crate `test_macro`
[INFO] [stdout]     |
[INFO] [stdout]     = help: if you wanted to use a crate named `test_macro`, use `cargo add test_macro` to add it to your `Cargo.toml`
[INFO] [stdout] 
[INFO] [stdout] 
[INFO] [stdout] error[E0432]: unresolved import `test_macro`
[INFO] [stdout]    --> src/equalization/recursive_least_squares.rs:280:9
[INFO] [stdout]     |
[INFO] [stdout] 280 |     use test_macro::autotest_annotate;
[INFO] [stdout]     |         ^^^^^^^^^^ use of unresolved module or unlinked crate `test_macro`
[INFO] [stdout]     |
[INFO] [stdout]     = help: if you wanted to use a crate named `test_macro`, use `cargo add test_macro` to add it to your `Cargo.toml`
[INFO] [stdout] 
[INFO] [stdout] 
[INFO] [stdout] error[E0432]: unresolved import `test_macro`
[INFO] [stdout]    --> src/fec/codec/golay2412.rs:220:9
[INFO] [stdout]     |
[INFO] [stdout] 220 |     use test_macro::autotest_annotate;
[INFO] [stdout]     |         ^^^^^^^^^^ use of unresolved module or unlinked crate `test_macro`
[INFO] [stdout]     |
[INFO] [stdout]     = help: if you wanted to use a crate named `test_macro`, use `cargo add test_macro` to add it to your `Cargo.toml`
[INFO] [stdout] 
[INFO] [stdout] 
[INFO] [stdout] error[E0432]: unresolved import `test_macro`
[INFO] [stdout]    --> src/fec/codec/hamming128.rs:278:9
[INFO] [stdout]     |
[INFO] [stdout] 278 |     use test_macro::autotest_annotate;
[INFO] [stdout]     |         ^^^^^^^^^^ use of unresolved module or unlinked crate `test_macro`
[INFO] [stdout]     |
[INFO] [stdout]     = help: if you wanted to use a crate named `test_macro`, use `cargo add test_macro` to add it to your `Cargo.toml`
[INFO] [stdout] 
[INFO] [stdout] 
[INFO] [stdout] error[E0432]: unresolved import `test_macro`
[INFO] [stdout]   --> src/fec/codec/hamming1511.rs:99:9
[INFO] [stdout]    |
[INFO] [stdout] 99 |     use test_macro::autotest_annotate;
[INFO] [stdout]    |         ^^^^^^^^^^ use of unresolved module or unlinked crate `test_macro`
[INFO] [stdout]    |
[INFO] [stdout]    = help: if you wanted to use a crate named `test_macro`, use `cargo add test_macro` to add it to your `Cargo.toml`
[INFO] [stdout] 
[INFO] [stdout] 
[INFO] [stdout] error[E0432]: unresolved import `test_macro`
[INFO] [stdout]    --> src/fec/codec/hamming3126.rs:111:9
[INFO] [stdout]     |
[INFO] [stdout] 111 |     use test_macro::autotest_annotate;
[INFO] [stdout]     |         ^^^^^^^^^^ use of unresolved module or unlinked crate `test_macro`
[INFO] [stdout]     |
[INFO] [stdout]     = help: if you wanted to use a crate named `test_macro`, use `cargo add test_macro` to add it to your `Cargo.toml`
[INFO] [stdout] 
[INFO] [stdout] 
[INFO] [stdout] error[E0432]: unresolved import `test_macro`
[INFO] [stdout]    --> src/fec/codec/hamming74.rs:157:9
[INFO] [stdout]     |
[INFO] [stdout] 157 |     use test_macro::autotest_annotate;
[INFO] [stdout]     |         ^^^^^^^^^^ use of unresolved module or unlinked crate `test_macro`
[INFO] [stdout]     |
[INFO] [stdout]     = help: if you wanted to use a crate named `test_macro`, use `cargo add test_macro` to add it to your `Cargo.toml`
[INFO] [stdout] 
[INFO] [stdout] 
[INFO] [stdout] error[E0432]: unresolved import `test_macro`
[INFO] [stdout]    --> src/fec/codec/hamming84.rs:137:9
[INFO] [stdout]     |
[INFO] [stdout] 137 |     use test_macro::autotest_annotate;
[INFO] [stdout]     |         ^^^^^^^^^^ use of unresolved module or unlinked crate `test_macro`
[INFO] [stdout]     |
[INFO] [stdout]     = help: if you wanted to use a crate named `test_macro`, use `cargo add test_macro` to add it to your `Cargo.toml`
[INFO] [stdout] 
[INFO] [stdout] 
[INFO] [stdout] error[E0432]: unresolved import `test_macro`
[INFO] [stdout]    --> src/fec/codec/secded.rs:415:9
[INFO] [stdout]     |
[INFO] [stdout] 415 |     use test_macro::autotest_annotate;
[INFO] [stdout]     |         ^^^^^^^^^^ use of unresolved module or unlinked crate `test_macro`
[INFO] [stdout]     |
[INFO] [stdout]     = help: if you wanted to use a crate named `test_macro`, use `cargo add test_macro` to add it to your `Cargo.toml`
[INFO] [stdout] 
[INFO] [stdout] 
[INFO] [stdout] error[E0432]: unresolved import `test_macro`
[INFO] [stdout]    --> src/fec/crc.rs:387:9
[INFO] [stdout]     |
[INFO] [stdout] 387 |     use test_macro::autotest_annotate;
[INFO] [stdout]     |         ^^^^^^^^^^ use of unresolved module or unlinked crate `test_macro`
[INFO] [stdout]     |
[INFO] [stdout]     = help: if you wanted to use a crate named `test_macro`, use `cargo add test_macro` to add it to your `Cargo.toml`
[INFO] [stdout] 
[INFO] [stdout] 
[INFO] [stdout] error[E0432]: unresolved import `test_macro`
[INFO] [stdout]    --> src/fec/fec.rs:323:9
[INFO] [stdout]     |
[INFO] [stdout] 323 |     use test_macro::autotest_annotate;
[INFO] [stdout]     |         ^^^^^^^^^^ use of unresolved module or unlinked crate `test_macro`
[INFO] [stdout]     |
[INFO] [stdout]     = help: if you wanted to use a crate named `test_macro`, use `cargo add test_macro` to add it to your `Cargo.toml`
[INFO] [stdout] 
[INFO] [stdout] 
[INFO] [stdout] error[E0432]: unresolved import `test_macro`
[INFO] [stdout]    --> src/fec/interleaver.rs:295:9
[INFO] [stdout]     |
[INFO] [stdout] 295 |     use test_macro::autotest_annotate;
[INFO] [stdout]     |         ^^^^^^^^^^ use of unresolved module or unlinked crate `test_macro`
[INFO] [stdout]     |
[INFO] [stdout]     = help: if you wanted to use a crate named `test_macro`, use `cargo add test_macro` to add it to your `Cargo.toml`
[INFO] [stdout] 
[INFO] [stdout] 
[INFO] [stdout] error[E0432]: unresolved import `test_macro`
[INFO] [stdout]    --> src/fec/packetizer.rs:463:9
[INFO] [stdout]     |
[INFO] [stdout] 463 |     use test_macro::autotest_annotate;
[INFO] [stdout]     |         ^^^^^^^^^^ use of unresolved module or unlinked crate `test_macro`
[INFO] [stdout]     |
[INFO] [stdout]     = help: if you wanted to use a crate named `test_macro`, use `cargo add test_macro` to add it to your `Cargo.toml`
[INFO] [stdout] 
[INFO] [stdout] 
[INFO] [stdout] error[E0432]: unresolved import `test_macro`
[INFO] [stdout]    --> src/fec/scheme.rs:461:9
[INFO] [stdout]     |
[INFO] [stdout] 461 |     use test_macro::autotest_annotate;
[INFO] [stdout]     |         ^^^^^^^^^^ use of unresolved module or unlinked crate `test_macro`
[INFO] [stdout]     |
[INFO] [stdout]     = help: if you wanted to use a crate named `test_macro`, use `cargo add test_macro` to add it to your `Cargo.toml`
[INFO] [stdout] 
[INFO] [stdout] 
[INFO] [stdout] error[E0432]: unresolved import `test_macro`
[INFO] [stdout]    --> src/fft/real_to_real.rs:152:9
[INFO] [stdout]     |
[INFO] [stdout] 152 |     use test_macro::autotest_annotate;
[INFO] [stdout]     |         ^^^^^^^^^^ use of unresolved module or unlinked crate `test_macro`
[INFO] [stdout]     |
[INFO] [stdout]     = help: if you wanted to use a crate named `test_macro`, use `cargo add test_macro` to add it to your `Cargo.toml`
[INFO] [stdout] 
[INFO] [stdout] 
[INFO] [stdout] error[E0432]: unresolved import `test_macro`
[INFO] [stdout]    --> src/fft/spectral_periodogram.rs:495:9
[INFO] [stdout]     |
[INFO] [stdout] 495 |     use test_macro::autotest_annotate;
[INFO] [stdout]     |         ^^^^^^^^^^ use of unresolved module or unlinked crate `test_macro`
[INFO] [stdout]     |
[INFO] [stdout]     = help: if you wanted to use a crate named `test_macro`, use `cargo add test_macro` to add it to your `Cargo.toml`
[INFO] [stdout] 
[INFO] [stdout] 
[INFO] [stdout] error[E0432]: unresolved import `test_macro`
[INFO] [stdout]    --> src/fft/mod.rs:142:9
[INFO] [stdout]     |
[INFO] [stdout] 142 |     use test_macro::autotest_annotate;
[INFO] [stdout]     |         ^^^^^^^^^^ use of unresolved module or unlinked crate `test_macro`
[INFO] [stdout]     |
[INFO] [stdout]     = help: if you wanted to use a crate named `test_macro`, use `cargo add test_macro` to add it to your `Cargo.toml`
[INFO] [stdout] 
[INFO] [stdout] 
[INFO] [stdout] error[E0432]: unresolved import `test_macro`
[INFO] [stdout]    --> src/filter/direct_digital_synthesizer.rs:289:9
[INFO] [stdout]     |
[INFO] [stdout] 289 |     use test_macro::autotest_annotate;
[INFO] [stdout]     |         ^^^^^^^^^^ use of unresolved module or unlinked crate `test_macro`
[INFO] [stdout]     |
[INFO] [stdout]     = help: if you wanted to use a crate named `test_macro`, use `cargo add test_macro` to add it to your `Cargo.toml`
[INFO] [stdout] 
[INFO] [stdout] 
[INFO] [stdout] error[E0432]: unresolved import `test_macro`
[INFO] [stdout]    --> src/filter/fft_filter.rs:176:9
[INFO] [stdout]     |
[INFO] [stdout] 176 |     use test_macro::autotest_annotate;
[INFO] [stdout]     |         ^^^^^^^^^^ use of unresolved module or unlinked crate `test_macro`
[INFO] [stdout]     |
[INFO] [stdout]     = help: if you wanted to use a crate named `test_macro`, use `cargo add test_macro` to add it to your `Cargo.toml`
[INFO] [stdout] 
[INFO] [stdout] 
[INFO] [stdout] error[E0432]: unresolved import `test_macro`
[INFO] [stdout]    --> src/filter/fir/decimation.rs:271:9
[INFO] [stdout]     |
[INFO] [stdout] 271 |     use test_macro::autotest_annotate;
[INFO] [stdout]     |         ^^^^^^^^^^ use of unresolved module or unlinked crate `test_macro`
[INFO] [stdout]     |
[INFO] [stdout]     = help: if you wanted to use a crate named `test_macro`, use `cargo add test_macro` to add it to your `Cargo.toml`
[INFO] [stdout] 
[INFO] [stdout] 
[INFO] [stdout] error[E0432]: unresolved import `test_macro`
[INFO] [stdout]    --> src/filter/fir/design/parks_mcclellan.rs:747:9
[INFO] [stdout]     |
[INFO] [stdout] 747 |     use test_macro::autotest_annotate;
[INFO] [stdout]     |         ^^^^^^^^^^ use of unresolved module or unlinked crate `test_macro`
[INFO] [stdout]     |
[INFO] [stdout]     = help: if you wanted to use a crate named `test_macro`, use `cargo add test_macro` to add it to your `Cargo.toml`
[INFO] [stdout] 
[INFO] [stdout] 
[INFO] [stdout] error[E0432]: unresolved import `test_macro`
[INFO] [stdout]    --> src/filter/fir/design/parks_mcclellan_halfband.rs:175:9
[INFO] [stdout]     |
[INFO] [stdout] 175 |     use test_macro::autotest_annotate;
[INFO] [stdout]     |         ^^^^^^^^^^ use of unresolved module or unlinked crate `test_macro`
[INFO] [stdout]     |
[INFO] [stdout]     = help: if you wanted to use a crate named `test_macro`, use `cargo add test_macro` to add it to your `Cargo.toml`
[INFO] [stdout] 
[INFO] [stdout] 
[INFO] [stdout] error[E0432]: unresolved import `test_macro`
[INFO] [stdout]   --> src/filter/fir/design/raised_cosine.rs:68:9
[INFO] [stdout]    |
[INFO] [stdout] 68 |     use test_macro::autotest_annotate;
[INFO] [stdout]    |         ^^^^^^^^^^ use of unresolved module or unlinked crate `test_macro`
[INFO] [stdout]    |
[INFO] [stdout]    = help: if you wanted to use a crate named `test_macro`, use `cargo add test_macro` to add it to your `Cargo.toml`
[INFO] [stdout] 
[INFO] [stdout] 
[INFO] [stdout] error[E0432]: unresolved import `test_macro`
[INFO] [stdout]    --> src/filter/fir/design/root_kaiser.rs:364:9
[INFO] [stdout]     |
[INFO] [stdout] 364 |     use test_macro::autotest_annotate;
[INFO] [stdout]     |         ^^^^^^^^^^ use of unresolved module or unlinked crate `test_macro`
[INFO] [stdout]     |
[INFO] [stdout]     = help: if you wanted to use a crate named `test_macro`, use `cargo add test_macro` to add it to your `Cargo.toml`
[INFO] [stdout] 
[INFO] [stdout] 
[INFO] [stdout] error[E0432]: unresolved import `test_macro`
[INFO] [stdout]   --> src/filter/fir/design/root_raised_cosine.rs:85:9
[INFO] [stdout]    |
[INFO] [stdout] 85 |     use test_macro::autotest_annotate;
[INFO] [stdout]    |         ^^^^^^^^^^ use of unresolved module or unlinked crate `test_macro`
[INFO] [stdout]    |
[INFO] [stdout]    = help: if you wanted to use a crate named `test_macro`, use `cargo add test_macro` to add it to your `Cargo.toml`
[INFO] [stdout] 
[INFO] [stdout] 
[INFO] [stdout] error[E0432]: unresolved import `test_macro`
[INFO] [stdout]    --> src/filter/fir/design/mod.rs:776:9
[INFO] [stdout]     |
[INFO] [stdout] 776 |     use test_macro::autotest_annotate;
[INFO] [stdout]     |         ^^^^^^^^^^ use of unresolved module or unlinked crate `test_macro`
[INFO] [stdout]     |
[INFO] [stdout]     = help: if you wanted to use a crate named `test_macro`, use `cargo add test_macro` to add it to your `Cargo.toml`
[INFO] [stdout] 
[INFO] [stdout] 
[INFO] [stdout] error[E0432]: unresolved import `test_macro`
[INFO] [stdout]    --> src/filter/fir/filter.rs:550:9
[INFO] [stdout]     |
[INFO] [stdout] 550 |     use test_macro::autotest_annotate;
[INFO] [stdout]     |         ^^^^^^^^^^ use of unresolved module or unlinked crate `test_macro`
[INFO] [stdout]     |
[INFO] [stdout]     = help: if you wanted to use a crate named `test_macro`, use `cargo add test_macro` to add it to your `Cargo.toml`
[INFO] [stdout] 
[INFO] [stdout] 
[INFO] [stdout] error[E0432]: unresolved import `test_macro`
[INFO] [stdout]    --> src/filter/fir/hilbert.rs:289:9
[INFO] [stdout]     |
[INFO] [stdout] 289 |     use test_macro::autotest_annotate;
[INFO] [stdout]     |         ^^^^^^^^^^ use of unresolved module or unlinked crate `test_macro`
[INFO] [stdout]     |
[INFO] [stdout]     = help: if you wanted to use a crate named `test_macro`, use `cargo add test_macro` to add it to your `Cargo.toml`
[INFO] [stdout] 
[INFO] [stdout] 
[INFO] [stdout] error[E0432]: unresolved import `test_macro`
[INFO] [stdout]    --> src/filter/fir/interpolation.rs:327:9
[INFO] [stdout]     |
[INFO] [stdout] 327 |     use test_macro::autotest_annotate;
[INFO] [stdout]     |         ^^^^^^^^^^ use of unresolved module or unlinked crate `test_macro`
[INFO] [stdout]     |
[INFO] [stdout]     = help: if you wanted to use a crate named `test_macro`, use `cargo add test_macro` to add it to your `Cargo.toml`
[INFO] [stdout] 
[INFO] [stdout] 
[INFO] [stdout] error[E0432]: unresolved import `test_macro`
[INFO] [stdout]    --> src/filter/fir/polyphase_bank.rs:487:9
[INFO] [stdout]     |
[INFO] [stdout] 487 |     use test_macro::autotest_annotate;
[INFO] [stdout]     |         ^^^^^^^^^^ use of unresolved module or unlinked crate `test_macro`
[INFO] [stdout]     |
[INFO] [stdout]     = help: if you wanted to use a crate named `test_macro`, use `cargo add test_macro` to add it to your `Cargo.toml`
[INFO] [stdout] 
[INFO] [stdout] 
[INFO] [stdout] error[E0432]: unresolved import `test_macro`
[INFO] [stdout]    --> src/filter/fractional_delay.rs:251:9
[INFO] [stdout]     |
[INFO] [stdout] 251 |     use test_macro::autotest_annotate;
[INFO] [stdout]     |         ^^^^^^^^^^ use of unresolved module or unlinked crate `test_macro`
[INFO] [stdout]     |
[INFO] [stdout]     = help: if you wanted to use a crate named `test_macro`, use `cargo add test_macro` to add it to your `Cargo.toml`
[INFO] [stdout] 
[INFO] [stdout] 
[INFO] [stdout] error[E0432]: unresolved import `test_macro`
[INFO] [stdout]    --> src/filter/iir/decimation.rs:209:9
[INFO] [stdout]     |
[INFO] [stdout] 209 |     use test_macro::autotest_annotate;
[INFO] [stdout]     |         ^^^^^^^^^^ use of unresolved module or unlinked crate `test_macro`
[INFO] [stdout]     |
[INFO] [stdout]     = help: if you wanted to use a crate named `test_macro`, use `cargo add test_macro` to add it to your `Cargo.toml`
[INFO] [stdout] 
[INFO] [stdout] 
[INFO] [stdout] error[E0432]: unresolved import `test_macro`
[INFO] [stdout]    --> src/filter/iir/design/mod.rs:917:9
[INFO] [stdout]     |
[INFO] [stdout] 917 |     use test_macro::autotest_annotate;
[INFO] [stdout]     |         ^^^^^^^^^^ use of unresolved module or unlinked crate `test_macro`
[INFO] [stdout]     |
[INFO] [stdout]     = help: if you wanted to use a crate named `test_macro`, use `cargo add test_macro` to add it to your `Cargo.toml`
[INFO] [stdout] 
[INFO] [stdout] 
[INFO] [stdout] error[E0432]: unresolved import `test_macro`
[INFO] [stdout]     --> src/filter/iir/filter.rs:1043:9
[INFO] [stdout]      |
[INFO] [stdout] 1043 |     use test_macro::autotest_annotate;
[INFO] [stdout]      |         ^^^^^^^^^^ use of unresolved module or unlinked crate `test_macro`
[INFO] [stdout]      |
[INFO] [stdout]      = help: if you wanted to use a crate named `test_macro`, use `cargo add test_macro` to add it to your `Cargo.toml`
[INFO] [stdout] 
[INFO] [stdout] 
[INFO] [stdout] error[E0432]: unresolved import `test_macro`
[INFO] [stdout]    --> src/filter/iir/hilbert.rs:322:9
[INFO] [stdout]     |
[INFO] [stdout] 322 |     use test_macro::autotest_annotate;
[INFO] [stdout]     |         ^^^^^^^^^^ use of unresolved module or unlinked crate `test_macro`
[INFO] [stdout]     |
[INFO] [stdout]     = help: if you wanted to use a crate named `test_macro`, use `cargo add test_macro` to add it to your `Cargo.toml`
[INFO] [stdout] 
[INFO] [stdout] 
[INFO] [stdout] error[E0432]: unresolved import `test_macro`
[INFO] [stdout]    --> src/filter/iir/interpolation.rs:231:9
[INFO] [stdout]     |
[INFO] [stdout] 231 |     use test_macro::autotest_annotate;
[INFO] [stdout]     |         ^^^^^^^^^^ use of unresolved module or unlinked crate `test_macro`
[INFO] [stdout]     |
[INFO] [stdout]     = help: if you wanted to use a crate named `test_macro`, use `cargo add test_macro` to add it to your `Cargo.toml`
[INFO] [stdout] 
[INFO] [stdout] 
[INFO] [stdout] error[E0432]: unresolved import `test_macro`
[INFO] [stdout]    --> src/filter/iir/second_order_section.rs:185:9
[INFO] [stdout]     |
[INFO] [stdout] 185 |     use test_macro::autotest_annotate;
[INFO] [stdout]     |         ^^^^^^^^^^ use of unresolved module or unlinked crate `test_macro`
[INFO] [stdout]     |
[INFO] [stdout]     = help: if you wanted to use a crate named `test_macro`, use `cargo add test_macro` to add it to your `Cargo.toml`
[INFO] [stdout] 
[INFO] [stdout] 
[INFO] [stdout] error[E0432]: unresolved import `test_macro`
[INFO] [stdout]   --> src/filter/lpc.rs:92:9
[INFO] [stdout]    |
[INFO] [stdout] 92 |     use test_macro::autotest_annotate;
[INFO] [stdout]    |         ^^^^^^^^^^ use of unresolved module or unlinked crate `test_macro`
[INFO] [stdout]    |
[INFO] [stdout]    = help: if you wanted to use a crate named `test_macro`, use `cargo add test_macro` to add it to your `Cargo.toml`
[INFO] [stdout] 
[INFO] [stdout] 
[INFO] [stdout] error[E0432]: unresolved import `test_macro`
[INFO] [stdout]    --> src/filter/order_statistic_filter.rs:148:9
[INFO] [stdout]     |
[INFO] [stdout] 148 |     use test_macro::autotest_annotate;
[INFO] [stdout]     |         ^^^^^^^^^^ use of unresolved module or unlinked crate `test_macro`
[INFO] [stdout]     |
[INFO] [stdout]     = help: if you wanted to use a crate named `test_macro`, use `cargo add test_macro` to add it to your `Cargo.toml`
[INFO] [stdout] 
[INFO] [stdout] 
[INFO] [stdout] error[E0432]: unresolved import `test_macro`
[INFO] [stdout]    --> src/filter/resampler/arbitrary_resampler.rs:322:9
[INFO] [stdout]     |
[INFO] [stdout] 322 |     use test_macro::autotest_annotate;
[INFO] [stdout]     |         ^^^^^^^^^^ use of unresolved module or unlinked crate `test_macro`
[INFO] [stdout]     |
[INFO] [stdout]     = help: if you wanted to use a crate named `test_macro`, use `cargo add test_macro` to add it to your `Cargo.toml`
[INFO] [stdout] 
[INFO] [stdout] 
[INFO] [stdout] error[E0432]: unresolved import `test_macro`
[INFO] [stdout]    --> src/filter/resampler/half_band_resampler.rs:485:9
[INFO] [stdout]     |
[INFO] [stdout] 485 |     use test_macro::autotest_annotate;
[INFO] [stdout]     |         ^^^^^^^^^^ use of unresolved module or unlinked crate `test_macro`
[INFO] [stdout]     |
[INFO] [stdout]     = help: if you wanted to use a crate named `test_macro`, use `cargo add test_macro` to add it to your `Cargo.toml`
[INFO] [stdout] 
[INFO] [stdout] 
[INFO] [stdout] error[E0432]: unresolved import `test_macro`
[INFO] [stdout]    --> src/filter/resampler/multi_stage_half_band_resampler.rs:524:9
[INFO] [stdout]     |
[INFO] [stdout] 524 |     use test_macro::autotest_annotate;
[INFO] [stdout]     |         ^^^^^^^^^^ use of unresolved module or unlinked crate `test_macro`
[INFO] [stdout]     |
[INFO] [stdout]     = help: if you wanted to use a crate named `test_macro`, use `cargo add test_macro` to add it to your `Cargo.toml`
[INFO] [stdout] 
[INFO] [stdout] 
[INFO] [stdout] error[E0432]: unresolved import `test_macro`
[INFO] [stdout]    --> src/filter/resampler/multi_stage_resampler.rs:416:9
[INFO] [stdout]     |
[INFO] [stdout] 416 |     use test_macro::autotest_annotate;
[INFO] [stdout]     |         ^^^^^^^^^^ use of unresolved module or unlinked crate `test_macro`
[INFO] [stdout]     |
[INFO] [stdout]     = help: if you wanted to use a crate named `test_macro`, use `cargo add test_macro` to add it to your `Cargo.toml`
[INFO] [stdout] 
[INFO] [stdout] 
[INFO] [stdout] error[E0432]: unresolved import `test_macro`
[INFO] [stdout]    --> src/filter/resampler/rational_resampler.rs:443:9
[INFO] [stdout]     |
[INFO] [stdout] 443 |     use test_macro::autotest_annotate;
[INFO] [stdout]     |         ^^^^^^^^^^ use of unresolved module or unlinked crate `test_macro`
[INFO] [stdout]     |
[INFO] [stdout]     = help: if you wanted to use a crate named `test_macro`, use `cargo add test_macro` to add it to your `Cargo.toml`
[INFO] [stdout] 
[INFO] [stdout] 
[INFO] [stdout] error[E0432]: unresolved import `test_macro`
[INFO] [stdout]    --> src/filter/symbol_synchronizer.rs:605:9
[INFO] [stdout]     |
[INFO] [stdout] 605 |     use test_macro::autotest_annotate;
[INFO] [stdout]     |         ^^^^^^^^^^ use of unresolved module or unlinked crate `test_macro`
[INFO] [stdout]     |
[INFO] [stdout]     = help: if you wanted to use a crate named `test_macro`, use `cargo add test_macro` to add it to your `Cargo.toml`
[INFO] [stdout] 
[INFO] [stdout] 
[INFO] [stdout] error[E0432]: unresolved import `test_macro`
[INFO] [stdout]    --> src/framing/arbitrary_rate_symbol_stream.rs:192:9
[INFO] [stdout]     |
[INFO] [stdout] 192 |     use test_macro::autotest_annotate;
[INFO] [stdout]     |         ^^^^^^^^^^ use of unresolved module or unlinked crate `test_macro`
[INFO] [stdout]     |
[INFO] [stdout]     = help: if you wanted to use a crate named `test_macro`, use `cargo add test_macro` to add it to your `Cargo.toml`
[INFO] [stdout] 
[INFO] [stdout] 
[INFO] [stdout] error[E0432]: unresolved import `test_macro`
[INFO] [stdout]    --> src/framing/frame_detector.rs:691:9
[INFO] [stdout]     |
[INFO] [stdout] 691 |     use test_macro::autotest_annotate;
[INFO] [stdout]     |         ^^^^^^^^^^ use of unresolved module or unlinked crate `test_macro`
[INFO] [stdout]     |
[INFO] [stdout]     = help: if you wanted to use a crate named `test_macro`, use `cargo add test_macro` to add it to your `Cargo.toml`
[INFO] [stdout] 
[INFO] [stdout] 
[INFO] [stdout] error[E0432]: unresolved import `test_macro`
[INFO] [stdout]    --> src/framing/multi_signal_source.rs:529:9
[INFO] [stdout]     |
[INFO] [stdout] 529 |     use test_macro::autotest_annotate;
[INFO] [stdout]     |         ^^^^^^^^^^ use of unresolved module or unlinked crate `test_macro`
[INFO] [stdout]     |
[INFO] [stdout]     = help: if you wanted to use a crate named `test_macro`, use `cargo add test_macro` to add it to your `Cargo.toml`
[INFO] [stdout] 
[INFO] [stdout] 
[INFO] [stdout] error[E0432]: unresolved import `test_macro`
[INFO] [stdout]    --> src/framing/packet_modem.rs:328:9
[INFO] [stdout]     |
[INFO] [stdout] 328 |     use test_macro::autotest_annotate;
[INFO] [stdout]     |         ^^^^^^^^^^ use of unresolved module or unlinked crate `test_macro`
[INFO] [stdout]     |
[INFO] [stdout]     = help: if you wanted to use a crate named `test_macro`, use `cargo add test_macro` to add it to your `Cargo.toml`
[INFO] [stdout] 
[INFO] [stdout] 
[INFO] [stdout] error[E0432]: unresolved import `test_macro`
[INFO] [stdout]    --> src/framing/packet_symbolizer.rs:279:9
[INFO] [stdout]     |
[INFO] [stdout] 279 |     use test_macro::autotest_annotate;
[INFO] [stdout]     |         ^^^^^^^^^^ use of unresolved module or unlinked crate `test_macro`
[INFO] [stdout]     |
[INFO] [stdout]     = help: if you wanted to use a crate named `test_macro`, use `cargo add test_macro` to add it to your `Cargo.toml`
[INFO] [stdout] 
[INFO] [stdout] 
[INFO] [stdout] error[E0432]: unresolved import `test_macro`
[INFO] [stdout]    --> src/framing/pilot_synchronizer.rs:269:9
[INFO] [stdout]     |
[INFO] [stdout] 269 |     use test_macro::autotest_annotate;
[INFO] [stdout]     |         ^^^^^^^^^^ use of unresolved module or unlinked crate `test_macro`
[INFO] [stdout]     |
[INFO] [stdout]     = help: if you wanted to use a crate named `test_macro`, use `cargo add test_macro` to add it to your `Cargo.toml`
[INFO] [stdout] 
[INFO] [stdout] 
[INFO] [stdout] error[E0432]: unresolved import `test_macro`
[INFO] [stdout]    --> src/framing/quadrature_synchronizer.rs:415:9
[INFO] [stdout]     |
[INFO] [stdout] 415 |     use test_macro::autotest_annotate;
[INFO] [stdout]     |         ^^^^^^^^^^ use of unresolved module or unlinked crate `test_macro`
[INFO] [stdout]     |
[INFO] [stdout]     = help: if you wanted to use a crate named `test_macro`, use `cargo add test_macro` to add it to your `Cargo.toml`
[INFO] [stdout] 
[INFO] [stdout] 
[INFO] [stdout] error[E0432]: unresolved import `test_macro`
[INFO] [stdout]    --> src/framing/signal_source.rs:691:9
[INFO] [stdout]     |
[INFO] [stdout] 691 |     use test_macro::autotest_annotate;
[INFO] [stdout]     |         ^^^^^^^^^^ use of unresolved module or unlinked crate `test_macro`
[INFO] [stdout]     |
[INFO] [stdout]     = help: if you wanted to use a crate named `test_macro`, use `cargo add test_macro` to add it to your `Cargo.toml`
[INFO] [stdout] 
[INFO] [stdout] 
[INFO] [stdout] error[E0432]: unresolved import `test_macro`
[INFO] [stdout]    --> src/framing/symbol_stream.rs:191:9
[INFO] [stdout]     |
[INFO] [stdout] 191 |     use test_macro::autotest_annotate;
[INFO] [stdout]     |         ^^^^^^^^^^ use of unresolved module or unlinked crate `test_macro`
[INFO] [stdout]     |
[INFO] [stdout]     = help: if you wanted to use a crate named `test_macro`, use `cargo add test_macro` to add it to your `Cargo.toml`
[INFO] [stdout] 
[INFO] [stdout] 
[INFO] [stdout] error[E0432]: unresolved import `test_macro`
[INFO] [stdout]    --> src/framing/symbol_tracker.rs:468:9
[INFO] [stdout]     |
[INFO] [stdout] 468 |     use test_macro::autotest_annotate;
[INFO] [stdout]     |         ^^^^^^^^^^ use of unresolved module or unlinked crate `test_macro`
[INFO] [stdout]     |
[INFO] [stdout]     = help: if you wanted to use a crate named `test_macro`, use `cargo add test_macro` to add it to your `Cargo.toml`
[INFO] [stdout] 
[INFO] [stdout] 
[INFO] [stdout] error[E0432]: unresolved import `test_macro`
[INFO] [stdout]    --> src/math/bessel.rs:183:9
[INFO] [stdout]     |
[INFO] [stdout] 183 |     use test_macro::autotest_annotate;
[INFO] [stdout]     |         ^^^^^^^^^^ use of unresolved module or unlinked crate `test_macro`
[INFO] [stdout]     |
[INFO] [stdout]     = help: if you wanted to use a crate named `test_macro`, use `cargo add test_macro` to add it to your `Cargo.toml`
[INFO] [stdout] 
[INFO] [stdout] 
[INFO] [stdout] error[E0432]: unresolved import `test_macro`
[INFO] [stdout]  --> src/math/complex_tests.rs:8:9
[INFO] [stdout]   |
[INFO] [stdout] 8 |     use test_macro::autotest_annotate;
[INFO] [stdout]   |         ^^^^^^^^^^ use of unresolved module or unlinked crate `test_macro`
[INFO] [stdout]   |
[INFO] [stdout]   = help: if you wanted to use a crate named `test_macro`, use `cargo add test_macro` to add it to your `Cargo.toml`
[INFO] [stdout] 
[INFO] [stdout] 
[INFO] [stdout] error[E0432]: unresolved import `test_macro`
[INFO] [stdout]    --> src/math/gamma.rs:177:9
[INFO] [stdout]     |
[INFO] [stdout] 177 |     use test_macro::autotest_annotate;
[INFO] [stdout]     |         ^^^^^^^^^^ use of unresolved module or unlinked crate `test_macro`
[INFO] [stdout]     |
[INFO] [stdout]     = help: if you wanted to use a crate named `test_macro`, use `cargo add test_macro` to add it to your `Cargo.toml`
[INFO] [stdout] 
[INFO] [stdout] 
[INFO] [stdout] error[E0432]: unresolved import `test_macro`
[INFO] [stdout]    --> src/math/modular_arithmetic.rs:262:9
[INFO] [stdout]     |
[INFO] [stdout] 262 |     use test_macro::autotest_annotate;
[INFO] [stdout]     |         ^^^^^^^^^^ use of unresolved module or unlinked crate `test_macro`
[INFO] [stdout]     |
[INFO] [stdout]     = help: if you wanted to use a crate named `test_macro`, use `cargo add test_macro` to add it to your `Cargo.toml`
[INFO] [stdout] 
[INFO] [stdout] 
[INFO] [stdout] error[E0432]: unresolved import `test_macro`
[INFO] [stdout]    --> src/math/poly.rs:874:9
[INFO] [stdout]     |
[INFO] [stdout] 874 |     use test_macro::autotest_annotate;
[INFO] [stdout]     |         ^^^^^^^^^^ use of unresolved module or unlinked crate `test_macro`
[INFO] [stdout]     |
[INFO] [stdout]     = help: if you wanted to use a crate named `test_macro`, use `cargo add test_macro` to add it to your `Cargo.toml`
[INFO] [stdout] 
[INFO] [stdout] 
[INFO] [stdout] error[E0432]: unresolved import `test_macro`
[INFO] [stdout]    --> src/math/windows.rs:425:9
[INFO] [stdout]     |
[INFO] [stdout] 425 |     use test_macro::autotest_annotate;
[INFO] [stdout]     |         ^^^^^^^^^^ use of unresolved module or unlinked crate `test_macro`
[INFO] [stdout]     |
[INFO] [stdout]     = help: if you wanted to use a crate named `test_macro`, use `cargo add test_macro` to add it to your `Cargo.toml`
[INFO] [stdout] 
[INFO] [stdout] 
[INFO] [stdout] error[E0432]: unresolved import `test_macro`
[INFO] [stdout]    --> src/math/mod.rs:219:9
[INFO] [stdout]     |
[INFO] [stdout] 219 |     use test_macro::autotest_annotate;
[INFO] [stdout]     |         ^^^^^^^^^^ use of unresolved module or unlinked crate `test_macro`
[INFO] [stdout]     |
[INFO] [stdout]     = help: if you wanted to use a crate named `test_macro`, use `cargo add test_macro` to add it to your `Cargo.toml`
[INFO] [stdout] 
[INFO] [stdout] 
[INFO] [stdout] error[E0432]: unresolved import `test_macro`
[INFO] [stdout]    --> src/matrix/sparse.rs:606:9
[INFO] [stdout]     |
[INFO] [stdout] 606 |     use test_macro::autotest_annotate;
[INFO] [stdout]     |         ^^^^^^^^^^ use of unresolved module or unlinked crate `test_macro`
[INFO] [stdout]     |
[INFO] [stdout]     = help: if you wanted to use a crate named `test_macro`, use `cargo add test_macro` to add it to your `Cargo.toml`
[INFO] [stdout] 
[INFO] [stdout] 
[INFO] [stdout] error[E0432]: unresolved import `test_macro`
[INFO] [stdout]   --> src/matrix/mod.rs:55:9
[INFO] [stdout]    |
[INFO] [stdout] 55 |     use test_macro::autotest_annotate;
[INFO] [stdout]    |         ^^^^^^^^^^ use of unresolved module or unlinked crate `test_macro`
[INFO] [stdout]    |
[INFO] [stdout]    = help: if you wanted to use a crate named `test_macro`, use `cargo add test_macro` to add it to your `Cargo.toml`
[INFO] [stdout] 
[INFO] [stdout] 
[INFO] [stdout] error[E0432]: unresolved import `test_macro`
[INFO] [stdout]    --> src/modem/amplitude_modem.rs:350:9
[INFO] [stdout]     |
[INFO] [stdout] 350 |     use test_macro::autotest_annotate;
[INFO] [stdout]     |         ^^^^^^^^^^ use of unresolved module or unlinked crate `test_macro`
[INFO] [stdout]     |
[INFO] [stdout]     = help: if you wanted to use a crate named `test_macro`, use `cargo add test_macro` to add it to your `Cargo.toml`
[INFO] [stdout] 
[INFO] [stdout] 
[INFO] [stdout] error[E0432]: unresolved import `test_macro`
[INFO] [stdout]    --> src/modem/cpfsk_demodulator.rs:287:9
[INFO] [stdout]     |
[INFO] [stdout] 287 |     use test_macro::autotest_annotate;
[INFO] [stdout]     |         ^^^^^^^^^^ use of unresolved module or unlinked crate `test_macro`
[INFO] [stdout]     |
[INFO] [stdout]     = help: if you wanted to use a crate named `test_macro`, use `cargo add test_macro` to add it to your `Cargo.toml`
[INFO] [stdout] 
[INFO] [stdout] 
[INFO] [stdout] error[E0432]: unresolved import `test_macro`
[INFO] [stdout]   --> src/modem/frequency_demodulator.rs:99:9
[INFO] [stdout]    |
[INFO] [stdout] 99 |     use test_macro::autotest_annotate;
[INFO] [stdout]    |         ^^^^^^^^^^ use of unresolved module or unlinked crate `test_macro`
[INFO] [stdout]    |
[INFO] [stdout]    = help: if you wanted to use a crate named `test_macro`, use `cargo add test_macro` to add it to your `Cargo.toml`
[INFO] [stdout] 
[INFO] [stdout] 
[INFO] [stdout] error[E0432]: unresolved import `test_macro`
[INFO] [stdout]    --> src/modem/fsk_demodulator.rs:221:9
[INFO] [stdout]     |
[INFO] [stdout] 221 |     use test_macro::autotest_annotate;
[INFO] [stdout]     |         ^^^^^^^^^^ use of unresolved module or unlinked crate `test_macro`
[INFO] [stdout]     |
[INFO] [stdout]     = help: if you wanted to use a crate named `test_macro`, use `cargo add test_macro` to add it to your `Cargo.toml`
[INFO] [stdout] 
[INFO] [stdout] 
[INFO] [stdout] error[E0432]: unresolved import `test_macro`
[INFO] [stdout]    --> src/modem/fsk_modulator.rs:119:9
[INFO] [stdout]     |
[INFO] [stdout] 119 |     use test_macro::autotest_annotate;
[INFO] [stdout]     |         ^^^^^^^^^^ use of unresolved module or unlinked crate `test_macro`
[INFO] [stdout]     |
[INFO] [stdout]     = help: if you wanted to use a crate named `test_macro`, use `cargo add test_macro` to add it to your `Cargo.toml`
[INFO] [stdout] 
[INFO] [stdout] 
[INFO] [stdout] error[E0432]: unresolved import `test_macro`
[INFO] [stdout]    --> src/modem/gmsk_demodulator.rs:143:9
[INFO] [stdout]     |
[INFO] [stdout] 143 |     use test_macro::autotest_annotate;
[INFO] [stdout]     |         ^^^^^^^^^^ use of unresolved module or unlinked crate `test_macro`
[INFO] [stdout]     |
[INFO] [stdout]     = help: if you wanted to use a crate named `test_macro`, use `cargo add test_macro` to add it to your `Cargo.toml`
[INFO] [stdout] 
[INFO] [stdout] 
[INFO] [stdout] error[E0432]: unresolved import `test_macro`
[INFO] [stdout]    --> src/modem/gmsk_modulator.rs:138:9
[INFO] [stdout]     |
[INFO] [stdout] 138 |     use test_macro::autotest_annotate;
[INFO] [stdout]     |         ^^^^^^^^^^ use of unresolved module or unlinked crate `test_macro`
[INFO] [stdout]     |
[INFO] [stdout]     = help: if you wanted to use a crate named `test_macro`, use `cargo add test_macro` to add it to your `Cargo.toml`
[INFO] [stdout] 
[INFO] [stdout] 
[INFO] [stdout] error[E0432]: unresolved import `test_macro`
[INFO] [stdout]     --> src/modem/modem.rs:1193:9
[INFO] [stdout]      |
[INFO] [stdout] 1193 |     use test_macro::autotest_annotate;
[INFO] [stdout]      |         ^^^^^^^^^^ use of unresolved module or unlinked crate `test_macro`
[INFO] [stdout]      |
[INFO] [stdout]      = help: if you wanted to use a crate named `test_macro`, use `cargo add test_macro` to add it to your `Cargo.toml`
[INFO] [stdout] 
[INFO] [stdout] 
[INFO] [stdout] error[E0432]: unresolved import `test_macro`
[INFO] [stdout]    --> src/multichannel/ofdm_frame.rs:488:9
[INFO] [stdout]     |
[INFO] [stdout] 488 |     use test_macro::autotest_annotate;
[INFO] [stdout]     |         ^^^^^^^^^^ use of unresolved module or unlinked crate `test_macro`
[INFO] [stdout]     |
[INFO] [stdout]     = help: if you wanted to use a crate named `test_macro`, use `cargo add test_macro` to add it to your `Cargo.toml`
[INFO] [stdout] 
[INFO] [stdout] 
[INFO] [stdout] error[E0432]: unresolved import `test_macro`
[INFO] [stdout]    --> src/multichannel/ofdm_frame_generator.rs:375:9
[INFO] [stdout]     |
[INFO] [stdout] 375 |     use test_macro::autotest_annotate;
[INFO] [stdout]     |         ^^^^^^^^^^ use of unresolved module or unlinked crate `test_macro`
[INFO] [stdout]     |
[INFO] [stdout]     = help: if you wanted to use a crate named `test_macro`, use `cargo add test_macro` to add it to your `Cargo.toml`
[INFO] [stdout] 
[INFO] [stdout] 
[INFO] [stdout] error[E0432]: unresolved import `test_macro`
[INFO] [stdout]     --> src/multichannel/ofdm_frame_synchronizer.rs:1162:9
[INFO] [stdout]      |
[INFO] [stdout] 1162 |     use test_macro::autotest_annotate;
[INFO] [stdout]      |         ^^^^^^^^^^ use of unresolved module or unlinked crate `test_macro`
[INFO] [stdout]      |
[INFO] [stdout]      = help: if you wanted to use a crate named `test_macro`, use `cargo add test_macro` to add it to your `Cargo.toml`
[INFO] [stdout] 
[INFO] [stdout] 
[INFO] [stdout] error[E0432]: unresolved import `test_macro`
[INFO] [stdout]    --> src/multichannel/oversampled_polyphase_channelizer.rs:349:9
[INFO] [stdout]     |
[INFO] [stdout] 349 |     use test_macro::autotest_annotate;
[INFO] [stdout]     |         ^^^^^^^^^^ use of unresolved module or unlinked crate `test_macro`
[INFO] [stdout]     |
[INFO] [stdout]     = help: if you wanted to use a crate named `test_macro`, use `cargo add test_macro` to add it to your `Cargo.toml`
[INFO] [stdout] 
[INFO] [stdout] 
[INFO] [stdout] error[E0432]: unresolved import `test_macro`
[INFO] [stdout]    --> src/multichannel/polyphase_channelizer.rs:376:9
[INFO] [stdout]     |
[INFO] [stdout] 376 |     use test_macro::autotest_annotate;
[INFO] [stdout]     |         ^^^^^^^^^^ use of unresolved module or unlinked crate `test_macro`
[INFO] [stdout]     |
[INFO] [stdout]     = help: if you wanted to use a crate named `test_macro`, use `cargo add test_macro` to add it to your `Cargo.toml`
[INFO] [stdout] 
[INFO] [stdout] 
[INFO] [stdout] error[E0432]: unresolved import `test_macro`
[INFO] [stdout]    --> src/multichannel/rational_polyphase_channelizer.rs:268:9
[INFO] [stdout]     |
[INFO] [stdout] 268 |     use test_macro::autotest_annotate;
[INFO] [stdout]     |         ^^^^^^^^^^ use of unresolved module or unlinked crate `test_macro`
[INFO] [stdout]     |
[INFO] [stdout]     = help: if you wanted to use a crate named `test_macro`, use `cargo add test_macro` to add it to your `Cargo.toml`
[INFO] [stdout] 
[INFO] [stdout] 
[INFO] [stdout] error[E0432]: unresolved import `test_macro`
[INFO] [stdout]    --> src/nco/nco.rs:375:9
[INFO] [stdout]     |
[INFO] [stdout] 375 |     use test_macro::autotest_annotate;
[INFO] [stdout]     |         ^^^^^^^^^^ use of unresolved module or unlinked crate `test_macro`
[INFO] [stdout]     |
[INFO] [stdout]     = help: if you wanted to use a crate named `test_macro`, use `cargo add test_macro` to add it to your `Cargo.toml`
[INFO] [stdout] 
[INFO] [stdout] 
[INFO] [stdout] error[E0432]: unresolved import `test_macro`
[INFO] [stdout]   --> src/nco/phase.rs:66:9
[INFO] [stdout]    |
[INFO] [stdout] 66 |     use test_macro::autotest_annotate;
[INFO] [stdout]    |         ^^^^^^^^^^ use of unresolved module or unlinked crate `test_macro`
[INFO] [stdout]    |
[INFO] [stdout]    = help: if you wanted to use a crate named `test_macro`, use `cargo add test_macro` to add it to your `Cargo.toml`
[INFO] [stdout] 
[INFO] [stdout] 
[INFO] [stdout] error[E0432]: unresolved import `test_macro`
[INFO] [stdout]    --> src/optim/chromosome.rs:278:9
[INFO] [stdout]     |
[INFO] [stdout] 278 |     use test_macro::autotest_annotate;
[INFO] [stdout]     |         ^^^^^^^^^^ use of unresolved module or unlinked crate `test_macro`
[INFO] [stdout]     |
[INFO] [stdout]     = help: if you wanted to use a crate named `test_macro`, use `cargo add test_macro` to add it to your `Cargo.toml`
[INFO] [stdout] 
[INFO] [stdout] 
[INFO] [stdout] error[E0432]: unresolved import `test_macro`
[INFO] [stdout]    --> src/optim/genetic_search.rs:335:9
[INFO] [stdout]     |
[INFO] [stdout] 335 |     use test_macro::autotest_annotate;
[INFO] [stdout]     |         ^^^^^^^^^^ use of unresolved module or unlinked crate `test_macro`
[INFO] [stdout]     |
[INFO] [stdout]     = help: if you wanted to use a crate named `test_macro`, use `cargo add test_macro` to add it to your `Cargo.toml`
[INFO] [stdout] 
[INFO] [stdout] 
[INFO] [stdout] error[E0432]: unresolved import `test_macro`
[INFO] [stdout]    --> src/optim/gradient_search.rs:295:9
[INFO] [stdout]     |
[INFO] [stdout] 295 |     use test_macro::autotest_annotate;
[INFO] [stdout]     |         ^^^^^^^^^^ use of unresolved module or unlinked crate `test_macro`
[INFO] [stdout]     |
[INFO] [stdout]     = help: if you wanted to use a crate named `test_macro`, use `cargo add test_macro` to add it to your `Cargo.toml`
[INFO] [stdout] 
[INFO] [stdout] 
[INFO] [stdout] error[E0432]: unresolved import `test_macro`
[INFO] [stdout]    --> src/optim/newton_search.rs:273:9
[INFO] [stdout]     |
[INFO] [stdout] 273 |     use test_macro::autotest_annotate;
[INFO] [stdout]     |         ^^^^^^^^^^ use of unresolved module or unlinked crate `test_macro`
[INFO] [stdout]     |
[INFO] [stdout]     = help: if you wanted to use a crate named `test_macro`, use `cargo add test_macro` to add it to your `Cargo.toml`
[INFO] [stdout] 
[INFO] [stdout] 
[INFO] [stdout] error[E0432]: unresolved import `test_macro`
[INFO] [stdout]    --> src/optim/quad_section_search.rs:342:9
[INFO] [stdout]     |
[INFO] [stdout] 342 |     use test_macro::autotest_annotate;
[INFO] [stdout]     |         ^^^^^^^^^^ use of unresolved module or unlinked crate `test_macro`
[INFO] [stdout]     |
[INFO] [stdout]     = help: if you wanted to use a crate named `test_macro`, use `cargo add test_macro` to add it to your `Cargo.toml`
[INFO] [stdout] 
[INFO] [stdout] 
[INFO] [stdout] error[E0432]: unresolved import `test_macro`
[INFO] [stdout]    --> src/optim/utilities.rs:118:9
[INFO] [stdout]     |
[INFO] [stdout] 118 |     use test_macro::autotest_annotate;
[INFO] [stdout]     |         ^^^^^^^^^^ use of unresolved module or unlinked crate `test_macro`
[INFO] [stdout]     |
[INFO] [stdout]     = help: if you wanted to use a crate named `test_macro`, use `cargo add test_macro` to add it to your `Cargo.toml`
[INFO] [stdout] 
[INFO] [stdout] 
[INFO] [stdout] error[E0432]: unresolved import `test_macro`
[INFO] [stdout]   --> src/quantization/compand.rs:97:9
[INFO] [stdout]    |
[INFO] [stdout] 97 |     use test_macro::autotest_annotate;
[INFO] [stdout]    |         ^^^^^^^^^^ use of unresolved module or unlinked crate `test_macro`
[INFO] [stdout]    |
[INFO] [stdout]    = help: if you wanted to use a crate named `test_macro`, use `cargo add test_macro` to add it to your `Cargo.toml`
[INFO] [stdout] 
[INFO] [stdout] 
[INFO] [stdout] error[E0432]: unresolved import `test_macro`
[INFO] [stdout]   --> src/quantization/quantize.rs:98:9
[INFO] [stdout]    |
[INFO] [stdout] 98 |     use test_macro::autotest_annotate;
[INFO] [stdout]    |         ^^^^^^^^^^ use of unresolved module or unlinked crate `test_macro`
[INFO] [stdout]    |
[INFO] [stdout]    = help: if you wanted to use a crate named `test_macro`, use `cargo add test_macro` to add it to your `Cargo.toml`
[INFO] [stdout] 
[INFO] [stdout] 
[INFO] [stdout] error[E0432]: unresolved import `test_macro`
[INFO] [stdout]   --> src/random/exponential.rs:75:9
[INFO] [stdout]    |
[INFO] [stdout] 75 |     use test_macro::autotest_annotate;
[INFO] [stdout]    |         ^^^^^^^^^^ use of unresolved module or unlinked crate `test_macro`
[INFO] [stdout]    |
[INFO] [stdout]    = help: if you wanted to use a crate named `test_macro`, use `cargo add test_macro` to add it to your `Cargo.toml`
[INFO] [stdout] 
[INFO] [stdout] 
[INFO] [stdout] error[E0432]: unresolved import `test_macro`
[INFO] [stdout]    --> src/random/normal.rs:103:9
[INFO] [stdout]     |
[INFO] [stdout] 103 |     use test_macro::autotest_annotate;
[INFO] [stdout]     |         ^^^^^^^^^^ use of unresolved module or unlinked crate `test_macro`
[INFO] [stdout]     |
[INFO] [stdout]     = help: if you wanted to use a crate named `test_macro`, use `cargo add test_macro` to add it to your `Cargo.toml`
[INFO] [stdout] 
[INFO] [stdout] 
[INFO] [stdout] error[E0432]: unresolved import `test_macro`
[INFO] [stdout]    --> src/random/rice.rs:149:9
[INFO] [stdout]     |
[INFO] [stdout] 149 |     use test_macro::autotest_annotate;
[INFO] [stdout]     |         ^^^^^^^^^^ use of unresolved module or unlinked crate `test_macro`
[INFO] [stdout]     |
[INFO] [stdout]     = help: if you wanted to use a crate named `test_macro`, use `cargo add test_macro` to add it to your `Cargo.toml`
[INFO] [stdout] 
[INFO] [stdout] 
[INFO] [stdout] error[E0432]: unresolved import `test_macro`
[INFO] [stdout]   --> src/random/scramble.rs:79:9
[INFO] [stdout]    |
[INFO] [stdout] 79 |     use test_macro::autotest_annotate;
[INFO] [stdout]    |         ^^^^^^^^^^ use of unresolved module or unlinked crate `test_macro`
[INFO] [stdout]    |
[INFO] [stdout]    = help: if you wanted to use a crate named `test_macro`, use `cargo add test_macro` to add it to your `Cargo.toml`
[INFO] [stdout] 
[INFO] [stdout] 
[INFO] [stdout] error[E0432]: unresolved import `test_macro`
[INFO] [stdout]   --> src/random/uniform.rs:86:9
[INFO] [stdout]    |
[INFO] [stdout] 86 |     use test_macro::autotest_annotate;
[INFO] [stdout]    |         ^^^^^^^^^^ use of unresolved module or unlinked crate `test_macro`
[INFO] [stdout]    |
[INFO] [stdout]    = help: if you wanted to use a crate named `test_macro`, use `cargo add test_macro` to add it to your `Cargo.toml`
[INFO] [stdout] 
[INFO] [stdout] 
[INFO] [stdout] error[E0432]: unresolved import `test_macro`
[INFO] [stdout]   --> src/random/weibull.rs:93:9
[INFO] [stdout]    |
[INFO] [stdout] 93 |     use test_macro::autotest_annotate;
[INFO] [stdout]    |         ^^^^^^^^^^ use of unresolved module or unlinked crate `test_macro`
[INFO] [stdout]    |
[INFO] [stdout]    = help: if you wanted to use a crate named `test_macro`, use `cargo add test_macro` to add it to your `Cargo.toml`
[INFO] [stdout] 
[INFO] [stdout] 
[INFO] [stdout] error[E0432]: unresolved import `test_macro`
[INFO] [stdout]   --> src/random/mod.rs:35:9
[INFO] [stdout]    |
[INFO] [stdout] 35 |     use test_macro::autotest_annotate;
[INFO] [stdout]    |         ^^^^^^^^^^ use of unresolved module or unlinked crate `test_macro`
[INFO] [stdout]    |
[INFO] [stdout]    = help: if you wanted to use a crate named `test_macro`, use `cargo add test_macro` to add it to your `Cargo.toml`
[INFO] [stdout] 
[INFO] [stdout] 
[INFO] [stdout] error[E0432]: unresolved import `test_macro`
[INFO] [stdout]    --> src/sequence/binary_sequence.rs:284:9
[INFO] [stdout]     |
[INFO] [stdout] 284 |     use test_macro::autotest_annotate;
[INFO] [stdout]     |         ^^^^^^^^^^ use of unresolved module or unlinked crate `test_macro`
[INFO] [stdout]     |
[INFO] [stdout]     = help: if you wanted to use a crate named `test_macro`, use `cargo add test_macro` to add it to your `Cargo.toml`
[INFO] [stdout] 
[INFO] [stdout] 
[INFO] [stdout] error[E0432]: unresolved import `test_macro`
[INFO] [stdout]    --> src/sequence/maximal_length_sequence.rs:245:9
[INFO] [stdout]     |
[INFO] [stdout] 245 |     use test_macro::autotest_annotate;
[INFO] [stdout]     |         ^^^^^^^^^^ use of unresolved module or unlinked crate `test_macro`
[INFO] [stdout]     |
[INFO] [stdout]     = help: if you wanted to use a crate named `test_macro`, use `cargo add test_macro` to add it to your `Cargo.toml`
[INFO] [stdout] 
[INFO] [stdout] 
[INFO] [stdout] error[E0432]: unresolved import `test_macro`
[INFO] [stdout]    --> src/utility/bits.rs:432:9
[INFO] [stdout]     |
[INFO] [stdout] 432 |     use test_macro::autotest_annotate;
[INFO] [stdout]     |         ^^^^^^^^^^ use of unresolved module or unlinked crate `test_macro`
[INFO] [stdout]     |
[INFO] [stdout]     = help: if you wanted to use a crate named `test_macro`, use `cargo add test_macro` to add it to your `Cargo.toml`
[INFO] [stdout] 
[INFO] [stdout] 
[INFO] [stdout] error[E0432]: unresolved import `test_macro`
[INFO] [stdout]    --> src/utility/bshift_array.rs:142:9
[INFO] [stdout]     |
[INFO] [stdout] 142 |     use test_macro::autotest_annotate;
[INFO] [stdout]     |         ^^^^^^^^^^ use of unresolved module or unlinked crate `test_macro`
[INFO] [stdout]     |
[INFO] [stdout]     = help: if you wanted to use a crate named `test_macro`, use `cargo add test_macro` to add it to your `Cargo.toml`
[INFO] [stdout] 
[INFO] [stdout] 
[INFO] [stdout] error[E0432]: unresolved import `test_macro`
[INFO] [stdout]   --> src/utility/shift_array.rs:83:9
[INFO] [stdout]    |
[INFO] [stdout] 83 |     use test_macro::autotest_annotate;
[INFO] [stdout]    |         ^^^^^^^^^^ use of unresolved module or unlinked crate `test_macro`
[INFO] [stdout]    |
[INFO] [stdout]    = help: if you wanted to use a crate named `test_macro`, use `cargo add test_macro` to add it to your `Cargo.toml`
[INFO] [stdout] 
[INFO] [stdout] 
[INFO] [stdout] error[E0433]: cannot find module or crate `test_macro` in this scope
[INFO] [stdout]    --> src/fft/ascii_spectrogram.rs:216:7
[INFO] [stdout]     |
[INFO] [stdout] 216 |     #[test_macro::autotest_annotate(autotest_asgramcf_copy)]
[INFO] [stdout]     |       ^^^^^^^^^^ use of unresolved module or unlinked crate `test_macro`
[INFO] [stdout] 
[INFO] [stdout] 
[INFO] [stdout] error[E0433]: cannot find module or crate `test_macro` in this scope
[INFO] [stdout]    --> src/framing/pilot_generator.rs:226:7
[INFO] [stdout]     |
[INFO] [stdout] 226 |     #[test_macro::autotest_annotate(autotest_qpilotgen_config)]
[INFO] [stdout]     |       ^^^^^^^^^^ use of unresolved module or unlinked crate `test_macro`
[INFO] [stdout] 
[INFO] [stdout] 
[INFO] [stdout] warning: use of deprecated constant `std::f32::INFINITY`: replaced by the `INFINITY` associated constant on `f32`
[INFO] [stdout]    --> src/filter/resampler/multi_stage_resampler.rs:432:27
[INFO] [stdout]     |
[INFO] [stdout] 432 |         for rate in [f32::INFINITY, f32::NEG_INFINITY, f32::NAN, 0.0, -0.0, -1.0] {
[INFO] [stdout]     |                           ^^^^^^^^
[INFO] [stdout]     |
[INFO] [stdout]     = note: `#[warn(deprecated)]` on by default
[INFO] [stdout] 
[INFO] [stdout] 
[INFO] [stdout] warning: use of deprecated constant `std::f32::NEG_INFINITY`: replaced by the `NEG_INFINITY` associated constant on `f32`
[INFO] [stdout]    --> src/filter/resampler/multi_stage_resampler.rs:432:42
[INFO] [stdout]     |
[INFO] [stdout] 432 |         for rate in [f32::INFINITY, f32::NEG_INFINITY, f32::NAN, 0.0, -0.0, -1.0] {
[INFO] [stdout]     |                                          ^^^^^^^^^^^^
[INFO] [stdout] 
[INFO] [stdout] 
[INFO] [stdout] warning: use of deprecated constant `std::f32::NAN`: replaced by the `NAN` associated constant on `f32`
[INFO] [stdout]    --> src/filter/resampler/multi_stage_resampler.rs:432:61
[INFO] [stdout]     |
[INFO] [stdout] 432 |         for rate in [f32::INFINITY, f32::NEG_INFINITY, f32::NAN, 0.0, -0.0, -1.0] {
[INFO] [stdout]     |                                                             ^^^
[INFO] [stdout] 
[INFO] [stdout] 
[INFO] [stdout] warning: use of deprecated constant `std::f32::MAX`: replaced by the `MAX` associated constant on `f32`
[INFO] [stdout]    --> src/filter/resampler/multi_stage_resampler.rs:447:18
[INFO] [stdout]     |
[INFO] [stdout] 447 |             f32::MAX,
[INFO] [stdout]     |                  ^^^
[INFO] [stdout] 
[INFO] [stdout] 
[INFO] [stdout] Some errors have detailed explanations: E0432, E0433.
[INFO] [stdout] 
[INFO] [stdout] For more information about an error, try `rustc --explain E0432`.
[INFO] [stdout] 
[INFO] [stderr] error: could not compile `yagi` (lib test) due to 110 previous errors; 4 warnings emitted
[INFO] running `Command { std: "docker" "inspect" "f84dde30e9009840ce1b5773ddf87e5dc0257ff61aaa2d6b7acac60d2d99a40e", kill_on_drop: false }`
[INFO] running `Command { std: "docker" "rm" "-f" "f84dde30e9009840ce1b5773ddf87e5dc0257ff61aaa2d6b7acac60d2d99a40e", kill_on_drop: false }`
[INFO] [stdout] f84dde30e9009840ce1b5773ddf87e5dc0257ff61aaa2d6b7acac60d2d99a40e
