[INFO] fetching crate y-craft 0.3.0...
[INFO] testing y-craft-0.3.0 against 1.99.0-beta.8+cargoflags=--release for beta-release-1.100-2
[INFO] extracting crate y-craft 0.3.0 into /workspace/builds/worker-1-tc1/source
[INFO] started tweaking crates.io crate y-craft 0.3.0
[INFO] finished tweaking crates.io crate y-craft 0.3.0
[INFO] tweaked toml for crates.io crate y-craft 0.3.0 written to /workspace/builds/worker-1-tc1/source/Cargo.toml
[INFO] validating manifest of crates.io crate y-craft 0.3.0 on toolchain 1.99.0-beta.8
[INFO] running `Command { std: CARGO_HOME="/workspace/cargo-home" RUSTUP_HOME="/workspace/rustup-home" "/workspace/cargo-home/bin/cargo" "+1.99.0-beta.8" "metadata" "--manifest-path" "Cargo.toml" "--no-deps", kill_on_drop: false }`
[INFO] crate crates.io crate y-craft 0.3.0 already has a lockfile, it will not be regenerated
[INFO] running `Command { std: CARGO_HOME="/workspace/cargo-home" RUSTUP_HOME="/workspace/rustup-home" "/workspace/cargo-home/bin/cargo" "+1.99.0-beta.8" "fetch" "--manifest-path" "Cargo.toml", kill_on_drop: false }`
[INFO] [stderr]     Updating crates.io index
[INFO] [stderr]  Downloading crates ...
[INFO] [stderr]   Downloaded getrandom v0.2.12
[INFO] [stderr]   Downloaded bytemuck v1.14.3
[INFO] [stderr]   Downloaded flate2 v1.0.28
[INFO] [stderr]   Downloaded smallvec v1.13.1
[INFO] [stderr]   Downloaded sdl2 v0.36.0
[INFO] [stderr]   Downloaded version-compare v0.1.1
[INFO] [stderr]   Downloaded half v2.3.1
[INFO] [stderr]   Downloaded sdl2-sys v0.36.0
[INFO] [stderr]   Downloaded image v0.24.8
[INFO] [stderr]   Downloaded crc32fast v1.4.0
[INFO] [stderr]   Downloaded gif v0.12.0
[INFO] running `Command { std: "docker" "create" "-v" "/var/lib/crater-agent-workspace/builds/worker-1-tc1/source:/opt/rustwide/workdir:ro,Z" "-v" "/var/lib/crater-agent-workspace/builds/worker-1-tc1/target:/opt/rustwide/target:rw,Z" "-v" "/var/lib/crater-agent-workspace/cargo-home:/opt/rustwide/cargo-home:ro,Z" "-v" "/var/lib/crater-agent-workspace/rustup-home:/opt/rustwide/rustup-home:ro,Z" "-m" "1610612736" "--network" "none" "ghcr.io/rust-lang/crates-build-env/linux@sha256:77db811e55d90add9212f6832c23229e3de5f1c1f9905e8cb07319ea15df73ac" "sleep" "infinity", kill_on_drop: false }`
[INFO] [stdout] fe094c0a41b0f127c0d3b63d0567f862912b46dc0daeee68e1c33e097b4440d2
[INFO] running `Command { std: "docker" "start" "fe094c0a41b0f127c0d3b63d0567f862912b46dc0daeee68e1c33e097b4440d2", kill_on_drop: false }`
[INFO] running `Command { std: "docker" "inspect" "fe094c0a41b0f127c0d3b63d0567f862912b46dc0daeee68e1c33e097b4440d2", kill_on_drop: false }`
[INFO] running `Command { std: "docker" "exec" "-e" "SOURCE_DIR=/opt/rustwide/workdir" "-e" "CARGO_HOME=/opt/rustwide/cargo-home" "-e" "RUSTUP_HOME=/opt/rustwide/rustup-home" "-e" "CARGO_TARGET_DIR=/opt/rustwide/target" "-w" "/opt/rustwide/workdir" "--user" "0:0" "fe094c0a41b0f127c0d3b63d0567f862912b46dc0daeee68e1c33e097b4440d2" "/opt/rustwide/cargo-home/bin/cargo" "+1.99.0-beta.8" "metadata" "--no-deps" "--format-version=1", kill_on_drop: false }`
[INFO] running `Command { std: "docker" "inspect" "fe094c0a41b0f127c0d3b63d0567f862912b46dc0daeee68e1c33e097b4440d2", kill_on_drop: false }`
[INFO] running `Command { std: "docker" "exec" "-e" "SOURCE_DIR=/opt/rustwide/workdir" "-e" "CARGO_HOME=/opt/rustwide/cargo-home" "-e" "RUSTUP_HOME=/opt/rustwide/rustup-home" "-e" "CARGO_TARGET_DIR=/opt/rustwide/target" "-e" "CARGO_INCREMENTAL=0" "-e" "RUST_BACKTRACE=full" "-e" "RUSTFLAGS=--cap-lints=warn" "-e" "RUSTDOCFLAGS=--cap-lints=warn" "-w" "/opt/rustwide/workdir" "--user" "0:0" "fe094c0a41b0f127c0d3b63d0567f862912b46dc0daeee68e1c33e097b4440d2" "/opt/rustwide/cargo-home/bin/cargo" "+1.99.0-beta.8" "build" "--frozen" "--message-format=json" "--release", kill_on_drop: false }`
[INFO] [stderr]    Compiling crossbeam-utils v0.8.19
[INFO] [stderr]    Compiling libc v0.2.153
[INFO] [stderr]    Compiling lock_api v0.4.11
[INFO] [stderr]    Compiling crc32fast v1.4.0
[INFO] [stderr]    Compiling version-compare v0.1.1
[INFO] [stderr]    Compiling cfg-if v1.0.0
[INFO] [stderr]    Compiling either v1.10.0
[INFO] [stderr]    Compiling num-traits v0.2.18
[INFO] [stderr]    Compiling half v2.3.1
[INFO] [stderr]    Compiling sdl2 v0.36.0
[INFO] [stderr]    Compiling miniz_oxide v0.7.2
[INFO] [stderr]    Compiling smallvec v1.13.1
[INFO] [stderr]    Compiling bytemuck v1.14.3
[INFO] [stderr]    Compiling gif v0.12.0
[INFO] [stderr]    Compiling sdl2-sys v0.36.0
[INFO] [stderr]    Compiling spin v0.9.8
[INFO] [stderr]    Compiling qoi v0.4.1
[INFO] [stderr]    Compiling flate2 v1.0.28
[INFO] [stderr]    Compiling crossbeam-epoch v0.9.18
[INFO] [stderr]    Compiling getrandom v0.2.12
[INFO] [stderr]    Compiling flume v0.11.0
[INFO] [stderr]    Compiling rand_core v0.6.4
[INFO] [stderr]    Compiling crossbeam-deque v0.8.5
[INFO] [stderr]    Compiling png v0.17.13
[INFO] [stderr]    Compiling rand_chacha v0.3.1
[INFO] [stderr]    Compiling rand v0.8.5
[INFO] [stderr]    Compiling rayon-core v1.12.1
[INFO] [stderr]    Compiling rayon v1.8.1
[INFO] [stderr]    Compiling exr v1.72.0
[INFO] [stderr]    Compiling jpeg-decoder v0.3.1
[INFO] [stderr]    Compiling tiff v0.9.1
[INFO] [stderr]    Compiling image v0.24.8
[INFO] [stderr]    Compiling y-craft v0.3.0 (/opt/rustwide/workdir)
[INFO] [stderr]     Finished `release` profile [optimized] target(s) in 36.63s
[INFO] running `Command { std: "docker" "inspect" "fe094c0a41b0f127c0d3b63d0567f862912b46dc0daeee68e1c33e097b4440d2", kill_on_drop: false }`
[INFO] running `Command { std: "docker" "exec" "-e" "SOURCE_DIR=/opt/rustwide/workdir" "-e" "CARGO_HOME=/opt/rustwide/cargo-home" "-e" "RUSTUP_HOME=/opt/rustwide/rustup-home" "-e" "CARGO_TARGET_DIR=/opt/rustwide/target" "-e" "CARGO_INCREMENTAL=0" "-e" "RUST_BACKTRACE=full" "-e" "RUSTFLAGS=--cap-lints=warn" "-e" "RUSTDOCFLAGS=--cap-lints=warn" "-w" "/opt/rustwide/workdir" "--user" "0:0" "fe094c0a41b0f127c0d3b63d0567f862912b46dc0daeee68e1c33e097b4440d2" "/opt/rustwide/cargo-home/bin/cargo" "+1.99.0-beta.8" "test" "--frozen" "--no-run" "--message-format=json" "--release", kill_on_drop: false }`
[INFO] [stderr]    Compiling y-craft v0.3.0 (/opt/rustwide/workdir)
[INFO] [stdout] error: linking with `cc` failed: exit status: 1
[INFO] [stdout]   |
[INFO] [stdout]   = note:  "cc" "-m64" "/opt/rustwide/target/release/deps/rustcRbYteE/symbols.o" "<2 object files omitted>" "-Wl,--as-needed" "-Wl,-Bstatic" "<sysroot>/lib/rustlib/x86_64-unknown-linux-gnu/lib/{libtest-*,libgetopts-*,librustc_std_workspace_std-*}.rlib" "/opt/rustwide/target/release/deps/{libsdl2-d7b47966aa6b7b00,libsdl2_sys-b178a6b7fb920b3b,liblazy_static-480433dca0d17907,liblibc-4941ea5a01a796ae,libimage-8a2a59de80a675e3,libqoi-de16c17e04389826,libbytemuck-ed3c5e749f7f1838,libpng-0c016d4289fb0d48,libfdeflate-bc50239a56e886d6,libbitflags-68973b8086863992,libexr-87e5fb9c23764085,libflume-051eeffed23df86b,libzune_inflate-0451b7f8aa31ddec,libbit_field-d0e745ab1e854579,liblebe-b9f57aacd3a6341c,libhalf-65fefc64ec9c79ad,libsmallvec-85fd5997d9d27ec0,libgif-12495619f76f149f,libcolor_quant-9e2536de46fec9df,libbyteorder-612182941aaee0f7,libnum_traits-74d9fa9a3b94e01e,libtiff-95d8764c8f631df3,libflate2-cbf432b3e9935eb8,libminiz_oxide-69581f024e96a6d0,libsimd_adler32-79f5736e69df175b,libcrc32fast-8000c5a677eba87a,libcfg_if-193575a6b29a3ab9,libweezl-de33caf9b66249a8,libjpeg_decoder-ef1b8aa0a9898507,librayon-968ae078ed643b2f,librayon_core-4a9c8a9a6f64d57b,libcrossbeam_deque-34007e3a02b4a876,libcrossbeam_epoch-56d417b556f3eb63,libcrossbeam_utils-834fc4fc330001b3,libeither-814d2848abea7fbf}.rlib" "<sysroot>/lib/rustlib/x86_64-unknown-linux-gnu/lib/{libstd-*,libpanic_unwind-*,libobject-*,libmemchr-*,libaddr2line-*,libgimli-*,libcfg_if-*,librustc_demangle-*,libstd_detect-*,libhashbrown-*,librustc_std_workspace_alloc-*,libminiz_oxide-*,libadler2-*,libunwind-*,liblibc-*,librustc_std_workspace_core-*,liballoc-*,libcore-*,libcompiler_builtins-*}.rlib" "-Wl,-Bdynamic" "-lSDL2" "-lSDL2_mixer" "-lSDL2_image" "-lSDL2_ttf" "-lgcc_s" "-lutil" "-lrt" "-lpthread" "-lm" "-ldl" "-lc" "-L" "/opt/rustwide/target/release/deps/rustcRbYteE/raw-dylibs" "-B<sysroot>/lib/rustlib/x86_64-unknown-linux-gnu/bin/gcc-ld" "-fuse-ld=lld" "-Wl,--eh-frame-hdr" "-Wl,-z,noexecstack" "-L" "<sysroot>/lib/rustlib/x86_64-unknown-linux-gnu/lib" "-o" "/opt/rustwide/target/release/deps/ycraft-b2f5a397c8087a90" "-Wl,--gc-sections" "-pie" "-Wl,-z,relro,-z,now" "-Wl,-O1" "-Wl,--strip-debug" "-nodefaultlibs"
[INFO] [stdout]   = note: some arguments are omitted. use `--verbose` to show all linker arguments
[INFO] [stdout]   = note: rust-lld: error: unable to find library -lSDL2_mixer
[INFO] [stdout]           rust-lld: error: unable to find library -lSDL2_image
[INFO] [stdout]           rust-lld: error: unable to find library -lSDL2_ttf
[INFO] [stdout]           collect2: error: ld returned 1 exit status
[INFO] [stdout]           
[INFO] [stdout] 
[INFO] [stdout] 
[INFO] [stderr] error: could not compile `y-craft` (lib test) due to 1 previous error
[INFO] [stderr] warning: build failed, waiting for other jobs to finish...
[INFO] [stdout] error: linking with `cc` failed: exit status: 1
[INFO] [stdout]   |
[INFO] [stdout]   = note:  "cc" "-m64" "/opt/rustwide/target/release/examples/rustc5GoP2p/symbols.o" "<6 object files omitted>" "-Wl,--as-needed" "-Wl,-Bstatic" "/opt/rustwide/target/release/deps/{libycraft-200a1c99c9c5c684,libimage-8a2a59de80a675e3,libqoi-de16c17e04389826,libbytemuck-ed3c5e749f7f1838,libpng-0c016d4289fb0d48,libfdeflate-bc50239a56e886d6,libexr-87e5fb9c23764085,libflume-051eeffed23df86b,libzune_inflate-0451b7f8aa31ddec,libbit_field-d0e745ab1e854579,liblebe-b9f57aacd3a6341c,libhalf-65fefc64ec9c79ad,libsmallvec-85fd5997d9d27ec0,libgif-12495619f76f149f,libcolor_quant-9e2536de46fec9df,libbyteorder-612182941aaee0f7,libnum_traits-74d9fa9a3b94e01e,libtiff-95d8764c8f631df3,libflate2-cbf432b3e9935eb8,libminiz_oxide-69581f024e96a6d0,libsimd_adler32-79f5736e69df175b,libcrc32fast-8000c5a677eba87a,libcfg_if-193575a6b29a3ab9,libweezl-de33caf9b66249a8,libjpeg_decoder-ef1b8aa0a9898507,librayon-968ae078ed643b2f,librayon_core-4a9c8a9a6f64d57b,libcrossbeam_deque-34007e3a02b4a876,libcrossbeam_epoch-56d417b556f3eb63,libcrossbeam_utils-834fc4fc330001b3,libeither-814d2848abea7fbf,libsdl2-d7b47966aa6b7b00,libsdl2_sys-b178a6b7fb920b3b,libbitflags-68973b8086863992,liblazy_static-480433dca0d17907,liblibc-4941ea5a01a796ae}.rlib" "<sysroot>/lib/rustlib/x86_64-unknown-linux-gnu/lib/{libstd-*,libpanic_unwind-*,libobject-*,libmemchr-*,libaddr2line-*,libgimli-*,libcfg_if-*,librustc_demangle-*,libstd_detect-*,libhashbrown-*,librustc_std_workspace_alloc-*,libminiz_oxide-*,libadler2-*,libunwind-*,liblibc-*,librustc_std_workspace_core-*,liballoc-*,libcore-*,libcompiler_builtins-*}.rlib" "-Wl,-Bdynamic" "-lSDL2" "-lSDL2_mixer" "-lSDL2_image" "-lSDL2_ttf" "-lgcc_s" "-lutil" "-lrt" "-lpthread" "-lm" "-ldl" "-lc" "-L" "/opt/rustwide/target/release/examples/rustc5GoP2p/raw-dylibs" "-B<sysroot>/lib/rustlib/x86_64-unknown-linux-gnu/bin/gcc-ld" "-fuse-ld=lld" "-Wl,--eh-frame-hdr" "-Wl,-z,noexecstack" "-L" "<sysroot>/lib/rustlib/x86_64-unknown-linux-gnu/lib" "-o" "/opt/rustwide/target/release/examples/platformer-54292019fd6ee72d" "-Wl,--gc-sections" "-pie" "-Wl,-z,relro,-z,now" "-Wl,-O1" "-Wl,--strip-debug" "-nodefaultlibs"
[INFO] [stdout]   = note: some arguments are omitted. use `--verbose` to show all linker arguments
[INFO] [stdout]   = note: rust-lld: error: unable to find library -lSDL2_mixer
[INFO] [stdout]           rust-lld: error: unable to find library -lSDL2_image
[INFO] [stdout]           rust-lld: error: unable to find library -lSDL2_ttf
[INFO] [stdout]           collect2: error: ld returned 1 exit status
[INFO] [stdout]           
[INFO] [stdout] 
[INFO] [stdout] 
[INFO] [stderr] error: could not compile `y-craft` (example "platformer") due to 1 previous error
[INFO] [stdout] error: linking with `cc` failed: exit status: 1
[INFO] [stdout]   |
[INFO] [stdout]   = note:  "cc" "-m64" "/opt/rustwide/target/release/examples/rustcI4SdvQ/symbols.o" "<7 object files omitted>" "-Wl,--as-needed" "-Wl,-Bstatic" "/opt/rustwide/target/release/deps/{librand-a6de37c3b9958cc6,librand_chacha-4ef61562900781c5,libppv_lite86-2034385ac67de13d,librand_core-51849f18530de1a9,libgetrandom-4747441074a9b3e7,libycraft-200a1c99c9c5c684,libimage-8a2a59de80a675e3,libqoi-de16c17e04389826,libbytemuck-ed3c5e749f7f1838,libpng-0c016d4289fb0d48,libfdeflate-bc50239a56e886d6,libexr-87e5fb9c23764085,libflume-051eeffed23df86b,libzune_inflate-0451b7f8aa31ddec,libbit_field-d0e745ab1e854579,liblebe-b9f57aacd3a6341c,libhalf-65fefc64ec9c79ad,libsmallvec-85fd5997d9d27ec0,libgif-12495619f76f149f,libcolor_quant-9e2536de46fec9df,libbyteorder-612182941aaee0f7,libnum_traits-74d9fa9a3b94e01e,libtiff-95d8764c8f631df3,libflate2-cbf432b3e9935eb8,libminiz_oxide-69581f024e96a6d0,libsimd_adler32-79f5736e69df175b,libcrc32fast-8000c5a677eba87a,libcfg_if-193575a6b29a3ab9,libweezl-de33caf9b66249a8,libjpeg_decoder-ef1b8aa0a9898507,librayon-968ae078ed643b2f,librayon_core-4a9c8a9a6f64d57b,libcrossbeam_deque-34007e3a02b4a876,libcrossbeam_epoch-56d417b556f3eb63,libcrossbeam_utils-834fc4fc330001b3,libeither-814d2848abea7fbf,libsdl2-d7b47966aa6b7b00,libsdl2_sys-b178a6b7fb920b3b,libbitflags-68973b8086863992,liblazy_static-480433dca0d17907,liblibc-4941ea5a01a796ae}.rlib" "<sysroot>/lib/rustlib/x86_64-unknown-linux-gnu/lib/{libstd-*,libpanic_unwind-*,libobject-*,libmemchr-*,libaddr2line-*,libgimli-*,libcfg_if-*,librustc_demangle-*,libstd_detect-*,libhashbrown-*,librustc_std_workspace_alloc-*,libminiz_oxide-*,libadler2-*,libunwind-*,liblibc-*,librustc_std_workspace_core-*,liballoc-*,libcore-*,libcompiler_builtins-*}.rlib" "-Wl,-Bdynamic" "-lSDL2" "-lSDL2_mixer" "-lSDL2_image" "-lSDL2_ttf" "-lgcc_s" "-lutil" "-lrt" "-lpthread" "-lm" "-ldl" "-lc" "-L" "/opt/rustwide/target/release/examples/rustcI4SdvQ/raw-dylibs" "-B<sysroot>/lib/rustlib/x86_64-unknown-linux-gnu/bin/gcc-ld" "-fuse-ld=lld" "-Wl,--eh-frame-hdr" "-Wl,-z,noexecstack" "-L" "<sysroot>/lib/rustlib/x86_64-unknown-linux-gnu/lib" "-o" "/opt/rustwide/target/release/examples/snake-c2e77179d4101a72" "-Wl,--gc-sections" "-pie" "-Wl,-z,relro,-z,now" "-Wl,-O1" "-Wl,--strip-debug" "-nodefaultlibs"
[INFO] [stdout]   = note: some arguments are omitted. use `--verbose` to show all linker arguments
[INFO] [stdout]   = note: rust-lld: error: unable to find library -lSDL2_mixer
[INFO] [stdout]           rust-lld: error: unable to find library -lSDL2_image
[INFO] [stdout]           rust-lld: error: unable to find library -lSDL2_ttf
[INFO] [stdout]           collect2: error: ld returned 1 exit status
[INFO] [stdout]           
[INFO] [stdout] 
[INFO] [stdout] 
[INFO] [stderr] error: could not compile `y-craft` (example "snake") due to 1 previous error
[INFO] running `Command { std: "docker" "inspect" "fe094c0a41b0f127c0d3b63d0567f862912b46dc0daeee68e1c33e097b4440d2", kill_on_drop: false }`
[INFO] running `Command { std: "docker" "rm" "-f" "fe094c0a41b0f127c0d3b63d0567f862912b46dc0daeee68e1c33e097b4440d2", kill_on_drop: false }`
[INFO] [stdout] fe094c0a41b0f127c0d3b63d0567f862912b46dc0daeee68e1c33e097b4440d2
