[INFO] fetching crate xz 0.4.6-rc.0...
[INFO] testing xz-0.4.6-rc.0 against 1.99.0-beta.8+cargoflags=--release for beta-release-1.100-2
[INFO] extracting crate xz 0.4.6-rc.0 into /workspace/builds/worker-1-tc1/source
[INFO] removed /workspace/builds/worker-1-tc1/source/.cargo/config.toml
[INFO] started tweaking crates.io crate xz 0.4.6-rc.0
[INFO] removed 0 missing examples
[INFO] removed 0 missing tests
[INFO] finished tweaking crates.io crate xz 0.4.6-rc.0
[INFO] tweaked toml for crates.io crate xz 0.4.6-rc.0 written to /workspace/builds/worker-1-tc1/source/Cargo.toml
[INFO] validating manifest of crates.io crate xz 0.4.6-rc.0 on toolchain 1.99.0-beta.8
[INFO] running `Command { std: CARGO_HOME="/workspace/cargo-home" RUSTUP_HOME="/workspace/rustup-home" "/workspace/cargo-home/bin/cargo" "+1.99.0-beta.8" "metadata" "--manifest-path" "Cargo.toml" "--no-deps", kill_on_drop: false }`
[INFO] crate crates.io crate xz 0.4.6-rc.0 already has a lockfile, it will not be regenerated
[INFO] running `Command { std: CARGO_HOME="/workspace/cargo-home" RUSTUP_HOME="/workspace/rustup-home" "/workspace/cargo-home/bin/cargo" "+1.99.0-beta.8" "fetch" "--manifest-path" "Cargo.toml", kill_on_drop: false }`
[INFO] [stderr]     Updating crates.io index
[INFO] [stderr]  Downloading crates ...
[INFO] [stderr]   Downloaded xz-sys v0.4.6-rc.0
[INFO] [stderr]   Downloaded wasm-bindgen-test-macro v0.3.72
[INFO] [stderr]   Downloaded xz-core v0.1.0-rc.0
[INFO] [stderr]   Downloaded wasm-bindgen-test-shared v0.2.122
[INFO] [stderr]   Downloaded quickcheck v1.0.1
[INFO] [stderr]   Downloaded wasm-bindgen-test v0.3.72
[INFO] [stderr]   Downloaded liblzma-sys v0.4.6
[INFO] [stderr]   Downloaded regex v1.9.0
[INFO] running `Command { std: "docker" "create" "-v" "/var/lib/crater-agent-workspace/builds/worker-1-tc1/source:/opt/rustwide/workdir:ro,Z" "-v" "/var/lib/crater-agent-workspace/builds/worker-1-tc1/target:/opt/rustwide/target:rw,Z" "-v" "/var/lib/crater-agent-workspace/cargo-home:/opt/rustwide/cargo-home:ro,Z" "-v" "/var/lib/crater-agent-workspace/rustup-home:/opt/rustwide/rustup-home:ro,Z" "-m" "1610612736" "--network" "none" "ghcr.io/rust-lang/crates-build-env/linux@sha256:77db811e55d90add9212f6832c23229e3de5f1c1f9905e8cb07319ea15df73ac" "sleep" "infinity", kill_on_drop: false }`
[INFO] [stdout] 4f27e16ffce8af1a236ef636db7cc192a4cb8b518e4dcc3fb272bc6e8fa125b8
[INFO] running `Command { std: "docker" "start" "4f27e16ffce8af1a236ef636db7cc192a4cb8b518e4dcc3fb272bc6e8fa125b8", kill_on_drop: false }`
[INFO] running `Command { std: "docker" "inspect" "4f27e16ffce8af1a236ef636db7cc192a4cb8b518e4dcc3fb272bc6e8fa125b8", kill_on_drop: false }`
[INFO] running `Command { std: "docker" "exec" "-e" "SOURCE_DIR=/opt/rustwide/workdir" "-e" "CARGO_HOME=/opt/rustwide/cargo-home" "-e" "RUSTUP_HOME=/opt/rustwide/rustup-home" "-e" "CARGO_TARGET_DIR=/opt/rustwide/target" "-w" "/opt/rustwide/workdir" "--user" "0:0" "4f27e16ffce8af1a236ef636db7cc192a4cb8b518e4dcc3fb272bc6e8fa125b8" "/opt/rustwide/cargo-home/bin/cargo" "+1.99.0-beta.8" "metadata" "--no-deps" "--format-version=1", kill_on_drop: false }`
[INFO] running `Command { std: "docker" "inspect" "4f27e16ffce8af1a236ef636db7cc192a4cb8b518e4dcc3fb272bc6e8fa125b8", kill_on_drop: false }`
[INFO] running `Command { std: "docker" "exec" "-e" "SOURCE_DIR=/opt/rustwide/workdir" "-e" "CARGO_HOME=/opt/rustwide/cargo-home" "-e" "RUSTUP_HOME=/opt/rustwide/rustup-home" "-e" "CARGO_TARGET_DIR=/opt/rustwide/target" "-e" "CARGO_INCREMENTAL=0" "-e" "RUST_BACKTRACE=full" "-e" "RUSTFLAGS=--cap-lints=warn" "-e" "RUSTDOCFLAGS=--cap-lints=warn" "-w" "/opt/rustwide/workdir" "--user" "0:0" "4f27e16ffce8af1a236ef636db7cc192a4cb8b518e4dcc3fb272bc6e8fa125b8" "/opt/rustwide/cargo-home/bin/cargo" "+1.99.0-beta.8" "build" "--frozen" "--message-format=json" "--release", kill_on_drop: false }`
[INFO] [stderr]    Compiling memchr v2.8.1
[INFO] [stderr]    Compiling xz-core v0.1.0-rc.0
[INFO] [stderr]    Compiling xz v0.4.6-rc.0 (/opt/rustwide/workdir)
[INFO] [stderr]     Finished `release` profile [optimized] target(s) in 4.18s
[INFO] running `Command { std: "docker" "inspect" "4f27e16ffce8af1a236ef636db7cc192a4cb8b518e4dcc3fb272bc6e8fa125b8", kill_on_drop: false }`
[INFO] running `Command { std: "docker" "exec" "-e" "SOURCE_DIR=/opt/rustwide/workdir" "-e" "CARGO_HOME=/opt/rustwide/cargo-home" "-e" "RUSTUP_HOME=/opt/rustwide/rustup-home" "-e" "CARGO_TARGET_DIR=/opt/rustwide/target" "-e" "CARGO_INCREMENTAL=0" "-e" "RUST_BACKTRACE=full" "-e" "RUSTFLAGS=--cap-lints=warn" "-e" "RUSTDOCFLAGS=--cap-lints=warn" "-w" "/opt/rustwide/workdir" "--user" "0:0" "4f27e16ffce8af1a236ef636db7cc192a4cb8b518e4dcc3fb272bc6e8fa125b8" "/opt/rustwide/cargo-home/bin/cargo" "+1.99.0-beta.8" "test" "--frozen" "--no-run" "--message-format=json" "--release", kill_on_drop: false }`
[INFO] [stderr]    Compiling libc v0.2.186
[INFO] [stderr]    Compiling zerocopy v0.8.50
[INFO] [stderr]    Compiling aho-corasick v1.1.4
[INFO] [stderr]    Compiling regex-syntax v0.7.5
[INFO] [stderr]    Compiling log v0.4.20
[INFO] [stderr]    Compiling getrandom v0.2.17
[INFO] [stderr]    Compiling rand_core v0.6.4
[INFO] [stderr]    Compiling jobserver v0.1.34
[INFO] [stderr]    Compiling cc v1.2.63
[INFO] [stderr]    Compiling regex-automata v0.3.9
[INFO] [stderr]    Compiling liblzma-sys v0.4.6
[INFO] [stderr]    Compiling regex v1.9.0
[INFO] [stderr]    Compiling ppv-lite86 v0.2.21
[INFO] [stderr]    Compiling env_logger v0.8.4
[INFO] [stderr]    Compiling rand_chacha v0.3.1
[INFO] [stderr]    Compiling rand v0.8.6
[INFO] [stderr]    Compiling quickcheck v1.0.1
[INFO] [stderr]    Compiling xz v0.4.6-rc.0 (/opt/rustwide/workdir)
[INFO] [stdout] error: couldn't read `tests/../xz-sys/src/lib.rs`: No such file or directory (os error 2)
[INFO] [stdout]   --> tests/sys_equivalence.rs:62:15
[INFO] [stdout]    |
[INFO] [stdout] 62 |     let src = include_str!("../xz-sys/src/lib.rs");
[INFO] [stdout]    |               ^^^^^^^^^^^^^^^^^^^^^^^^^^^^^^^^^^^^
[INFO] [stdout]    |
[INFO] [stdout] help: there is a file with the same name in a different directory
[INFO] [stdout]    |
[INFO] [stdout] 62 -     let src = include_str!("../xz-sys/src/lib.rs");
[INFO] [stdout] 62 +     let src = include_str!("../src/lib.rs");
[INFO] [stdout]    |
[INFO] [stdout] 
[INFO] [stdout] 
[INFO] [stdout] error: couldn't read `tests/../xz-sys/src/lib.rs`: No such file or directory (os error 2)
[INFO] [stdout]   --> tests/sys_equivalence.rs:93:15
[INFO] [stdout]    |
[INFO] [stdout] 93 |     let src = include_str!("../xz-sys/src/lib.rs");
[INFO] [stdout]    |               ^^^^^^^^^^^^^^^^^^^^^^^^^^^^^^^^^^^^
[INFO] [stdout]    |
[INFO] [stdout] help: there is a file with the same name in a different directory
[INFO] [stdout]    |
[INFO] [stdout] 93 -     let src = include_str!("../xz-sys/src/lib.rs");
[INFO] [stdout] 93 +     let src = include_str!("../src/lib.rs");
[INFO] [stdout]    |
[INFO] [stdout] 
[INFO] [stdout] 
[INFO] [stdout] error: couldn't read `tests/../xz-sys/src/lib.rs`: No such file or directory (os error 2)
[INFO] [stdout]    --> tests/sys_equivalence.rs:106:15
[INFO] [stdout]     |
[INFO] [stdout] 106 |     let src = include_str!("../xz-sys/src/lib.rs");
[INFO] [stdout]     |               ^^^^^^^^^^^^^^^^^^^^^^^^^^^^^^^^^^^^
[INFO] [stdout]     |
[INFO] [stdout] help: there is a file with the same name in a different directory
[INFO] [stdout]     |
[INFO] [stdout] 106 -     let src = include_str!("../xz-sys/src/lib.rs");
[INFO] [stdout] 106 +     let src = include_str!("../src/lib.rs");
[INFO] [stdout]     |
[INFO] [stdout] 
[INFO] [stdout] 
[INFO] [stdout] error: couldn't read `tests/../xz-sys/Cargo.toml`: No such file or directory (os error 2)
[INFO] [stdout]    --> tests/sys_equivalence.rs:128:47
[INFO] [stdout]     |
[INFO] [stdout] 128 |     let rs_sys_features = parse_feature_table(include_str!("../xz-sys/Cargo.toml"));
[INFO] [stdout]     |                                               ^^^^^^^^^^^^^^^^^^^^^^^^^^^^^^^^^^^^
[INFO] [stdout]     |
[INFO] [stdout] help: there is a file with the same name in a different directory
[INFO] [stdout]     |
[INFO] [stdout] 128 -     let rs_sys_features = parse_feature_table(include_str!("../xz-sys/Cargo.toml"));
[INFO] [stdout] 128 +     let rs_sys_features = parse_feature_table(include_str!("../Cargo.toml"));
[INFO] [stdout]     |
[INFO] [stdout] 
[INFO] [stdout] 
[INFO] [stdout] error[E0433]: cannot find module or crate `xz_sys` in this scope
[INFO] [stdout]    --> tests/sys_equivalence.rs:157:21
[INFO] [stdout]     |
[INFO] [stdout] 157 |                       xz_sys::$name as u128,
[INFO] [stdout]     |                       ^^^^^^ use of unresolved module or unlinked crate `xz_sys`
[INFO] [stdout] ...
[INFO] [stdout] 166 | /     assert_const_eq!(
[INFO] [stdout] 167 | |         LZMA_VERSION_MAJOR,
[INFO] [stdout] 168 | |         LZMA_VERSION_MINOR,
[INFO] [stdout] 169 | |         LZMA_VERSION_PATCH,
[INFO] [stdout] ...   |
[INFO] [stdout] 239 | |         LZMA_BLOCK_HEADER_SIZE_MAX,
[INFO] [stdout] 240 | |     );
[INFO] [stdout]     | |_____- in this macro invocation
[INFO] [stdout]     |
[INFO] [stdout]     = help: if you wanted to use a crate named `xz_sys`, use `cargo add xz_sys` to add it to your `Cargo.toml`
[INFO] [stdout]     = note: this error originates in the macro `assert_const_eq` (in Nightly builds, run with -Z macro-backtrace for more info)
[INFO] [stdout] 
[INFO] [stdout] 
[INFO] [stdout] error[E0433]: cannot find module or crate `xz_sys` in this scope
[INFO] [stdout]    --> tests/sys_equivalence.rs:243:9
[INFO] [stdout]     |
[INFO] [stdout] 243 |         xz_sys::LZMA_DELTA_TYPE_BYTE as u128,
[INFO] [stdout]     |         ^^^^^^ use of unresolved module or unlinked crate `xz_sys`
[INFO] [stdout]     |
[INFO] [stdout]     = help: if you wanted to use a crate named `xz_sys`, use `cargo add xz_sys` to add it to your `Cargo.toml`
[INFO] [stdout] 
[INFO] [stdout] 
[INFO] [stdout] error[E0433]: cannot find module or crate `xz_sys` in this scope
[INFO] [stdout]    --> tests/sys_equivalence.rs:256:54
[INFO] [stdout]     |
[INFO] [stdout] 256 |                   assert_same_type(liblzma_sys::$name, xz_sys::$name);
[INFO] [stdout]     |                                                        ^^^^^^ use of unresolved module or unlinked crate `xz_sys`
[INFO] [stdout] ...
[INFO] [stdout] 261 | /     assert_const_type_eq!(
[INFO] [stdout] 262 | |         LZMA_VERSION_MAJOR,
[INFO] [stdout] 263 | |         LZMA_VERSION_MINOR,
[INFO] [stdout] 264 | |         LZMA_VERSION_PATCH,
[INFO] [stdout] ...   |
[INFO] [stdout] 334 | |         LZMA_BLOCK_HEADER_SIZE_MAX,
[INFO] [stdout] 335 | |     );
[INFO] [stdout]     | |_____- in this macro invocation
[INFO] [stdout]     |
[INFO] [stdout]     = help: if you wanted to use a crate named `xz_sys`, use `cargo add xz_sys` to add it to your `Cargo.toml`
[INFO] [stdout]     = note: this error originates in the macro `assert_const_type_eq` (in Nightly builds, run with -Z macro-backtrace for more info)
[INFO] [stdout] 
[INFO] [stdout] 
[INFO] [stdout] error[E0433]: cannot find module or crate `xz_sys` in this scope
[INFO] [stdout]    --> tests/sys_equivalence.rs:339:9
[INFO] [stdout]     |
[INFO] [stdout] 339 |         xz_sys::LZMA_DELTA_TYPE_BYTE,
[INFO] [stdout]     |         ^^^^^^ use of unresolved module or unlinked crate `xz_sys`
[INFO] [stdout]     |
[INFO] [stdout]     = help: if you wanted to use a crate named `xz_sys`, use `cargo add xz_sys` to add it to your `Cargo.toml`
[INFO] [stdout] 
[INFO] [stdout] 
[INFO] [stdout] error[E0433]: cannot find module or crate `xz_sys` in this scope
[INFO] [stdout]    --> tests/sys_equivalence.rs:394:25
[INFO] [stdout]     |
[INFO] [stdout] 394 |                   let _ = xz_sys::$name as *const () as usize;
[INFO] [stdout]     |                           ^^^^^^ use of unresolved module or unlinked crate `xz_sys`
[INFO] [stdout] ...
[INFO] [stdout] 399 | /     assert_fn_exported!(
[INFO] [stdout] 400 | |         lzma_alone_decoder,
[INFO] [stdout] 401 | |         lzma_alone_encoder,
[INFO] [stdout] 402 | |         lzma_auto_decoder,
[INFO] [stdout] ...   |
[INFO] [stdout] 513 | |         lzma_vli_size,
[INFO] [stdout] 514 | |     );
[INFO] [stdout]     | |_____- in this macro invocation
[INFO] [stdout]     |
[INFO] [stdout]     = help: if you wanted to use a crate named `xz_sys`, use `cargo add xz_sys` to add it to your `Cargo.toml`
[INFO] [stdout]     = note: this error originates in the macro `assert_fn_exported` (in Nightly builds, run with -Z macro-backtrace for more info)
[INFO] [stdout] 
[INFO] [stdout] 
[INFO] [stdout] error[E0433]: cannot find module or crate `xz_sys` in this scope
[INFO] [stdout]    --> tests/sys_equivalence.rs:592:23
[INFO] [stdout]     |
[INFO] [stdout] 592 |     encode_easy_impl!(xz_sys, input)
[INFO] [stdout]     |                       ^^^^^^ use of unresolved module or unlinked crate `xz_sys`
[INFO] [stdout]     |
[INFO] [stdout]     = help: if you wanted to use a crate named `xz_sys`, use `cargo add xz_sys` to add it to your `Cargo.toml`
[INFO] [stdout] 
[INFO] [stdout] 
[INFO] [stdout] error[E0433]: cannot find module or crate `xz_sys` in this scope
[INFO] [stdout]    --> tests/sys_equivalence.rs:602:25
[INFO] [stdout]     |
[INFO] [stdout] 602 |     decode_stream_impl!(xz_sys, input, expected_size_hint)
[INFO] [stdout]     |                         ^^^^^^ use of unresolved module or unlinked crate `xz_sys`
[INFO] [stdout]     |
[INFO] [stdout]     = help: if you wanted to use a crate named `xz_sys`, use `cargo add xz_sys` to add it to your `Cargo.toml`
[INFO] [stdout] 
[INFO] [stdout] 
[INFO] [stdout] error[E0433]: cannot find module or crate `xz_sys` in this scope
[INFO] [stdout]    --> tests/sys_equivalence.rs:348:37
[INFO] [stdout]     |
[INFO] [stdout] 348 |                 std::mem::size_of::<xz_sys::$name>(),
[INFO] [stdout]     |                                     ^^^^^^ use of unresolved module or unlinked crate `xz_sys`
[INFO] [stdout] ...
[INFO] [stdout] 376 |     assert_layout_eq!(lzma_options_bcj);
[INFO] [stdout]     |     ----------------------------------- in this macro invocation
[INFO] [stdout]     |
[INFO] [stdout]     = help: if you wanted to use a crate named `xz_sys`, use `cargo add xz_sys` to add it to your `Cargo.toml`
[INFO] [stdout]     = note: this error originates in the macro `assert_layout_eq` (in Nightly builds, run with -Z macro-backtrace for more info)
[INFO] [stdout] 
[INFO] [stdout] 
[INFO] [stdout] error[E0433]: cannot find module or crate `xz_sys` in this scope
[INFO] [stdout]    --> tests/sys_equivalence.rs:354:38
[INFO] [stdout]     |
[INFO] [stdout] 354 |                 std::mem::align_of::<xz_sys::$name>(),
[INFO] [stdout]     |                                      ^^^^^^ use of unresolved module or unlinked crate `xz_sys`
[INFO] [stdout] ...
[INFO] [stdout] 376 |     assert_layout_eq!(lzma_options_bcj);
[INFO] [stdout]     |     ----------------------------------- in this macro invocation
[INFO] [stdout]     |
[INFO] [stdout]     = help: if you wanted to use a crate named `xz_sys`, use `cargo add xz_sys` to add it to your `Cargo.toml`
[INFO] [stdout]     = note: this error originates in the macro `assert_layout_eq` (in Nightly builds, run with -Z macro-backtrace for more info)
[INFO] [stdout] 
[INFO] [stdout] 
[INFO] [stdout] error[E0433]: cannot find module or crate `xz_sys` in this scope
[INFO] [stdout]    --> tests/sys_equivalence.rs:382:17
[INFO] [stdout]     |
[INFO] [stdout] 382 |     let _: *mut xz_sys::lzma_internal = std::ptr::null_mut();
[INFO] [stdout]     |                 ^^^^^^ use of unresolved module or unlinked crate `xz_sys`
[INFO] [stdout]     |
[INFO] [stdout]     = help: if you wanted to use a crate named `xz_sys`, use `cargo add xz_sys` to add it to your `Cargo.toml`
[INFO] [stdout] 
[INFO] [stdout] 
[INFO] [stdout] error[E0433]: cannot find module or crate `xz_sys` in this scope
[INFO] [stdout]    --> tests/sys_equivalence.rs:384:17
[INFO] [stdout]     |
[INFO] [stdout] 384 |     let _: *mut xz_sys::lzma_index = std::ptr::null_mut();
[INFO] [stdout]     |                 ^^^^^^ use of unresolved module or unlinked crate `xz_sys`
[INFO] [stdout]     |
[INFO] [stdout]     = help: if you wanted to use a crate named `xz_sys`, use `cargo add xz_sys` to add it to your `Cargo.toml`
[INFO] [stdout] 
[INFO] [stdout] 
[INFO] [stdout] error[E0433]: cannot find module or crate `xz_sys` in this scope
[INFO] [stdout]    --> tests/sys_equivalence.rs:348:37
[INFO] [stdout]     |
[INFO] [stdout] 348 |                 std::mem::size_of::<xz_sys::$name>(),
[INFO] [stdout]     |                                     ^^^^^^ use of unresolved module or unlinked crate `xz_sys`
[INFO] [stdout] ...
[INFO] [stdout] 362 |     assert_layout_eq!(lzma_bool);
[INFO] [stdout]     |     ---------------------------- in this macro invocation
[INFO] [stdout]     |
[INFO] [stdout]     = help: if you wanted to use a crate named `xz_sys`, use `cargo add xz_sys` to add it to your `Cargo.toml`
[INFO] [stdout]     = note: this error originates in the macro `assert_layout_eq` (in Nightly builds, run with -Z macro-backtrace for more info)
[INFO] [stdout] 
[INFO] [stdout] 
[INFO] [stdout] error[E0433]: cannot find module or crate `xz_sys` in this scope
[INFO] [stdout]    --> tests/sys_equivalence.rs:354:38
[INFO] [stdout]     |
[INFO] [stdout] 354 |                 std::mem::align_of::<xz_sys::$name>(),
[INFO] [stdout]     |                                      ^^^^^^ use of unresolved module or unlinked crate `xz_sys`
[INFO] [stdout] ...
[INFO] [stdout] 362 |     assert_layout_eq!(lzma_bool);
[INFO] [stdout]     |     ---------------------------- in this macro invocation
[INFO] [stdout]     |
[INFO] [stdout]     = help: if you wanted to use a crate named `xz_sys`, use `cargo add xz_sys` to add it to your `Cargo.toml`
[INFO] [stdout]     = note: this error originates in the macro `assert_layout_eq` (in Nightly builds, run with -Z macro-backtrace for more info)
[INFO] [stdout] 
[INFO] [stdout] 
[INFO] [stdout] error[E0433]: cannot find module or crate `xz_sys` in this scope
[INFO] [stdout]    --> tests/sys_equivalence.rs:348:37
[INFO] [stdout]     |
[INFO] [stdout] 348 |                 std::mem::size_of::<xz_sys::$name>(),
[INFO] [stdout]     |                                     ^^^^^^ use of unresolved module or unlinked crate `xz_sys`
[INFO] [stdout] ...
[INFO] [stdout] 363 |     assert_layout_eq!(lzma_ret);
[INFO] [stdout]     |     --------------------------- in this macro invocation
[INFO] [stdout]     |
[INFO] [stdout]     = help: if you wanted to use a crate named `xz_sys`, use `cargo add xz_sys` to add it to your `Cargo.toml`
[INFO] [stdout]     = note: this error originates in the macro `assert_layout_eq` (in Nightly builds, run with -Z macro-backtrace for more info)
[INFO] [stdout] 
[INFO] [stdout] 
[INFO] [stdout] error[E0433]: cannot find module or crate `xz_sys` in this scope
[INFO] [stdout]    --> tests/sys_equivalence.rs:354:38
[INFO] [stdout]     |
[INFO] [stdout] 354 |                 std::mem::align_of::<xz_sys::$name>(),
[INFO] [stdout]     |                                      ^^^^^^ use of unresolved module or unlinked crate `xz_sys`
[INFO] [stdout] ...
[INFO] [stdout] 363 |     assert_layout_eq!(lzma_ret);
[INFO] [stdout]     |     --------------------------- in this macro invocation
[INFO] [stdout]     |
[INFO] [stdout]     = help: if you wanted to use a crate named `xz_sys`, use `cargo add xz_sys` to add it to your `Cargo.toml`
[INFO] [stdout]     = note: this error originates in the macro `assert_layout_eq` (in Nightly builds, run with -Z macro-backtrace for more info)
[INFO] [stdout] 
[INFO] [stdout] 
[INFO] [stdout] error[E0433]: cannot find module or crate `xz_sys` in this scope
[INFO] [stdout]    --> tests/sys_equivalence.rs:348:37
[INFO] [stdout]     |
[INFO] [stdout] 348 |                 std::mem::size_of::<xz_sys::$name>(),
[INFO] [stdout]     |                                     ^^^^^^ use of unresolved module or unlinked crate `xz_sys`
[INFO] [stdout] ...
[INFO] [stdout] 364 |     assert_layout_eq!(lzma_action);
[INFO] [stdout]     |     ------------------------------ in this macro invocation
[INFO] [stdout]     |
[INFO] [stdout]     = help: if you wanted to use a crate named `xz_sys`, use `cargo add xz_sys` to add it to your `Cargo.toml`
[INFO] [stdout]     = note: this error originates in the macro `assert_layout_eq` (in Nightly builds, run with -Z macro-backtrace for more info)
[INFO] [stdout] 
[INFO] [stdout] 
[INFO] [stdout] error[E0433]: cannot find module or crate `xz_sys` in this scope
[INFO] [stdout]    --> tests/sys_equivalence.rs:354:38
[INFO] [stdout]     |
[INFO] [stdout] 354 |                 std::mem::align_of::<xz_sys::$name>(),
[INFO] [stdout]     |                                      ^^^^^^ use of unresolved module or unlinked crate `xz_sys`
[INFO] [stdout] ...
[INFO] [stdout] 364 |     assert_layout_eq!(lzma_action);
[INFO] [stdout]     |     ------------------------------ in this macro invocation
[INFO] [stdout]     |
[INFO] [stdout]     = help: if you wanted to use a crate named `xz_sys`, use `cargo add xz_sys` to add it to your `Cargo.toml`
[INFO] [stdout]     = note: this error originates in the macro `assert_layout_eq` (in Nightly builds, run with -Z macro-backtrace for more info)
[INFO] [stdout] 
[INFO] [stdout] 
[INFO] [stdout] error[E0433]: cannot find module or crate `xz_sys` in this scope
[INFO] [stdout]    --> tests/sys_equivalence.rs:348:37
[INFO] [stdout]     |
[INFO] [stdout] 348 |                 std::mem::size_of::<xz_sys::$name>(),
[INFO] [stdout]     |                                     ^^^^^^ use of unresolved module or unlinked crate `xz_sys`
[INFO] [stdout] ...
[INFO] [stdout] 365 |     assert_layout_eq!(lzma_check);
[INFO] [stdout]     |     ----------------------------- in this macro invocation
[INFO] [stdout]     |
[INFO] [stdout]     = help: if you wanted to use a crate named `xz_sys`, use `cargo add xz_sys` to add it to your `Cargo.toml`
[INFO] [stdout]     = note: this error originates in the macro `assert_layout_eq` (in Nightly builds, run with -Z macro-backtrace for more info)
[INFO] [stdout] 
[INFO] [stdout] 
[INFO] [stdout] error[E0433]: cannot find module or crate `xz_sys` in this scope
[INFO] [stdout]    --> tests/sys_equivalence.rs:354:38
[INFO] [stdout]     |
[INFO] [stdout] 354 |                 std::mem::align_of::<xz_sys::$name>(),
[INFO] [stdout]     |                                      ^^^^^^ use of unresolved module or unlinked crate `xz_sys`
[INFO] [stdout] ...
[INFO] [stdout] 365 |     assert_layout_eq!(lzma_check);
[INFO] [stdout]     |     ----------------------------- in this macro invocation
[INFO] [stdout]     |
[INFO] [stdout]     = help: if you wanted to use a crate named `xz_sys`, use `cargo add xz_sys` to add it to your `Cargo.toml`
[INFO] [stdout]     = note: this error originates in the macro `assert_layout_eq` (in Nightly builds, run with -Z macro-backtrace for more info)
[INFO] [stdout] 
[INFO] [stdout] 
[INFO] [stdout] error[E0433]: cannot find module or crate `xz_sys` in this scope
[INFO] [stdout]    --> tests/sys_equivalence.rs:348:37
[INFO] [stdout]     |
[INFO] [stdout] 348 |                 std::mem::size_of::<xz_sys::$name>(),
[INFO] [stdout]     |                                     ^^^^^^ use of unresolved module or unlinked crate `xz_sys`
[INFO] [stdout] ...
[INFO] [stdout] 366 |     assert_layout_eq!(lzma_vli);
[INFO] [stdout]     |     --------------------------- in this macro invocation
[INFO] [stdout]     |
[INFO] [stdout]     = help: if you wanted to use a crate named `xz_sys`, use `cargo add xz_sys` to add it to your `Cargo.toml`
[INFO] [stdout]     = note: this error originates in the macro `assert_layout_eq` (in Nightly builds, run with -Z macro-backtrace for more info)
[INFO] [stdout] 
[INFO] [stdout] 
[INFO] [stdout] error[E0433]: cannot find module or crate `xz_sys` in this scope
[INFO] [stdout]    --> tests/sys_equivalence.rs:354:38
[INFO] [stdout]     |
[INFO] [stdout] 354 |                 std::mem::align_of::<xz_sys::$name>(),
[INFO] [stdout]     |                                      ^^^^^^ use of unresolved module or unlinked crate `xz_sys`
[INFO] [stdout] ...
[INFO] [stdout] 366 |     assert_layout_eq!(lzma_vli);
[INFO] [stdout]     |     --------------------------- in this macro invocation
[INFO] [stdout]     |
[INFO] [stdout]     = help: if you wanted to use a crate named `xz_sys`, use `cargo add xz_sys` to add it to your `Cargo.toml`
[INFO] [stdout]     = note: this error originates in the macro `assert_layout_eq` (in Nightly builds, run with -Z macro-backtrace for more info)
[INFO] [stdout] 
[INFO] [stdout] 
[INFO] [stdout] error[E0433]: cannot find module or crate `xz_sys` in this scope
[INFO] [stdout]    --> tests/sys_equivalence.rs:348:37
[INFO] [stdout]     |
[INFO] [stdout] 348 |                 std::mem::size_of::<xz_sys::$name>(),
[INFO] [stdout]     |                                     ^^^^^^ use of unresolved module or unlinked crate `xz_sys`
[INFO] [stdout] ...
[INFO] [stdout] 367 |     assert_layout_eq!(lzma_delta_type);
[INFO] [stdout]     |     ---------------------------------- in this macro invocation
[INFO] [stdout]     |
[INFO] [stdout]     = help: if you wanted to use a crate named `xz_sys`, use `cargo add xz_sys` to add it to your `Cargo.toml`
[INFO] [stdout]     = note: this error originates in the macro `assert_layout_eq` (in Nightly builds, run with -Z macro-backtrace for more info)
[INFO] [stdout] 
[INFO] [stdout] 
[INFO] [stdout] error[E0433]: cannot find module or crate `xz_sys` in this scope
[INFO] [stdout]    --> tests/sys_equivalence.rs:354:38
[INFO] [stdout]     |
[INFO] [stdout] 354 |                 std::mem::align_of::<xz_sys::$name>(),
[INFO] [stdout]     |                                      ^^^^^^ use of unresolved module or unlinked crate `xz_sys`
[INFO] [stdout] ...
[INFO] [stdout] 367 |     assert_layout_eq!(lzma_delta_type);
[INFO] [stdout]     |     ---------------------------------- in this macro invocation
[INFO] [stdout]     |
[INFO] [stdout]     = help: if you wanted to use a crate named `xz_sys`, use `cargo add xz_sys` to add it to your `Cargo.toml`
[INFO] [stdout]     = note: this error originates in the macro `assert_layout_eq` (in Nightly builds, run with -Z macro-backtrace for more info)
[INFO] [stdout] 
[INFO] [stdout] 
[INFO] [stdout] error[E0433]: cannot find module or crate `xz_sys` in this scope
[INFO] [stdout]    --> tests/sys_equivalence.rs:348:37
[INFO] [stdout]     |
[INFO] [stdout] 348 |                 std::mem::size_of::<xz_sys::$name>(),
[INFO] [stdout]     |                                     ^^^^^^ use of unresolved module or unlinked crate `xz_sys`
[INFO] [stdout] ...
[INFO] [stdout] 368 |     assert_layout_eq!(lzma_mode);
[INFO] [stdout]     |     ---------------------------- in this macro invocation
[INFO] [stdout]     |
[INFO] [stdout]     = help: if you wanted to use a crate named `xz_sys`, use `cargo add xz_sys` to add it to your `Cargo.toml`
[INFO] [stdout]     = note: this error originates in the macro `assert_layout_eq` (in Nightly builds, run with -Z macro-backtrace for more info)
[INFO] [stdout] 
[INFO] [stdout] 
[INFO] [stdout] error[E0433]: cannot find module or crate `xz_sys` in this scope
[INFO] [stdout]    --> tests/sys_equivalence.rs:354:38
[INFO] [stdout]     |
[INFO] [stdout] 354 |                 std::mem::align_of::<xz_sys::$name>(),
[INFO] [stdout]     |                                      ^^^^^^ use of unresolved module or unlinked crate `xz_sys`
[INFO] [stdout] ...
[INFO] [stdout] 368 |     assert_layout_eq!(lzma_mode);
[INFO] [stdout]     |     ---------------------------- in this macro invocation
[INFO] [stdout]     |
[INFO] [stdout]     = help: if you wanted to use a crate named `xz_sys`, use `cargo add xz_sys` to add it to your `Cargo.toml`
[INFO] [stdout]     = note: this error originates in the macro `assert_layout_eq` (in Nightly builds, run with -Z macro-backtrace for more info)
[INFO] [stdout] 
[INFO] [stdout] 
[INFO] [stdout] error[E0433]: cannot find module or crate `xz_sys` in this scope
[INFO] [stdout]    --> tests/sys_equivalence.rs:348:37
[INFO] [stdout]     |
[INFO] [stdout] 348 |                 std::mem::size_of::<xz_sys::$name>(),
[INFO] [stdout]     |                                     ^^^^^^ use of unresolved module or unlinked crate `xz_sys`
[INFO] [stdout] ...
[INFO] [stdout] 369 |     assert_layout_eq!(lzma_match_finder);
[INFO] [stdout]     |     ------------------------------------ in this macro invocation
[INFO] [stdout]     |
[INFO] [stdout]     = help: if you wanted to use a crate named `xz_sys`, use `cargo add xz_sys` to add it to your `Cargo.toml`
[INFO] [stdout]     = note: this error originates in the macro `assert_layout_eq` (in Nightly builds, run with -Z macro-backtrace for more info)
[INFO] [stdout] 
[INFO] [stdout] 
[INFO] [stdout] error[E0433]: cannot find module or crate `xz_sys` in this scope
[INFO] [stdout]    --> tests/sys_equivalence.rs:354:38
[INFO] [stdout]     |
[INFO] [stdout] 354 |                 std::mem::align_of::<xz_sys::$name>(),
[INFO] [stdout]     |                                      ^^^^^^ use of unresolved module or unlinked crate `xz_sys`
[INFO] [stdout] ...
[INFO] [stdout] 369 |     assert_layout_eq!(lzma_match_finder);
[INFO] [stdout]     |     ------------------------------------ in this macro invocation
[INFO] [stdout]     |
[INFO] [stdout]     = help: if you wanted to use a crate named `xz_sys`, use `cargo add xz_sys` to add it to your `Cargo.toml`
[INFO] [stdout]     = note: this error originates in the macro `assert_layout_eq` (in Nightly builds, run with -Z macro-backtrace for more info)
[INFO] [stdout] 
[INFO] [stdout] 
[INFO] [stdout] error[E0433]: cannot find module or crate `xz_sys` in this scope
[INFO] [stdout]    --> tests/sys_equivalence.rs:348:37
[INFO] [stdout]     |
[INFO] [stdout] 348 |                 std::mem::size_of::<xz_sys::$name>(),
[INFO] [stdout]     |                                     ^^^^^^ use of unresolved module or unlinked crate `xz_sys`
[INFO] [stdout] ...
[INFO] [stdout] 370 |     assert_layout_eq!(lzma_allocator);
[INFO] [stdout]     |     --------------------------------- in this macro invocation
[INFO] [stdout]     |
[INFO] [stdout]     = help: if you wanted to use a crate named `xz_sys`, use `cargo add xz_sys` to add it to your `Cargo.toml`
[INFO] [stdout]     = note: this error originates in the macro `assert_layout_eq` (in Nightly builds, run with -Z macro-backtrace for more info)
[INFO] [stdout] 
[INFO] [stdout] 
[INFO] [stdout] error[E0433]: cannot find module or crate `xz_sys` in this scope
[INFO] [stdout]    --> tests/sys_equivalence.rs:354:38
[INFO] [stdout]     |
[INFO] [stdout] 354 |                 std::mem::align_of::<xz_sys::$name>(),
[INFO] [stdout]     |                                      ^^^^^^ use of unresolved module or unlinked crate `xz_sys`
[INFO] [stdout] ...
[INFO] [stdout] 370 |     assert_layout_eq!(lzma_allocator);
[INFO] [stdout]     |     --------------------------------- in this macro invocation
[INFO] [stdout]     |
[INFO] [stdout]     = help: if you wanted to use a crate named `xz_sys`, use `cargo add xz_sys` to add it to your `Cargo.toml`
[INFO] [stdout]     = note: this error originates in the macro `assert_layout_eq` (in Nightly builds, run with -Z macro-backtrace for more info)
[INFO] [stdout] 
[INFO] [stdout] 
[INFO] [stdout] error[E0433]: cannot find module or crate `xz_sys` in this scope
[INFO] [stdout]    --> tests/sys_equivalence.rs:348:37
[INFO] [stdout]     |
[INFO] [stdout] 348 |                 std::mem::size_of::<xz_sys::$name>(),
[INFO] [stdout]     |                                     ^^^^^^ use of unresolved module or unlinked crate `xz_sys`
[INFO] [stdout] ...
[INFO] [stdout] 371 |     assert_layout_eq!(lzma_stream);
[INFO] [stdout]     |     ------------------------------ in this macro invocation
[INFO] [stdout]     |
[INFO] [stdout]     = help: if you wanted to use a crate named `xz_sys`, use `cargo add xz_sys` to add it to your `Cargo.toml`
[INFO] [stdout]     = note: this error originates in the macro `assert_layout_eq` (in Nightly builds, run with -Z macro-backtrace for more info)
[INFO] [stdout] 
[INFO] [stdout] 
[INFO] [stdout] error[E0433]: cannot find module or crate `xz_sys` in this scope
[INFO] [stdout]    --> tests/sys_equivalence.rs:354:38
[INFO] [stdout]     |
[INFO] [stdout] 354 |                 std::mem::align_of::<xz_sys::$name>(),
[INFO] [stdout]     |                                      ^^^^^^ use of unresolved module or unlinked crate `xz_sys`
[INFO] [stdout] ...
[INFO] [stdout] 371 |     assert_layout_eq!(lzma_stream);
[INFO] [stdout]     |     ------------------------------ in this macro invocation
[INFO] [stdout]     |
[INFO] [stdout]     = help: if you wanted to use a crate named `xz_sys`, use `cargo add xz_sys` to add it to your `Cargo.toml`
[INFO] [stdout]     = note: this error originates in the macro `assert_layout_eq` (in Nightly builds, run with -Z macro-backtrace for more info)
[INFO] [stdout] 
[INFO] [stdout] 
[INFO] [stdout] error[E0433]: cannot find module or crate `xz_sys` in this scope
[INFO] [stdout]    --> tests/sys_equivalence.rs:348:37
[INFO] [stdout]     |
[INFO] [stdout] 348 |                 std::mem::size_of::<xz_sys::$name>(),
[INFO] [stdout]     |                                     ^^^^^^ use of unresolved module or unlinked crate `xz_sys`
[INFO] [stdout] ...
[INFO] [stdout] 372 |     assert_layout_eq!(lzma_filter);
[INFO] [stdout]     |     ------------------------------ in this macro invocation
[INFO] [stdout]     |
[INFO] [stdout]     = help: if you wanted to use a crate named `xz_sys`, use `cargo add xz_sys` to add it to your `Cargo.toml`
[INFO] [stdout]     = note: this error originates in the macro `assert_layout_eq` (in Nightly builds, run with -Z macro-backtrace for more info)
[INFO] [stdout] 
[INFO] [stdout] 
[INFO] [stdout] error[E0433]: cannot find module or crate `xz_sys` in this scope
[INFO] [stdout]    --> tests/sys_equivalence.rs:354:38
[INFO] [stdout]     |
[INFO] [stdout] 354 |                 std::mem::align_of::<xz_sys::$name>(),
[INFO] [stdout]     |                                      ^^^^^^ use of unresolved module or unlinked crate `xz_sys`
[INFO] [stdout] ...
[INFO] [stdout] 372 |     assert_layout_eq!(lzma_filter);
[INFO] [stdout]     |     ------------------------------ in this macro invocation
[INFO] [stdout]     |
[INFO] [stdout]     = help: if you wanted to use a crate named `xz_sys`, use `cargo add xz_sys` to add it to your `Cargo.toml`
[INFO] [stdout]     = note: this error originates in the macro `assert_layout_eq` (in Nightly builds, run with -Z macro-backtrace for more info)
[INFO] [stdout] 
[INFO] [stdout] 
[INFO] [stdout] error[E0433]: cannot find module or crate `xz_sys` in this scope
[INFO] [stdout]    --> tests/sys_equivalence.rs:348:37
[INFO] [stdout]     |
[INFO] [stdout] 348 |                 std::mem::size_of::<xz_sys::$name>(),
[INFO] [stdout]     |                                     ^^^^^^ use of unresolved module or unlinked crate `xz_sys`
[INFO] [stdout] ...
[INFO] [stdout] 373 |     assert_layout_eq!(lzma_options_lzma);
[INFO] [stdout]     |     ------------------------------------ in this macro invocation
[INFO] [stdout]     |
[INFO] [stdout]     = help: if you wanted to use a crate named `xz_sys`, use `cargo add xz_sys` to add it to your `Cargo.toml`
[INFO] [stdout]     = note: this error originates in the macro `assert_layout_eq` (in Nightly builds, run with -Z macro-backtrace for more info)
[INFO] [stdout] 
[INFO] [stdout] 
[INFO] [stdout] error[E0433]: cannot find module or crate `xz_sys` in this scope
[INFO] [stdout]    --> tests/sys_equivalence.rs:354:38
[INFO] [stdout]     |
[INFO] [stdout] 354 |                 std::mem::align_of::<xz_sys::$name>(),
[INFO] [stdout]     |                                      ^^^^^^ use of unresolved module or unlinked crate `xz_sys`
[INFO] [stdout] ...
[INFO] [stdout] 373 |     assert_layout_eq!(lzma_options_lzma);
[INFO] [stdout]     |     ------------------------------------ in this macro invocation
[INFO] [stdout]     |
[INFO] [stdout]     = help: if you wanted to use a crate named `xz_sys`, use `cargo add xz_sys` to add it to your `Cargo.toml`
[INFO] [stdout]     = note: this error originates in the macro `assert_layout_eq` (in Nightly builds, run with -Z macro-backtrace for more info)
[INFO] [stdout] 
[INFO] [stdout] 
[INFO] [stdout] error[E0433]: cannot find module or crate `xz_sys` in this scope
[INFO] [stdout]    --> tests/sys_equivalence.rs:348:37
[INFO] [stdout]     |
[INFO] [stdout] 348 |                 std::mem::size_of::<xz_sys::$name>(),
[INFO] [stdout]     |                                     ^^^^^^ use of unresolved module or unlinked crate `xz_sys`
[INFO] [stdout] ...
[INFO] [stdout] 374 |     assert_layout_eq!(lzma_options_delta);
[INFO] [stdout]     |     ------------------------------------- in this macro invocation
[INFO] [stdout]     |
[INFO] [stdout]     = help: if you wanted to use a crate named `xz_sys`, use `cargo add xz_sys` to add it to your `Cargo.toml`
[INFO] [stdout]     = note: this error originates in the macro `assert_layout_eq` (in Nightly builds, run with -Z macro-backtrace for more info)
[INFO] [stdout] 
[INFO] [stdout] 
[INFO] [stdout] error[E0433]: cannot find module or crate `xz_sys` in this scope
[INFO] [stdout]    --> tests/sys_equivalence.rs:354:38
[INFO] [stdout]     |
[INFO] [stdout] 354 |                 std::mem::align_of::<xz_sys::$name>(),
[INFO] [stdout]     |                                      ^^^^^^ use of unresolved module or unlinked crate `xz_sys`
[INFO] [stdout] ...
[INFO] [stdout] 374 |     assert_layout_eq!(lzma_options_delta);
[INFO] [stdout]     |     ------------------------------------- in this macro invocation
[INFO] [stdout]     |
[INFO] [stdout]     = help: if you wanted to use a crate named `xz_sys`, use `cargo add xz_sys` to add it to your `Cargo.toml`
[INFO] [stdout]     = note: this error originates in the macro `assert_layout_eq` (in Nightly builds, run with -Z macro-backtrace for more info)
[INFO] [stdout] 
[INFO] [stdout] 
[INFO] [stdout] error[E0433]: cannot find module or crate `xz_sys` in this scope
[INFO] [stdout]    --> tests/sys_equivalence.rs:348:37
[INFO] [stdout]     |
[INFO] [stdout] 348 |                 std::mem::size_of::<xz_sys::$name>(),
[INFO] [stdout]     |                                     ^^^^^^ use of unresolved module or unlinked crate `xz_sys`
[INFO] [stdout] ...
[INFO] [stdout] 375 |     assert_layout_eq!(lzma_stream_flags);
[INFO] [stdout]     |     ------------------------------------ in this macro invocation
[INFO] [stdout]     |
[INFO] [stdout]     = help: if you wanted to use a crate named `xz_sys`, use `cargo add xz_sys` to add it to your `Cargo.toml`
[INFO] [stdout]     = note: this error originates in the macro `assert_layout_eq` (in Nightly builds, run with -Z macro-backtrace for more info)
[INFO] [stdout] 
[INFO] [stdout] 
[INFO] [stdout] error[E0433]: cannot find module or crate `xz_sys` in this scope
[INFO] [stdout]    --> tests/sys_equivalence.rs:354:38
[INFO] [stdout]     |
[INFO] [stdout] 354 |                 std::mem::align_of::<xz_sys::$name>(),
[INFO] [stdout]     |                                      ^^^^^^ use of unresolved module or unlinked crate `xz_sys`
[INFO] [stdout] ...
[INFO] [stdout] 375 |     assert_layout_eq!(lzma_stream_flags);
[INFO] [stdout]     |     ------------------------------------ in this macro invocation
[INFO] [stdout]     |
[INFO] [stdout]     = help: if you wanted to use a crate named `xz_sys`, use `cargo add xz_sys` to add it to your `Cargo.toml`
[INFO] [stdout]     = note: this error originates in the macro `assert_layout_eq` (in Nightly builds, run with -Z macro-backtrace for more info)
[INFO] [stdout] 
[INFO] [stdout] 
[INFO] [stdout] For more information about this error, try `rustc --explain E0433`.
[INFO] [stdout] 
[INFO] [stderr] error: could not compile `xz` (test "sys_equivalence") due to 43 previous errors
[INFO] running `Command { std: "docker" "inspect" "4f27e16ffce8af1a236ef636db7cc192a4cb8b518e4dcc3fb272bc6e8fa125b8", kill_on_drop: false }`
[INFO] running `Command { std: "docker" "rm" "-f" "4f27e16ffce8af1a236ef636db7cc192a4cb8b518e4dcc3fb272bc6e8fa125b8", kill_on_drop: false }`
[INFO] [stdout] 4f27e16ffce8af1a236ef636db7cc192a4cb8b518e4dcc3fb272bc6e8fa125b8
