[INFO] fetching crate xux-rs 0.2.1...
[INFO] testing xux-rs-0.2.1 against 1.100.0-beta.1+cargoflags=--release for beta-release-1.100-2
[INFO] extracting crate xux-rs 0.2.1 into /workspace/builds/worker-4-tc2/source
[INFO] started tweaking crates.io crate xux-rs 0.2.1
[INFO] finished tweaking crates.io crate xux-rs 0.2.1
[INFO] tweaked toml for crates.io crate xux-rs 0.2.1 written to /workspace/builds/worker-4-tc2/source/Cargo.toml
[INFO] validating manifest of crates.io crate xux-rs 0.2.1 on toolchain 1.100.0-beta.1
[INFO] running `Command { std: CARGO_HOME="/workspace/cargo-home" RUSTUP_HOME="/workspace/rustup-home" "/workspace/cargo-home/bin/cargo" "+1.100.0-beta.1" "metadata" "--manifest-path" "Cargo.toml" "--no-deps", kill_on_drop: false }`
[INFO] crate crates.io crate xux-rs 0.2.1 already has a lockfile, it will not be regenerated
[INFO] running `Command { std: CARGO_HOME="/workspace/cargo-home" RUSTUP_HOME="/workspace/rustup-home" "/workspace/cargo-home/bin/cargo" "+1.100.0-beta.1" "fetch" "--manifest-path" "Cargo.toml", kill_on_drop: false }`
[INFO] running `Command { std: "docker" "create" "-v" "/var/lib/crater-agent-workspace/builds/worker-4-tc2/source:/opt/rustwide/workdir:ro,Z" "-v" "/var/lib/crater-agent-workspace/builds/worker-4-tc2/target:/opt/rustwide/target:rw,Z" "-v" "/var/lib/crater-agent-workspace/cargo-home:/opt/rustwide/cargo-home:ro,Z" "-v" "/var/lib/crater-agent-workspace/rustup-home:/opt/rustwide/rustup-home:ro,Z" "-m" "1610612736" "--network" "none" "ghcr.io/rust-lang/crates-build-env/linux@sha256:77db811e55d90add9212f6832c23229e3de5f1c1f9905e8cb07319ea15df73ac" "sleep" "infinity", kill_on_drop: false }`
[INFO] [stdout] 7c5ea5c3bbb29dc22dda5ae10af98cb66561ce074ed4e29172fed709bd381c6e
[INFO] running `Command { std: "docker" "start" "7c5ea5c3bbb29dc22dda5ae10af98cb66561ce074ed4e29172fed709bd381c6e", kill_on_drop: false }`
[INFO] running `Command { std: "docker" "inspect" "7c5ea5c3bbb29dc22dda5ae10af98cb66561ce074ed4e29172fed709bd381c6e", kill_on_drop: false }`
[INFO] running `Command { std: "docker" "exec" "-e" "SOURCE_DIR=/opt/rustwide/workdir" "-e" "CARGO_HOME=/opt/rustwide/cargo-home" "-e" "RUSTUP_HOME=/opt/rustwide/rustup-home" "-e" "CARGO_TARGET_DIR=/opt/rustwide/target" "-w" "/opt/rustwide/workdir" "--user" "0:0" "7c5ea5c3bbb29dc22dda5ae10af98cb66561ce074ed4e29172fed709bd381c6e" "/opt/rustwide/cargo-home/bin/cargo" "+1.100.0-beta.1" "metadata" "--no-deps" "--format-version=1", kill_on_drop: false }`
[INFO] running `Command { std: "docker" "inspect" "7c5ea5c3bbb29dc22dda5ae10af98cb66561ce074ed4e29172fed709bd381c6e", kill_on_drop: false }`
[INFO] running `Command { std: "docker" "exec" "-e" "SOURCE_DIR=/opt/rustwide/workdir" "-e" "CARGO_HOME=/opt/rustwide/cargo-home" "-e" "RUSTUP_HOME=/opt/rustwide/rustup-home" "-e" "CARGO_TARGET_DIR=/opt/rustwide/target" "-e" "CARGO_INCREMENTAL=0" "-e" "RUST_BACKTRACE=full" "-e" "RUSTFLAGS=--cap-lints=warn" "-e" "RUSTDOCFLAGS=--cap-lints=warn" "-w" "/opt/rustwide/workdir" "--user" "0:0" "7c5ea5c3bbb29dc22dda5ae10af98cb66561ce074ed4e29172fed709bd381c6e" "/opt/rustwide/cargo-home/bin/cargo" "+1.100.0-beta.1" "build" "--frozen" "--message-format=json" "--release", kill_on_drop: false }`
[INFO] [stderr]    Compiling proc-macro2 v1.0.95
[INFO] [stderr]    Compiling libc v0.2.172
[INFO] [stderr]    Compiling autocfg v1.4.0
[INFO] [stderr]    Compiling anyhow v1.0.98
[INFO] [stderr]    Compiling memchr v2.7.4
[INFO] [stderr]    Compiling smallvec v1.15.0
[INFO] [stderr]    Compiling clang-sys v1.8.1
[INFO] [stderr]    Compiling syn v1.0.109
[INFO] [stderr]    Compiling prettyplease v0.2.32
[INFO] [stderr]    Compiling object v0.36.7
[INFO] [stderr]    Compiling regex-syntax v0.8.5
[INFO] [stderr]    Compiling libloading v0.8.6
[INFO] [stderr]    Compiling futures-channel v0.3.31
[INFO] [stderr]    Compiling cyberex v0.3.26
[INFO] [stderr]    Compiling gimli v0.31.1
[INFO] [stderr]    Compiling failure_derive v0.1.8
[INFO] [stderr]    Compiling bindgen v0.70.1
[INFO] [stderr]    Compiling either v1.15.0
[INFO] [stderr]    Compiling miniz_oxide v0.8.8
[INFO] [stderr]    Compiling iana-time-zone v0.1.63
[INFO] [stderr]    Compiling bitflags v2.9.0
[INFO] [stderr]    Compiling log v0.4.27
[INFO] [stderr]    Compiling rustc-demangle v0.1.24
[INFO] [stderr]    Compiling slab v0.4.9
[INFO] [stderr]    Compiling num-traits v0.2.19
[INFO] [stderr]    Compiling itertools v0.13.0
[INFO] [stderr]    Compiling quote v1.0.40
[INFO] [stderr]    Compiling nom v7.1.3
[INFO] [stderr]    Compiling syn v2.0.100
[INFO] [stderr]    Compiling parking_lot_core v0.9.12
[INFO] [stderr]    Compiling mio v1.0.3
[INFO] [stderr]    Compiling socket2 v0.5.9
[INFO] [stderr]    Compiling signal-hook-registry v1.4.5
[INFO] [stderr]    Compiling parking_lot v0.12.5
[INFO] [stderr]    Compiling rand v0.4.6
[INFO] [stderr]    Compiling chrono v0.4.42
[INFO] [stderr]    Compiling tracing-log v0.2.0
[INFO] [stderr]    Compiling thread_local v1.1.9
[INFO] [stderr]    Compiling regex-automata v0.4.9
[INFO] [stderr]    Compiling serde_json v1.0.145
[INFO] [stderr]    Compiling tracing-subscriber v0.3.22
[INFO] [stderr]    Compiling rand v0.3.23
[INFO] [stderr]    Compiling cexpr v0.6.0
[INFO] [stderr]    Compiling addr2line v0.24.2
[INFO] [stderr]    Compiling regex v1.11.1
[INFO] [stderr]    Compiling synstructure v0.12.6
[INFO] [stderr]    Compiling backtrace v0.3.74
[INFO] [stderr]    Compiling darling_core v0.21.3
[INFO] [stderr]    Compiling darling_core v0.20.11
[INFO] [stderr]    Compiling tokio-macros v2.5.0
[INFO] [stderr]    Compiling futures-macro v0.3.31
[INFO] [stderr]    Compiling serde_derive v1.0.228
[INFO] [stderr]    Compiling tracing-attributes v0.1.31
[INFO] [stderr]    Compiling async-trait v0.1.88
[INFO] [stderr]    Compiling failure v0.1.8
[INFO] [stderr]    Compiling tokio v1.44.2
[INFO] [stderr]    Compiling futures-util v0.3.31
[INFO] [stderr]    Compiling tracing v0.1.44
[INFO] [stderr]    Compiling darling_macro v0.21.3
[INFO] [stderr]    Compiling darling_macro v0.20.11
[INFO] [stderr]    Compiling darling v0.21.3
[INFO] [stderr]    Compiling serde_with_macros v3.16.1
[INFO] [stderr]    Compiling darling v0.20.11
[INFO] [stderr]    Compiling derive_builder_core v0.20.2
[INFO] [stderr]    Compiling serde v1.0.228
[INFO] [stderr]    Compiling serde_with v3.16.1
[INFO] [stderr]    Compiling derive_builder_macro v0.20.2
[INFO] [stderr]    Compiling derive_builder v0.20.2
[INFO] [stderr]    Compiling futures-executor v0.3.31
[INFO] [stderr]    Compiling futures v0.3.31
[INFO] [stderr]    Compiling xux-rs v0.2.1 (/opt/rustwide/workdir)
[INFO] [stderr] error: failed to run custom build command for `xux-rs v0.2.1 (/opt/rustwide/workdir)`
[INFO] [stderr] note: To improve backtraces for build dependencies, set the CARGO_PROFILE_RELEASE_BUILD_OVERRIDE_DEBUG=true environment variable to enable debug information generation.
[INFO] [stderr] 
[INFO] [stderr] Caused by:
[INFO] [stderr]   process didn't exit successfully: `/opt/rustwide/target/release/build/xux-rs/d9e8012050dcd98a/out/build_script_build` (exit status: 101)
[INFO] [stderr]   --- stdout
[INFO] [stderr]   cargo::rerun-if-env-changed=MUX_PATH
[INFO] [stderr]   cargo::rerun-if-env-changed=FFMPEG_PATH
[INFO] [stderr]   cargo:rerun-if-env-changed=TARGET
[INFO] [stderr]   cargo:rerun-if-env-changed=BINDGEN_EXTRA_CLANG_ARGS_x86_64-unknown-linux-gnu
[INFO] [stderr]   cargo:rerun-if-env-changed=BINDGEN_EXTRA_CLANG_ARGS_x86_64_unknown_linux_gnu
[INFO] [stderr]   cargo:rerun-if-env-changed=BINDGEN_EXTRA_CLANG_ARGS
[INFO] [stderr]   cargo:rerun-if-changed=eaxmux.cbind_adpt.h
[INFO] [stderr] 
[INFO] [stderr]   --- stderr
[INFO] [stderr]   eaxmux.cbind_adpt.h:3:10: fatal error: 'eaxmux.cbind.h' file not found
[INFO] [stderr] 
[INFO] [stderr]   thread 'main' (1606) panicked at build.rs:30:10:
[INFO] [stderr]   Unable to generate bindings: ClangDiagnostic("eaxmux.cbind_adpt.h:3:10: fatal error: 'eaxmux.cbind.h' file not found\n")
[INFO] [stderr]   stack backtrace:
[INFO] [stderr]      0:     0x63328dc67d71 - <<std[617be2ca0a6fd877]::sys::backtrace::BacktraceLock>::print::DisplayBacktrace as core[a373ad73a504971]::fmt::Display>::fmt
[INFO] [stderr]      1:     0x63328dc7e42a - core[a373ad73a504971]::fmt::write
[INFO] [stderr]      2:     0x63328dc6d11c - <std[617be2ca0a6fd877]::sys::stdio::unix::Stderr as core[a373ad73a504971]::io::write::Write>::write_fmt
[INFO] [stderr]      3:     0x63328dc46ad6 - std[617be2ca0a6fd877]::panicking::default_hook::{closure#0}
[INFO] [stderr]      4:     0x63328dc622f1 - std[617be2ca0a6fd877]::panicking::default_hook
[INFO] [stderr]      5:     0x63328dc6261b - std[617be2ca0a6fd877]::panicking::panic_with_hook
[INFO] [stderr]      6:     0x63328dc46b82 - std[617be2ca0a6fd877]::panicking::panic_handler::{closure#0}
[INFO] [stderr]      7:     0x63328dc3f119 - std[617be2ca0a6fd877]::sys::backtrace::__rust_end_short_backtrace::<std[617be2ca0a6fd877]::panicking::panic_handler::{closure#0}, !>
[INFO] [stderr]      8:     0x63328dc474cd - __rustc[ea4f61d10b84890b]::rust_begin_unwind
[INFO] [stderr]      9:     0x63328dc7ec4c - core[a373ad73a504971]::panicking::panic_fmt
[INFO] [stderr]     10:     0x63328dc7ea22 - core[a373ad73a504971]::result::unwrap_failed
[INFO] [stderr]     11:     0x63328d75b19b - <core[a373ad73a504971]::result::Result<bindgen[cc77971323c41c]::Bindings, bindgen[cc77971323c41c]::BindgenError>>::expect
[INFO] [stderr]     12:     0x63328d75a872 - build_script_build[f70250e5b6f396cd]::main
[INFO] [stderr]     13:     0x63328d75d1e3 - <fn() as core[a373ad73a504971]::ops::function::FnOnce<()>>::call_once
[INFO] [stderr]     14:     0x63328d758596 - std[617be2ca0a6fd877]::sys::backtrace::__rust_begin_short_backtrace::<fn(), ()>
[INFO] [stderr]     15:     0x63328d75a059 - std[617be2ca0a6fd877]::rt::lang_start::<()>::{closure#0}
[INFO] [stderr]     16:     0x63328dc61658 - std[617be2ca0a6fd877]::rt::lang_start_internal
[INFO] [stderr]     17:     0x63328d757dc1 - std[617be2ca0a6fd877]::rt::lang_start::<()>
[INFO] [stderr]     18:     0x63328d75d595 - main
[INFO] [stderr]     19:     0x718f4fb53601 - <unknown>
[INFO] [stderr]     20:     0x718f4fb53718 - __libc_start_main
[INFO] [stderr]     21:     0x63328d7572e5 - _start
[INFO] [stderr]     22:                0x0 - <unknown>
[INFO] [stderr] warning: build failed, waiting for other jobs to finish...
[INFO] running `Command { std: "docker" "inspect" "7c5ea5c3bbb29dc22dda5ae10af98cb66561ce074ed4e29172fed709bd381c6e", kill_on_drop: false }`
[INFO] running `Command { std: "docker" "rm" "-f" "7c5ea5c3bbb29dc22dda5ae10af98cb66561ce074ed4e29172fed709bd381c6e", kill_on_drop: false }`
[INFO] [stdout] 7c5ea5c3bbb29dc22dda5ae10af98cb66561ce074ed4e29172fed709bd381c6e
