[INFO] fetching crate xpict 0.3.0...
[INFO] testing xpict-0.3.0 against 1.100.0-beta.1+cargoflags=--release for beta-release-1.100-2
[INFO] extracting crate xpict 0.3.0 into /workspace/builds/worker-7-tc2/source
[INFO] started tweaking crates.io crate xpict 0.3.0
[INFO] removed 0 missing tests
[INFO] finished tweaking crates.io crate xpict 0.3.0
[INFO] tweaked toml for crates.io crate xpict 0.3.0 written to /workspace/builds/worker-7-tc2/source/Cargo.toml
[INFO] validating manifest of crates.io crate xpict 0.3.0 on toolchain 1.100.0-beta.1
[INFO] running `Command { std: CARGO_HOME="/workspace/cargo-home" RUSTUP_HOME="/workspace/rustup-home" "/workspace/cargo-home/bin/cargo" "+1.100.0-beta.1" "metadata" "--manifest-path" "Cargo.toml" "--no-deps", kill_on_drop: false }`
[INFO] crate crates.io crate xpict 0.3.0 already has a lockfile, it will not be regenerated
[INFO] running `Command { std: CARGO_HOME="/workspace/cargo-home" RUSTUP_HOME="/workspace/rustup-home" "/workspace/cargo-home/bin/cargo" "+1.100.0-beta.1" "fetch" "--manifest-path" "Cargo.toml", kill_on_drop: false }`
[INFO] running `Command { std: "docker" "create" "-v" "/var/lib/crater-agent-workspace/builds/worker-7-tc2/source:/opt/rustwide/workdir:ro,Z" "-v" "/var/lib/crater-agent-workspace/builds/worker-7-tc2/target:/opt/rustwide/target:rw,Z" "-v" "/var/lib/crater-agent-workspace/cargo-home:/opt/rustwide/cargo-home:ro,Z" "-v" "/var/lib/crater-agent-workspace/rustup-home:/opt/rustwide/rustup-home:ro,Z" "-m" "1610612736" "--network" "none" "ghcr.io/rust-lang/crates-build-env/linux@sha256:77db811e55d90add9212f6832c23229e3de5f1c1f9905e8cb07319ea15df73ac" "sleep" "infinity", kill_on_drop: false }`
[INFO] [stdout] 665e6149cb4bfdd8ff307c54aff02266ac4336c8f422b5a2ef021b995a2d4494
[INFO] running `Command { std: "docker" "start" "665e6149cb4bfdd8ff307c54aff02266ac4336c8f422b5a2ef021b995a2d4494", kill_on_drop: false }`
[INFO] running `Command { std: "docker" "inspect" "665e6149cb4bfdd8ff307c54aff02266ac4336c8f422b5a2ef021b995a2d4494", kill_on_drop: false }`
[INFO] running `Command { std: "docker" "exec" "-e" "SOURCE_DIR=/opt/rustwide/workdir" "-e" "CARGO_HOME=/opt/rustwide/cargo-home" "-e" "RUSTUP_HOME=/opt/rustwide/rustup-home" "-e" "CARGO_TARGET_DIR=/opt/rustwide/target" "-w" "/opt/rustwide/workdir" "--user" "0:0" "665e6149cb4bfdd8ff307c54aff02266ac4336c8f422b5a2ef021b995a2d4494" "/opt/rustwide/cargo-home/bin/cargo" "+1.100.0-beta.1" "metadata" "--no-deps" "--format-version=1", kill_on_drop: false }`
[INFO] running `Command { std: "docker" "inspect" "665e6149cb4bfdd8ff307c54aff02266ac4336c8f422b5a2ef021b995a2d4494", kill_on_drop: false }`
[INFO] running `Command { std: "docker" "exec" "-e" "SOURCE_DIR=/opt/rustwide/workdir" "-e" "CARGO_HOME=/opt/rustwide/cargo-home" "-e" "RUSTUP_HOME=/opt/rustwide/rustup-home" "-e" "CARGO_TARGET_DIR=/opt/rustwide/target" "-e" "CARGO_INCREMENTAL=0" "-e" "RUST_BACKTRACE=full" "-e" "RUSTFLAGS=--cap-lints=warn" "-e" "RUSTDOCFLAGS=--cap-lints=warn" "-w" "/opt/rustwide/workdir" "--user" "0:0" "665e6149cb4bfdd8ff307c54aff02266ac4336c8f422b5a2ef021b995a2d4494" "/opt/rustwide/cargo-home/bin/cargo" "+1.100.0-beta.1" "build" "--frozen" "--message-format=json" "--release", kill_on_drop: false }`
[INFO] [stderr]    Compiling proc-macro2 v1.0.107
[INFO] [stderr]    Compiling find-msvc-tools v0.1.13
[INFO] [stderr]    Compiling scratch v1.0.9
[INFO] [stderr]    Compiling unicode-width v0.2.2
[INFO] [stderr]    Compiling regex-syntax v0.8.11
[INFO] [stderr]    Compiling cxxbridge-flags v1.0.202
[INFO] [stderr]    Compiling indexmap v2.14.2
[INFO] [stderr]    Compiling either v1.18.0
[INFO] [stderr]    Compiling humantime v2.4.0
[INFO] [stderr]    Compiling log v0.4.34
[INFO] [stderr]    Compiling is-terminal v0.4.17
[INFO] [stderr]    Compiling serde_json v1.0.151
[INFO] [stderr]    Compiling i_float v5.0.0
[INFO] [stderr]    Compiling foldhash v0.2.0
[INFO] [stderr]    Compiling i_tree v0.19.0
[INFO] [stderr]    Compiling i_key_sort v0.11.0
[INFO] [stderr]    Compiling bitvec v1.1.1
[INFO] [stderr]    Compiling cc v1.4.7
[INFO] [stderr]    Compiling ttf-parser v0.25.1
[INFO] [stderr]    Compiling codespan-reporting v0.13.1
[INFO] [stderr]    Compiling which v4.4.2
[INFO] [stderr]    Compiling quote v1.0.47
[INFO] [stderr]    Compiling syn v3.0.6
[INFO] [stderr]    Compiling syn v2.0.119
[INFO] [stderr]    Compiling i_shape v5.0.0
[INFO] [stderr]    Compiling i_overlay v9.0.0
[INFO] [stderr]    Compiling link-cplusplus v1.0.12
[INFO] [stderr]    Compiling cxx v1.0.202
[INFO] [stderr]    Compiling regex-automata v0.4.18
[INFO] [stderr]    Compiling thiserror-impl v1.0.69
[INFO] [stderr]    Compiling thiserror v1.0.69
[INFO] [stderr]    Compiling cxx-build v1.0.202
[INFO] [stderr]    Compiling cxxbridge-macro v1.0.202
[INFO] [stderr]    Compiling serde_derive v1.0.229
[INFO] [stderr]    Compiling regex v1.13.1
[INFO] [stderr]    Compiling env_logger v0.10.2
[INFO] [stderr]    Compiling rdkit-sys v0.4.12
[INFO] [stderr]    Compiling xpict v0.3.0 (/opt/rustwide/workdir)
[INFO] [stderr] warning: rdkit-sys@0.4.12: In file included from /opt/rustwide/target/release/build/rdkit-sys/2ed3549dac9cacf7/out/cxxbridge/sources/rdkit-sys/src/bridge/substruct_match.rs.cc:1:
[INFO] [stderr] warning: rdkit-sys@0.4.12: /opt/rustwide/cargo-home/registry/src/index.crates.io-1949cf8c6b5b557f/rdkit-sys-0.4.12/wrapper/include/ro_mol.h:4:10: fatal error: DataStructs/ExplicitBitVect.h: No such file or directory
[INFO] [stderr] warning: rdkit-sys@0.4.12:     4 | #include <DataStructs/ExplicitBitVect.h>
[INFO] [stderr] warning: rdkit-sys@0.4.12:       |          ^~~~~~~~~~~~~~~~~~~~~~~~~~~~~~~
[INFO] [stderr] warning: rdkit-sys@0.4.12: compilation terminated.
[INFO] [stderr] error: failed to run custom build command for `rdkit-sys v0.4.12`
[INFO] [stderr] note: To improve backtraces for build dependencies, set the CARGO_PROFILE_RELEASE_BUILD_OVERRIDE_DEBUG=true environment variable to enable debug information generation.
[INFO] [stderr] 
[INFO] [stderr] Caused by:
[INFO] [stderr]   process didn't exit successfully: `/opt/rustwide/target/release/build/rdkit-sys/67825b191a35e7dd/out/build_script_build` (exit status: 1)
[INFO] [stderr]   --- stdout
[INFO] [stderr]   cargo:rerun-if-changed=wrapper/src/substruct_match.cc
[INFO] [stderr]   cargo:rerun-if-changed=wrapper/include/substruct_match.h
[INFO] [stderr]   cargo:rerun-if-changed=wrapper/src/mol_standardize.cc
[INFO] [stderr]   cargo:rerun-if-changed=wrapper/include/mol_standardize.h
[INFO] [stderr]   cargo:rerun-if-changed=wrapper/src/periodic_table.cc
[INFO] [stderr]   cargo:rerun-if-changed=wrapper/include/periodic_table.h
[INFO] [stderr]   cargo:rerun-if-changed=wrapper/src/fingerprint.cc
[INFO] [stderr]   cargo:rerun-if-changed=wrapper/include/fingerprint.h
[INFO] [stderr]   cargo:rerun-if-changed=wrapper/src/descriptors.cc
[INFO] [stderr]   cargo:rerun-if-changed=wrapper/include/descriptors.h
[INFO] [stderr]   cargo:rerun-if-changed=wrapper/src/scaffold_network.cc
[INFO] [stderr]   cargo:rerun-if-changed=wrapper/include/scaffold_network.h
[INFO] [stderr]   cargo:rerun-if-changed=wrapper/src/ro_mol.cc
[INFO] [stderr]   cargo:rerun-if-changed=wrapper/include/ro_mol.h
[INFO] [stderr]   cargo:rerun-if-changed=wrapper/src/rw_mol.cc
[INFO] [stderr]   cargo:rerun-if-changed=wrapper/include/rw_mol.h
[INFO] [stderr]   cargo:rerun-if-changed=wrapper/src/mol_ops.cc
[INFO] [stderr]   cargo:rerun-if-changed=wrapper/include/mol_ops.h
[INFO] [stderr]   cargo:rerun-if-changed=src/bridge/substruct_match.rs
[INFO] [stderr]   cargo:rerun-if-changed=src/bridge/mol_standardize.rs
[INFO] [stderr]   cargo:rerun-if-changed=src/bridge/periodic_table.rs
[INFO] [stderr]   cargo:rerun-if-changed=src/bridge/fingerprint.rs
[INFO] [stderr]   cargo:rerun-if-changed=src/bridge/descriptors.rs
[INFO] [stderr]   cargo:rerun-if-changed=src/bridge/scaffold_network.rs
[INFO] [stderr]   cargo:rerun-if-changed=src/bridge/ro_mol.rs
[INFO] [stderr]   cargo:rerun-if-changed=src/bridge/rw_mol.rs
[INFO] [stderr]   cargo:rerun-if-changed=src/bridge/mol_ops.rs
[INFO] [stderr]   cargo:CXXBRIDGE_PREFIX=rdkit-sys
[INFO] [stderr]   cargo:CXXBRIDGE_DIR0=/opt/rustwide/target/release/build/rdkit-sys/2ed3549dac9cacf7/out/cxxbridge/include
[INFO] [stderr]   cargo:CXXBRIDGE_DIR1=/opt/rustwide/target/release/build/rdkit-sys/2ed3549dac9cacf7/out/cxxbridge/crate
[INFO] [stderr]   cargo:rerun-if-env-changed=CC_FORCE_DISABLE
[INFO] [stderr]   CC_FORCE_DISABLE = None
[INFO] [stderr]   cargo:rerun-if-env-changed=CXX_x86_64-unknown-linux-gnu
[INFO] [stderr]   CXX_x86_64-unknown-linux-gnu = None
[INFO] [stderr]   cargo:rerun-if-env-changed=CXX_x86_64_unknown_linux_gnu
[INFO] [stderr]   CXX_x86_64_unknown_linux_gnu = None
[INFO] [stderr]   cargo:rerun-if-env-changed=HOST_CXX
[INFO] [stderr]   HOST_CXX = None
[INFO] [stderr]   cargo:rerun-if-env-changed=CXX
[INFO] [stderr]   CXX = None
[INFO] [stderr]   cargo:rerun-if-env-changed=CC_ENABLE_DEBUG_OUTPUT
[INFO] [stderr]   cargo:rerun-if-env-changed=CRATE_CC_NO_DEFAULTS
[INFO] [stderr]   CRATE_CC_NO_DEFAULTS = None
[INFO] [stderr]   cargo:rerun-if-env-changed=CXXFLAGS
[INFO] [stderr]   CXXFLAGS = None
[INFO] [stderr]   cargo:rerun-if-env-changed=HOST_CXXFLAGS
[INFO] [stderr]   HOST_CXXFLAGS = None
[INFO] [stderr]   cargo:rerun-if-env-changed=CXXFLAGS_x86_64_unknown_linux_gnu
[INFO] [stderr]   CXXFLAGS_x86_64_unknown_linux_gnu = None
[INFO] [stderr]   cargo:rerun-if-env-changed=CXXFLAGS_x86_64-unknown-linux-gnu
[INFO] [stderr]   CXXFLAGS_x86_64-unknown-linux-gnu = None
[INFO] [stderr]   cargo:warning=In file included from /opt/rustwide/target/release/build/rdkit-sys/2ed3549dac9cacf7/out/cxxbridge/sources/rdkit-sys/src/bridge/substruct_match.rs.cc:1:
[INFO] [stderr]   cargo:warning=/opt/rustwide/cargo-home/registry/src/index.crates.io-1949cf8c6b5b557f/rdkit-sys-0.4.12/wrapper/include/ro_mol.h:4:10: fatal error: DataStructs/ExplicitBitVect.h: No such file or directory
[INFO] [stderr]   cargo:warning=    4 | #include <DataStructs/ExplicitBitVect.h>
[INFO] [stderr]   cargo:warning=      |          ^~~~~~~~~~~~~~~~~~~~~~~~~~~~~~~
[INFO] [stderr]   cargo:warning=compilation terminated.
[INFO] [stderr] 
[INFO] [stderr]   --- stderr
[INFO] [stderr] 
[INFO] [stderr]   CXX include path:
[INFO] [stderr]     /opt/rustwide/target/release/build/rdkit-sys/2ed3549dac9cacf7/out/cxxbridge/include
[INFO] [stderr]     /opt/rustwide/target/release/build/rdkit-sys/2ed3549dac9cacf7/out/cxxbridge/crate
[INFO] [stderr] 
[INFO] [stderr] 
[INFO] [stderr]   error occurred in cc-rs: command did not execute successfully (status code exit status: 1): LC_ALL="C" "c++" "-O3" "-ffunction-sections" "-fdata-sections" "-fPIC" "-m64" "-I" "/opt/rustwide/target/release/build/rdkit-sys/2ed3549dac9cacf7/out/cxxbridge/include" "-I" "/opt/rustwide/target/release/build/rdkit-sys/2ed3549dac9cacf7/out/cxxbridge/crate" "-I" "/usr/local/include" "-I" "/usr/local/include/rdkit" "-I" "/usr/include" "-I" "/usr/include/rdkit" "-I" "/opt/rustwide/cargo-home/registry/src/index.crates.io-1949cf8c6b5b557f/rdkit-sys-0.4.12" "-w" "-std=c++17" "-o" "/opt/rustwide/target/release/build/rdkit-sys/2ed3549dac9cacf7/out/fca29d58f47fb7e5-substruct_match.rs.o" "-c" "/opt/rustwide/target/release/build/rdkit-sys/2ed3549dac9cacf7/out/cxxbridge/sources/rdkit-sys/src/bridge/substruct_match.rs.cc"
[INFO] [stderr] 
[INFO] [stderr] 
[INFO] [stderr] warning: build failed, waiting for other jobs to finish...
[INFO] [stderr] warning: xpict@0.3.0: cxx/depict_bridge.cc:4:10: fatal error: GraphMol/Bond.h: No such file or directory
[INFO] [stderr] warning: xpict@0.3.0:     4 | #include <GraphMol/Bond.h>
[INFO] [stderr] warning: xpict@0.3.0:       |          ^~~~~~~~~~~~~~~~~
[INFO] [stderr] warning: xpict@0.3.0: compilation terminated.
[INFO] [stderr] error: failed to run custom build command for `xpict v0.3.0 (/opt/rustwide/workdir)`
[INFO] [stderr] note: To improve backtraces for build dependencies, set the CARGO_PROFILE_RELEASE_BUILD_OVERRIDE_DEBUG=true environment variable to enable debug information generation.
[INFO] [stderr] 
[INFO] [stderr] Caused by:
[INFO] [stderr]   process didn't exit successfully: `/opt/rustwide/target/release/build/xpict/a4907555a5f4cf95/out/build_script_build` (exit status: 1)
[INFO] [stderr]   --- stdout
[INFO] [stderr]   cargo:rerun-if-changed=compat/rdkit/GraphMol/FileParsers/FileWriters.h
[INFO] [stderr]   cargo:rerun-if-changed=cxx/depict_bridge.h
[INFO] [stderr]   cargo:rerun-if-changed=cxx/depict_bridge.cc
[INFO] [stderr]   cargo:rerun-if-changed=src/ffi.rs
[INFO] [stderr]   cargo:rustc-env=CPLUS_INCLUDE_PATH=/opt/rustwide/workdir/compat/rdkit
[INFO] [stderr]   cargo:rerun-if-changed=src/ffi.rs
[INFO] [stderr]   cargo:CXXBRIDGE_PREFIX=xpict
[INFO] [stderr]   cargo:CXXBRIDGE_DIR0=/opt/rustwide/target/release/build/xpict/b1000e76404f5940/out/cxxbridge/include
[INFO] [stderr]   cargo:CXXBRIDGE_DIR1=/opt/rustwide/target/release/build/xpict/b1000e76404f5940/out/cxxbridge/crate
[INFO] [stderr]   cargo:rerun-if-env-changed=CC_FORCE_DISABLE
[INFO] [stderr]   CC_FORCE_DISABLE = None
[INFO] [stderr]   cargo:rerun-if-env-changed=CXX_x86_64-unknown-linux-gnu
[INFO] [stderr]   CXX_x86_64-unknown-linux-gnu = None
[INFO] [stderr]   cargo:rerun-if-env-changed=CXX_x86_64_unknown_linux_gnu
[INFO] [stderr]   CXX_x86_64_unknown_linux_gnu = None
[INFO] [stderr]   cargo:rerun-if-env-changed=HOST_CXX
[INFO] [stderr]   HOST_CXX = None
[INFO] [stderr]   cargo:rerun-if-env-changed=CXX
[INFO] [stderr]   CXX = None
[INFO] [stderr]   cargo:rerun-if-env-changed=CC_ENABLE_DEBUG_OUTPUT
[INFO] [stderr]   cargo:rerun-if-env-changed=CRATE_CC_NO_DEFAULTS
[INFO] [stderr]   CRATE_CC_NO_DEFAULTS = None
[INFO] [stderr]   cargo:rerun-if-env-changed=CXXFLAGS
[INFO] [stderr]   CXXFLAGS = None
[INFO] [stderr]   cargo:rerun-if-env-changed=HOST_CXXFLAGS
[INFO] [stderr]   HOST_CXXFLAGS = None
[INFO] [stderr]   cargo:rerun-if-env-changed=CXXFLAGS_x86_64_unknown_linux_gnu
[INFO] [stderr]   CXXFLAGS_x86_64_unknown_linux_gnu = None
[INFO] [stderr]   cargo:rerun-if-env-changed=CXXFLAGS_x86_64-unknown-linux-gnu
[INFO] [stderr]   CXXFLAGS_x86_64-unknown-linux-gnu = None
[INFO] [stderr]   cargo:rerun-if-env-changed=CRATE_CC_NO_DEFAULTS
[INFO] [stderr]   CRATE_CC_NO_DEFAULTS = None
[INFO] [stderr]   cargo:rerun-if-env-changed=CXXFLAGS
[INFO] [stderr]   CXXFLAGS = None
[INFO] [stderr]   cargo:rerun-if-env-changed=HOST_CXXFLAGS
[INFO] [stderr]   HOST_CXXFLAGS = None
[INFO] [stderr]   cargo:rerun-if-env-changed=CXXFLAGS_x86_64_unknown_linux_gnu
[INFO] [stderr]   CXXFLAGS_x86_64_unknown_linux_gnu = None
[INFO] [stderr]   cargo:rerun-if-env-changed=CXXFLAGS_x86_64-unknown-linux-gnu
[INFO] [stderr]   CXXFLAGS_x86_64-unknown-linux-gnu = None
[INFO] [stderr]   cargo:rerun-if-env-changed=CXX_x86_64-unknown-linux-gnu
[INFO] [stderr]   CXX_x86_64-unknown-linux-gnu = None
[INFO] [stderr]   cargo:rerun-if-env-changed=CXX_x86_64_unknown_linux_gnu
[INFO] [stderr]   CXX_x86_64_unknown_linux_gnu = None
[INFO] [stderr]   cargo:rerun-if-env-changed=HOST_CXX
[INFO] [stderr]   HOST_CXX = None
[INFO] [stderr]   cargo:rerun-if-env-changed=CXX
[INFO] [stderr]   CXX = None
[INFO] [stderr]   cargo:rerun-if-env-changed=CRATE_CC_NO_DEFAULTS
[INFO] [stderr]   CRATE_CC_NO_DEFAULTS = None
[INFO] [stderr]   cargo:rerun-if-env-changed=CXXFLAGS
[INFO] [stderr]   CXXFLAGS = None
[INFO] [stderr]   cargo:rerun-if-env-changed=HOST_CXXFLAGS
[INFO] [stderr]   HOST_CXXFLAGS = None
[INFO] [stderr]   cargo:rerun-if-env-changed=CXXFLAGS_x86_64_unknown_linux_gnu
[INFO] [stderr]   CXXFLAGS_x86_64_unknown_linux_gnu = None
[INFO] [stderr]   cargo:rerun-if-env-changed=CXXFLAGS_x86_64-unknown-linux-gnu
[INFO] [stderr]   CXXFLAGS_x86_64-unknown-linux-gnu = None
[INFO] [stderr]   cargo:warning=cxx/depict_bridge.cc:4:10: fatal error: GraphMol/Bond.h: No such file or directory
[INFO] [stderr]   cargo:warning=    4 | #include <GraphMol/Bond.h>
[INFO] [stderr]   cargo:warning=      |          ^~~~~~~~~~~~~~~~~
[INFO] [stderr]   cargo:warning=compilation terminated.
[INFO] [stderr] 
[INFO] [stderr]   --- stderr
[INFO] [stderr] 
[INFO] [stderr]   CXX include path:
[INFO] [stderr]     /opt/rustwide/target/release/build/xpict/b1000e76404f5940/out/cxxbridge/include
[INFO] [stderr]     /opt/rustwide/target/release/build/xpict/b1000e76404f5940/out/cxxbridge/crate
[INFO] [stderr] 
[INFO] [stderr] 
[INFO] [stderr]   error occurred in cc-rs: command did not execute successfully (status code exit status: 1): LC_ALL="C" "c++" "-O3" "-ffunction-sections" "-fdata-sections" "-fPIC" "-m64" "-I" "/opt/rustwide/target/release/build/xpict/b1000e76404f5940/out/cxxbridge/include" "-I" "/opt/rustwide/target/release/build/xpict/b1000e76404f5940/out/cxxbridge/crate" "-I" "/opt/rustwide/workdir/cxx" "-I" "/opt/rustwide/workdir/compat/rdkit" "-I" "/usr/include/rdkit" "-I" "/usr/local/include/rdkit" "-I" "/usr/include" "-I" "/usr/local/include" "-w" "-std=c++17" "-o" "/opt/rustwide/target/release/build/xpict/b1000e76404f5940/out/748e69ca083e6cde-depict_bridge.o" "-c" "cxx/depict_bridge.cc"
[INFO] [stderr] 
[INFO] [stderr] 
[INFO] running `Command { std: "docker" "inspect" "665e6149cb4bfdd8ff307c54aff02266ac4336c8f422b5a2ef021b995a2d4494", kill_on_drop: false }`
[INFO] running `Command { std: "docker" "rm" "-f" "665e6149cb4bfdd8ff307c54aff02266ac4336c8f422b5a2ef021b995a2d4494", kill_on_drop: false }`
[INFO] [stdout] 665e6149cb4bfdd8ff307c54aff02266ac4336c8f422b5a2ef021b995a2d4494
