[INFO] fetching crate xodec-rs 0.2.2...
[INFO] testing xodec-rs-0.2.2 against 1.100.0-beta.1+cargoflags=--release for beta-release-1.100-2
[INFO] extracting crate xodec-rs 0.2.2 into /workspace/builds/worker-3-tc2/source
[INFO] removed /workspace/builds/worker-3-tc2/source/.cargo/config.toml
[INFO] started tweaking crates.io crate xodec-rs 0.2.2
[INFO] finished tweaking crates.io crate xodec-rs 0.2.2
[INFO] tweaked toml for crates.io crate xodec-rs 0.2.2 written to /workspace/builds/worker-3-tc2/source/Cargo.toml
[INFO] validating manifest of crates.io crate xodec-rs 0.2.2 on toolchain 1.100.0-beta.1
[INFO] running `Command { std: CARGO_HOME="/workspace/cargo-home" RUSTUP_HOME="/workspace/rustup-home" "/workspace/cargo-home/bin/cargo" "+1.100.0-beta.1" "metadata" "--manifest-path" "Cargo.toml" "--no-deps", kill_on_drop: false }`
[INFO] crate crates.io crate xodec-rs 0.2.2 already has a lockfile, it will not be regenerated
[INFO] running `Command { std: CARGO_HOME="/workspace/cargo-home" RUSTUP_HOME="/workspace/rustup-home" "/workspace/cargo-home/bin/cargo" "+1.100.0-beta.1" "fetch" "--manifest-path" "Cargo.toml", kill_on_drop: false }`
[INFO] running `Command { std: "docker" "create" "-v" "/var/lib/crater-agent-workspace/builds/worker-3-tc2/source:/opt/rustwide/workdir:ro,Z" "-v" "/var/lib/crater-agent-workspace/builds/worker-3-tc2/target:/opt/rustwide/target:rw,Z" "-v" "/var/lib/crater-agent-workspace/cargo-home:/opt/rustwide/cargo-home:ro,Z" "-v" "/var/lib/crater-agent-workspace/rustup-home:/opt/rustwide/rustup-home:ro,Z" "-m" "1610612736" "--network" "none" "ghcr.io/rust-lang/crates-build-env/linux@sha256:77db811e55d90add9212f6832c23229e3de5f1c1f9905e8cb07319ea15df73ac" "sleep" "infinity", kill_on_drop: false }`
[INFO] [stdout] 85d4af4b78d084ca92ee571be4366641073e96bd74926444c33ab27c56a8039c
[INFO] running `Command { std: "docker" "start" "85d4af4b78d084ca92ee571be4366641073e96bd74926444c33ab27c56a8039c", kill_on_drop: false }`
[INFO] running `Command { std: "docker" "inspect" "85d4af4b78d084ca92ee571be4366641073e96bd74926444c33ab27c56a8039c", kill_on_drop: false }`
[INFO] running `Command { std: "docker" "exec" "-e" "SOURCE_DIR=/opt/rustwide/workdir" "-e" "CARGO_HOME=/opt/rustwide/cargo-home" "-e" "RUSTUP_HOME=/opt/rustwide/rustup-home" "-e" "CARGO_TARGET_DIR=/opt/rustwide/target" "-w" "/opt/rustwide/workdir" "--user" "0:0" "85d4af4b78d084ca92ee571be4366641073e96bd74926444c33ab27c56a8039c" "/opt/rustwide/cargo-home/bin/cargo" "+1.100.0-beta.1" "metadata" "--no-deps" "--format-version=1", kill_on_drop: false }`
[INFO] running `Command { std: "docker" "inspect" "85d4af4b78d084ca92ee571be4366641073e96bd74926444c33ab27c56a8039c", kill_on_drop: false }`
[INFO] running `Command { std: "docker" "exec" "-e" "SOURCE_DIR=/opt/rustwide/workdir" "-e" "CARGO_HOME=/opt/rustwide/cargo-home" "-e" "RUSTUP_HOME=/opt/rustwide/rustup-home" "-e" "CARGO_TARGET_DIR=/opt/rustwide/target" "-e" "CARGO_INCREMENTAL=0" "-e" "RUST_BACKTRACE=full" "-e" "RUSTFLAGS=--cap-lints=warn" "-e" "RUSTDOCFLAGS=--cap-lints=warn" "-w" "/opt/rustwide/workdir" "--user" "0:0" "85d4af4b78d084ca92ee571be4366641073e96bd74926444c33ab27c56a8039c" "/opt/rustwide/cargo-home/bin/cargo" "+1.100.0-beta.1" "build" "--frozen" "--message-format=json" "--release", kill_on_drop: false }`
[INFO] [stderr]    Compiling proc-macro2 v0.4.30
[INFO] [stderr]    Compiling smallvec v1.15.2
[INFO] [stderr]    Compiling libc v0.2.189
[INFO] [stderr]    Compiling serde v1.0.229
[INFO] [stderr]    Compiling regex-automata v0.4.18
[INFO] [stderr]    Compiling syn v2.0.119
[INFO] [stderr]    Compiling syn v3.0.3
[INFO] [stderr]    Compiling libloading v0.8.9
[INFO] [stderr]    Compiling either v1.18.0
[INFO] [stderr]    Compiling tokio v1.53.1
[INFO] [stderr]    Compiling cexpr v0.6.0
[INFO] [stderr]    Compiling log v0.4.33
[INFO] [stderr]    Compiling syn v1.0.109
[INFO] [stderr]    Compiling indexmap v2.14.0
[INFO] [stderr]    Compiling serde_json v1.0.151
[INFO] [stderr]    Compiling parking_lot_core v0.9.12
[INFO] [stderr]    Compiling chrono v0.4.45
[INFO] [stderr]    Compiling futures-channel v0.3.34
[INFO] [stderr]    Compiling failure_derive v0.1.8
[INFO] [stderr]    Compiling itertools v0.13.0
[INFO] [stderr]    Compiling bindgen v0.70.1
[INFO] [stderr]    Compiling miniz_oxide v0.8.9
[INFO] [stderr]    Compiling parking_lot v0.12.5
[INFO] [stderr]    Compiling addr2line v0.25.1
[INFO] [stderr]    Compiling object v0.37.3
[INFO] [stderr]    Compiling quote v0.6.13
[INFO] [stderr]    Compiling syn v0.15.44
[INFO] [stderr]    Compiling bindgen v0.72.1
[INFO] [stderr]    Compiling humantime v2.4.0
[INFO] [stderr]    Compiling tracing-log v0.2.0
[INFO] [stderr]    Compiling rand v0.4.6
[INFO] [stderr]    Compiling rustc-hash v2.1.3
[INFO] [stderr]    Compiling tracing-subscriber v0.3.23
[INFO] [stderr]    Compiling clang-sys v1.9.1
[INFO] [stderr]    Compiling rand v0.3.23
[INFO] [stderr]    Compiling cyberex_xasync v0.1.3
[INFO] [stderr]    Compiling regex v1.13.1
[INFO] [stderr]    Compiling derive-newtype v0.2.3
[INFO] [stderr]    Compiling newtype v0.2.1
[INFO] [stderr]    Compiling cyberex v0.3.48
[INFO] [stderr]    Compiling tokio-macros v2.7.2
[INFO] [stderr]    Compiling serde_derive v1.0.229
[INFO] [stderr]    Compiling futures-macro v0.3.34
[INFO] [stderr]    Compiling async-trait v0.1.92
[INFO] [stderr]    Compiling synstructure v0.12.6
[INFO] [stderr]    Compiling dateparser v0.2.1
[INFO] [stderr]    Compiling futures-util v0.3.34
[INFO] [stderr]    Compiling darling_core v0.23.0
[INFO] [stderr]    Compiling prettyplease v0.2.37
[INFO] [stderr]    Compiling darling_core v0.20.11
[INFO] [stderr]    Compiling backtrace v0.3.76
[INFO] [stderr]    Compiling enum-rename v0.1.7
[INFO] [stderr]    Compiling xasync-macro v0.1.10
[INFO] [stderr]    Compiling tracing-attributes v0.1.31
[INFO] [stderr]    Compiling derive_more-impl v2.1.1
[INFO] [stderr]    Compiling cyberex_macro v0.1.4
[INFO] [stderr]    Compiling darling_macro v0.20.11
[INFO] [stderr]    Compiling failure v0.1.8
[INFO] [stderr]    Compiling darling_macro v0.23.0
[INFO] [stderr]    Compiling darling v0.20.11
[INFO] [stderr]    Compiling derive_builder_core v0.20.2
[INFO] [stderr]    Compiling darling v0.23.0
[INFO] [stderr]    Compiling serde_with_macros v3.22.0
[INFO] [stderr]    Compiling ordered-float v5.3.0
[INFO] [stderr]    Compiling xody v0.1.6
[INFO] [stderr]    Compiling serde_yaml v0.9.34+deprecated
[INFO] [stderr]    Compiling derive_more v2.1.1
[INFO] [stderr]    Compiling tracing v0.1.44
[INFO] [stderr]    Compiling serde_with v3.22.0
[INFO] [stderr]    Compiling futures-executor v0.3.34
[INFO] [stderr]    Compiling derive_builder_macro v0.20.2
[INFO] [stderr]    Compiling derive_builder v0.20.2
[INFO] [stderr]    Compiling futures v0.3.34
[INFO] [stderr]    Compiling xux-rs v0.2.1
[INFO] [stderr]    Compiling tokio-util v0.6.10
[INFO] [stderr]    Compiling tokio-stream v0.1.19
[INFO] [stderr]    Compiling xodec-rs v0.2.2 (/opt/rustwide/workdir)
[INFO] [stderr] error: failed to run custom build command for `xux-rs v0.2.1`
[INFO] [stderr] note: To improve backtraces for build dependencies, set the CARGO_PROFILE_RELEASE_BUILD_OVERRIDE_DEBUG=true environment variable to enable debug information generation.
[INFO] [stderr] 
[INFO] [stderr] Caused by:
[INFO] [stderr]   process didn't exit successfully: `/opt/rustwide/target/release/build/xux-rs/77b1ea4b09f9673f/out/build_script_build` (exit status: 101)
[INFO] [stderr]   --- stdout
[INFO] [stderr]   cargo::rerun-if-env-changed=MUX_PATH
[INFO] [stderr]   cargo::rerun-if-env-changed=FFMPEG_PATH
[INFO] [stderr]   cargo:rerun-if-env-changed=TARGET
[INFO] [stderr]   cargo:rerun-if-env-changed=BINDGEN_EXTRA_CLANG_ARGS_x86_64-unknown-linux-gnu
[INFO] [stderr]   cargo:rerun-if-env-changed=BINDGEN_EXTRA_CLANG_ARGS_x86_64_unknown_linux_gnu
[INFO] [stderr]   cargo:rerun-if-env-changed=BINDGEN_EXTRA_CLANG_ARGS
[INFO] [stderr]   cargo:rerun-if-changed=eaxmux.cbind_adpt.h
[INFO] [stderr] 
[INFO] [stderr]   --- stderr
[INFO] [stderr]   eaxmux.cbind_adpt.h:3:10: fatal error: 'eaxmux.cbind.h' file not found
[INFO] [stderr] 
[INFO] [stderr]   thread 'main' (1564) panicked at /opt/rustwide/cargo-home/registry/src/index.crates.io-1949cf8c6b5b557f/xux-rs-0.2.1/build.rs:30:10:
[INFO] [stderr]   Unable to generate bindings: ClangDiagnostic("eaxmux.cbind_adpt.h:3:10: fatal error: 'eaxmux.cbind.h' file not found\n")
[INFO] [stderr]   stack backtrace:
[INFO] [stderr]      0:     0x56fc1afa6271 - <<std[617be2ca0a6fd877]::sys::backtrace::BacktraceLock>::print::DisplayBacktrace as core[a373ad73a504971]::fmt::Display>::fmt
[INFO] [stderr]      1:     0x56fc1afbc98a - core[a373ad73a504971]::fmt::write
[INFO] [stderr]      2:     0x56fc1afab67c - <std[617be2ca0a6fd877]::sys::stdio::unix::Stderr as core[a373ad73a504971]::io::write::Write>::write_fmt
[INFO] [stderr]      3:     0x56fc1af82316 - std[617be2ca0a6fd877]::panicking::default_hook::{closure#0}
[INFO] [stderr]      4:     0x56fc1af9e3d1 - std[617be2ca0a6fd877]::panicking::default_hook
[INFO] [stderr]      5:     0x56fc1af9e6fb - std[617be2ca0a6fd877]::panicking::panic_with_hook
[INFO] [stderr]      6:     0x56fc1af823c2 - std[617be2ca0a6fd877]::panicking::panic_handler::{closure#0}
[INFO] [stderr]      7:     0x56fc1af7a959 - std[617be2ca0a6fd877]::sys::backtrace::__rust_end_short_backtrace::<std[617be2ca0a6fd877]::panicking::panic_handler::{closure#0}, !>
[INFO] [stderr]      8:     0x56fc1af830cd - __rustc[ea4f61d10b84890b]::rust_begin_unwind
[INFO] [stderr]      9:     0x56fc1afbd1ac - core[a373ad73a504971]::panicking::panic_fmt
[INFO] [stderr]     10:     0x56fc1afbcf82 - core[a373ad73a504971]::result::unwrap_failed
[INFO] [stderr]     11:     0x56fc1aa8afeb - <core[a373ad73a504971]::result::Result<bindgen[c1818270bc28cc63]::Bindings, bindgen[c1818270bc28cc63]::BindgenError>>::expect
[INFO] [stderr]     12:     0x56fc1aa8a6c2 - build_script_build[2e95e3fc5c535ec7]::main
[INFO] [stderr]     13:     0x56fc1aa8d043 - <fn() as core[a373ad73a504971]::ops::function::FnOnce<()>>::call_once
[INFO] [stderr]     14:     0x56fc1aa883e6 - std[617be2ca0a6fd877]::sys::backtrace::__rust_begin_short_backtrace::<fn(), ()>
[INFO] [stderr]     15:     0x56fc1aa89ea9 - std[617be2ca0a6fd877]::rt::lang_start::<()>::{closure#0}
[INFO] [stderr]     16:     0x56fc1af9d738 - std[617be2ca0a6fd877]::rt::lang_start_internal
[INFO] [stderr]     17:     0x56fc1aa87e61 - std[617be2ca0a6fd877]::rt::lang_start::<()>
[INFO] [stderr]     18:     0x56fc1aa8d3f5 - main
[INFO] [stderr]     19:     0x7fba94660601 - <unknown>
[INFO] [stderr]     20:     0x7fba94660718 - __libc_start_main
[INFO] [stderr]     21:     0x56fc1aa87135 - _start
[INFO] [stderr]     22:                0x0 - <unknown>
[INFO] [stderr] warning: build failed, waiting for other jobs to finish...
[INFO] running `Command { std: "docker" "inspect" "85d4af4b78d084ca92ee571be4366641073e96bd74926444c33ab27c56a8039c", kill_on_drop: false }`
[INFO] running `Command { std: "docker" "rm" "-f" "85d4af4b78d084ca92ee571be4366641073e96bd74926444c33ab27c56a8039c", kill_on_drop: false }`
[INFO] [stdout] 85d4af4b78d084ca92ee571be4366641073e96bd74926444c33ab27c56a8039c
