[INFO] fetching crate xidlehook 0.10.0...
[INFO] testing xidlehook-0.10.0 against 1.99.0-beta.8+cargoflags=--release for beta-release-1.100-2
[INFO] extracting crate xidlehook 0.10.0 into /workspace/builds/worker-2-tc1/source
[INFO] started tweaking crates.io crate xidlehook 0.10.0
[INFO] finished tweaking crates.io crate xidlehook 0.10.0
[INFO] tweaked toml for crates.io crate xidlehook 0.10.0 written to /workspace/builds/worker-2-tc1/source/Cargo.toml
[INFO] validating manifest of crates.io crate xidlehook 0.10.0 on toolchain 1.99.0-beta.8
[INFO] running `Command { std: CARGO_HOME="/workspace/cargo-home" RUSTUP_HOME="/workspace/rustup-home" "/workspace/cargo-home/bin/cargo" "+1.99.0-beta.8" "metadata" "--manifest-path" "Cargo.toml" "--no-deps", kill_on_drop: false }`
[INFO] crate crates.io crate xidlehook 0.10.0 already has a lockfile, it will not be regenerated
[INFO] running `Command { std: CARGO_HOME="/workspace/cargo-home" RUSTUP_HOME="/workspace/rustup-home" "/workspace/cargo-home/bin/cargo" "+1.99.0-beta.8" "fetch" "--manifest-path" "Cargo.toml", kill_on_drop: false }`
[INFO] [stderr]     Updating crates.io index
[INFO] [stderr]  Downloading crates ...
[INFO] [stderr]   Downloaded xidlehook-core v0.3.0
[INFO] [stderr]   Downloaded futures-sink v0.3.13
[INFO] [stderr]   Downloaded futures-task v0.3.13
[INFO] [stderr]   Downloaded futures-core v0.3.13
[INFO] [stderr]   Downloaded futures-macro v0.3.13
[INFO] [stderr]   Downloaded tokio-macros v0.2.6
[INFO] [stderr]   Downloaded futures-io v0.3.13
[INFO] [stderr]   Downloaded signal-hook-registry v1.3.0
[INFO] [stderr]   Downloaded futures-channel v0.3.13
[INFO] [stderr]   Downloaded libpulse-sys v1.18.0
[INFO] [stderr]   Downloaded futures v0.3.13
[INFO] [stderr]   Downloaded pin-project-lite v0.2.5
[INFO] [stderr]   Downloaded futures-executor v0.3.13
[INFO] [stderr]   Downloaded x11 v2.18.2
[INFO] [stderr]   Downloaded xcb v0.9.0
[INFO] [stderr]   Downloaded libpulse-binding v2.23.0
[INFO] [stderr]   Downloaded futures-util v0.3.13
[INFO] [stderr]   Downloaded nix v0.15.0
[INFO] [stderr]   Downloaded tokio v0.2.25
[INFO] [stderr]   Downloaded libc v0.2.87
[INFO] running `Command { std: "docker" "create" "-v" "/var/lib/crater-agent-workspace/builds/worker-2-tc1/source:/opt/rustwide/workdir:ro,Z" "-v" "/var/lib/crater-agent-workspace/builds/worker-2-tc1/target:/opt/rustwide/target:rw,Z" "-v" "/var/lib/crater-agent-workspace/cargo-home:/opt/rustwide/cargo-home:ro,Z" "-v" "/var/lib/crater-agent-workspace/rustup-home:/opt/rustwide/rustup-home:ro,Z" "-m" "1610612736" "--network" "none" "ghcr.io/rust-lang/crates-build-env/linux@sha256:77db811e55d90add9212f6832c23229e3de5f1c1f9905e8cb07319ea15df73ac" "sleep" "infinity", kill_on_drop: false }`
[INFO] [stdout] 5fd2613226e9e6a819d6fd69de830c918a50c1120c7b2a2ee4694b7f2a3fcaa1
[INFO] running `Command { std: "docker" "start" "5fd2613226e9e6a819d6fd69de830c918a50c1120c7b2a2ee4694b7f2a3fcaa1", kill_on_drop: false }`
[INFO] running `Command { std: "docker" "inspect" "5fd2613226e9e6a819d6fd69de830c918a50c1120c7b2a2ee4694b7f2a3fcaa1", kill_on_drop: false }`
[INFO] running `Command { std: "docker" "exec" "-e" "SOURCE_DIR=/opt/rustwide/workdir" "-e" "CARGO_HOME=/opt/rustwide/cargo-home" "-e" "RUSTUP_HOME=/opt/rustwide/rustup-home" "-e" "CARGO_TARGET_DIR=/opt/rustwide/target" "-w" "/opt/rustwide/workdir" "--user" "0:0" "5fd2613226e9e6a819d6fd69de830c918a50c1120c7b2a2ee4694b7f2a3fcaa1" "/opt/rustwide/cargo-home/bin/cargo" "+1.99.0-beta.8" "metadata" "--no-deps" "--format-version=1", kill_on_drop: false }`
[INFO] running `Command { std: "docker" "inspect" "5fd2613226e9e6a819d6fd69de830c918a50c1120c7b2a2ee4694b7f2a3fcaa1", kill_on_drop: false }`
[INFO] running `Command { std: "docker" "exec" "-e" "SOURCE_DIR=/opt/rustwide/workdir" "-e" "CARGO_HOME=/opt/rustwide/cargo-home" "-e" "RUSTUP_HOME=/opt/rustwide/rustup-home" "-e" "CARGO_TARGET_DIR=/opt/rustwide/target" "-e" "CARGO_INCREMENTAL=0" "-e" "RUST_BACKTRACE=full" "-e" "RUSTFLAGS=--cap-lints=warn" "-e" "RUSTDOCFLAGS=--cap-lints=warn" "-w" "/opt/rustwide/workdir" "--user" "0:0" "5fd2613226e9e6a819d6fd69de830c918a50c1120c7b2a2ee4694b7f2a3fcaa1" "/opt/rustwide/cargo-home/bin/cargo" "+1.99.0-beta.8" "build" "--frozen" "--message-format=json" "--release", kill_on_drop: false }`
[INFO] [stderr]    Compiling libc v0.2.87
[INFO] [stderr]    Compiling syn v1.0.60
[INFO] [stderr]    Compiling memchr v2.3.4
[INFO] [stderr]    Compiling log v0.4.14
[INFO] [stderr]    Compiling slab v0.4.2
[INFO] [stderr]    Compiling proc-macro-error-attr v1.0.4
[INFO] [stderr]    Compiling futures-core v0.3.13
[INFO] [stderr]    Compiling proc-macro-error v1.0.4
[INFO] [stderr]    Compiling proc-macro-nested v0.1.7
[INFO] [stderr]    Compiling x11 v2.18.2
[INFO] [stderr]    Compiling libpulse-sys v1.18.0
[INFO] [stderr]    Compiling futures-sink v0.3.13
[INFO] [stderr]    Compiling unicode-width v0.1.8
[INFO] [stderr]    Compiling unicode-segmentation v1.7.1
[INFO] [stderr]    Compiling futures-channel v0.3.13
[INFO] [stderr]    Compiling textwrap v0.11.0
[INFO] [stderr]    Compiling ryu v1.0.5
[INFO] [stderr]    Compiling once_cell v1.7.2
[INFO] [stderr]    Compiling serde v1.0.123
[INFO] [stderr]    Compiling futures-io v0.3.13
[INFO] [stderr]    Compiling heck v0.3.2
[INFO] [stderr]    Compiling vec_map v0.8.2
[INFO] [stderr]    Compiling futures-task v0.3.13
[INFO] [stderr]    Compiling strsim v0.8.0
[INFO] [stderr]    Compiling pin-project-lite v0.2.5
[INFO] [stderr]    Compiling nix v0.15.0
[INFO] [stderr]    Compiling ansi_term v0.11.0
[INFO] [stderr]    Compiling thread_local v1.1.3
[INFO] [stderr]    Compiling aho-corasick v0.7.15
[INFO] [stderr]    Compiling pin-project-lite v0.1.12
[INFO] [stderr]    Compiling regex-syntax v0.6.22
[INFO] [stderr]    Compiling serde_json v1.0.64
[INFO] [stderr]    Compiling humantime v1.3.0
[INFO] [stderr]    Compiling atty v0.2.14
[INFO] [stderr]    Compiling iovec v0.1.4
[INFO] [stderr]    Compiling net2 v0.2.37
[INFO] [stderr]    Compiling xcb v0.9.0
[INFO] [stderr]    Compiling clap v2.33.3
[INFO] [stderr]    Compiling signal-hook-registry v1.3.0
[INFO] [stderr]    Compiling mio v0.6.23
[INFO] [stderr]    Compiling mio-uds v0.6.8
[INFO] [stderr]    Compiling termcolor v1.1.2
[INFO] [stderr]    Compiling regex v1.4.3
[INFO] [stderr]    Compiling itoa v0.4.7
[INFO] [stderr]    Compiling futures-macro v0.3.13
[INFO] [stderr]    Compiling num-derive v0.3.3
[INFO] [stderr]    Compiling structopt-derive v0.4.14
[INFO] [stderr]    Compiling futures-util v0.3.13
[INFO] [stderr]    Compiling tokio-macros v0.2.6
[INFO] [stderr]    Compiling serde_derive v1.0.123
[INFO] [stderr]    Compiling tokio v0.2.25
[INFO] [stderr]    Compiling libpulse-binding v2.23.0
[INFO] [stderr]    Compiling futures-executor v0.3.13
[INFO] [stderr]    Compiling structopt v0.3.21
[INFO] [stderr]    Compiling futures v0.3.13
[INFO] [stderr]    Compiling env_logger v0.7.1
[INFO] [stderr]    Compiling xidlehook-core v0.3.0
[INFO] [stderr]    Compiling xidlehook v0.10.0 (/opt/rustwide/workdir)
[INFO] [stdout] warning: irrefutable `if let` pattern
[INFO] [stdout]    --> src/main.rs:156:24
[INFO] [stdout]     |
[INFO] [stdout] 156 |                     if let Err(err) = socket::main_loop(&address, socket_tx).await {
[INFO] [stdout]     |                        ^^^^^^^^^^^^^^^^^^^^^^^^^^^^^^^^^^^^^^^^^^^^^^^^^^^^^^^^^^^
[INFO] [stdout]     |
[INFO] [stdout]     = note: this pattern will always match, so the `if let` is useless
[INFO] [stdout]     = help: consider replacing the `if let` with a `let`
[INFO] [stdout]     = note: `#[warn(irrefutable_let_patterns)]` on by default
[INFO] [stdout] 
[INFO] [stdout] 
[INFO] [stdout] error: linking with `cc` failed: exit status: 1
[INFO] [stdout]   |
[INFO] [stdout]   = note:  "cc" "-m64" "/opt/rustwide/target/release/deps/rustcvbS7UT/symbols.o" "<10 object files omitted>" "-Wl,--as-needed" "-Wl,-Bstatic" "/opt/rustwide/target/release/deps/{libserde_json-866f88c8341e6ea5,libryu-65c38be6ac56cc72,libitoa-5e484e6b0a4d3dd4,libxidlehook_core-bac37f3ad437457e,libxcb-55aed0208adc851b,libtokio-5f1677ff9e858f10,libsignal_hook_registry-00bde2b4d955683b,libmemchr-c942485ff1157a86,libfnv-98df728fc8020158,libmio_uds-cf441705d65e3a8a,libmio-632ed865d0ca1d4d,libslab-5e9d43d640ca580d,libiovec-c6a2d6632ca630c3,libnet2-e47212b9dbfeec0f,libfutures_core-e08a48b0218d9403,libbytes-9eb7a2bc73dde625,libpin_project_lite-b115ed1a1242f292,liblibpulse_binding-9058a1ec4b740e1a,liblibpulse_sys-ac0516224e12ba7a,libnum_traits-81ff9b7db63d5d89,libnix-7deeaa46e68fa5dc,libvoid-aa258f5f08d938d3,libcfg_if-6ffcd2bb3ed34b7c,liblog-c16be9d0305d0251,libcfg_if-193575a6b29a3ab9,libserde-5111648481a56e45,libstructopt-1ca085393d4d786c,liblazy_static-480433dca0d17907,libclap-59aaa365f1918281,libvec_map-0c63c46b16946dae,libtextwrap-c1100f590ee88e14,libunicode_width-7f4314b0a8887d65,libstrsim-a9397c47b6022ed0,libbitflags-a7685ea2c2c46ab3,libatty-0d1f606dcd1406b9,liblibc-1c1b585ab1f5a81e,libansi_term-b862d686b521bf39}.rlib" "<sysroot>/lib/rustlib/x86_64-unknown-linux-gnu/lib/{libstd-*,libpanic_unwind-*,libobject-*,libmemchr-*,libaddr2line-*,libgimli-*,libcfg_if-*,librustc_demangle-*,libstd_detect-*,libhashbrown-*,librustc_std_workspace_alloc-*,libminiz_oxide-*,libadler2-*,libunwind-*,liblibc-*,librustc_std_workspace_core-*,liballoc-*,libcore-*,libcompiler_builtins-*}.rlib" "-Wl,-Bdynamic" "-lxcb" "-lxcb-screensaver" "-lpulse" "-lgcc_s" "-lutil" "-lrt" "-lpthread" "-lm" "-ldl" "-lc" "-L" "/opt/rustwide/target/release/deps/rustcvbS7UT/raw-dylibs" "-B<sysroot>/lib/rustlib/x86_64-unknown-linux-gnu/bin/gcc-ld" "-fuse-ld=lld" "-Wl,--eh-frame-hdr" "-Wl,-z,noexecstack" "-L" "/usr/lib/x86_64-linux-gnu" "-L" "<sysroot>/lib/rustlib/x86_64-unknown-linux-gnu/lib" "-o" "/opt/rustwide/target/release/deps/xidlehook_client-94dc540652b72870" "-Wl,--gc-sections" "-pie" "-Wl,-z,relro,-z,now" "-Wl,-O1" "-Wl,--strip-debug" "-nodefaultlibs"
[INFO] [stdout]   = note: some arguments are omitted. use `--verbose` to show all linker arguments
[INFO] [stdout]   = note: rust-lld: error: unable to find library -lxcb-screensaver
[INFO] [stdout]           collect2: error: ld returned 1 exit status
[INFO] [stdout]           
[INFO] [stdout] 
[INFO] [stdout] 
[INFO] [stderr] error: could not compile `xidlehook` (bin "xidlehook-client") due to 1 previous error
[INFO] [stderr] warning: build failed, waiting for other jobs to finish...
[INFO] [stdout] error: linking with `cc` failed: exit status: 1
[INFO] [stdout]   |
[INFO] [stdout]   = note:  "cc" "-m64" "/opt/rustwide/target/release/deps/rustc7fsaHP/symbols.o" "<17 object files omitted>" "-Wl,--as-needed" "-Wl,-Bstatic" "/opt/rustwide/target/release/deps/{libenv_logger-2e0a9e35e586314a,libtermcolor-f8ecccb5048e12a3,libhumantime-720be27ca3ba0ac0,libquick_error-f34ab17b55e6e8f9,libregex-c333f4c63cbc12a1,libthread_local-a3195ae2a5b0607e,libonce_cell-8dc59f97a32bb09e,libregex_syntax-76146fa1b53ab459,libaho_corasick-ebedf034a0eb9f5f,libserde_json-866f88c8341e6ea5,libryu-65c38be6ac56cc72,libitoa-5e484e6b0a4d3dd4,libserde-5111648481a56e45,libxidlehook_core-bac37f3ad437457e,libxcb-55aed0208adc851b,liblibpulse_binding-9058a1ec4b740e1a,liblibpulse_sys-ac0516224e12ba7a,libnum_traits-81ff9b7db63d5d89,libtokio-5f1677ff9e858f10,libsignal_hook_registry-00bde2b4d955683b,libmemchr-c942485ff1157a86,libfnv-98df728fc8020158,libmio_uds-cf441705d65e3a8a,libmio-632ed865d0ca1d4d,libslab-5e9d43d640ca580d,libiovec-c6a2d6632ca630c3,libnet2-e47212b9dbfeec0f,libfutures_core-e08a48b0218d9403,libbytes-9eb7a2bc73dde625,libpin_project_lite-b115ed1a1242f292,libstructopt-1ca085393d4d786c,liblazy_static-480433dca0d17907,libclap-59aaa365f1918281,libvec_map-0c63c46b16946dae,libtextwrap-c1100f590ee88e14,libunicode_width-7f4314b0a8887d65,libstrsim-a9397c47b6022ed0,libatty-0d1f606dcd1406b9,libansi_term-b862d686b521bf39,libnix-7deeaa46e68fa5dc,liblibc-1c1b585ab1f5a81e,libvoid-aa258f5f08d938d3,libcfg_if-6ffcd2bb3ed34b7c,libbitflags-a7685ea2c2c46ab3,liblog-c16be9d0305d0251,libcfg_if-193575a6b29a3ab9}.rlib" "<sysroot>/lib/rustlib/x86_64-unknown-linux-gnu/lib/{libstd-*,libpanic_unwind-*,libobject-*,libmemchr-*,libaddr2line-*,libgimli-*,libcfg_if-*,librustc_demangle-*,libstd_detect-*,libhashbrown-*,librustc_std_workspace_alloc-*,libminiz_oxide-*,libadler2-*,libunwind-*,liblibc-*,librustc_std_workspace_core-*,liballoc-*,libcore-*,libcompiler_builtins-*}.rlib" "-Wl,-Bdynamic" "-lxcb" "-lxcb-screensaver" "-lpulse" "-lgcc_s" "-lutil" "-lrt" "-lpthread" "-lm" "-ldl" "-lc" "-L" "/opt/rustwide/target/release/deps/rustc7fsaHP/raw-dylibs" "-B<sysroot>/lib/rustlib/x86_64-unknown-linux-gnu/bin/gcc-ld" "-fuse-ld=lld" "-Wl,--eh-frame-hdr" "-Wl,-z,noexecstack" "-L" "/usr/lib/x86_64-linux-gnu" "-L" "<sysroot>/lib/rustlib/x86_64-unknown-linux-gnu/lib" "-o" "/opt/rustwide/target/release/deps/xidlehook-b7b8785d0b79aad5" "-Wl,--gc-sections" "-pie" "-Wl,-z,relro,-z,now" "-Wl,-O1" "-Wl,--strip-debug" "-nodefaultlibs"
[INFO] [stdout]   = note: some arguments are omitted. use `--verbose` to show all linker arguments
[INFO] [stdout]   = note: rust-lld: error: unable to find library -lxcb-screensaver
[INFO] [stdout]           collect2: error: ld returned 1 exit status
[INFO] [stdout]           
[INFO] [stdout] 
[INFO] [stdout] 
[INFO] [stderr] error: could not compile `xidlehook` (bin "xidlehook") due to 1 previous error; 1 warning emitted
[INFO] running `Command { std: "docker" "inspect" "5fd2613226e9e6a819d6fd69de830c918a50c1120c7b2a2ee4694b7f2a3fcaa1", kill_on_drop: false }`
[INFO] running `Command { std: "docker" "rm" "-f" "5fd2613226e9e6a819d6fd69de830c918a50c1120c7b2a2ee4694b7f2a3fcaa1", kill_on_drop: false }`
[INFO] [stdout] 5fd2613226e9e6a819d6fd69de830c918a50c1120c7b2a2ee4694b7f2a3fcaa1
