[INFO] fetching crate xiao_m0 0.13.0...
[INFO] testing xiao_m0-0.13.0 against 1.100.0-beta.1+cargoflags=--release for beta-release-1.100-2
[INFO] extracting crate xiao_m0 0.13.0 into /workspace/builds/worker-3-tc2/source
[INFO] removed /workspace/builds/worker-3-tc2/source/.cargo/config.toml
[INFO] started tweaking crates.io crate xiao_m0 0.13.0
[INFO] removed 0 missing examples
[INFO] finished tweaking crates.io crate xiao_m0 0.13.0
[INFO] tweaked toml for crates.io crate xiao_m0 0.13.0 written to /workspace/builds/worker-3-tc2/source/Cargo.toml
[INFO] validating manifest of crates.io crate xiao_m0 0.13.0 on toolchain 1.100.0-beta.1
[INFO] running `Command { std: CARGO_HOME="/workspace/cargo-home" RUSTUP_HOME="/workspace/rustup-home" "/workspace/cargo-home/bin/cargo" "+1.100.0-beta.1" "metadata" "--manifest-path" "Cargo.toml" "--no-deps", kill_on_drop: false }`
[INFO] crate crates.io crate xiao_m0 0.13.0 already has a lockfile, it will not be regenerated
[INFO] running `Command { std: CARGO_HOME="/workspace/cargo-home" RUSTUP_HOME="/workspace/rustup-home" "/workspace/cargo-home/bin/cargo" "+1.100.0-beta.1" "fetch" "--manifest-path" "Cargo.toml", kill_on_drop: false }`
[INFO] running `Command { std: "docker" "create" "-v" "/var/lib/crater-agent-workspace/builds/worker-3-tc2/source:/opt/rustwide/workdir:ro,Z" "-v" "/var/lib/crater-agent-workspace/builds/worker-3-tc2/target:/opt/rustwide/target:rw,Z" "-v" "/var/lib/crater-agent-workspace/cargo-home:/opt/rustwide/cargo-home:ro,Z" "-v" "/var/lib/crater-agent-workspace/rustup-home:/opt/rustwide/rustup-home:ro,Z" "-m" "1610612736" "--network" "none" "ghcr.io/rust-lang/crates-build-env/linux@sha256:77db811e55d90add9212f6832c23229e3de5f1c1f9905e8cb07319ea15df73ac" "sleep" "infinity", kill_on_drop: false }`
[INFO] [stdout] ce70715bce7d15be7a7c289f060ff91fd14c8c0759f7b029ef3103d7354e9564
[INFO] running `Command { std: "docker" "start" "ce70715bce7d15be7a7c289f060ff91fd14c8c0759f7b029ef3103d7354e9564", kill_on_drop: false }`
[INFO] running `Command { std: "docker" "inspect" "ce70715bce7d15be7a7c289f060ff91fd14c8c0759f7b029ef3103d7354e9564", kill_on_drop: false }`
[INFO] running `Command { std: "docker" "exec" "-e" "SOURCE_DIR=/opt/rustwide/workdir" "-e" "CARGO_HOME=/opt/rustwide/cargo-home" "-e" "RUSTUP_HOME=/opt/rustwide/rustup-home" "-e" "CARGO_TARGET_DIR=/opt/rustwide/target" "-w" "/opt/rustwide/workdir" "--user" "0:0" "ce70715bce7d15be7a7c289f060ff91fd14c8c0759f7b029ef3103d7354e9564" "/opt/rustwide/cargo-home/bin/cargo" "+1.100.0-beta.1" "metadata" "--no-deps" "--format-version=1", kill_on_drop: false }`
[INFO] running `Command { std: "docker" "inspect" "ce70715bce7d15be7a7c289f060ff91fd14c8c0759f7b029ef3103d7354e9564", kill_on_drop: false }`
[INFO] running `Command { std: "docker" "exec" "-e" "SOURCE_DIR=/opt/rustwide/workdir" "-e" "CARGO_HOME=/opt/rustwide/cargo-home" "-e" "RUSTUP_HOME=/opt/rustwide/rustup-home" "-e" "CARGO_TARGET_DIR=/opt/rustwide/target" "-e" "CARGO_INCREMENTAL=0" "-e" "RUST_BACKTRACE=full" "-e" "RUSTFLAGS=--cap-lints=warn" "-e" "RUSTDOCFLAGS=--cap-lints=warn" "-w" "/opt/rustwide/workdir" "--user" "0:0" "ce70715bce7d15be7a7c289f060ff91fd14c8c0759f7b029ef3103d7354e9564" "/opt/rustwide/cargo-home/bin/cargo" "+1.100.0-beta.1" "build" "--frozen" "--message-format=json" "--release", kill_on_drop: false }`
[INFO] [stderr]    Compiling proc-macro2 v1.0.88
[INFO] [stderr]    Compiling unicode-ident v1.0.13
[INFO] [stderr]    Compiling semver-parser v0.7.0
[INFO] [stderr]    Compiling serde v1.0.210
[INFO] [stderr]    Compiling cortex-m-rt v0.7.3
[INFO] [stderr]    Compiling equivalent v1.0.1
[INFO] [stderr]    Compiling hashbrown v0.15.0
[INFO] [stderr]    Compiling typenum v1.17.0
[INFO] [stderr]    Compiling nb v1.1.0
[INFO] [stderr]    Compiling cortex-m v0.7.7
[INFO] [stderr]    Compiling itoa v1.0.11
[INFO] [stderr]    Compiling ryu v1.0.18
[INFO] [stderr]    Compiling phf_shared v0.11.2
[INFO] [stderr]    Compiling rand v0.8.5
[INFO] [stderr]    Compiling generic-array v0.14.7
[INFO] [stderr]    Compiling unsafe-libyaml v0.2.11
[INFO] [stderr]    Compiling nb v0.1.3
[INFO] [stderr]    Compiling vcell v0.1.3
[INFO] [stderr]    Compiling void v1.0.2
[INFO] [stderr]    Compiling num-traits v0.2.19
[INFO] [stderr]    Compiling volatile-register v0.2.2
[INFO] [stderr]    Compiling embedded-hal v0.2.7
[INFO] [stderr]    Compiling atsamd21g v0.13.0
[INFO] [stderr]    Compiling bitfield v0.13.2
[INFO] [stderr]    Compiling gcd v2.3.0
[INFO] [stderr]    Compiling critical-section v1.2.0
[INFO] [stderr]    Compiling cpufeatures v0.2.14
[INFO] [stderr]    Compiling embedded-hal v1.0.0
[INFO] [stderr]    Compiling xiao_m0 v0.13.0 (/opt/rustwide/workdir)
[INFO] [stderr]    Compiling seq-macro v0.3.5
[INFO] [stderr]    Compiling rand_core v0.6.4
[INFO] [stderr]    Compiling semver v0.9.0
[INFO] [stderr]    Compiling phf v0.11.2
[INFO] [stderr]    Compiling fugit v0.3.7
[INFO] [stderr]    Compiling embedded-io v0.6.1
[INFO] [stderr]    Compiling embedded-hal-nb v1.0.0
[INFO] [stderr]    Compiling rustc_version v0.2.3
[INFO] [stderr]    Compiling phf_generator v0.11.2
[INFO] [stderr]    Compiling bare-metal v0.2.5
[INFO] [stderr]    Compiling phf_codegen v0.11.2
[INFO] [stderr]    Compiling quote v1.0.37
[INFO] [stderr]    Compiling litrs v0.4.1
[INFO] [stderr]    Compiling indexmap v2.6.0
[INFO] [stderr]    Compiling syn v2.0.79
[INFO] [stderr]    Compiling syn v1.0.109
[INFO] [stderr]    Compiling cipher v0.3.0
[INFO] [stderr]    Compiling aes v0.7.5
[INFO] [stderr]    Compiling serde_derive v1.0.210
[INFO] [stderr]    Compiling cortex-m-rt-macros v0.7.0
[INFO] [stderr]    Compiling modular-bitfield-impl v0.11.2
[INFO] [stderr]    Compiling modular-bitfield v0.11.2
[INFO] [stderr]    Compiling serde_yaml v0.9.34+deprecated
[INFO] [stderr]    Compiling atsamd-hal-macros v0.1.0
[INFO] [stderr]    Compiling atsamd-hal v0.17.0
[INFO] [stdout] error[E0271]: type mismatch resolving `<! as TryFrom<Status>>::Error == Error`
[INFO] [stdout]    --> /opt/rustwide/cargo-home/registry/src/index.crates.io-1949cf8c6b5b557f/atsamd-hal-0.17.0/src/sercom/spi/reg.rs:343:28
[INFO] [stdout]     |
[INFO] [stdout] 343 |         self.read_status().try_into()?;
[INFO] [stdout]     |                            ^^^^^^^^ expected `Error`, found `!`
[INFO] [stdout]     |
[INFO] [stdout]     = note: expected enum `sercom::spi::Error`
[INFO] [stdout]                found type `!`
[INFO] [stdout] 
[INFO] [stdout] 
[INFO] [stdout] error[E0277]: the trait bound `!: TryFrom<sercom::spi::Status>` is not satisfied
[INFO] [stdout]    --> /opt/rustwide/cargo-home/registry/src/index.crates.io-1949cf8c6b5b557f/atsamd-hal-0.17.0/src/sercom/spi/reg.rs:343:28
[INFO] [stdout]     |
[INFO] [stdout] 343 |         self.read_status().try_into()?;
[INFO] [stdout]     |                            ^^^^^^^^ the trait `From<sercom::spi::Status>` is not implemented for `!`
[INFO] [stdout]     |
[INFO] [stdout]     = note: required for `sercom::spi::Status` to implement `Into<!>`
[INFO] [stdout]     = note: required for `!` to implement `TryFrom<sercom::spi::Status>`
[INFO] [stdout]     = note: required for `sercom::spi::Status` to implement `TryInto<!>`
[INFO] [stdout] 
[INFO] [stdout] 
[INFO] [stdout] error[E0271]: type mismatch resolving `<! as TryFrom<Status>>::Error == Error`
[INFO] [stdout]    --> /opt/rustwide/cargo-home/registry/src/index.crates.io-1949cf8c6b5b557f/atsamd-hal-0.17.0/src/sercom/uart.rs:913:28
[INFO] [stdout]     |
[INFO] [stdout] 913 |         self.read_status().try_into()?;
[INFO] [stdout]     |                            ^^^^^^^^ expected `Error`, found `!`
[INFO] [stdout]     |
[INFO] [stdout]     = note: expected enum `uart::flags::Error`
[INFO] [stdout]                found type `!`
[INFO] [stdout] 
[INFO] [stdout] 
[INFO] [stdout] error[E0277]: the trait bound `!: TryFrom<uart::flags::Status>` is not satisfied
[INFO] [stdout]    --> /opt/rustwide/cargo-home/registry/src/index.crates.io-1949cf8c6b5b557f/atsamd-hal-0.17.0/src/sercom/uart.rs:913:28
[INFO] [stdout]     |
[INFO] [stdout] 913 |         self.read_status().try_into()?;
[INFO] [stdout]     |                            ^^^^^^^^ the trait `From<uart::flags::Status>` is not implemented for `!`
[INFO] [stdout]     |
[INFO] [stdout]     = note: required for `uart::flags::Status` to implement `Into<!>`
[INFO] [stdout]     = note: required for `!` to implement `TryFrom<uart::flags::Status>`
[INFO] [stdout]     = note: required for `uart::flags::Status` to implement `TryInto<!>`
[INFO] [stdout] 
[INFO] [stdout] 
[INFO] [stdout] Some errors have detailed explanations: E0271, E0277.
[INFO] [stdout] 
[INFO] [stdout] For more information about an error, try `rustc --explain E0271`.
[INFO] [stdout] 
[INFO] [stderr] error: could not compile `atsamd-hal` (lib) due to 4 previous errors
[INFO] running `Command { std: "docker" "inspect" "ce70715bce7d15be7a7c289f060ff91fd14c8c0759f7b029ef3103d7354e9564", kill_on_drop: false }`
[INFO] running `Command { std: "docker" "rm" "-f" "ce70715bce7d15be7a7c289f060ff91fd14c8c0759f7b029ef3103d7354e9564", kill_on_drop: false }`
[INFO] [stdout] ce70715bce7d15be7a7c289f060ff91fd14c8c0759f7b029ef3103d7354e9564
