[INFO] fetching crate xhyper-contracts 0.1.4...
[INFO] testing xhyper-contracts-0.1.4 against 1.100.0-beta.1+cargoflags=--release for beta-release-1.100-2
[INFO] extracting crate xhyper-contracts 0.1.4 into /workspace/builds/worker-2-tc2/source
[INFO] started tweaking crates.io crate xhyper-contracts 0.1.4
[INFO] removed 0 missing examples
[INFO] removed 0 missing tests
[INFO] finished tweaking crates.io crate xhyper-contracts 0.1.4
[INFO] tweaked toml for crates.io crate xhyper-contracts 0.1.4 written to /workspace/builds/worker-2-tc2/source/Cargo.toml
[INFO] validating manifest of crates.io crate xhyper-contracts 0.1.4 on toolchain 1.100.0-beta.1
[INFO] running `Command { std: CARGO_HOME="/workspace/cargo-home" RUSTUP_HOME="/workspace/rustup-home" "/workspace/cargo-home/bin/cargo" "+1.100.0-beta.1" "metadata" "--manifest-path" "Cargo.toml" "--no-deps", kill_on_drop: false }`
[INFO] crate crates.io crate xhyper-contracts 0.1.4 already has a lockfile, it will not be regenerated
[INFO] running `Command { std: CARGO_HOME="/workspace/cargo-home" RUSTUP_HOME="/workspace/rustup-home" "/workspace/cargo-home/bin/cargo" "+1.100.0-beta.1" "fetch" "--manifest-path" "Cargo.toml", kill_on_drop: false }`
[INFO] running `Command { std: "docker" "create" "-v" "/var/lib/crater-agent-workspace/builds/worker-2-tc2/source:/opt/rustwide/workdir:ro,Z" "-v" "/var/lib/crater-agent-workspace/builds/worker-2-tc2/target:/opt/rustwide/target:rw,Z" "-v" "/var/lib/crater-agent-workspace/cargo-home:/opt/rustwide/cargo-home:ro,Z" "-v" "/var/lib/crater-agent-workspace/rustup-home:/opt/rustwide/rustup-home:ro,Z" "-m" "1610612736" "--network" "none" "ghcr.io/rust-lang/crates-build-env/linux@sha256:77db811e55d90add9212f6832c23229e3de5f1c1f9905e8cb07319ea15df73ac" "sleep" "infinity", kill_on_drop: false }`
[INFO] [stdout] d464db010b15a1b1686502af57a40f0d07be7f86f455dd53b98cdb7db580030b
[INFO] running `Command { std: "docker" "start" "d464db010b15a1b1686502af57a40f0d07be7f86f455dd53b98cdb7db580030b", kill_on_drop: false }`
[INFO] running `Command { std: "docker" "inspect" "d464db010b15a1b1686502af57a40f0d07be7f86f455dd53b98cdb7db580030b", kill_on_drop: false }`
[INFO] running `Command { std: "docker" "exec" "-e" "SOURCE_DIR=/opt/rustwide/workdir" "-e" "CARGO_HOME=/opt/rustwide/cargo-home" "-e" "RUSTUP_HOME=/opt/rustwide/rustup-home" "-e" "CARGO_TARGET_DIR=/opt/rustwide/target" "-w" "/opt/rustwide/workdir" "--user" "0:0" "d464db010b15a1b1686502af57a40f0d07be7f86f455dd53b98cdb7db580030b" "/opt/rustwide/cargo-home/bin/cargo" "+1.100.0-beta.1" "metadata" "--no-deps" "--format-version=1", kill_on_drop: false }`
[INFO] running `Command { std: "docker" "inspect" "d464db010b15a1b1686502af57a40f0d07be7f86f455dd53b98cdb7db580030b", kill_on_drop: false }`
[INFO] running `Command { std: "docker" "exec" "-e" "SOURCE_DIR=/opt/rustwide/workdir" "-e" "CARGO_HOME=/opt/rustwide/cargo-home" "-e" "RUSTUP_HOME=/opt/rustwide/rustup-home" "-e" "CARGO_TARGET_DIR=/opt/rustwide/target" "-e" "CARGO_INCREMENTAL=0" "-e" "RUST_BACKTRACE=full" "-e" "RUSTFLAGS=--cap-lints=warn" "-e" "RUSTDOCFLAGS=--cap-lints=warn" "-w" "/opt/rustwide/workdir" "--user" "0:0" "d464db010b15a1b1686502af57a40f0d07be7f86f455dd53b98cdb7db580030b" "/opt/rustwide/cargo-home/bin/cargo" "+1.100.0-beta.1" "build" "--frozen" "--message-format=json" "--release", kill_on_drop: false }`
[INFO] [stderr]    Compiling syn v3.0.2
[INFO] [stderr]    Compiling thiserror-impl v2.0.19
[INFO] [stderr]    Compiling serde_derive v1.0.229
[INFO] [stderr]    Compiling async-trait v0.1.91
[INFO] [stderr]    Compiling thiserror v2.0.19
[INFO] [stderr]    Compiling xhyper-kernel v0.3.1
[INFO] [stderr]    Compiling serde v1.0.229
[INFO] [stderr]    Compiling decimalx v0.1.2
[INFO] [stderr]    Compiling xhyper-canonical v0.1.2
[INFO] [stderr]    Compiling xhyper-contracts v0.1.4 (/opt/rustwide/workdir)
[INFO] [stderr]     Finished `release` profile [optimized] target(s) in 9.49s
[INFO] running `Command { std: "docker" "inspect" "d464db010b15a1b1686502af57a40f0d07be7f86f455dd53b98cdb7db580030b", kill_on_drop: false }`
[INFO] running `Command { std: "docker" "exec" "-e" "SOURCE_DIR=/opt/rustwide/workdir" "-e" "CARGO_HOME=/opt/rustwide/cargo-home" "-e" "RUSTUP_HOME=/opt/rustwide/rustup-home" "-e" "CARGO_TARGET_DIR=/opt/rustwide/target" "-e" "CARGO_INCREMENTAL=0" "-e" "RUST_BACKTRACE=full" "-e" "RUSTFLAGS=--cap-lints=warn" "-e" "RUSTDOCFLAGS=--cap-lints=warn" "-w" "/opt/rustwide/workdir" "--user" "0:0" "d464db010b15a1b1686502af57a40f0d07be7f86f455dd53b98cdb7db580030b" "/opt/rustwide/cargo-home/bin/cargo" "+1.100.0-beta.1" "test" "--frozen" "--no-run" "--message-format=json" "--release", kill_on_drop: false }`
[INFO] [stderr]    Compiling libc v0.2.188
[INFO] [stderr]    Compiling syn v2.0.119
[INFO] [stderr]    Compiling socket2 v0.6.5
[INFO] [stderr]    Compiling mio v1.2.2
[INFO] [stderr]    Compiling tokio-macros v2.7.1
[INFO] [stderr]    Compiling tokio v1.53.1
[INFO] [stderr]    Compiling xhyper-contracts v0.1.4 (/opt/rustwide/workdir)
[INFO] [stdout] error[E0432]: unresolved import `contract_testkit`
[INFO] [stdout]  --> tests/public_api_surface.rs:4:5
[INFO] [stdout]   |
[INFO] [stdout] 4 | use contract_testkit::{FakeTxContext, FakeTxRunner, RecordingTxRunner};
[INFO] [stdout]   |     ^^^^^^^^^^^^^^^^ use of unresolved module or unlinked crate `contract_testkit`
[INFO] [stdout]   |
[INFO] [stdout]   = help: if you wanted to use a crate named `contract_testkit`, use `cargo add contract_testkit` to add it to your `Cargo.toml`
[INFO] [stdout] 
[INFO] [stdout] 
[INFO] [stdout] error[E0432]: unresolved import `contract_testkit`
[INFO] [stdout]  --> tests/conformance_first_batch.rs:3:5
[INFO] [stdout]   |
[INFO] [stdout] 3 | use contract_testkit::{
[INFO] [stdout]   |     ^^^^^^^^^^^^^^^^ use of unresolved module or unlinked crate `contract_testkit`
[INFO] [stdout]   |
[INFO] [stdout]   = help: if you wanted to use a crate named `contract_testkit`, use `cargo add contract_testkit` to add it to your `Cargo.toml`
[INFO] [stdout] 
[INFO] [stdout] 
[INFO] [stdout] error[E0432]: unresolved import `contract_testkit`
[INFO] [stdout]  --> tests/public_surface.rs:4:5
[INFO] [stdout]   |
[INFO] [stdout] 4 | use contract_testkit::{
[INFO] [stdout]   |     ^^^^^^^^^^^^^^^^ use of unresolved module or unlinked crate `contract_testkit`
[INFO] [stdout]   |
[INFO] [stdout]   = help: if you wanted to use a crate named `contract_testkit`, use `cargo add contract_testkit` to add it to your `Cargo.toml`
[INFO] [stdout] 
[INFO] [stdout] 
[INFO] [stdout] For more information about this error, try `rustc --explain E0432`.
[INFO] [stdout] 
[INFO] [stdout] error[E0432]: unresolved import `contract_testkit`
[INFO] [stdout]   --> examples/fake_surface.rs:12:5
[INFO] [stdout]    |
[INFO] [stdout] 12 | use contract_testkit::{FakeKeyValueStore, FakeTxRunner, RecordingTxRunner};
[INFO] [stdout]    |     ^^^^^^^^^^^^^^^^ use of unresolved module or unlinked crate `contract_testkit`
[INFO] [stdout]    |
[INFO] [stdout]    = help: if you wanted to use a crate named `contract_testkit`, use `cargo add contract_testkit` to add it to your `Cargo.toml`
[INFO] [stdout] 
[INFO] [stdout] 
[INFO] [stderr] error: could not compile `xhyper-contracts` (test "public_surface") due to 1 previous error
[INFO] [stderr] warning: build failed, waiting for other jobs to finish...
[INFO] [stdout] For more information about this error, try `rustc --explain E0432`.
[INFO] [stdout] 
[INFO] [stdout] For more information about this error, try `rustc --explain E0432`.
[INFO] [stdout] 
[INFO] [stderr] error: could not compile `xhyper-contracts` (test "public_api_surface") due to 1 previous error
[INFO] [stderr] error: could not compile `xhyper-contracts` (test "conformance_first_batch") due to 1 previous error
[INFO] [stdout] error[E0432]: unresolved import `binancex`
[INFO] [stdout]   --> tests/venue_override_gate.rs:17:5
[INFO] [stdout]    |
[INFO] [stdout] 17 | use binancex::BinanceAdapter;
[INFO] [stdout]    |     ^^^^^^^^ use of unresolved module or unlinked crate `binancex`
[INFO] [stdout]    |
[INFO] [stdout]    = help: if you wanted to use a crate named `binancex`, use `cargo add binancex` to add it to your `Cargo.toml`
[INFO] [stdout] 
[INFO] [stdout] 
[INFO] [stdout] error[E0432]: unresolved import `okxx`
[INFO] [stdout]   --> tests/venue_override_gate.rs:23:5
[INFO] [stdout]    |
[INFO] [stdout] 23 | use okxx::OkxAdapter;
[INFO] [stdout]    |     ^^^^ use of unresolved module or unlinked crate `okxx`
[INFO] [stdout]    |
[INFO] [stdout]    = help: if you wanted to use a crate named `okxx`, use `cargo add okxx` to add it to your `Cargo.toml`
[INFO] [stdout] 
[INFO] [stdout] 
[INFO] [stdout] For more information about this error, try `rustc --explain E0432`.
[INFO] [stdout] 
[INFO] [stderr] error: could not compile `xhyper-contracts` (example "fake_surface") due to 1 previous error
[INFO] [stdout] For more information about this error, try `rustc --explain E0432`.
[INFO] [stdout] 
[INFO] [stderr] error: could not compile `xhyper-contracts` (test "venue_override_gate") due to 2 previous errors
[INFO] [stdout] error[E0432]: unresolved import `decimalx`
[INFO] [stdout]    --> src/lib.rs:416:9
[INFO] [stdout]     |
[INFO] [stdout] 416 |     use decimalx::{Decimal, Price, Qty};
[INFO] [stdout]     |         ^^^^^^^^ use of unresolved module or unlinked crate `decimalx`
[INFO] [stdout]     |
[INFO] [stdout]     = help: if you wanted to use a crate named `decimalx`, use `cargo add decimalx` to add it to your `Cargo.toml`
[INFO] [stdout] 
[INFO] [stdout] 
[INFO] [stdout] error[E0432]: unresolved import `decimalx`
[INFO] [stdout]    --> src/live.rs:503:13
[INFO] [stdout]     |
[INFO] [stdout] 503 |         use decimalx::{Currency, Decimal, Price, Qty};
[INFO] [stdout]     |             ^^^^^^^^ use of unresolved module or unlinked crate `decimalx`
[INFO] [stdout]     |
[INFO] [stdout]     = help: if you wanted to use a crate named `decimalx`, use `cargo add decimalx` to add it to your `Cargo.toml`
[INFO] [stdout] 
[INFO] [stdout] 
[INFO] [stdout] error[E0433]: cannot find module or crate `decimalx` in this scope
[INFO] [stdout]    --> src/live.rs:642:28
[INFO] [stdout]     |
[INFO] [stdout] 642 |                     price: decimalx::Price::new(decimalx::Decimal::new(1, 0)),
[INFO] [stdout]     |                            ^^^^^^^^ use of unresolved module or unlinked crate `decimalx`
[INFO] [stdout]     |
[INFO] [stdout]     = help: if you wanted to use a crate named `decimalx`, use `cargo add decimalx` to add it to your `Cargo.toml`
[INFO] [stdout] 
[INFO] [stdout] 
[INFO] [stdout] error[E0433]: cannot find module or crate `decimalx` in this scope
[INFO] [stdout]    --> src/live.rs:642:49
[INFO] [stdout]     |
[INFO] [stdout] 642 |                     price: decimalx::Price::new(decimalx::Decimal::new(1, 0)),
[INFO] [stdout]     |                                                 ^^^^^^^^ use of unresolved module or unlinked crate `decimalx`
[INFO] [stdout]     |
[INFO] [stdout]     = help: if you wanted to use a crate named `decimalx`, use `cargo add decimalx` to add it to your `Cargo.toml`
[INFO] [stdout] 
[INFO] [stdout] 
[INFO] [stdout] error[E0433]: cannot find module or crate `decimalx` in this scope
[INFO] [stdout]    --> src/live.rs:643:26
[INFO] [stdout]     |
[INFO] [stdout] 643 |                     qty: decimalx::Qty::new(decimalx::Decimal::new(1, 0)),
[INFO] [stdout]     |                          ^^^^^^^^ use of unresolved module or unlinked crate `decimalx`
[INFO] [stdout]     |
[INFO] [stdout]     = help: if you wanted to use a crate named `decimalx`, use `cargo add decimalx` to add it to your `Cargo.toml`
[INFO] [stdout] 
[INFO] [stdout] 
[INFO] [stdout] error[E0433]: cannot find module or crate `decimalx` in this scope
[INFO] [stdout]    --> src/live.rs:643:45
[INFO] [stdout]     |
[INFO] [stdout] 643 |                     qty: decimalx::Qty::new(decimalx::Decimal::new(1, 0)),
[INFO] [stdout]     |                                             ^^^^^^^^ use of unresolved module or unlinked crate `decimalx`
[INFO] [stdout]     |
[INFO] [stdout]     = help: if you wanted to use a crate named `decimalx`, use `cargo add decimalx` to add it to your `Cargo.toml`
[INFO] [stdout] 
[INFO] [stdout] 
[INFO] [stdout] Some errors have detailed explanations: E0432, E0433.
[INFO] [stdout] 
[INFO] [stdout] For more information about an error, try `rustc --explain E0432`.
[INFO] [stdout] 
[INFO] [stderr] error: could not compile `xhyper-contracts` (lib test) due to 6 previous errors
[INFO] running `Command { std: "docker" "inspect" "d464db010b15a1b1686502af57a40f0d07be7f86f455dd53b98cdb7db580030b", kill_on_drop: false }`
[INFO] running `Command { std: "docker" "rm" "-f" "d464db010b15a1b1686502af57a40f0d07be7f86f455dd53b98cdb7db580030b", kill_on_drop: false }`
[INFO] [stdout] d464db010b15a1b1686502af57a40f0d07be7f86f455dd53b98cdb7db580030b
