[INFO] fetching crate xhook-rs 0.2.0...
[INFO] testing xhook-rs-0.2.0 against 1.99.0-beta.8+cargoflags=--release for beta-release-1.100-2
[INFO] extracting crate xhook-rs 0.2.0 into /workspace/builds/worker-6-tc1/source
[INFO] started tweaking crates.io crate xhook-rs 0.2.0
[INFO] finished tweaking crates.io crate xhook-rs 0.2.0
[INFO] tweaked toml for crates.io crate xhook-rs 0.2.0 written to /workspace/builds/worker-6-tc1/source/Cargo.toml
[INFO] validating manifest of crates.io crate xhook-rs 0.2.0 on toolchain 1.99.0-beta.8
[INFO] running `Command { std: CARGO_HOME="/workspace/cargo-home" RUSTUP_HOME="/workspace/rustup-home" "/workspace/cargo-home/bin/cargo" "+1.99.0-beta.8" "metadata" "--manifest-path" "Cargo.toml" "--no-deps", kill_on_drop: false }`
[INFO] crate crates.io crate xhook-rs 0.2.0 already has a lockfile, it will not be regenerated
[INFO] running `Command { std: CARGO_HOME="/workspace/cargo-home" RUSTUP_HOME="/workspace/rustup-home" "/workspace/cargo-home/bin/cargo" "+1.99.0-beta.8" "fetch" "--manifest-path" "Cargo.toml", kill_on_drop: false }`
[INFO] [stderr]     Updating crates.io index
[INFO] [stderr]  Downloading crates ...
[INFO] [stderr]   Downloaded bindgen v0.54.0
[INFO] [stderr]   Downloaded which v3.1.1
[INFO] [stderr]   Downloaded cexpr v0.4.0
[INFO] [stderr]   Downloaded clang-sys v0.29.3
[INFO] [stderr]   Downloaded proc-macro2 v1.0.26
[INFO] [stderr]   Downloaded libc v0.2.94
[INFO] [stderr]   Downloaded xhook-sys v0.2.0
[INFO] [stderr]   Downloaded shlex v0.1.1
[INFO] running `Command { std: "docker" "create" "-v" "/var/lib/crater-agent-workspace/builds/worker-6-tc1/source:/opt/rustwide/workdir:ro,Z" "-v" "/var/lib/crater-agent-workspace/builds/worker-6-tc1/target:/opt/rustwide/target:rw,Z" "-v" "/var/lib/crater-agent-workspace/cargo-home:/opt/rustwide/cargo-home:ro,Z" "-v" "/var/lib/crater-agent-workspace/rustup-home:/opt/rustwide/rustup-home:ro,Z" "-m" "1610612736" "--network" "none" "ghcr.io/rust-lang/crates-build-env/linux@sha256:77db811e55d90add9212f6832c23229e3de5f1c1f9905e8cb07319ea15df73ac" "sleep" "infinity", kill_on_drop: false }`
[INFO] [stdout] 5e230d89bf396b37184e25cefa8fbb825aff14eebff3406d8383c8ca5cb2824e
[INFO] running `Command { std: "docker" "start" "5e230d89bf396b37184e25cefa8fbb825aff14eebff3406d8383c8ca5cb2824e", kill_on_drop: false }`
[INFO] running `Command { std: "docker" "inspect" "5e230d89bf396b37184e25cefa8fbb825aff14eebff3406d8383c8ca5cb2824e", kill_on_drop: false }`
[INFO] running `Command { std: "docker" "exec" "-e" "SOURCE_DIR=/opt/rustwide/workdir" "-e" "CARGO_HOME=/opt/rustwide/cargo-home" "-e" "RUSTUP_HOME=/opt/rustwide/rustup-home" "-e" "CARGO_TARGET_DIR=/opt/rustwide/target" "-w" "/opt/rustwide/workdir" "--user" "0:0" "5e230d89bf396b37184e25cefa8fbb825aff14eebff3406d8383c8ca5cb2824e" "/opt/rustwide/cargo-home/bin/cargo" "+1.99.0-beta.8" "metadata" "--no-deps" "--format-version=1", kill_on_drop: false }`
[INFO] running `Command { std: "docker" "inspect" "5e230d89bf396b37184e25cefa8fbb825aff14eebff3406d8383c8ca5cb2824e", kill_on_drop: false }`
[INFO] running `Command { std: "docker" "exec" "-e" "SOURCE_DIR=/opt/rustwide/workdir" "-e" "CARGO_HOME=/opt/rustwide/cargo-home" "-e" "RUSTUP_HOME=/opt/rustwide/rustup-home" "-e" "CARGO_TARGET_DIR=/opt/rustwide/target" "-e" "CARGO_INCREMENTAL=0" "-e" "RUST_BACKTRACE=full" "-e" "RUSTFLAGS=--cap-lints=warn" "-e" "RUSTDOCFLAGS=--cap-lints=warn" "-w" "/opt/rustwide/workdir" "--user" "0:0" "5e230d89bf396b37184e25cefa8fbb825aff14eebff3406d8383c8ca5cb2824e" "/opt/rustwide/cargo-home/bin/cargo" "+1.99.0-beta.8" "build" "--frozen" "--message-format=json" "--release", kill_on_drop: false }`
[INFO] [stderr]    Compiling libc v0.2.94
[INFO] [stderr]    Compiling memchr v2.4.0
[INFO] [stderr]    Compiling version_check v0.9.3
[INFO] [stderr]    Compiling cc v1.0.67
[INFO] [stderr]    Compiling proc-macro2 v1.0.26
[INFO] [stderr]    Compiling log v0.4.14
[INFO] [stderr]    Compiling clang-sys v0.29.3
[INFO] [stderr]    Compiling bitflags v1.2.1
[INFO] [stderr]    Compiling unicode-width v0.1.8
[INFO] [stderr]    Compiling regex-syntax v0.6.25
[INFO] [stderr]    Compiling textwrap v0.11.0
[INFO] [stderr]    Compiling nom v5.1.2
[INFO] [stderr]    Compiling humantime v1.3.0
[INFO] [stderr]    Compiling vec_map v0.8.2
[INFO] [stderr]    Compiling bindgen v0.54.0
[INFO] [stderr]    Compiling termcolor v1.1.2
[INFO] [stderr]    Compiling strsim v0.8.0
[INFO] [stderr]    Compiling peeking_take_while v0.1.2
[INFO] [stderr]    Compiling atty v0.2.14
[INFO] [stderr]    Compiling quote v1.0.9
[INFO] [stderr]    Compiling which v3.1.1
[INFO] [stderr]    Compiling aho-corasick v0.7.18
[INFO] [stderr]    Compiling clap v2.33.3
[INFO] [stderr]    Compiling lazycell v1.3.0
[INFO] [stderr]    Compiling shlex v0.1.1
[INFO] [stderr]    Compiling libloading v0.5.2
[INFO] [stderr]    Compiling regex v1.5.4
[INFO] [stderr]    Compiling cexpr v0.4.0
[INFO] [stderr]    Compiling env_logger v0.7.1
[INFO] [stderr]    Compiling xhook-sys v0.2.0
[INFO] [stderr]    Compiling xhook-rs v0.2.0 (/opt/rustwide/workdir)
[INFO] [stderr]     Finished `release` profile [optimized] target(s) in 25.63s
[INFO] [stderr] warning: the following packages contain code that will be rejected by a future version of Rust: nom v5.1.2
[INFO] [stderr] note: to see what the problems were, use the option `--future-incompat-report`, or run `cargo report future-incompatibilities --id 4`
[INFO] running `Command { std: "docker" "inspect" "5e230d89bf396b37184e25cefa8fbb825aff14eebff3406d8383c8ca5cb2824e", kill_on_drop: false }`
[INFO] running `Command { std: "docker" "exec" "-e" "SOURCE_DIR=/opt/rustwide/workdir" "-e" "CARGO_HOME=/opt/rustwide/cargo-home" "-e" "RUSTUP_HOME=/opt/rustwide/rustup-home" "-e" "CARGO_TARGET_DIR=/opt/rustwide/target" "-e" "CARGO_INCREMENTAL=0" "-e" "RUST_BACKTRACE=full" "-e" "RUSTFLAGS=--cap-lints=warn" "-e" "RUSTDOCFLAGS=--cap-lints=warn" "-w" "/opt/rustwide/workdir" "--user" "0:0" "5e230d89bf396b37184e25cefa8fbb825aff14eebff3406d8383c8ca5cb2824e" "/opt/rustwide/cargo-home/bin/cargo" "+1.99.0-beta.8" "test" "--frozen" "--no-run" "--message-format=json" "--release", kill_on_drop: false }`
[INFO] [stderr]    Compiling xhook-rs v0.2.0 (/opt/rustwide/workdir)
[INFO] [stdout] error[E0554]: `#![feature]` may not be used on the beta release channel
[INFO] [stdout]  --> examples/main.rs:1:1
[INFO] [stdout]   |
[INFO] [stdout] 1 | #![feature(c_variadic)]
[INFO] [stdout]   | ^^^^^^^^^^^^^^^^^^^^^^^ help: remove the attribute
[INFO] [stdout]   |
[INFO] [stdout]   = help: the feature `c_variadic` has been stable since `1.99.0` and no longer requires an attribute to enable
[INFO] [stdout] 
[INFO] [stdout] 
[INFO] [stdout] warning: unused import: `std::slice`
[INFO] [stdout]  --> examples/main.rs:6:5
[INFO] [stdout]   |
[INFO] [stdout] 6 | use std::slice;
[INFO] [stdout]   |     ^^^^^^^^^^
[INFO] [stdout]   |
[INFO] [stdout]   = note: `#[warn(unused_imports)]` (part of `#[warn(unused)]`) on by default
[INFO] [stdout] 
[INFO] [stdout] 
[INFO] [stdout] warning: the feature `c_variadic` has been stable since 1.99.0 and no longer requires an attribute to enable
[INFO] [stdout]  --> examples/main.rs:1:12
[INFO] [stdout]   |
[INFO] [stdout] 1 | #![feature(c_variadic)]
[INFO] [stdout]   |            ^^^^^^^^^^
[INFO] [stdout]   |
[INFO] [stdout]   = note: `#[warn(stable_features)]` on by default
[INFO] [stdout] 
[INFO] [stdout] 
[INFO] [stderr] error: could not compile `xhook-rs` (lib test) due to 1 previous error
[INFO] [stdout] warning: unused variable: `buf`
[INFO] [stdout]   --> examples/main.rs:30:13
[INFO] [stdout]    |
[INFO] [stdout] 30 |         let buf = libc::malloc(10);
[INFO] [stdout]    |             ^^^ help: if this is intentional, prefix it with an underscore: `_buf`
[INFO] [stdout]    |
[INFO] [stdout]    = note: `#[warn(unused_variables)]` (part of `#[warn(unused)]`) on by default
[INFO] [stdout] 
[INFO] [stdout] 
[INFO] [stderr] warning: build failed, waiting for other jobs to finish...
[INFO] [stdout] error: linking with `cc` failed: exit status: 1
[INFO] [stdout]   |
[INFO] [stdout]   = note:  "cc" "-m64" "/opt/rustwide/target/release/deps/rustcbuM8rY/symbols.o" "<2 object files omitted>" "-Wl,--as-needed" "-Wl,-Bstatic" "/opt/rustwide/target/release/deps/libxhook_sys-fc151cd46bc85716.rlib" "<sysroot>/lib/rustlib/x86_64-unknown-linux-gnu/lib/{libtest-*,libgetopts-*,librustc_std_workspace_std-*,libstd-*,libpanic_unwind-*,libobject-*,libmemchr-*,libaddr2line-*,libgimli-*,libcfg_if-*,librustc_demangle-*,libstd_detect-*,libhashbrown-*,librustc_std_workspace_alloc-*,libminiz_oxide-*,libadler2-*,libunwind-*,liblibc-*,librustc_std_workspace_core-*,liballoc-*,libcore-*,libcompiler_builtins-*}.rlib" "-Wl,-Bdynamic" "-lgcc_s" "-lutil" "-lrt" "-lpthread" "-lm" "-ldl" "-lc" "-L" "/opt/rustwide/target/release/deps/rustcbuM8rY/raw-dylibs" "-B<sysroot>/lib/rustlib/x86_64-unknown-linux-gnu/bin/gcc-ld" "-fuse-ld=lld" "-Wl,--eh-frame-hdr" "-Wl,-z,noexecstack" "-L" "/opt/rustwide/cargo-home/registry/src/index.crates.io-1949cf8c6b5b557f/xhook-sys-0.2.0/dep" "-L" "<sysroot>/lib/rustlib/x86_64-unknown-linux-gnu/lib" "-o" "/opt/rustwide/target/release/deps/xhook_rs-e644ad8b11194a8e" "-Wl,--gc-sections" "-pie" "-Wl,-z,relro,-z,now" "-Wl,-O1" "-Wl,--strip-debug" "-nodefaultlibs"
[INFO] [stdout]   = note: some arguments are omitted. use `--verbose` to show all linker arguments
[INFO] [stdout]   = note: rust-lld: error: /opt/rustwide/target/release/deps/libxhook_sys-fc151cd46bc85716.rlib(xhook.o) is incompatible with elf64-x86-64
[INFO] [stdout]           rust-lld: error: /opt/rustwide/target/release/deps/libxhook_sys-fc151cd46bc85716.rlib(xh_core.o) is incompatible with elf64-x86-64
[INFO] [stdout]           rust-lld: error: /opt/rustwide/target/release/deps/libxhook_sys-fc151cd46bc85716.rlib(xh_elf.o) is incompatible with elf64-x86-64
[INFO] [stdout]           rust-lld: error: /opt/rustwide/target/release/deps/libxhook_sys-fc151cd46bc85716.rlib(xh_jni.o) is incompatible with elf64-x86-64
[INFO] [stdout]           rust-lld: error: /opt/rustwide/target/release/deps/libxhook_sys-fc151cd46bc85716.rlib(xh_log.o) is incompatible with elf64-x86-64
[INFO] [stdout]           rust-lld: error: /opt/rustwide/target/release/deps/libxhook_sys-fc151cd46bc85716.rlib(xh_util.o) is incompatible with elf64-x86-64
[INFO] [stdout]           rust-lld: error: /opt/rustwide/target/release/deps/libxhook_sys-fc151cd46bc85716.rlib(xh_version.o) is incompatible with elf64-x86-64
[INFO] [stdout]           collect2: error: ld returned 1 exit status
[INFO] [stdout]           
[INFO] [stdout] 
[INFO] [stdout] 
[INFO] [stdout] For more information about this error, try `rustc --explain E0554`.
[INFO] [stdout] 
[INFO] [stderr] error: could not compile `xhook-rs` (example "main") due to 1 previous error; 3 warnings emitted
[INFO] running `Command { std: "docker" "inspect" "5e230d89bf396b37184e25cefa8fbb825aff14eebff3406d8383c8ca5cb2824e", kill_on_drop: false }`
[INFO] running `Command { std: "docker" "rm" "-f" "5e230d89bf396b37184e25cefa8fbb825aff14eebff3406d8383c8ca5cb2824e", kill_on_drop: false }`
[INFO] [stdout] 5e230d89bf396b37184e25cefa8fbb825aff14eebff3406d8383c8ca5cb2824e
