[INFO] fetching crate xet-data 1.7.0...
[INFO] testing xet-data-1.7.0 against 1.100.0-beta.1+cargoflags=--release for beta-release-1.100-2
[INFO] extracting crate xet-data 1.7.0 into /workspace/builds/worker-0-tc2/source
[INFO] started tweaking crates.io crate xet-data 1.7.0
[INFO] removed 0 missing examples
[INFO] removed 0 missing tests
[INFO] finished tweaking crates.io crate xet-data 1.7.0
[INFO] tweaked toml for crates.io crate xet-data 1.7.0 written to /workspace/builds/worker-0-tc2/source/Cargo.toml
[INFO] validating manifest of crates.io crate xet-data 1.7.0 on toolchain 1.100.0-beta.1
[INFO] running `Command { std: CARGO_HOME="/workspace/cargo-home" RUSTUP_HOME="/workspace/rustup-home" "/workspace/cargo-home/bin/cargo" "+1.100.0-beta.1" "metadata" "--manifest-path" "Cargo.toml" "--no-deps", kill_on_drop: false }`
[INFO] crate crates.io crate xet-data 1.7.0 already has a lockfile, it will not be regenerated
[INFO] running `Command { std: CARGO_HOME="/workspace/cargo-home" RUSTUP_HOME="/workspace/rustup-home" "/workspace/cargo-home/bin/cargo" "+1.100.0-beta.1" "fetch" "--manifest-path" "Cargo.toml", kill_on_drop: false }`
[INFO] [stderr] warning: `package.homepage` is redundant with `package.repository`
[INFO] [stderr]    --> Cargo.toml:155:12
[INFO] [stderr]     |
[INFO] [stderr] 155 | homepage = "https://github.com/huggingface/xet-core"
[INFO] [stderr]     |            ^^^^^^^^^^^^^^^^^^^^^^^^^^^^^^^^^^^^^^^^^
[INFO] [stderr] ...
[INFO] [stderr] 160 | repository = "https://github.com/huggingface/xet-core"
[INFO] [stderr]     |              -----------------------------------------
[INFO] [stderr]     |
[INFO] [stderr]     = note: `cargo::redundant_homepage` is set to `warn` by default
[INFO] [stderr] help: consider removing `package.homepage`
[INFO] [stderr] warning: `xet-data` (manifest) generated 1 warning
[INFO] running `Command { std: "docker" "create" "-v" "/var/lib/crater-agent-workspace/builds/worker-0-tc2/source:/opt/rustwide/workdir:ro,Z" "-v" "/var/lib/crater-agent-workspace/builds/worker-0-tc2/target:/opt/rustwide/target:rw,Z" "-v" "/var/lib/crater-agent-workspace/cargo-home:/opt/rustwide/cargo-home:ro,Z" "-v" "/var/lib/crater-agent-workspace/rustup-home:/opt/rustwide/rustup-home:ro,Z" "-m" "1610612736" "--network" "none" "ghcr.io/rust-lang/crates-build-env/linux@sha256:77db811e55d90add9212f6832c23229e3de5f1c1f9905e8cb07319ea15df73ac" "sleep" "infinity", kill_on_drop: false }`
[INFO] [stdout] 15e4ead0388549601857e03a5935eda7a8f6aee79e1d7e0f62ba7b82de076b38
[INFO] running `Command { std: "docker" "start" "15e4ead0388549601857e03a5935eda7a8f6aee79e1d7e0f62ba7b82de076b38", kill_on_drop: false }`
[INFO] running `Command { std: "docker" "inspect" "15e4ead0388549601857e03a5935eda7a8f6aee79e1d7e0f62ba7b82de076b38", kill_on_drop: false }`
[INFO] running `Command { std: "docker" "exec" "-e" "SOURCE_DIR=/opt/rustwide/workdir" "-e" "CARGO_HOME=/opt/rustwide/cargo-home" "-e" "RUSTUP_HOME=/opt/rustwide/rustup-home" "-e" "CARGO_TARGET_DIR=/opt/rustwide/target" "-w" "/opt/rustwide/workdir" "--user" "0:0" "15e4ead0388549601857e03a5935eda7a8f6aee79e1d7e0f62ba7b82de076b38" "/opt/rustwide/cargo-home/bin/cargo" "+1.100.0-beta.1" "metadata" "--no-deps" "--format-version=1", kill_on_drop: false }`
[INFO] running `Command { std: "docker" "inspect" "15e4ead0388549601857e03a5935eda7a8f6aee79e1d7e0f62ba7b82de076b38", kill_on_drop: false }`
[INFO] running `Command { std: "docker" "exec" "-e" "SOURCE_DIR=/opt/rustwide/workdir" "-e" "CARGO_HOME=/opt/rustwide/cargo-home" "-e" "RUSTUP_HOME=/opt/rustwide/rustup-home" "-e" "CARGO_TARGET_DIR=/opt/rustwide/target" "-e" "CARGO_INCREMENTAL=0" "-e" "RUST_BACKTRACE=full" "-e" "RUSTFLAGS=--cap-lints=warn" "-e" "RUSTDOCFLAGS=--cap-lints=warn" "-w" "/opt/rustwide/workdir" "--user" "0:0" "15e4ead0388549601857e03a5935eda7a8f6aee79e1d7e0f62ba7b82de076b38" "/opt/rustwide/cargo-home/bin/cargo" "+1.100.0-beta.1" "build" "--frozen" "--message-format=json" "--release", kill_on_drop: false }`
[INFO] [stderr] warning: `package.homepage` is redundant with `package.repository`
[INFO] [stderr]    --> Cargo.toml:155:12
[INFO] [stderr]     |
[INFO] [stderr] 155 | homepage = "https://github.com/huggingface/xet-core"
[INFO] [stderr]     |            ^^^^^^^^^^^^^^^^^^^^^^^^^^^^^^^^^^^^^^^^^
[INFO] [stderr] ...
[INFO] [stderr] 160 | repository = "https://github.com/huggingface/xet-core"
[INFO] [stderr]     |              -----------------------------------------
[INFO] [stderr]     |
[INFO] [stderr]     = note: `cargo::redundant_homepage` is set to `warn` by default
[INFO] [stderr] help: consider removing `package.homepage`
[INFO] [stderr] warning: `xet-data` (manifest) generated 1 warning
[INFO] [stderr]    Compiling futures-sink v0.3.32
[INFO] [stderr]    Compiling futures-io v0.3.32
[INFO] [stderr]    Compiling http v1.4.0
[INFO] [stderr]    Compiling syn v2.0.117
[INFO] [stderr]    Compiling aho-corasick v1.1.4
[INFO] [stderr]    Compiling mio v1.1.1
[INFO] [stderr]    Compiling socket2 v0.6.3
[INFO] [stderr]    Compiling cc v1.2.57
[INFO] [stderr]    Compiling futures-channel v0.3.32
[INFO] [stderr]    Compiling getrandom v0.4.2
[INFO] [stderr]    Compiling rustls-native-certs v0.8.3
[INFO] [stderr]    Compiling iri-string v0.7.11
[INFO] [stderr]    Compiling anyhow v1.0.103
[INFO] [stderr]    Compiling dirs-sys v0.5.0
[INFO] [stderr]    Compiling chacha20 v0.10.2
[INFO] [stderr]    Compiling tracing-log v0.2.0
[INFO] [stderr]    Compiling typewit v1.14.2
[INFO] [stderr]    Compiling time v0.3.47
[INFO] [stderr]    Compiling dirs v6.0.0
[INFO] [stderr]    Compiling hybrid-array v0.4.13
[INFO] [stderr]    Compiling rand v0.10.1
[INFO] [stderr]    Compiling crossbeam-channel v0.5.15
[INFO] [stderr]    Compiling os_str_bytes v6.6.1
[INFO] [stderr]    Compiling const_panic v0.2.15
[INFO] [stderr]    Compiling linktime-proc-macro v0.1.0
[INFO] [stderr]    Compiling konst_proc_macros v0.4.1
[INFO] [stderr]    Compiling link-section v0.13.1
[INFO] [stderr]    Compiling chrono v0.4.44
[INFO] [stderr]    Compiling http-body v1.0.1
[INFO] [stderr]    Compiling ctor v1.0.1
[INFO] [stderr]    Compiling whoami v2.1.1
[INFO] [stderr]    Compiling http-body-util v0.1.3
[INFO] [stderr]    Compiling sysinfo v0.39.6
[INFO] [stderr]    Compiling colored v3.1.1
[INFO] [stderr]    Compiling twox-hash v2.1.2
[INFO] [stderr]    Compiling redb v3.1.1
[INFO] [stderr]    Compiling const-str v1.1.0
[INFO] [stderr]    Compiling more-asserts v0.3.1
[INFO] [stderr]    Compiling cmake v0.1.57
[INFO] [stderr]    Compiling oneshot v0.1.13
[INFO] [stderr]    Compiling humantime v2.3.0
[INFO] [stderr]    Compiling crypto-common v0.2.2
[INFO] [stderr]    Compiling konst v0.4.3
[INFO] [stderr]    Compiling block-buffer v0.12.0
[INFO] [stderr]    Compiling lz4_flex v0.13.0
[INFO] [stderr]    Compiling itertools v0.14.0
[INFO] [stderr]    Compiling uuid v1.22.0
[INFO] [stderr]    Compiling countio v0.3.0
[INFO] [stderr]    Compiling aws-lc-sys v0.45.0
[INFO] [stderr]    Compiling regex-automata v0.4.14
[INFO] [stderr]    Compiling blake3 v1.8.3
[INFO] [stderr]    Compiling approx v0.5.1
[INFO] [stderr]    Compiling heapify v0.2.0
[INFO] [stderr]    Compiling safe-transmute v0.11.3
[INFO] [stderr]    Compiling fastrand v2.3.0
[INFO] [stderr]    Compiling const-oid v0.10.2
[INFO] [stderr]    Compiling statrs v0.18.0
[INFO] [stderr]    Compiling tempfile v3.27.0
[INFO] [stderr]    Compiling cfg-if v0.1.10
[INFO] [stderr]    Compiling urlencoding v2.1.3
[INFO] [stderr]    Compiling digest v0.11.3
[INFO] [stderr]    Compiling sha2 v0.11.0
[INFO] [stderr]    Compiling gearhash v0.1.3
[INFO] [stderr]    Compiling synstructure v0.13.2
[INFO] [stderr]    Compiling zerofrom-derive v0.1.6
[INFO] [stderr]    Compiling yoke-derive v0.8.1
[INFO] [stderr]    Compiling zerovec-derive v0.11.2
[INFO] [stderr]    Compiling displaydoc v0.2.5
[INFO] [stderr]    Compiling tokio-macros v2.6.1
[INFO] [stderr]    Compiling futures-macro v0.3.32
[INFO] [stderr]    Compiling tracing-attributes v0.1.31
[INFO] [stderr]    Compiling serde_derive v1.0.228
[INFO] [stderr]    Compiling thiserror-impl v2.0.18
[INFO] [stderr]    Compiling async-trait v0.1.89
[INFO] [stderr]    Compiling tokio v1.50.0
[INFO] [stderr]    Compiling git-version-macro v0.3.9
[INFO] [stderr]    Compiling pin-project-internal v1.1.11
[INFO] [stderr]    Compiling serde_repr v0.1.20
[INFO] [stderr]    Compiling zerofrom v0.1.6
[INFO] [stderr]    Compiling futures-util v0.3.32
[INFO] [stderr]    Compiling yoke v0.8.1
[INFO] [stderr]    Compiling git-version v0.3.9
[INFO] [stderr]    Compiling tracing v0.1.44
[INFO] [stderr]    Compiling thiserror v2.0.18
[INFO] [stderr]    Compiling zerovec v0.11.5
[INFO] [stderr]    Compiling zerotrie v0.2.3
[INFO] [stderr]    Compiling matchers v0.2.0
[INFO] [stderr]    Compiling bstr v1.12.1
[INFO] [stderr]    Compiling regex v1.12.3
[INFO] [stderr]    Compiling tinystr v0.8.2
[INFO] [stderr]    Compiling potential_utf v0.1.4
[INFO] [stderr]    Compiling icu_collections v2.1.1
[INFO] [stderr]    Compiling icu_locale_core v2.1.1
[INFO] [stderr]    Compiling shellexpand v3.1.2
[INFO] [stderr]    Compiling pin-project v1.1.11
[INFO] [stderr]    Compiling icu_provider v2.1.1
[INFO] [stderr]    Compiling serde v1.0.228
[INFO] [stderr]    Compiling icu_properties v2.1.2
[INFO] [stderr]    Compiling icu_normalizer v2.1.1
[INFO] [stderr]    Compiling tracing-serde v0.2.0
[INFO] [stderr]    Compiling tracing-subscriber v0.3.23
[INFO] [stderr]    Compiling idna_adapter v1.2.1
[INFO] [stderr]    Compiling idna v1.1.0
[INFO] [stderr]    Compiling url v2.5.8
[INFO] [stderr]    Compiling futures-executor v0.3.32
[INFO] [stderr]    Compiling futures v0.3.32
[INFO] [stderr]    Compiling tracing-appender v0.2.4
[INFO] [stderr]    Compiling hyper v1.8.1
[INFO] [stderr]    Compiling tower v0.5.3
[INFO] [stderr]    Compiling tokio-util v0.7.18
[INFO] [stderr]    Compiling tokio-retry v0.3.1
[INFO] [stderr]    Compiling tower-http v0.6.8
[INFO] [stderr]    Compiling hyper-util v0.1.20
[INFO] [stderr]    Compiling aws-lc-rs v1.18.1
[INFO] [stderr]    Compiling rustls v0.23.45
[INFO] [stderr]    Compiling rustls-webpki v0.103.15
[INFO] [stderr]    Compiling tokio-rustls v0.26.4
[INFO] [stderr]    Compiling rustls-platform-verifier v0.6.2
[INFO] [stderr]    Compiling hyper-rustls v0.27.7
[INFO] [stderr]    Compiling reqwest v0.13.2
[INFO] [stderr]    Compiling xet-runtime v1.7.0
[INFO] [stderr]    Compiling reqwest-middleware v0.5.1
[INFO] [stderr]    Compiling xet-core-structures v1.7.0
[INFO] [stderr]    Compiling xet-client v1.7.0
[INFO] [stderr]    Compiling xet-data v1.7.0 (/opt/rustwide/workdir)
[INFO] [stdout] warning: use of deprecated method `std::sync::atomic::Atomic::<u64>::fetch_update`: renamed to `try_update` for consistency
[INFO] [stdout]    --> src/progress_tracking/progress_types.rs:531:14
[INFO] [stdout]     |
[INFO] [stdout] 531 |             .fetch_update(Ordering::Release, Ordering::Acquire, |old| if total > old { Some(total) } else { None });
[INFO] [stdout]     |              ^^^^^^^^^^^^
[INFO] [stdout]     |
[INFO] [stdout]     = note: `#[warn(deprecated)]` on by default
[INFO] [stdout] help: replace the use of the deprecated method
[INFO] [stdout]     |
[INFO] [stdout] 531 -             .fetch_update(Ordering::Release, Ordering::Acquire, |old| if total > old { Some(total) } else { None });
[INFO] [stdout] 531 +             .try_update(Ordering::Release, Ordering::Acquire, |old| if total > old { Some(total) } else { None });
[INFO] [stdout]     |
[INFO] [stdout] 
[INFO] [stdout] 
[INFO] [stdout] warning: use of deprecated method `std::sync::atomic::Atomic::<u64>::fetch_update`: renamed to `try_update` for consistency
[INFO] [stdout]    --> src/progress_tracking/progress_types.rs:542:14
[INFO] [stdout]     |
[INFO] [stdout] 542 |             .fetch_update(Ordering::Release, Ordering::Acquire, |old| if total > old { Some(total) } else { None });
[INFO] [stdout]     |              ^^^^^^^^^^^^
[INFO] [stdout]     |
[INFO] [stdout] help: replace the use of the deprecated method
[INFO] [stdout]     |
[INFO] [stdout] 542 -             .fetch_update(Ordering::Release, Ordering::Acquire, |old| if total > old { Some(total) } else { None });
[INFO] [stdout] 542 +             .try_update(Ordering::Release, Ordering::Acquire, |old| if total > old { Some(total) } else { None });
[INFO] [stdout]     |
[INFO] [stdout] 
[INFO] [stdout] 
[INFO] [stderr]     Finished `release` profile [optimized] target(s) in 3m 05s
[INFO] running `Command { std: "docker" "inspect" "15e4ead0388549601857e03a5935eda7a8f6aee79e1d7e0f62ba7b82de076b38", kill_on_drop: false }`
[INFO] running `Command { std: "docker" "exec" "-e" "SOURCE_DIR=/opt/rustwide/workdir" "-e" "CARGO_HOME=/opt/rustwide/cargo-home" "-e" "RUSTUP_HOME=/opt/rustwide/rustup-home" "-e" "CARGO_TARGET_DIR=/opt/rustwide/target" "-e" "CARGO_INCREMENTAL=0" "-e" "RUST_BACKTRACE=full" "-e" "RUSTFLAGS=--cap-lints=warn" "-e" "RUSTDOCFLAGS=--cap-lints=warn" "-w" "/opt/rustwide/workdir" "--user" "0:0" "15e4ead0388549601857e03a5935eda7a8f6aee79e1d7e0f62ba7b82de076b38" "/opt/rustwide/cargo-home/bin/cargo" "+1.100.0-beta.1" "test" "--frozen" "--no-run" "--message-format=json" "--release", kill_on_drop: false }`
[INFO] [stderr] warning: `package.homepage` is redundant with `package.repository`
[INFO] [stderr]    --> Cargo.toml:155:12
[INFO] [stderr]     |
[INFO] [stderr] 155 | homepage = "https://github.com/huggingface/xet-core"
[INFO] [stderr]     |            ^^^^^^^^^^^^^^^^^^^^^^^^^^^^^^^^^^^^^^^^^
[INFO] [stderr] ...
[INFO] [stderr] 160 | repository = "https://github.com/huggingface/xet-core"
[INFO] [stderr]     |              -----------------------------------------
[INFO] [stderr]     |
[INFO] [stderr]     = note: `cargo::redundant_homepage` is set to `warn` by default
[INFO] [stderr] help: consider removing `package.homepage`
[INFO] [stderr] warning: `xet-data` (manifest) generated 1 warning
[INFO] [stderr]    Compiling serde v1.0.228
[INFO] [stderr]    Compiling serde_json v1.0.149
[INFO] [stderr]    Compiling zerocopy v0.8.47
[INFO] [stderr]    Compiling crossbeam-channel v0.5.15
[INFO] [stderr]    Compiling zerocopy-derive v0.8.47
[INFO] [stderr]    Compiling clap_builder v4.6.0
[INFO] [stderr]    Compiling clap_derive v4.6.0
[INFO] [stderr]    Compiling parking_lot_core v0.9.12
[INFO] [stderr]    Compiling itertools v0.13.0
[INFO] [stderr]    Compiling rayon v1.11.0
[INFO] [stderr]    Compiling serial_test_derive v3.5.0
[INFO] [stderr]    Compiling tracing-test-macro v0.2.6
[INFO] [stderr]    Compiling parking_lot v0.12.5
[INFO] [stderr]    Compiling tracing-serde v0.2.0
[INFO] [stderr]    Compiling serial_test v3.5.0
[INFO] [stderr]    Compiling tracing-subscriber v0.3.23
[INFO] [stderr]    Compiling reqwest v0.13.2
[INFO] [stderr]    Compiling tinytemplate v1.2.1
[INFO] [stderr]    Compiling criterion-plot v0.6.0
[INFO] [stderr]    Compiling reqwest-middleware v0.5.1
[INFO] [stderr]    Compiling clap v4.6.0
[INFO] [stderr]    Compiling tracing-appender v0.2.4
[INFO] [stderr]    Compiling tracing-test v0.2.6
[INFO] [stderr]    Compiling xet-runtime v1.7.0
[INFO] [stderr]    Compiling half v2.7.1
[INFO] [stderr]    Compiling ciborium-ll v0.2.2
[INFO] [stderr]    Compiling ciborium v0.2.2
[INFO] [stderr]    Compiling xet-core-structures v1.7.0
[INFO] [stderr]    Compiling criterion v0.7.0
[INFO] [stderr]    Compiling xet-client v1.7.0
[INFO] [stderr]    Compiling xet-data v1.7.0 (/opt/rustwide/workdir)
[INFO] [stdout] warning: use of deprecated method `std::sync::atomic::Atomic::<u64>::fetch_update`: renamed to `try_update` for consistency
[INFO] [stdout]    --> src/progress_tracking/progress_types.rs:531:14
[INFO] [stdout]     |
[INFO] [stdout] 531 |             .fetch_update(Ordering::Release, Ordering::Acquire, |old| if total > old { Some(total) } else { None });
[INFO] [stdout]     |              ^^^^^^^^^^^^
[INFO] [stdout]     |
[INFO] [stdout]     = note: `#[warn(deprecated)]` on by default
[INFO] [stdout] help: replace the use of the deprecated method
[INFO] [stdout]     |
[INFO] [stdout] 531 -             .fetch_update(Ordering::Release, Ordering::Acquire, |old| if total > old { Some(total) } else { None });
[INFO] [stdout] 531 +             .try_update(Ordering::Release, Ordering::Acquire, |old| if total > old { Some(total) } else { None });
[INFO] [stdout]     |
[INFO] [stdout] 
[INFO] [stdout] 
[INFO] [stdout] warning: use of deprecated method `std::sync::atomic::Atomic::<u64>::fetch_update`: renamed to `try_update` for consistency
[INFO] [stdout]    --> src/progress_tracking/progress_types.rs:542:14
[INFO] [stdout]     |
[INFO] [stdout] 542 |             .fetch_update(Ordering::Release, Ordering::Acquire, |old| if total > old { Some(total) } else { None });
[INFO] [stdout]     |              ^^^^^^^^^^^^
[INFO] [stdout]     |
[INFO] [stdout] help: replace the use of the deprecated method
[INFO] [stdout]     |
[INFO] [stdout] 542 -             .fetch_update(Ordering::Release, Ordering::Acquire, |old| if total > old { Some(total) } else { None });
[INFO] [stdout] 542 +             .try_update(Ordering::Release, Ordering::Acquire, |old| if total > old { Some(total) } else { None });
[INFO] [stdout]     |
[INFO] [stdout] 
[INFO] [stdout] 
[INFO] [stdout] warning: use of deprecated method `std::sync::atomic::Atomic::<u64>::fetch_update`: renamed to `try_update` for consistency
[INFO] [stdout]    --> src/progress_tracking/progress_types.rs:531:14
[INFO] [stdout]     |
[INFO] [stdout] 531 |             .fetch_update(Ordering::Release, Ordering::Acquire, |old| if total > old { Some(total) } else { None });
[INFO] [stdout]     |              ^^^^^^^^^^^^
[INFO] [stdout]     |
[INFO] [stdout]     = note: `#[warn(deprecated)]` on by default
[INFO] [stdout] help: replace the use of the deprecated method
[INFO] [stdout]     |
[INFO] [stdout] 531 -             .fetch_update(Ordering::Release, Ordering::Acquire, |old| if total > old { Some(total) } else { None });
[INFO] [stdout] 531 +             .try_update(Ordering::Release, Ordering::Acquire, |old| if total > old { Some(total) } else { None });
[INFO] [stdout]     |
[INFO] [stdout] 
[INFO] [stdout] 
[INFO] [stdout] warning: use of deprecated method `std::sync::atomic::Atomic::<u64>::fetch_update`: renamed to `try_update` for consistency
[INFO] [stdout]    --> src/progress_tracking/progress_types.rs:542:14
[INFO] [stdout]     |
[INFO] [stdout] 542 |             .fetch_update(Ordering::Release, Ordering::Acquire, |old| if total > old { Some(total) } else { None });
[INFO] [stdout]     |              ^^^^^^^^^^^^
[INFO] [stdout]     |
[INFO] [stdout] help: replace the use of the deprecated method
[INFO] [stdout]     |
[INFO] [stdout] 542 -             .fetch_update(Ordering::Release, Ordering::Acquire, |old| if total > old { Some(total) } else { None });
[INFO] [stdout] 542 +             .try_update(Ordering::Release, Ordering::Acquire, |old| if total > old { Some(total) } else { None });
[INFO] [stdout]     |
[INFO] [stdout] 
[INFO] [stdout] 
[INFO] [stdout] error[E0432]: unresolved import `xet_data::processing::test_utils`
[INFO] [stdout]   --> tests/test_range_downloads.rs:11:31
[INFO] [stdout]    |
[INFO] [stdout] 11 |     use xet_data::processing::test_utils::TestEnvironment;
[INFO] [stdout]    |                               ^^^^^^^^^^ could not find `test_utils` in `processing`
[INFO] [stdout]    |
[INFO] [stdout] note: found an item that was configured out
[INFO] [stdout]   --> src/processing/mod.rs:32:9
[INFO] [stdout]    |
[INFO] [stdout] 31 | #[cfg(all(debug_assertions, not(target_family = "wasm")))]
[INFO] [stdout]    |           ---------------- the item is gated here
[INFO] [stdout] 32 | pub mod test_utils;
[INFO] [stdout]    |         ^^^^^^^^^^
[INFO] [stdout] 
[INFO] [stdout] 
[INFO] [stdout] error[E0432]: unresolved import `xet_data::processing::test_utils`
[INFO] [stdout]  --> tests/test_clean_smudge.rs:3:27
[INFO] [stdout]   |
[INFO] [stdout] 3 | use xet_data::processing::test_utils::*;
[INFO] [stdout]   |                           ^^^^^^^^^^ could not find `test_utils` in `processing`
[INFO] [stdout] 
[INFO] [stdout] 
[INFO] [stdout] error[E0432]: unresolved import `xet_data::processing::test_utils`
[INFO] [stdout]  --> tests/test_clean_smudge_multirange.rs:9:27
[INFO] [stdout]   |
[INFO] [stdout] 9 | use xet_data::processing::test_utils::*;
[INFO] [stdout]   |                           ^^^^^^^^^^ could not find `test_utils` in `processing`
[INFO] [stdout] 
[INFO] [stdout] 
[INFO] [stdout] error[E0432]: unresolved import `xet_data::processing::test_utils`
[INFO] [stdout]   --> tests/test_full_file_download.rs:13:31
[INFO] [stdout]    |
[INFO] [stdout] 13 |     use xet_data::processing::test_utils::TestEnvironment;
[INFO] [stdout]    |                               ^^^^^^^^^^ could not find `test_utils` in `processing`
[INFO] [stdout]    |
[INFO] [stdout] note: found an item that was configured out
[INFO] [stdout]   --> src/processing/mod.rs:32:9
[INFO] [stdout]    |
[INFO] [stdout] 31 | #[cfg(all(debug_assertions, not(target_family = "wasm")))]
[INFO] [stdout]    |           ---------------- the item is gated here
[INFO] [stdout] 32 | pub mod test_utils;
[INFO] [stdout]    |         ^^^^^^^^^^
[INFO] [stdout] 
[INFO] [stdout] 
[INFO] [stdout] error[E0432]: unresolved import `xet_data::processing::test_utils`
[INFO] [stdout]   --> tests/test_unordered_download.rs:7:31
[INFO] [stdout]    |
[INFO] [stdout]  7 |     use xet_data::processing::test_utils::TestEnvironment;
[INFO] [stdout]    |                               ^^^^^^^^^^ could not find `test_utils` in `processing`
[INFO] [stdout]    |
[INFO] [stdout] note: found an item that was configured out
[INFO] [stdout]   --> src/processing/mod.rs:32:9
[INFO] [stdout]    |
[INFO] [stdout] 31 | #[cfg(all(debug_assertions, not(target_family = "wasm")))]
[INFO] [stdout]    |           ---------------- the item is gated here
[INFO] [stdout] 32 | pub mod test_utils;
[INFO] [stdout]    |         ^^^^^^^^^^
[INFO] [stdout] 
[INFO] [stdout] 
[INFO] [stdout] For more information about this error, try `rustc --explain E0432`.
[INFO] [stdout] 
[INFO] [stderr] error: could not compile `xet-data` (test "test_range_downloads") due to 1 previous error
[INFO] [stderr] warning: build failed, waiting for other jobs to finish...
[INFO] [stdout] For more information about this error, try `rustc --explain E0432`.
[INFO] [stdout] 
[INFO] [stdout] error[E0432]: unresolved import `xet_data::processing::test_utils`
[INFO] [stdout]   --> tests/test_session_resume.rs:33:31
[INFO] [stdout]    |
[INFO] [stdout] 33 |     use xet_data::processing::test_utils::{
[INFO] [stdout]    |                               ^^^^^^^^^^ could not find `test_utils` in `processing`
[INFO] [stdout]    |
[INFO] [stdout] note: found an item that was configured out
[INFO] [stdout]   --> src/processing/mod.rs:32:9
[INFO] [stdout]    |
[INFO] [stdout] 31 | #[cfg(all(debug_assertions, not(target_family = "wasm")))]
[INFO] [stdout]    |           ---------------- the item is gated here
[INFO] [stdout] 32 | pub mod test_utils;
[INFO] [stdout]    |         ^^^^^^^^^^
[INFO] [stdout] 
[INFO] [stdout] 
[INFO] [stderr] error: could not compile `xet-data` (test "test_clean_smudge") due to 1 previous error
[INFO] [stdout] For more information about this error, try `rustc --explain E0432`.
[INFO] [stdout] 
[INFO] [stdout] For more information about this error, try `rustc --explain E0432`.
[INFO] [stdout] 
[INFO] [stderr] error: could not compile `xet-data` (test "test_clean_smudge_multirange") due to 1 previous error
[INFO] [stderr] error: could not compile `xet-data` (test "test_full_file_download") due to 1 previous error
[INFO] [stdout] For more information about this error, try `rustc --explain E0432`.
[INFO] [stdout] 
[INFO] [stderr] error: could not compile `xet-data` (test "test_unordered_download") due to 1 previous error
[INFO] [stdout] For more information about this error, try `rustc --explain E0432`.
[INFO] [stdout] 
[INFO] [stderr] error: could not compile `xet-data` (test "test_session_resume") due to 1 previous error
[INFO] running `Command { std: "docker" "inspect" "15e4ead0388549601857e03a5935eda7a8f6aee79e1d7e0f62ba7b82de076b38", kill_on_drop: false }`
[INFO] running `Command { std: "docker" "rm" "-f" "15e4ead0388549601857e03a5935eda7a8f6aee79e1d7e0f62ba7b82de076b38", kill_on_drop: false }`
[INFO] [stdout] 15e4ead0388549601857e03a5935eda7a8f6aee79e1d7e0f62ba7b82de076b38
