[INFO] fetching crate xenet-npcap-helper 0.5.0...
[INFO] testing xenet-npcap-helper-0.5.0 against 1.99.0-beta.8+cargoflags=--release for beta-release-1.100-2
[INFO] extracting crate xenet-npcap-helper 0.5.0 into /workspace/builds/worker-2-tc1/source
[INFO] started tweaking crates.io crate xenet-npcap-helper 0.5.0
[INFO] removed 0 missing examples
[INFO] finished tweaking crates.io crate xenet-npcap-helper 0.5.0
[INFO] tweaked toml for crates.io crate xenet-npcap-helper 0.5.0 written to /workspace/builds/worker-2-tc1/source/Cargo.toml
[INFO] validating manifest of crates.io crate xenet-npcap-helper 0.5.0 on toolchain 1.99.0-beta.8
[INFO] running `Command { std: CARGO_HOME="/workspace/cargo-home" RUSTUP_HOME="/workspace/rustup-home" "/workspace/cargo-home/bin/cargo" "+1.99.0-beta.8" "metadata" "--manifest-path" "Cargo.toml" "--no-deps", kill_on_drop: false }`
[INFO] crate crates.io crate xenet-npcap-helper 0.5.0 already has a lockfile, it will not be regenerated
[INFO] running `Command { std: CARGO_HOME="/workspace/cargo-home" RUSTUP_HOME="/workspace/rustup-home" "/workspace/cargo-home/bin/cargo" "+1.99.0-beta.8" "fetch" "--manifest-path" "Cargo.toml", kill_on_drop: false }`
[INFO] [stderr]     Updating crates.io index
[INFO] [stderr]  Downloading crates ...
[INFO] [stderr]   Downloaded time v0.3.30
[INFO] [stderr]   Downloaded password-hash v0.4.2
[INFO] [stderr]   Downloaded crossbeam-utils v0.8.16
[INFO] [stderr]   Downloaded flate2 v1.0.28
[INFO] [stderr]   Downloaded wasm-bindgen-futures v0.4.39
[INFO] [stderr]   Downloaded url v2.5.0
[INFO] [stderr]   Downloaded zip v0.6.6
[INFO] [stderr]   Downloaded jobserver v0.1.27
[INFO] [stderr]   Downloaded privilege v0.3.0
[INFO] [stderr]   Downloaded openssl-sys v0.9.96
[INFO] [stderr]   Downloaded newline-converter v0.2.2
[INFO] [stderr]   Downloaded dyn-clone v1.0.16
[INFO] [stderr]   Downloaded http v0.2.11
[INFO] [stderr]   Downloaded inquire v0.6.2
[INFO] [stderr]   Downloaded aes v0.8.3
[INFO] [stderr]   Downloaded h2 v0.3.22
[INFO] [stderr]   Downloaded smallvec v1.11.2
[INFO] [stderr]   Downloaded openssl v0.10.60
[INFO] [stderr]   Downloaded rustix v0.38.26
[INFO] [stderr]   Downloaded zstd-sys v2.0.9+zstd.1.5.5
[INFO] [stderr]   Downloaded tokio v1.34.0
[INFO] [stderr]   Downloaded web-sys v0.3.66
[INFO] [stderr]   Downloaded linux-raw-sys v0.4.12
[INFO] running `Command { std: "docker" "create" "-v" "/var/lib/crater-agent-workspace/builds/worker-2-tc1/source:/opt/rustwide/workdir:ro,Z" "-v" "/var/lib/crater-agent-workspace/builds/worker-2-tc1/target:/opt/rustwide/target:rw,Z" "-v" "/var/lib/crater-agent-workspace/cargo-home:/opt/rustwide/cargo-home:ro,Z" "-v" "/var/lib/crater-agent-workspace/rustup-home:/opt/rustwide/rustup-home:ro,Z" "-m" "1610612736" "--network" "none" "ghcr.io/rust-lang/crates-build-env/linux@sha256:77db811e55d90add9212f6832c23229e3de5f1c1f9905e8cb07319ea15df73ac" "sleep" "infinity", kill_on_drop: false }`
[INFO] [stdout] 361911be6cc33f16aee2fd27765408e84a8891ebeb4d8afd6ec811583e011c28
[INFO] running `Command { std: "docker" "start" "361911be6cc33f16aee2fd27765408e84a8891ebeb4d8afd6ec811583e011c28", kill_on_drop: false }`
[INFO] running `Command { std: "docker" "inspect" "361911be6cc33f16aee2fd27765408e84a8891ebeb4d8afd6ec811583e011c28", kill_on_drop: false }`
[INFO] running `Command { std: "docker" "exec" "-e" "SOURCE_DIR=/opt/rustwide/workdir" "-e" "CARGO_HOME=/opt/rustwide/cargo-home" "-e" "RUSTUP_HOME=/opt/rustwide/rustup-home" "-e" "CARGO_TARGET_DIR=/opt/rustwide/target" "-w" "/opt/rustwide/workdir" "--user" "0:0" "361911be6cc33f16aee2fd27765408e84a8891ebeb4d8afd6ec811583e011c28" "/opt/rustwide/cargo-home/bin/cargo" "+1.99.0-beta.8" "metadata" "--no-deps" "--format-version=1", kill_on_drop: false }`
[INFO] running `Command { std: "docker" "inspect" "361911be6cc33f16aee2fd27765408e84a8891ebeb4d8afd6ec811583e011c28", kill_on_drop: false }`
[INFO] running `Command { std: "docker" "exec" "-e" "SOURCE_DIR=/opt/rustwide/workdir" "-e" "CARGO_HOME=/opt/rustwide/cargo-home" "-e" "RUSTUP_HOME=/opt/rustwide/rustup-home" "-e" "CARGO_TARGET_DIR=/opt/rustwide/target" "-e" "CARGO_INCREMENTAL=0" "-e" "RUST_BACKTRACE=full" "-e" "RUSTFLAGS=--cap-lints=warn" "-e" "RUSTDOCFLAGS=--cap-lints=warn" "-w" "/opt/rustwide/workdir" "--user" "0:0" "361911be6cc33f16aee2fd27765408e84a8891ebeb4d8afd6ec811583e011c28" "/opt/rustwide/cargo-home/bin/cargo" "+1.99.0-beta.8" "build" "--frozen" "--message-format=json" "--release", kill_on_drop: false }`
[INFO] [stderr]    Compiling xenet-npcap-helper v0.5.0 (/opt/rustwide/workdir)
[INFO] [stdout] warning: unused import: `self::unix::*`
[INFO] [stdout]  --> src/lib.rs:4:9
[INFO] [stdout]   |
[INFO] [stdout] 4 | pub use self::unix::*;
[INFO] [stdout]   |         ^^^^^^^^^^^^^
[INFO] [stdout]   |
[INFO] [stdout]   = note: `#[warn(unused_imports)]` (part of `#[warn(unused)]`) on by default
[INFO] [stdout] 
[INFO] [stdout] 
[INFO] [stderr]     Finished `release` profile [optimized] target(s) in 0.18s
[INFO] running `Command { std: "docker" "inspect" "361911be6cc33f16aee2fd27765408e84a8891ebeb4d8afd6ec811583e011c28", kill_on_drop: false }`
[INFO] running `Command { std: "docker" "exec" "-e" "SOURCE_DIR=/opt/rustwide/workdir" "-e" "CARGO_HOME=/opt/rustwide/cargo-home" "-e" "RUSTUP_HOME=/opt/rustwide/rustup-home" "-e" "CARGO_TARGET_DIR=/opt/rustwide/target" "-e" "CARGO_INCREMENTAL=0" "-e" "RUST_BACKTRACE=full" "-e" "RUSTFLAGS=--cap-lints=warn" "-e" "RUSTDOCFLAGS=--cap-lints=warn" "-w" "/opt/rustwide/workdir" "--user" "0:0" "361911be6cc33f16aee2fd27765408e84a8891ebeb4d8afd6ec811583e011c28" "/opt/rustwide/cargo-home/bin/cargo" "+1.99.0-beta.8" "test" "--frozen" "--no-run" "--message-format=json" "--release", kill_on_drop: false }`
[INFO] [stderr]    Compiling xenet-npcap-helper v0.5.0 (/opt/rustwide/workdir)
[INFO] [stdout] warning: unused import: `self::unix::*`
[INFO] [stdout]  --> src/lib.rs:4:9
[INFO] [stdout]   |
[INFO] [stdout] 4 | pub use self::unix::*;
[INFO] [stdout]   |         ^^^^^^^^^^^^^
[INFO] [stdout]   |
[INFO] [stdout]   = note: `#[warn(unused_imports)]` (part of `#[warn(unused)]`) on by default
[INFO] [stdout] 
[INFO] [stdout] 
[INFO] [stderr] error: could not compile `xenet-npcap-helper` (example "setup") due to 1 previous error
[INFO] [stderr] warning: build failed, waiting for other jobs to finish...
[INFO] [stdout] error[E0432]: unresolved import `xenet_npcap_helper::npcap`
[INFO] [stdout]  --> examples/setup.rs:1:5
[INFO] [stdout]   |
[INFO] [stdout] 1 | use xenet_npcap_helper::npcap;
[INFO] [stdout]   |     ^^^^^^^^^^^^^^^^^^^^-----
[INFO] [stdout]   |                         |
[INFO] [stdout]   |                         no `npcap` in the root
[INFO] [stdout] 
[INFO] [stdout] 
[INFO] [stderr] error: could not compile `xenet-npcap-helper` (example "setup_interactive") due to 2 previous errors
[INFO] [stdout] For more information about this error, try `rustc --explain E0432`.
[INFO] [stdout] 
[INFO] [stdout] error[E0432]: unresolved import `xenet_npcap_helper::npcap`
[INFO] [stdout]  --> examples/setup_interactive.rs:1:5
[INFO] [stdout]   |
[INFO] [stdout] 1 | use xenet_npcap_helper::npcap;
[INFO] [stdout]   |     ^^^^^^^^^^^^^^^^^^^^-----
[INFO] [stdout]   |                         |
[INFO] [stdout]   |                         no `npcap` in the root
[INFO] [stdout] 
[INFO] [stdout] 
[INFO] [stdout] error[E0432]: unresolved import `inquire`
[INFO] [stdout]  --> examples/setup_interactive.rs:2:5
[INFO] [stdout]   |
[INFO] [stdout] 2 | use inquire::Confirm;
[INFO] [stdout]   |     ^^^^^^^ use of unresolved module or unlinked crate `inquire`
[INFO] [stdout]   |
[INFO] [stdout]   = help: if you wanted to use a crate named `inquire`, use `cargo add inquire` to add it to your `Cargo.toml`
[INFO] [stdout] 
[INFO] [stdout] 
[INFO] [stdout] For more information about this error, try `rustc --explain E0432`.
[INFO] [stdout] 
[INFO] [stdout] warning: unused import: `self::unix::*`
[INFO] [stdout]  --> src/lib.rs:4:9
[INFO] [stdout]   |
[INFO] [stdout] 4 | pub use self::unix::*;
[INFO] [stdout]   |         ^^^^^^^^^^^^^
[INFO] [stdout]   |
[INFO] [stdout]   = note: `#[warn(unused_imports)]` (part of `#[warn(unused)]`) on by default
[INFO] [stdout] 
[INFO] [stdout] 
[INFO] running `Command { std: "docker" "inspect" "361911be6cc33f16aee2fd27765408e84a8891ebeb4d8afd6ec811583e011c28", kill_on_drop: false }`
[INFO] running `Command { std: "docker" "rm" "-f" "361911be6cc33f16aee2fd27765408e84a8891ebeb4d8afd6ec811583e011c28", kill_on_drop: false }`
[INFO] [stdout] 361911be6cc33f16aee2fd27765408e84a8891ebeb4d8afd6ec811583e011c28
