[INFO] fetching crate x0k-fact-projection 0.2.0...
[INFO] testing x0k-fact-projection-0.2.0 against 1.100.0-beta.1+cargoflags=--release for beta-release-1.100-2
[INFO] extracting crate x0k-fact-projection 0.2.0 into /workspace/builds/worker-1-tc2/source
[INFO] started tweaking crates.io crate x0k-fact-projection 0.2.0
[INFO] finished tweaking crates.io crate x0k-fact-projection 0.2.0
[INFO] tweaked toml for crates.io crate x0k-fact-projection 0.2.0 written to /workspace/builds/worker-1-tc2/source/Cargo.toml
[INFO] validating manifest of crates.io crate x0k-fact-projection 0.2.0 on toolchain 1.100.0-beta.1
[INFO] running `Command { std: CARGO_HOME="/workspace/cargo-home" RUSTUP_HOME="/workspace/rustup-home" "/workspace/cargo-home/bin/cargo" "+1.100.0-beta.1" "metadata" "--manifest-path" "Cargo.toml" "--no-deps", kill_on_drop: false }`
[INFO] crate crates.io crate x0k-fact-projection 0.2.0 already has a lockfile, it will not be regenerated
[INFO] running `Command { std: CARGO_HOME="/workspace/cargo-home" RUSTUP_HOME="/workspace/rustup-home" "/workspace/cargo-home/bin/cargo" "+1.100.0-beta.1" "fetch" "--manifest-path" "Cargo.toml", kill_on_drop: false }`
[INFO] [stderr]     Blocking waiting for file lock on package cache
[INFO] running `Command { std: "docker" "create" "-v" "/var/lib/crater-agent-workspace/builds/worker-1-tc2/source:/opt/rustwide/workdir:ro,Z" "-v" "/var/lib/crater-agent-workspace/builds/worker-1-tc2/target:/opt/rustwide/target:rw,Z" "-v" "/var/lib/crater-agent-workspace/cargo-home:/opt/rustwide/cargo-home:ro,Z" "-v" "/var/lib/crater-agent-workspace/rustup-home:/opt/rustwide/rustup-home:ro,Z" "-m" "1610612736" "--network" "none" "ghcr.io/rust-lang/crates-build-env/linux@sha256:77db811e55d90add9212f6832c23229e3de5f1c1f9905e8cb07319ea15df73ac" "sleep" "infinity", kill_on_drop: false }`
[INFO] [stdout] 30b8a01197b761fcb881564bce79b0db82fc825be6a9564371f77405f7a330a9
[INFO] running `Command { std: "docker" "start" "30b8a01197b761fcb881564bce79b0db82fc825be6a9564371f77405f7a330a9", kill_on_drop: false }`
[INFO] running `Command { std: "docker" "inspect" "30b8a01197b761fcb881564bce79b0db82fc825be6a9564371f77405f7a330a9", kill_on_drop: false }`
[INFO] running `Command { std: "docker" "exec" "-e" "SOURCE_DIR=/opt/rustwide/workdir" "-e" "CARGO_HOME=/opt/rustwide/cargo-home" "-e" "RUSTUP_HOME=/opt/rustwide/rustup-home" "-e" "CARGO_TARGET_DIR=/opt/rustwide/target" "-w" "/opt/rustwide/workdir" "--user" "0:0" "30b8a01197b761fcb881564bce79b0db82fc825be6a9564371f77405f7a330a9" "/opt/rustwide/cargo-home/bin/cargo" "+1.100.0-beta.1" "metadata" "--no-deps" "--format-version=1", kill_on_drop: false }`
[INFO] running `Command { std: "docker" "inspect" "30b8a01197b761fcb881564bce79b0db82fc825be6a9564371f77405f7a330a9", kill_on_drop: false }`
[INFO] running `Command { std: "docker" "exec" "-e" "SOURCE_DIR=/opt/rustwide/workdir" "-e" "CARGO_HOME=/opt/rustwide/cargo-home" "-e" "RUSTUP_HOME=/opt/rustwide/rustup-home" "-e" "CARGO_TARGET_DIR=/opt/rustwide/target" "-e" "CARGO_INCREMENTAL=0" "-e" "RUST_BACKTRACE=full" "-e" "RUSTFLAGS=--cap-lints=warn" "-e" "RUSTDOCFLAGS=--cap-lints=warn" "-w" "/opt/rustwide/workdir" "--user" "0:0" "30b8a01197b761fcb881564bce79b0db82fc825be6a9564371f77405f7a330a9" "/opt/rustwide/cargo-home/bin/cargo" "+1.100.0-beta.1" "build" "--frozen" "--message-format=json" "--release", kill_on_drop: false }`
[INFO] [stderr]    Compiling thiserror v2.0.21
[INFO] [stderr]    Compiling serde v1.0.229
[INFO] [stderr]    Compiling syn v3.0.6
[INFO] [stderr]    Compiling blake3 v1.8.7
[INFO] [stderr]    Compiling thiserror-impl v2.0.21
[INFO] [stderr]    Compiling serde_derive v1.0.229
[INFO] [stderr]    Compiling cobs v0.3.0
[INFO] [stderr]    Compiling postcard v1.1.3
[INFO] [stderr]    Compiling x0k-fact-projection v0.2.0 (/opt/rustwide/workdir)
[INFO] [stderr] warning: unused dependency `blake3`
[INFO] [stderr]  --> Cargo.toml:1:15
[INFO] [stderr]   |
[INFO] [stderr] 1 | [dependencies.blake3]
[INFO] [stderr]   |               ^^^^^^^
[INFO] [stderr]   |
[INFO] [stderr]   = note: `cargo::unused_dependencies` is set to `warn` by default
[INFO] [stderr] help: consider removing the dependency on `blake3`
[INFO] [stderr] warning: `x0k-fact-projection` (manifest) generated 1 warning
[INFO] [stderr]     Finished `release` profile [optimized] target(s) in 9.19s
[INFO] running `Command { std: "docker" "inspect" "30b8a01197b761fcb881564bce79b0db82fc825be6a9564371f77405f7a330a9", kill_on_drop: false }`
[INFO] running `Command { std: "docker" "exec" "-e" "SOURCE_DIR=/opt/rustwide/workdir" "-e" "CARGO_HOME=/opt/rustwide/cargo-home" "-e" "RUSTUP_HOME=/opt/rustwide/rustup-home" "-e" "CARGO_TARGET_DIR=/opt/rustwide/target" "-e" "CARGO_INCREMENTAL=0" "-e" "RUST_BACKTRACE=full" "-e" "RUSTFLAGS=--cap-lints=warn" "-e" "RUSTDOCFLAGS=--cap-lints=warn" "-w" "/opt/rustwide/workdir" "--user" "0:0" "30b8a01197b761fcb881564bce79b0db82fc825be6a9564371f77405f7a330a9" "/opt/rustwide/cargo-home/bin/cargo" "+1.100.0-beta.1" "test" "--frozen" "--no-run" "--message-format=json" "--release", kill_on_drop: false }`
[INFO] [stderr]    Compiling x0k-fact-projection v0.2.0 (/opt/rustwide/workdir)
[INFO] [stdout] error[E0425]: cannot find type `ColophonView` in this scope
[INFO] [stdout]    --> src/fact.rs:356:25
[INFO] [stdout]     |
[INFO] [stdout] 356 |     fn sample_view() -> ColophonView {
[INFO] [stdout]     |                         ^^^^^^^^^^^^ not found in this scope
[INFO] [stdout]     |
[INFO] [stdout] note: found an item that was configured out
[INFO] [stdout]    --> src/lib.rs:73:34
[INFO] [stdout]     |
[INFO] [stdout]  72 | #[cfg(feature = "envelope")]
[INFO] [stdout]     |       -------------------- the item is gated behind the `envelope` feature
[INFO] [stdout]  73 | pub use fact::{project_envelope, ColophonView, DocFactSource};
[INFO] [stdout]     |                                  ^^^^^^^^^^^^
[INFO] [stdout] 
[INFO] [stdout] 
[INFO] [stdout] error[E0422]: cannot find struct, variant or union type `ColophonView` in this scope
[INFO] [stdout]    --> src/fact.rs:357:9
[INFO] [stdout]     |
[INFO] [stdout] 357 |         ColophonView {
[INFO] [stdout]     |         ^^^^^^^^^^^^ not found in this scope
[INFO] [stdout]     |
[INFO] [stdout] note: found an item that was configured out
[INFO] [stdout]    --> src/lib.rs:73:34
[INFO] [stdout]     |
[INFO] [stdout]  72 | #[cfg(feature = "envelope")]
[INFO] [stdout]     |       -------------------- the item is gated behind the `envelope` feature
[INFO] [stdout]  73 | pub use fact::{project_envelope, ColophonView, DocFactSource};
[INFO] [stdout]     |                                  ^^^^^^^^^^^^
[INFO] [stdout] 
[INFO] [stdout] 
[INFO] [stdout] error[E0425]: cannot find function `project_envelope` in this scope
[INFO] [stdout]    --> src/fact.rs:381:21
[INFO] [stdout]     |
[INFO] [stdout] 381 |         let facts = project_envelope(&sample_view());
[INFO] [stdout]     |                     ^^^^^^^^^^^^^^^^ not found in this scope
[INFO] [stdout]     |
[INFO] [stdout] note: found an item that was configured out
[INFO] [stdout]    --> src/lib.rs:73:16
[INFO] [stdout]     |
[INFO] [stdout]  72 | #[cfg(feature = "envelope")]
[INFO] [stdout]     |       -------------------- the item is gated behind the `envelope` feature
[INFO] [stdout]  73 | pub use fact::{project_envelope, ColophonView, DocFactSource};
[INFO] [stdout]     |                ^^^^^^^^^^^^^^^^
[INFO] [stdout] 
[INFO] [stdout] 
[INFO] [stdout] Some errors have detailed explanations: E0422, E0425.
[INFO] [stdout] 
[INFO] [stdout] For more information about an error, try `rustc --explain E0422`.
[INFO] [stdout] 
[INFO] [stderr] error: could not compile `x0k-fact-projection` (lib test) due to 3 previous errors
[INFO] [stderr] warning: unused dependency `blake3`
[INFO] [stderr]  --> Cargo.toml:1:15
[INFO] [stderr]   |
[INFO] [stderr] 1 | [dependencies.blake3]
[INFO] [stderr]   |               ^^^^^^^
[INFO] [stderr]   |
[INFO] [stderr]   = note: `cargo::unused_dependencies` is set to `warn` by default
[INFO] [stderr] help: consider removing the dependency on `blake3`
[INFO] [stderr] warning: `x0k-fact-projection` (manifest) generated 1 warning
[INFO] running `Command { std: "docker" "inspect" "30b8a01197b761fcb881564bce79b0db82fc825be6a9564371f77405f7a330a9", kill_on_drop: false }`
[INFO] running `Command { std: "docker" "rm" "-f" "30b8a01197b761fcb881564bce79b0db82fc825be6a9564371f77405f7a330a9", kill_on_drop: false }`
[INFO] [stdout] 30b8a01197b761fcb881564bce79b0db82fc825be6a9564371f77405f7a330a9
