[INFO] fetching crate wvb 0.3.0...
[INFO] testing wvb-0.3.0 against 1.99.0-beta.8+cargoflags=--release for beta-release-1.100-2
[INFO] extracting crate wvb 0.3.0 into /workspace/builds/worker-1-tc1/source
[INFO] started tweaking crates.io crate wvb 0.3.0
[INFO] removed 0 missing tests
[INFO] finished tweaking crates.io crate wvb 0.3.0
[INFO] tweaked toml for crates.io crate wvb 0.3.0 written to /workspace/builds/worker-1-tc1/source/Cargo.toml
[INFO] validating manifest of crates.io crate wvb 0.3.0 on toolchain 1.99.0-beta.8
[INFO] running `Command { std: CARGO_HOME="/workspace/cargo-home" RUSTUP_HOME="/workspace/rustup-home" "/workspace/cargo-home/bin/cargo" "+1.99.0-beta.8" "metadata" "--manifest-path" "Cargo.toml" "--no-deps", kill_on_drop: false }`
[INFO] crate crates.io crate wvb 0.3.0 already has a lockfile, it will not be regenerated
[INFO] running `Command { std: CARGO_HOME="/workspace/cargo-home" RUSTUP_HOME="/workspace/rustup-home" "/workspace/cargo-home/bin/cargo" "+1.99.0-beta.8" "fetch" "--manifest-path" "Cargo.toml", kill_on_drop: false }`
[INFO] [stderr]     Updating crates.io index
[INFO] [stderr]  Downloading crates ...
[INFO] [stderr]   Downloaded twox-hash v2.1.5
[INFO] [stderr]   Downloaded time-macros v0.2.31
[INFO] [stderr]   Downloaded time v0.3.53
[INFO] [stderr]   Downloaded serde_regex v1.2.0
[INFO] [stderr]   Downloaded path-tree v0.8.3
[INFO] [stderr]   Downloaded tabwriter v1.4.1
[INFO] [stderr]   Downloaded http-range v0.1.5
[INFO] [stderr]   Downloaded async-object-pool v0.2.0
[INFO] [stderr]   Downloaded virtue v0.0.18
[INFO] [stderr]   Downloaded headers v0.4.2
[INFO] [stderr]   Downloaded headers-core v0.3.0
[INFO] [stderr]   Downloaded stringmetrics v2.2.2
[INFO] [stderr]   Downloaded dashmap v7.0.0-rc2
[INFO] [stderr]   Downloaded bincode_derive v2.0.1
[INFO] [stderr]   Downloaded httpmock v0.8.3
[INFO] running `Command { std: "docker" "create" "-v" "/var/lib/crater-agent-workspace/builds/worker-1-tc1/source:/opt/rustwide/workdir:ro,Z" "-v" "/var/lib/crater-agent-workspace/builds/worker-1-tc1/target:/opt/rustwide/target:rw,Z" "-v" "/var/lib/crater-agent-workspace/cargo-home:/opt/rustwide/cargo-home:ro,Z" "-v" "/var/lib/crater-agent-workspace/rustup-home:/opt/rustwide/rustup-home:ro,Z" "-m" "1610612736" "--network" "none" "ghcr.io/rust-lang/crates-build-env/linux@sha256:77db811e55d90add9212f6832c23229e3de5f1c1f9905e8cb07319ea15df73ac" "sleep" "infinity", kill_on_drop: false }`
[INFO] [stdout] 1405e65509631e3c7351c3bfd516af1625c657dbdb5697c1a01b29bba81ca1e4
[INFO] running `Command { std: "docker" "start" "1405e65509631e3c7351c3bfd516af1625c657dbdb5697c1a01b29bba81ca1e4", kill_on_drop: false }`
[INFO] running `Command { std: "docker" "inspect" "1405e65509631e3c7351c3bfd516af1625c657dbdb5697c1a01b29bba81ca1e4", kill_on_drop: false }`
[INFO] running `Command { std: "docker" "exec" "-e" "SOURCE_DIR=/opt/rustwide/workdir" "-e" "CARGO_HOME=/opt/rustwide/cargo-home" "-e" "RUSTUP_HOME=/opt/rustwide/rustup-home" "-e" "CARGO_TARGET_DIR=/opt/rustwide/target" "-w" "/opt/rustwide/workdir" "--user" "0:0" "1405e65509631e3c7351c3bfd516af1625c657dbdb5697c1a01b29bba81ca1e4" "/opt/rustwide/cargo-home/bin/cargo" "+1.99.0-beta.8" "metadata" "--no-deps" "--format-version=1", kill_on_drop: false }`
[INFO] running `Command { std: "docker" "inspect" "1405e65509631e3c7351c3bfd516af1625c657dbdb5697c1a01b29bba81ca1e4", kill_on_drop: false }`
[INFO] running `Command { std: "docker" "exec" "-e" "SOURCE_DIR=/opt/rustwide/workdir" "-e" "CARGO_HOME=/opt/rustwide/cargo-home" "-e" "RUSTUP_HOME=/opt/rustwide/rustup-home" "-e" "CARGO_TARGET_DIR=/opt/rustwide/target" "-e" "CARGO_INCREMENTAL=0" "-e" "RUST_BACKTRACE=full" "-e" "RUSTFLAGS=--cap-lints=warn" "-e" "RUSTDOCFLAGS=--cap-lints=warn" "-w" "/opt/rustwide/workdir" "--user" "0:0" "1405e65509631e3c7351c3bfd516af1625c657dbdb5697c1a01b29bba81ca1e4" "/opt/rustwide/cargo-home/bin/cargo" "+1.99.0-beta.8" "build" "--frozen" "--message-format=json" "--release", kill_on_drop: false }`
[INFO] [stderr]    Compiling libc v0.2.190
[INFO] [stderr]    Compiling serde_core v1.0.229
[INFO] [stderr]    Compiling serde v1.0.229
[INFO] [stderr]    Compiling virtue v0.0.18
[INFO] [stderr]    Compiling unty v0.0.4
[INFO] [stderr]    Compiling syn v3.0.8
[INFO] [stderr]    Compiling bincode_derive v2.0.1
[INFO] [stderr]    Compiling bincode v2.0.1
[INFO] [stderr]    Compiling getrandom v0.4.3
[INFO] [stderr]    Compiling rand v0.10.3
[INFO] [stderr]    Compiling serde_derive v1.0.229
[INFO] [stderr]    Compiling thiserror-impl v2.0.21
[INFO] [stderr]    Compiling async-trait v0.1.92
[INFO] [stderr]    Compiling thiserror v2.0.21
[INFO] [stderr]    Compiling twox-hash v2.1.5
[INFO] [stderr]    Compiling lz4_flex v0.12.2
[INFO] [stderr]    Compiling wvb v0.3.0 (/opt/rustwide/workdir)
[INFO] [stdout] warning: associated function `invalid_filepath` is never used
[INFO] [stdout]    --> src/error.rs:183:17
[INFO] [stdout]     |
[INFO] [stdout] 182 | impl Error {
[INFO] [stdout]     | ---------- associated function in this implementation
[INFO] [stdout] 183 |   pub(crate) fn invalid_filepath(filepath: impl Into<String>) -> Self {
[INFO] [stdout]     |                 ^^^^^^^^^^^^^^^^
[INFO] [stdout]     |
[INFO] [stdout]     = note: `#[warn(dead_code)]` (part of `#[warn(unused)]`) on by default
[INFO] [stdout] 
[INFO] [stdout] 
[INFO] [stdout] warning: function `normalize_path` is never used
[INFO] [stdout]  --> src/util/fs.rs:5:8
[INFO] [stdout]   |
[INFO] [stdout] 5 | pub fn normalize_path(base_dir: &Path, path: &Path) -> PathBuf {
[INFO] [stdout]   |        ^^^^^^^^^^^^^^
[INFO] [stdout] 
[INFO] [stdout] 
[INFO] [stderr]     Finished `release` profile [optimized] target(s) in 13.31s
[INFO] running `Command { std: "docker" "inspect" "1405e65509631e3c7351c3bfd516af1625c657dbdb5697c1a01b29bba81ca1e4", kill_on_drop: false }`
[INFO] running `Command { std: "docker" "exec" "-e" "SOURCE_DIR=/opt/rustwide/workdir" "-e" "CARGO_HOME=/opt/rustwide/cargo-home" "-e" "RUSTUP_HOME=/opt/rustwide/rustup-home" "-e" "CARGO_TARGET_DIR=/opt/rustwide/target" "-e" "CARGO_INCREMENTAL=0" "-e" "RUST_BACKTRACE=full" "-e" "RUSTFLAGS=--cap-lints=warn" "-e" "RUSTDOCFLAGS=--cap-lints=warn" "-w" "/opt/rustwide/workdir" "--user" "0:0" "1405e65509631e3c7351c3bfd516af1625c657dbdb5697c1a01b29bba81ca1e4" "/opt/rustwide/cargo-home/bin/cargo" "+1.99.0-beta.8" "test" "--frozen" "--no-run" "--message-format=json" "--release", kill_on_drop: false }`
[INFO] [stderr]    Compiling smallvec v1.16.3
[INFO] [stderr]    Compiling chunked_transfer v1.5.0
[INFO] [stderr]    Compiling ascii v1.1.0
[INFO] [stderr]    Compiling rand v0.10.3
[INFO] [stderr]    Compiling tokio-macros v2.7.2
[INFO] [stderr]    Compiling serde v1.0.229
[INFO] [stderr]    Compiling parking_lot_core v0.9.12
[INFO] [stderr]    Compiling tiny_http v0.12.0
[INFO] [stderr]    Compiling parking_lot v0.12.5
[INFO] [stderr]    Compiling tokio v1.53.2
[INFO] [stderr]    Compiling twox-hash v2.1.5
[INFO] [stderr]    Compiling lz4_flex v0.12.2
[INFO] [stderr]    Compiling wvb v0.3.0 (/opt/rustwide/workdir)
[INFO] [stdout] warning: associated function `invalid_filepath` is never used
[INFO] [stdout]    --> src/error.rs:183:17
[INFO] [stdout]     |
[INFO] [stdout] 182 | impl Error {
[INFO] [stdout]     | ---------- associated function in this implementation
[INFO] [stdout] 183 |   pub(crate) fn invalid_filepath(filepath: impl Into<String>) -> Self {
[INFO] [stdout]     |                 ^^^^^^^^^^^^^^^^
[INFO] [stdout]     |
[INFO] [stdout]     = note: `#[warn(dead_code)]` (part of `#[warn(unused)]`) on by default
[INFO] [stdout] 
[INFO] [stdout] 
[INFO] [stdout] warning: function `normalize_path` is never used
[INFO] [stdout]  --> src/util/fs.rs:5:8
[INFO] [stdout]   |
[INFO] [stdout] 5 | pub fn normalize_path(base_dir: &Path, path: &Path) -> PathBuf {
[INFO] [stdout]   |        ^^^^^^^^^^^^^^
[INFO] [stdout] 
[INFO] [stdout] 
[INFO] [stdout] error[E0432]: unresolved import `wvb::remote`
[INFO] [stdout]    --> tests/common/mod.rs:6:10
[INFO] [stdout]     |
[INFO] [stdout]   6 | use wvb::remote::{BundleUpdate, Remote, Update};
[INFO] [stdout]     |          ^^^^^^ could not find `remote` in `wvb`
[INFO] [stdout]     |
[INFO] [stdout] note: found an item that was configured out
[INFO] [stdout]    --> src/lib.rs:184:9
[INFO] [stdout]     |
[INFO] [stdout] 182 | #[cfg(feature = "remote")]
[INFO] [stdout]     |       ------------------ the item is gated behind the `remote` feature
[INFO] [stdout] 183 | /// Update discovery and bundle download client APIs.
[INFO] [stdout] 184 | pub mod remote;
[INFO] [stdout]     |         ^^^^^^
[INFO] [stdout] 
[INFO] [stdout] 
[INFO] [stdout] error[E0432]: unresolved import `wvb::source`
[INFO] [stdout]    --> tests/common/mod.rs:7:10
[INFO] [stdout]     |
[INFO] [stdout]   7 | use wvb::source::{Source, SourceOptions};
[INFO] [stdout]     |          ^^^^^^ could not find `source` in `wvb`
[INFO] [stdout]     |
[INFO] [stdout] note: found an item that was configured out
[INFO] [stdout]    --> src/lib.rs:190:9
[INFO] [stdout]     |
[INFO] [stdout] 188 | #[cfg(feature = "source")]
[INFO] [stdout]     |       ------------------ the item is gated behind the `source` feature
[INFO] [stdout] 189 | /// Builtin and downloaded bundle source management.
[INFO] [stdout] 190 | pub mod source;
[INFO] [stdout]     |         ^^^^^^
[INFO] [stdout] 
[INFO] [stdout] 
[INFO] [stdout] error[E0432]: unresolved import `wvb::testing`
[INFO] [stdout]    --> tests/common/mod.rs:8:10
[INFO] [stdout]     |
[INFO] [stdout]   8 | use wvb::testing::{TempDir, TestingBundle, TestingRemoteServer, TestingSourceBuilder};
[INFO] [stdout]     |          ^^^^^^^ could not find `testing` in `wvb`
[INFO] [stdout]     |
[INFO] [stdout] note: found an item that was configured out
[INFO] [stdout]    --> src/lib.rs:193:9
[INFO] [stdout]     |
[INFO] [stdout] 191 | #[cfg(feature = "testing")]
[INFO] [stdout]     |       ------------------- the item is gated behind the `testing` feature
[INFO] [stdout] 192 | /// Test fixtures and in-process remote server helpers.
[INFO] [stdout] 193 | pub mod testing;
[INFO] [stdout]     |         ^^^^^^^
[INFO] [stdout] 
[INFO] [stdout] 
[INFO] [stdout] error[E0432]: unresolved import `wvb::updater`
[INFO] [stdout]    --> tests/common/mod.rs:9:10
[INFO] [stdout]     |
[INFO] [stdout]   9 | use wvb::updater::{
[INFO] [stdout]     |          ^^^^^^^ could not find `updater` in `wvb`
[INFO] [stdout]     |
[INFO] [stdout] note: found an item that was configured out
[INFO] [stdout]    --> src/lib.rs:196:9
[INFO] [stdout]     |
[INFO] [stdout] 194 | #[cfg(feature = "updater")]
[INFO] [stdout]     |       ------------------- the item is gated behind the `updater` feature
[INFO] [stdout] 195 | /// Remote update download, installation, and rollback APIs.
[INFO] [stdout] 196 | pub mod updater;
[INFO] [stdout]     |         ^^^^^^^
[INFO] [stdout] 
[INFO] [stdout] 
[INFO] [stdout] error[E0432]: unresolved import `wvb::protocol`
[INFO] [stdout]    --> tests/concurrency.rs:9:10
[INFO] [stdout]     |
[INFO] [stdout]   9 | use wvb::protocol::{BundleProtocol, Protocol};
[INFO] [stdout]     |          ^^^^^^^^ could not find `protocol` in `wvb`
[INFO] [stdout]     |
[INFO] [stdout] note: found an item that was configured out
[INFO] [stdout]    --> src/lib.rs:181:9
[INFO] [stdout]     |
[INFO] [stdout] 179 | #[cfg(feature = "protocol")]
[INFO] [stdout]     |       -------------------- the item is gated behind the `protocol` feature
[INFO] [stdout] 180 | /// Custom URI protocol handlers and resolvers.
[INFO] [stdout] 181 | pub mod protocol;
[INFO] [stdout]     |         ^^^^^^^^
[INFO] [stdout] 
[INFO] [stdout] 
[INFO] [stdout] error[E0432]: unresolved import `wvb::updater`
[INFO] [stdout]    --> tests/concurrency.rs:10:10
[INFO] [stdout]     |
[INFO] [stdout]  10 | use wvb::updater::{Updater, UpdaterInstallResultKind};
[INFO] [stdout]     |          ^^^^^^^ could not find `updater` in `wvb`
[INFO] [stdout]     |
[INFO] [stdout] note: found an item that was configured out
[INFO] [stdout]    --> src/lib.rs:196:9
[INFO] [stdout]     |
[INFO] [stdout] 194 | #[cfg(feature = "updater")]
[INFO] [stdout]     |       ------------------- the item is gated behind the `updater` feature
[INFO] [stdout] 195 | /// Remote update download, installation, and rollback APIs.
[INFO] [stdout] 196 | pub mod updater;
[INFO] [stdout]     |         ^^^^^^^
[INFO] [stdout] 
[INFO] [stdout] 
[INFO] [stdout] error[E0432]: unresolved import `wvb::remote`
[INFO] [stdout]    --> tests/common/mod.rs:6:10
[INFO] [stdout]     |
[INFO] [stdout]   6 | use wvb::remote::{BundleUpdate, Remote, Update};
[INFO] [stdout]     |          ^^^^^^ could not find `remote` in `wvb`
[INFO] [stdout]     |
[INFO] [stdout] note: found an item that was configured out
[INFO] [stdout]    --> src/lib.rs:184:9
[INFO] [stdout]     |
[INFO] [stdout] 182 | #[cfg(feature = "remote")]
[INFO] [stdout]     |       ------------------ the item is gated behind the `remote` feature
[INFO] [stdout] 183 | /// Update discovery and bundle download client APIs.
[INFO] [stdout] 184 | pub mod remote;
[INFO] [stdout]     |         ^^^^^^
[INFO] [stdout] 
[INFO] [stdout] 
[INFO] [stdout] error[E0432]: unresolved import `wvb::source`
[INFO] [stdout]    --> tests/common/mod.rs:7:10
[INFO] [stdout]     |
[INFO] [stdout]   7 | use wvb::source::{Source, SourceOptions};
[INFO] [stdout]     |          ^^^^^^ could not find `source` in `wvb`
[INFO] [stdout]     |
[INFO] [stdout] note: found an item that was configured out
[INFO] [stdout]    --> src/lib.rs:190:9
[INFO] [stdout]     |
[INFO] [stdout] 188 | #[cfg(feature = "source")]
[INFO] [stdout]     |       ------------------ the item is gated behind the `source` feature
[INFO] [stdout] 189 | /// Builtin and downloaded bundle source management.
[INFO] [stdout] 190 | pub mod source;
[INFO] [stdout]     |         ^^^^^^
[INFO] [stdout] 
[INFO] [stdout] 
[INFO] [stdout] error[E0432]: unresolved import `wvb::testing`
[INFO] [stdout]    --> tests/common/mod.rs:8:10
[INFO] [stdout]     |
[INFO] [stdout]   8 | use wvb::testing::{TempDir, TestingBundle, TestingRemoteServer, TestingSourceBuilder};
[INFO] [stdout]     |          ^^^^^^^ could not find `testing` in `wvb`
[INFO] [stdout]     |
[INFO] [stdout] note: found an item that was configured out
[INFO] [stdout]    --> src/lib.rs:193:9
[INFO] [stdout]     |
[INFO] [stdout] 191 | #[cfg(feature = "testing")]
[INFO] [stdout]     |       ------------------- the item is gated behind the `testing` feature
[INFO] [stdout] 192 | /// Test fixtures and in-process remote server helpers.
[INFO] [stdout] 193 | pub mod testing;
[INFO] [stdout]     |         ^^^^^^^
[INFO] [stdout] 
[INFO] [stdout] 
[INFO] [stdout] error[E0432]: unresolved import `wvb::updater`
[INFO] [stdout]    --> tests/common/mod.rs:9:10
[INFO] [stdout]     |
[INFO] [stdout]   9 | use wvb::updater::{
[INFO] [stdout]     |          ^^^^^^^ could not find `updater` in `wvb`
[INFO] [stdout]     |
[INFO] [stdout] note: found an item that was configured out
[INFO] [stdout]    --> src/lib.rs:196:9
[INFO] [stdout]     |
[INFO] [stdout] 194 | #[cfg(feature = "updater")]
[INFO] [stdout]     |       ------------------- the item is gated behind the `updater` feature
[INFO] [stdout] 195 | /// Remote update download, installation, and rollback APIs.
[INFO] [stdout] 196 | pub mod updater;
[INFO] [stdout]     |         ^^^^^^^
[INFO] [stdout] 
[INFO] [stdout] 
[INFO] [stdout] error[E0432]: unresolved import `wvb::protocol`
[INFO] [stdout]    --> tests/updater.rs:9:10
[INFO] [stdout]     |
[INFO] [stdout]   9 | use wvb::protocol::{BundleProtocol, Protocol};
[INFO] [stdout]     |          ^^^^^^^^ could not find `protocol` in `wvb`
[INFO] [stdout]     |
[INFO] [stdout] note: found an item that was configured out
[INFO] [stdout]    --> src/lib.rs:181:9
[INFO] [stdout]     |
[INFO] [stdout] 179 | #[cfg(feature = "protocol")]
[INFO] [stdout]     |       -------------------- the item is gated behind the `protocol` feature
[INFO] [stdout] 180 | /// Custom URI protocol handlers and resolvers.
[INFO] [stdout] 181 | pub mod protocol;
[INFO] [stdout]     |         ^^^^^^^^
[INFO] [stdout] 
[INFO] [stdout] 
[INFO] [stdout] error[E0432]: unresolved import `wvb::updater`
[INFO] [stdout]    --> tests/updater.rs:10:10
[INFO] [stdout]     |
[INFO] [stdout]  10 | use wvb::updater::{UpdaterDownloadResultKind, UpdaterInstallResultKind};
[INFO] [stdout]     |          ^^^^^^^ could not find `updater` in `wvb`
[INFO] [stdout]     |
[INFO] [stdout] note: found an item that was configured out
[INFO] [stdout]    --> src/lib.rs:196:9
[INFO] [stdout]     |
[INFO] [stdout] 194 | #[cfg(feature = "updater")]
[INFO] [stdout]     |       ------------------- the item is gated behind the `updater` feature
[INFO] [stdout] 195 | /// Remote update download, installation, and rollback APIs.
[INFO] [stdout] 196 | pub mod updater;
[INFO] [stdout]     |         ^^^^^^^
[INFO] [stdout] 
[INFO] [stdout] 
[INFO] [stdout] error[E0432]: unresolved import `wvb::remote`
[INFO] [stdout]    --> tests/remote.rs:2:10
[INFO] [stdout]     |
[INFO] [stdout]   2 | use wvb::remote::{HttpOptions, Remote};
[INFO] [stdout]     |          ^^^^^^ could not find `remote` in `wvb`
[INFO] [stdout]     |
[INFO] [stdout] note: found an item that was configured out
[INFO] [stdout]    --> src/lib.rs:184:9
[INFO] [stdout]     |
[INFO] [stdout] 182 | #[cfg(feature = "remote")]
[INFO] [stdout]     |       ------------------ the item is gated behind the `remote` feature
[INFO] [stdout] 183 | /// Update discovery and bundle download client APIs.
[INFO] [stdout] 184 | pub mod remote;
[INFO] [stdout]     |         ^^^^^^
[INFO] [stdout] 
[INFO] [stdout] 
[INFO] [stdout] error[E0432]: unresolved import `wvb::testing`
[INFO] [stdout]    --> tests/remote.rs:3:10
[INFO] [stdout]     |
[INFO] [stdout]   3 | use wvb::testing::TempDir;
[INFO] [stdout]     |          ^^^^^^^ could not find `testing` in `wvb`
[INFO] [stdout]     |
[INFO] [stdout] note: found an item that was configured out
[INFO] [stdout]    --> src/lib.rs:193:9
[INFO] [stdout]     |
[INFO] [stdout] 191 | #[cfg(feature = "testing")]
[INFO] [stdout]     |       ------------------- the item is gated behind the `testing` feature
[INFO] [stdout] 192 | /// Test fixtures and in-process remote server helpers.
[INFO] [stdout] 193 | pub mod testing;
[INFO] [stdout]     |         ^^^^^^^
[INFO] [stdout] 
[INFO] [stdout] 
[INFO] [stderr] error: could not compile `wvb` (test "remote") due to 2 previous errors
[INFO] [stdout] error[E0432]: unresolved import `wvb::remote`
[INFO] [stdout]    --> tests/common/mod.rs:6:10
[INFO] [stdout]     |
[INFO] [stdout]   6 | use wvb::remote::{BundleUpdate, Remote, Update};
[INFO] [stdout]     |          ^^^^^^ could not find `remote` in `wvb`
[INFO] [stdout]     |
[INFO] [stdout] note: found an item that was configured out
[INFO] [stdout]    --> src/lib.rs:184:9
[INFO] [stdout]     |
[INFO] [stdout] 182 | #[cfg(feature = "remote")]
[INFO] [stdout]     |       ------------------ the item is gated behind the `remote` feature
[INFO] [stdout] 183 | /// Update discovery and bundle download client APIs.
[INFO] [stdout] 184 | pub mod remote;
[INFO] [stdout]     |         ^^^^^^
[INFO] [stdout] 
[INFO] [stdout] 
[INFO] [stderr] warning: build failed, waiting for other jobs to finish...
[INFO] [stdout] error[E0432]: unresolved import `wvb::source`
[INFO] [stdout]    --> tests/common/mod.rs:7:10
[INFO] [stdout]     |
[INFO] [stdout]   7 | use wvb::source::{Source, SourceOptions};
[INFO] [stdout]     |          ^^^^^^ could not find `source` in `wvb`
[INFO] [stdout]     |
[INFO] [stdout] note: found an item that was configured out
[INFO] [stdout]    --> src/lib.rs:190:9
[INFO] [stdout]     |
[INFO] [stdout] 188 | #[cfg(feature = "source")]
[INFO] [stdout]     |       ------------------ the item is gated behind the `source` feature
[INFO] [stdout] 189 | /// Builtin and downloaded bundle source management.
[INFO] [stdout] 190 | pub mod source;
[INFO] [stdout]     |         ^^^^^^
[INFO] [stdout] 
[INFO] [stdout] 
[INFO] [stdout] error[E0432]: unresolved import `wvb::testing`
[INFO] [stdout]    --> tests/common/mod.rs:8:10
[INFO] [stdout]     |
[INFO] [stdout]   8 | use wvb::testing::{TempDir, TestingBundle, TestingRemoteServer, TestingSourceBuilder};
[INFO] [stdout]     |          ^^^^^^^ could not find `testing` in `wvb`
[INFO] [stdout]     |
[INFO] [stdout] note: found an item that was configured out
[INFO] [stdout]    --> src/lib.rs:193:9
[INFO] [stdout]     |
[INFO] [stdout] 191 | #[cfg(feature = "testing")]
[INFO] [stdout]     |       ------------------- the item is gated behind the `testing` feature
[INFO] [stdout] 192 | /// Test fixtures and in-process remote server helpers.
[INFO] [stdout] 193 | pub mod testing;
[INFO] [stdout]     |         ^^^^^^^
[INFO] [stdout] 
[INFO] [stdout] 
[INFO] [stdout] error[E0432]: unresolved import `wvb::updater`
[INFO] [stdout]    --> tests/common/mod.rs:9:10
[INFO] [stdout]     |
[INFO] [stdout]   9 | use wvb::updater::{
[INFO] [stdout]     |          ^^^^^^^ could not find `updater` in `wvb`
[INFO] [stdout]     |
[INFO] [stdout] note: found an item that was configured out
[INFO] [stdout]    --> src/lib.rs:196:9
[INFO] [stdout]     |
[INFO] [stdout] 194 | #[cfg(feature = "updater")]
[INFO] [stdout]     |       ------------------- the item is gated behind the `updater` feature
[INFO] [stdout] 195 | /// Remote update download, installation, and rollback APIs.
[INFO] [stdout] 196 | pub mod updater;
[INFO] [stdout]     |         ^^^^^^^
[INFO] [stdout] 
[INFO] [stdout] 
[INFO] [stdout] error[E0432]: unresolved import `wvb::protocol`
[INFO] [stdout]    --> tests/protocol.rs:5:10
[INFO] [stdout]     |
[INFO] [stdout]   5 | use wvb::protocol::{BundleProtocol, Protocol};
[INFO] [stdout]     |          ^^^^^^^^ could not find `protocol` in `wvb`
[INFO] [stdout]     |
[INFO] [stdout] note: found an item that was configured out
[INFO] [stdout]    --> src/lib.rs:181:9
[INFO] [stdout]     |
[INFO] [stdout] 179 | #[cfg(feature = "protocol")]
[INFO] [stdout]     |       -------------------- the item is gated behind the `protocol` feature
[INFO] [stdout] 180 | /// Custom URI protocol handlers and resolvers.
[INFO] [stdout] 181 | pub mod protocol;
[INFO] [stdout]     |         ^^^^^^^^
[INFO] [stdout] 
[INFO] [stdout] 
[INFO] [stdout] For more information about this error, try `rustc --explain E0432`.
[INFO] [stdout] 
[INFO] [stdout] error[E0432]: unresolved import `wvb::remote`
[INFO] [stdout]    --> tests/common/mod.rs:6:10
[INFO] [stdout]     |
[INFO] [stdout]   6 | use wvb::remote::{BundleUpdate, Remote, Update};
[INFO] [stdout]     |          ^^^^^^ could not find `remote` in `wvb`
[INFO] [stdout]     |
[INFO] [stdout] note: found an item that was configured out
[INFO] [stdout]    --> src/lib.rs:184:9
[INFO] [stdout]     |
[INFO] [stdout] 182 | #[cfg(feature = "remote")]
[INFO] [stdout]     |       ------------------ the item is gated behind the `remote` feature
[INFO] [stdout] 183 | /// Update discovery and bundle download client APIs.
[INFO] [stdout] 184 | pub mod remote;
[INFO] [stdout]     |         ^^^^^^
[INFO] [stdout] 
[INFO] [stdout] 
[INFO] [stdout] error[E0432]: unresolved import `wvb::source`
[INFO] [stdout]    --> tests/common/mod.rs:7:10
[INFO] [stdout]     |
[INFO] [stdout]   7 | use wvb::source::{Source, SourceOptions};
[INFO] [stdout]     |          ^^^^^^ could not find `source` in `wvb`
[INFO] [stdout]     |
[INFO] [stdout] note: found an item that was configured out
[INFO] [stdout]    --> src/lib.rs:190:9
[INFO] [stdout]     |
[INFO] [stdout] 188 | #[cfg(feature = "source")]
[INFO] [stdout]     |       ------------------ the item is gated behind the `source` feature
[INFO] [stdout] 189 | /// Builtin and downloaded bundle source management.
[INFO] [stdout] 190 | pub mod source;
[INFO] [stdout]     |         ^^^^^^
[INFO] [stdout] 
[INFO] [stdout] 
[INFO] [stdout] error[E0432]: unresolved import `wvb::testing`
[INFO] [stdout]    --> tests/common/mod.rs:8:10
[INFO] [stdout]     |
[INFO] [stdout]   8 | use wvb::testing::{TempDir, TestingBundle, TestingRemoteServer, TestingSourceBuilder};
[INFO] [stdout]     |          ^^^^^^^ could not find `testing` in `wvb`
[INFO] [stdout]     |
[INFO] [stdout] note: found an item that was configured out
[INFO] [stdout]    --> src/lib.rs:193:9
[INFO] [stdout]     |
[INFO] [stdout] 191 | #[cfg(feature = "testing")]
[INFO] [stdout]     |       ------------------- the item is gated behind the `testing` feature
[INFO] [stdout] 192 | /// Test fixtures and in-process remote server helpers.
[INFO] [stdout] 193 | pub mod testing;
[INFO] [stdout]     |         ^^^^^^^
[INFO] [stdout] 
[INFO] [stdout] 
[INFO] [stdout] error[E0432]: unresolved import `wvb::updater`
[INFO] [stdout]    --> tests/common/mod.rs:9:10
[INFO] [stdout]     |
[INFO] [stdout]   9 | use wvb::updater::{
[INFO] [stdout]     |          ^^^^^^^ could not find `updater` in `wvb`
[INFO] [stdout]     |
[INFO] [stdout] note: found an item that was configured out
[INFO] [stdout]    --> src/lib.rs:196:9
[INFO] [stdout]     |
[INFO] [stdout] 194 | #[cfg(feature = "updater")]
[INFO] [stdout]     |       ------------------- the item is gated behind the `updater` feature
[INFO] [stdout] 195 | /// Remote update download, installation, and rollback APIs.
[INFO] [stdout] 196 | pub mod updater;
[INFO] [stdout]     |         ^^^^^^^
[INFO] [stdout] 
[INFO] [stdout] 
[INFO] [stdout] error[E0432]: unresolved import `wvb::protocol`
[INFO] [stdout]    --> tests/source.rs:5:10
[INFO] [stdout]     |
[INFO] [stdout]   5 | use wvb::protocol::{BundleProtocol, Protocol};
[INFO] [stdout]     |          ^^^^^^^^ could not find `protocol` in `wvb`
[INFO] [stdout]     |
[INFO] [stdout] note: found an item that was configured out
[INFO] [stdout]    --> src/lib.rs:181:9
[INFO] [stdout]     |
[INFO] [stdout] 179 | #[cfg(feature = "protocol")]
[INFO] [stdout]     |       -------------------- the item is gated behind the `protocol` feature
[INFO] [stdout] 180 | /// Custom URI protocol handlers and resolvers.
[INFO] [stdout] 181 | pub mod protocol;
[INFO] [stdout]     |         ^^^^^^^^
[INFO] [stdout] 
[INFO] [stdout] 
[INFO] [stdout] error[E0432]: unresolved import `wvb::source`
[INFO] [stdout]    --> tests/source.rs:6:10
[INFO] [stdout]     |
[INFO] [stdout]   6 | use wvb::source::Source;
[INFO] [stdout]     |          ^^^^^^ could not find `source` in `wvb`
[INFO] [stdout]     |
[INFO] [stdout] note: found an item that was configured out
[INFO] [stdout]    --> src/lib.rs:190:9
[INFO] [stdout]     |
[INFO] [stdout] 188 | #[cfg(feature = "source")]
[INFO] [stdout]     |       ------------------ the item is gated behind the `source` feature
[INFO] [stdout] 189 | /// Builtin and downloaded bundle source management.
[INFO] [stdout] 190 | pub mod source;
[INFO] [stdout]     |         ^^^^^^
[INFO] [stdout] 
[INFO] [stdout] 
[INFO] [stdout] error[E0432]: unresolved import `wvb::testing`
[INFO] [stdout]    --> tests/source.rs:7:10
[INFO] [stdout]     |
[INFO] [stdout]   7 | use wvb::testing::TempDir;
[INFO] [stdout]     |          ^^^^^^^ could not find `testing` in `wvb`
[INFO] [stdout]     |
[INFO] [stdout] note: found an item that was configured out
[INFO] [stdout]    --> src/lib.rs:193:9
[INFO] [stdout]     |
[INFO] [stdout] 191 | #[cfg(feature = "testing")]
[INFO] [stdout]     |       ------------------- the item is gated behind the `testing` feature
[INFO] [stdout] 192 | /// Test fixtures and in-process remote server helpers.
[INFO] [stdout] 193 | pub mod testing;
[INFO] [stdout]     |         ^^^^^^^
[INFO] [stdout] 
[INFO] [stdout] 
[INFO] [stdout] error[E0432]: unresolved import `wvb::remote`
[INFO] [stdout]    --> tests/common/mod.rs:6:10
[INFO] [stdout]     |
[INFO] [stdout]   6 | use wvb::remote::{BundleUpdate, Remote, Update};
[INFO] [stdout]     |          ^^^^^^ could not find `remote` in `wvb`
[INFO] [stdout]     |
[INFO] [stdout] note: found an item that was configured out
[INFO] [stdout]    --> src/lib.rs:184:9
[INFO] [stdout]     |
[INFO] [stdout] 182 | #[cfg(feature = "remote")]
[INFO] [stdout]     |       ------------------ the item is gated behind the `remote` feature
[INFO] [stdout] 183 | /// Update discovery and bundle download client APIs.
[INFO] [stdout] 184 | pub mod remote;
[INFO] [stdout]     |         ^^^^^^
[INFO] [stdout] 
[INFO] [stdout] 
[INFO] [stdout] error[E0432]: unresolved import `wvb::source`
[INFO] [stdout]    --> tests/common/mod.rs:7:10
[INFO] [stdout]     |
[INFO] [stdout]   7 | use wvb::source::{Source, SourceOptions};
[INFO] [stdout]     |          ^^^^^^ could not find `source` in `wvb`
[INFO] [stdout]     |
[INFO] [stdout] note: found an item that was configured out
[INFO] [stdout]    --> src/lib.rs:190:9
[INFO] [stdout]     |
[INFO] [stdout] 188 | #[cfg(feature = "source")]
[INFO] [stdout]     |       ------------------ the item is gated behind the `source` feature
[INFO] [stdout] 189 | /// Builtin and downloaded bundle source management.
[INFO] [stdout] 190 | pub mod source;
[INFO] [stdout]     |         ^^^^^^
[INFO] [stdout] 
[INFO] [stdout] 
[INFO] [stdout] error[E0432]: unresolved import `wvb::testing`
[INFO] [stdout]    --> tests/common/mod.rs:8:10
[INFO] [stdout]     |
[INFO] [stdout]   8 | use wvb::testing::{TempDir, TestingBundle, TestingRemoteServer, TestingSourceBuilder};
[INFO] [stdout]     |          ^^^^^^^ could not find `testing` in `wvb`
[INFO] [stdout]     |
[INFO] [stdout] note: found an item that was configured out
[INFO] [stdout]    --> src/lib.rs:193:9
[INFO] [stdout]     |
[INFO] [stdout] 191 | #[cfg(feature = "testing")]
[INFO] [stdout]     |       ------------------- the item is gated behind the `testing` feature
[INFO] [stdout] 192 | /// Test fixtures and in-process remote server helpers.
[INFO] [stdout] 193 | pub mod testing;
[INFO] [stdout]     |         ^^^^^^^
[INFO] [stdout] 
[INFO] [stdout] 
[INFO] [stdout] error[E0432]: unresolved import `wvb::updater`
[INFO] [stdout]    --> tests/common/mod.rs:9:10
[INFO] [stdout]     |
[INFO] [stdout]   9 | use wvb::updater::{
[INFO] [stdout]     |          ^^^^^^^ could not find `updater` in `wvb`
[INFO] [stdout]     |
[INFO] [stdout] note: found an item that was configured out
[INFO] [stdout]    --> src/lib.rs:196:9
[INFO] [stdout]     |
[INFO] [stdout] 194 | #[cfg(feature = "updater")]
[INFO] [stdout]     |       ------------------- the item is gated behind the `updater` feature
[INFO] [stdout] 195 | /// Remote update download, installation, and rollback APIs.
[INFO] [stdout] 196 | pub mod updater;
[INFO] [stdout]     |         ^^^^^^^
[INFO] [stdout] 
[INFO] [stdout] 
[INFO] [stderr] error: could not compile `wvb` (test "concurrency") due to 6 previous errors
[INFO] [stdout] error[E0432]: unresolved import `wvb::integrity`
[INFO] [stdout]    --> tests/verification.rs:11:10
[INFO] [stdout]     |
[INFO] [stdout]  11 | use wvb::integrity::{IntegrityAlgorithm, IntegrityPolicy};
[INFO] [stdout]     |          ^^^^^^^^^ could not find `integrity` in `wvb`
[INFO] [stdout]     |
[INFO] [stdout] note: found an item that was configured out
[INFO] [stdout]    --> src/lib.rs:178:9
[INFO] [stdout]     |
[INFO] [stdout] 176 | #[cfg(feature = "integrity")]
[INFO] [stdout]     |       --------------------- the item is gated behind the `integrity` feature
[INFO] [stdout] 177 | /// Integrity parsing, construction, and verification APIs.
[INFO] [stdout] 178 | pub mod integrity;
[INFO] [stdout]     |         ^^^^^^^^^
[INFO] [stdout] 
[INFO] [stdout] 
[INFO] [stdout] error[E0432]: unresolved import `wvb::protocol`
[INFO] [stdout]    --> tests/verification.rs:12:10
[INFO] [stdout]     |
[INFO] [stdout]  12 | use wvb::protocol::{BundleProtocol, Protocol};
[INFO] [stdout]     |          ^^^^^^^^ could not find `protocol` in `wvb`
[INFO] [stdout]     |
[INFO] [stdout] note: found an item that was configured out
[INFO] [stdout]    --> src/lib.rs:181:9
[INFO] [stdout]     |
[INFO] [stdout] 179 | #[cfg(feature = "protocol")]
[INFO] [stdout]     |       -------------------- the item is gated behind the `protocol` feature
[INFO] [stdout] 180 | /// Custom URI protocol handlers and resolvers.
[INFO] [stdout] 181 | pub mod protocol;
[INFO] [stdout]     |         ^^^^^^^^
[INFO] [stdout] 
[INFO] [stdout] 
[INFO] [stdout] error[E0432]: unresolved import `wvb::source`
[INFO] [stdout]    --> tests/verification.rs:13:10
[INFO] [stdout]     |
[INFO] [stdout]  13 | use wvb::source::{Source, SourceIntegrityCheckMode, SourceIntegrityOptions, SourceOptions};
[INFO] [stdout]     |          ^^^^^^ could not find `source` in `wvb`
[INFO] [stdout]     |
[INFO] [stdout] note: found an item that was configured out
[INFO] [stdout]    --> src/lib.rs:190:9
[INFO] [stdout]     |
[INFO] [stdout] 188 | #[cfg(feature = "source")]
[INFO] [stdout]     |       ------------------ the item is gated behind the `source` feature
[INFO] [stdout] 189 | /// Builtin and downloaded bundle source management.
[INFO] [stdout] 190 | pub mod source;
[INFO] [stdout]     |         ^^^^^^
[INFO] [stdout] 
[INFO] [stdout] 
[INFO] [stdout] error[E0432]: unresolved import `wvb::testing`
[INFO] [stdout]    --> tests/verification.rs:14:10
[INFO] [stdout]     |
[INFO] [stdout]  14 | use wvb::testing::{TestingBundle, TestingSourceBuilder};
[INFO] [stdout]     |          ^^^^^^^ could not find `testing` in `wvb`
[INFO] [stdout]     |
[INFO] [stdout] note: found an item that was configured out
[INFO] [stdout]    --> src/lib.rs:193:9
[INFO] [stdout]     |
[INFO] [stdout] 191 | #[cfg(feature = "testing")]
[INFO] [stdout]     |       ------------------- the item is gated behind the `testing` feature
[INFO] [stdout] 192 | /// Test fixtures and in-process remote server helpers.
[INFO] [stdout] 193 | pub mod testing;
[INFO] [stdout]     |         ^^^^^^^
[INFO] [stdout] 
[INFO] [stdout] 
[INFO] [stdout] error[E0432]: unresolved import `wvb::updater`
[INFO] [stdout]    --> tests/verification.rs:15:10
[INFO] [stdout]     |
[INFO] [stdout]  15 | use wvb::updater::{
[INFO] [stdout]     |          ^^^^^^^ could not find `updater` in `wvb`
[INFO] [stdout]     |
[INFO] [stdout] note: found an item that was configured out
[INFO] [stdout]    --> src/lib.rs:196:9
[INFO] [stdout]     |
[INFO] [stdout] 194 | #[cfg(feature = "updater")]
[INFO] [stdout]     |       ------------------- the item is gated behind the `updater` feature
[INFO] [stdout] 195 | /// Remote update download, installation, and rollback APIs.
[INFO] [stdout] 196 | pub mod updater;
[INFO] [stdout]     |         ^^^^^^^
[INFO] [stdout] 
[INFO] [stdout] 
[INFO] [stdout] For more information about this error, try `rustc --explain E0432`.
[INFO] [stdout] 
[INFO] [stdout] For more information about this error, try `rustc --explain E0432`.
[INFO] [stdout] 
[INFO] [stdout] For more information about this error, try `rustc --explain E0432`.
[INFO] [stdout] 
[INFO] [stderr] error: could not compile `wvb` (test "protocol") due to 5 previous errors
[INFO] [stderr] error: could not compile `wvb` (test "updater") due to 6 previous errors
[INFO] [stdout] For more information about this error, try `rustc --explain E0432`.
[INFO] [stdout] 
[INFO] [stdout] warning: associated function `invalid_filepath` is never used
[INFO] [stdout]    --> src/error.rs:183:17
[INFO] [stdout]     |
[INFO] [stdout] 182 | impl Error {
[INFO] [stdout]     | ---------- associated function in this implementation
[INFO] [stdout] 183 |   pub(crate) fn invalid_filepath(filepath: impl Into<String>) -> Self {
[INFO] [stdout]     |                 ^^^^^^^^^^^^^^^^
[INFO] [stdout]     |
[INFO] [stdout]     = note: `#[warn(dead_code)]` (part of `#[warn(unused)]`) on by default
[INFO] [stdout] 
[INFO] [stdout] 
[INFO] [stdout] warning: function `normalize_path` is never used
[INFO] [stdout]  --> src/util/fs.rs:5:8
[INFO] [stdout]   |
[INFO] [stdout] 5 | pub fn normalize_path(base_dir: &Path, path: &Path) -> PathBuf {
[INFO] [stdout]   |        ^^^^^^^^^^^^^^
[INFO] [stdout] 
[INFO] [stdout] 
[INFO] [stderr] error: could not compile `wvb` (test "source") due to 7 previous errors
[INFO] [stdout] error[E0599]: no variant, associated function, or constant named `IntegrityVerifyFailed` found for enum `wvb::Error` in the current scope
[INFO] [stdout]    --> tests/verification.rs:282:37
[INFO] [stdout]     |
[INFO] [stdout] 282 |   assert!(matches!(err, wvb::Error::IntegrityVerifyFailed));
[INFO] [stdout]     |                                     ^^^^^^^^^^^^^^^^^^^^^ variant, associated function, or constant not found in `wvb::Error`
[INFO] [stdout] 
[INFO] [stdout] 
[INFO] [stdout] error[E0599]: no variant, associated function, or constant named `IntegrityVerifyFailed` found for enum `wvb::Error` in the current scope
[INFO] [stdout]    --> tests/verification.rs:325:37
[INFO] [stdout]     |
[INFO] [stdout] 325 |   assert!(matches!(err, wvb::Error::IntegrityVerifyFailed));
[INFO] [stdout]     |                                     ^^^^^^^^^^^^^^^^^^^^^ variant, associated function, or constant not found in `wvb::Error`
[INFO] [stdout] 
[INFO] [stdout] 
[INFO] [stdout] error[E0599]: no variant, associated function, or constant named `IntegrityVerifyFailed` found for enum `wvb::Error` in the current scope
[INFO] [stdout]    --> tests/verification.rs:359:37
[INFO] [stdout]     |
[INFO] [stdout] 359 |   assert!(matches!(err, wvb::Error::IntegrityVerifyFailed));
[INFO] [stdout]     |                                     ^^^^^^^^^^^^^^^^^^^^^ variant, associated function, or constant not found in `wvb::Error`
[INFO] [stdout] 
[INFO] [stdout] 
[INFO] [stdout] Some errors have detailed explanations: E0432, E0599.
[INFO] [stdout] 
[INFO] [stdout] For more information about an error, try `rustc --explain E0432`.
[INFO] [stdout] 
[INFO] [stderr] error: could not compile `wvb` (test "verification") due to 12 previous errors
[INFO] running `Command { std: "docker" "inspect" "1405e65509631e3c7351c3bfd516af1625c657dbdb5697c1a01b29bba81ca1e4", kill_on_drop: false }`
[INFO] running `Command { std: "docker" "rm" "-f" "1405e65509631e3c7351c3bfd516af1625c657dbdb5697c1a01b29bba81ca1e4", kill_on_drop: false }`
[INFO] [stdout] 1405e65509631e3c7351c3bfd516af1625c657dbdb5697c1a01b29bba81ca1e4
