[INFO] fetching crate wslapi 0.1.3...
[INFO] testing wslapi-0.1.3 against 1.99.0-beta.8+cargoflags=--release for beta-release-1.100-2
[INFO] extracting crate wslapi 0.1.3 into /workspace/builds/worker-2-tc1/source
[INFO] started tweaking crates.io crate wslapi 0.1.3
[INFO] finished tweaking crates.io crate wslapi 0.1.3
[INFO] tweaked toml for crates.io crate wslapi 0.1.3 written to /workspace/builds/worker-2-tc1/source/Cargo.toml
[INFO] validating manifest of crates.io crate wslapi 0.1.3 on toolchain 1.99.0-beta.8
[INFO] running `Command { std: CARGO_HOME="/workspace/cargo-home" RUSTUP_HOME="/workspace/rustup-home" "/workspace/cargo-home/bin/cargo" "+1.99.0-beta.8" "metadata" "--manifest-path" "Cargo.toml" "--no-deps", kill_on_drop: false }`
[INFO] crate crates.io crate wslapi 0.1.3 already has a lockfile, it will not be regenerated
[INFO] running `Command { std: CARGO_HOME="/workspace/cargo-home" RUSTUP_HOME="/workspace/rustup-home" "/workspace/cargo-home/bin/cargo" "+1.99.0-beta.8" "fetch" "--manifest-path" "Cargo.toml", kill_on_drop: false }`
[INFO] [stderr]     Updating crates.io index
[INFO] [stderr]  Downloading crates ...
[INFO] [stderr]   Downloaded quote v1.0.7
[INFO] [stderr]   Downloaded unicode-xid v0.2.1
[INFO] [stderr]   Downloaded wchar-impl v0.6.0
[INFO] [stderr]   Downloaded wchar v0.6.1
[INFO] [stderr]   Downloaded proc-macro-hack v0.5.19
[INFO] [stderr]   Downloaded minidl v0.1.0
[INFO] [stderr]   Downloaded proc-macro2 v1.0.24
[INFO] [stderr]   Downloaded syn v1.0.48
[INFO] running `Command { std: "docker" "create" "-v" "/var/lib/crater-agent-workspace/builds/worker-2-tc1/source:/opt/rustwide/workdir:ro,Z" "-v" "/var/lib/crater-agent-workspace/builds/worker-2-tc1/target:/opt/rustwide/target:rw,Z" "-v" "/var/lib/crater-agent-workspace/cargo-home:/opt/rustwide/cargo-home:ro,Z" "-v" "/var/lib/crater-agent-workspace/rustup-home:/opt/rustwide/rustup-home:ro,Z" "-m" "1610612736" "--network" "none" "ghcr.io/rust-lang/crates-build-env/linux@sha256:77db811e55d90add9212f6832c23229e3de5f1c1f9905e8cb07319ea15df73ac" "sleep" "infinity", kill_on_drop: false }`
[INFO] [stdout] bf99532ed6122b3cc89b1020bea9a4a2334c715a08990c83840f9c40bd8615e1
[INFO] running `Command { std: "docker" "start" "bf99532ed6122b3cc89b1020bea9a4a2334c715a08990c83840f9c40bd8615e1", kill_on_drop: false }`
[INFO] running `Command { std: "docker" "inspect" "bf99532ed6122b3cc89b1020bea9a4a2334c715a08990c83840f9c40bd8615e1", kill_on_drop: false }`
[INFO] running `Command { std: "docker" "exec" "-e" "SOURCE_DIR=/opt/rustwide/workdir" "-e" "CARGO_HOME=/opt/rustwide/cargo-home" "-e" "RUSTUP_HOME=/opt/rustwide/rustup-home" "-e" "CARGO_TARGET_DIR=/opt/rustwide/target" "-w" "/opt/rustwide/workdir" "--user" "0:0" "bf99532ed6122b3cc89b1020bea9a4a2334c715a08990c83840f9c40bd8615e1" "/opt/rustwide/cargo-home/bin/cargo" "+1.99.0-beta.8" "metadata" "--no-deps" "--format-version=1", kill_on_drop: false }`
[INFO] running `Command { std: "docker" "inspect" "bf99532ed6122b3cc89b1020bea9a4a2334c715a08990c83840f9c40bd8615e1", kill_on_drop: false }`
[INFO] running `Command { std: "docker" "exec" "-e" "SOURCE_DIR=/opt/rustwide/workdir" "-e" "CARGO_HOME=/opt/rustwide/cargo-home" "-e" "RUSTUP_HOME=/opt/rustwide/rustup-home" "-e" "CARGO_TARGET_DIR=/opt/rustwide/target" "-e" "CARGO_INCREMENTAL=0" "-e" "RUST_BACKTRACE=full" "-e" "RUSTFLAGS=--cap-lints=warn" "-e" "RUSTDOCFLAGS=--cap-lints=warn" "-w" "/opt/rustwide/workdir" "--user" "0:0" "bf99532ed6122b3cc89b1020bea9a4a2334c715a08990c83840f9c40bd8615e1" "/opt/rustwide/cargo-home/bin/cargo" "+1.99.0-beta.8" "build" "--frozen" "--message-format=json" "--release", kill_on_drop: false }`
[INFO] [stderr]    Compiling wslapi v0.1.3 (/opt/rustwide/workdir)
[INFO] [stderr]     Finished `release` profile [optimized] target(s) in 0.11s
[INFO] running `Command { std: "docker" "inspect" "bf99532ed6122b3cc89b1020bea9a4a2334c715a08990c83840f9c40bd8615e1", kill_on_drop: false }`
[INFO] running `Command { std: "docker" "exec" "-e" "SOURCE_DIR=/opt/rustwide/workdir" "-e" "CARGO_HOME=/opt/rustwide/cargo-home" "-e" "RUSTUP_HOME=/opt/rustwide/rustup-home" "-e" "CARGO_TARGET_DIR=/opt/rustwide/target" "-e" "CARGO_INCREMENTAL=0" "-e" "RUST_BACKTRACE=full" "-e" "RUSTFLAGS=--cap-lints=warn" "-e" "RUSTDOCFLAGS=--cap-lints=warn" "-w" "/opt/rustwide/workdir" "--user" "0:0" "bf99532ed6122b3cc89b1020bea9a4a2334c715a08990c83840f9c40bd8615e1" "/opt/rustwide/cargo-home/bin/cargo" "+1.99.0-beta.8" "test" "--frozen" "--no-run" "--message-format=json" "--release", kill_on_drop: false }`
[INFO] [stderr]    Compiling wslapi v0.1.3 (/opt/rustwide/workdir)
[INFO] [stdout] warning: unused import: `wslapi::*`
[INFO] [stdout]  --> examples/basic.rs:1:5
[INFO] [stdout]   |
[INFO] [stdout] 1 | use wslapi::*;
[INFO] [stdout]   |     ^^^^^^^^^
[INFO] [stdout]   |
[INFO] [stdout]   = note: `#[warn(unused_imports)]` (part of `#[warn(unused)]`) on by default
[INFO] [stdout] 
[INFO] [stdout] 
[INFO] [stdout] error[E0433]: cannot find type `Library` in this scope
[INFO] [stdout]  --> examples/basic.rs:9:15
[INFO] [stdout]   |
[INFO] [stdout] 9 |     let wsl = Library::new().unwrap();
[INFO] [stdout]   |               ^^^^^^^ use of undeclared type `Library`
[INFO] [stdout] 
[INFO] [stdout] 
[INFO] [stdout] error[E0433]: cannot find type `WSL_DISTRIBUTION_FLAGS` in this scope
[INFO] [stdout]   --> examples/basic.rs:16:25
[INFO] [stdout]    |
[INFO] [stdout] 16 |     assert!(cfg.flags & WSL_DISTRIBUTION_FLAGS::DEFAULT == WSL_DISTRIBUTION_FLAGS::DEFAULT);
[INFO] [stdout]    |                         ^^^^^^^^^^^^^^^^^^^^^^ use of undeclared type `WSL_DISTRIBUTION_FLAGS`
[INFO] [stdout] 
[INFO] [stdout] 
[INFO] [stdout] error[E0433]: cannot find type `WSL_DISTRIBUTION_FLAGS` in this scope
[INFO] [stdout]   --> examples/basic.rs:16:60
[INFO] [stdout]    |
[INFO] [stdout] 16 |     assert!(cfg.flags & WSL_DISTRIBUTION_FLAGS::DEFAULT == WSL_DISTRIBUTION_FLAGS::DEFAULT);
[INFO] [stdout]    |                                                            ^^^^^^^^^^^^^^^^^^^^^^ use of undeclared type `WSL_DISTRIBUTION_FLAGS`
[INFO] [stdout] 
[INFO] [stdout] 
[INFO] [stdout] For more information about this error, try `rustc --explain E0433`.
[INFO] [stdout] 
[INFO] [stderr] error: could not compile `wslapi` (example "basic") due to 3 previous errors; 1 warning emitted
[INFO] [stderr] warning: build failed, waiting for other jobs to finish...
[INFO] running `Command { std: "docker" "inspect" "bf99532ed6122b3cc89b1020bea9a4a2334c715a08990c83840f9c40bd8615e1", kill_on_drop: false }`
[INFO] running `Command { std: "docker" "rm" "-f" "bf99532ed6122b3cc89b1020bea9a4a2334c715a08990c83840f9c40bd8615e1", kill_on_drop: false }`
[INFO] [stdout] bf99532ed6122b3cc89b1020bea9a4a2334c715a08990c83840f9c40bd8615e1
