[INFO] fetching crate wsl-api 0.1.0...
[INFO] testing wsl-api-0.1.0 against 1.100.0-beta.1+cargoflags=--release for beta-release-1.100-2
[INFO] extracting crate wsl-api 0.1.0 into /workspace/builds/worker-0-tc2/source
[INFO] started tweaking crates.io crate wsl-api 0.1.0
[INFO] removed 0 missing examples
[INFO] finished tweaking crates.io crate wsl-api 0.1.0
[INFO] tweaked toml for crates.io crate wsl-api 0.1.0 written to /workspace/builds/worker-0-tc2/source/Cargo.toml
[INFO] validating manifest of crates.io crate wsl-api 0.1.0 on toolchain 1.100.0-beta.1
[INFO] running `Command { std: CARGO_HOME="/workspace/cargo-home" RUSTUP_HOME="/workspace/rustup-home" "/workspace/cargo-home/bin/cargo" "+1.100.0-beta.1" "metadata" "--manifest-path" "Cargo.toml" "--no-deps", kill_on_drop: false }`
[INFO] crate crates.io crate wsl-api 0.1.0 already has a lockfile, it will not be regenerated
[INFO] running `Command { std: CARGO_HOME="/workspace/cargo-home" RUSTUP_HOME="/workspace/rustup-home" "/workspace/cargo-home/bin/cargo" "+1.100.0-beta.1" "fetch" "--manifest-path" "Cargo.toml", kill_on_drop: false }`
[INFO] [stderr]     Blocking waiting for file lock on package cache
[INFO] running `Command { std: "docker" "create" "-v" "/var/lib/crater-agent-workspace/builds/worker-0-tc2/source:/opt/rustwide/workdir:ro,Z" "-v" "/var/lib/crater-agent-workspace/builds/worker-0-tc2/target:/opt/rustwide/target:rw,Z" "-v" "/var/lib/crater-agent-workspace/cargo-home:/opt/rustwide/cargo-home:ro,Z" "-v" "/var/lib/crater-agent-workspace/rustup-home:/opt/rustwide/rustup-home:ro,Z" "-m" "1610612736" "--network" "none" "ghcr.io/rust-lang/crates-build-env/linux@sha256:77db811e55d90add9212f6832c23229e3de5f1c1f9905e8cb07319ea15df73ac" "sleep" "infinity", kill_on_drop: false }`
[INFO] [stdout] 36a6228b2a48cbc81aa6fdc964e6edfbc4e255053a2fb20ebb5c998e1cd4234f
[INFO] running `Command { std: "docker" "start" "36a6228b2a48cbc81aa6fdc964e6edfbc4e255053a2fb20ebb5c998e1cd4234f", kill_on_drop: false }`
[INFO] running `Command { std: "docker" "inspect" "36a6228b2a48cbc81aa6fdc964e6edfbc4e255053a2fb20ebb5c998e1cd4234f", kill_on_drop: false }`
[INFO] running `Command { std: "docker" "exec" "-e" "SOURCE_DIR=/opt/rustwide/workdir" "-e" "CARGO_HOME=/opt/rustwide/cargo-home" "-e" "RUSTUP_HOME=/opt/rustwide/rustup-home" "-e" "CARGO_TARGET_DIR=/opt/rustwide/target" "-w" "/opt/rustwide/workdir" "--user" "0:0" "36a6228b2a48cbc81aa6fdc964e6edfbc4e255053a2fb20ebb5c998e1cd4234f" "/opt/rustwide/cargo-home/bin/cargo" "+1.100.0-beta.1" "metadata" "--no-deps" "--format-version=1", kill_on_drop: false }`
[INFO] running `Command { std: "docker" "inspect" "36a6228b2a48cbc81aa6fdc964e6edfbc4e255053a2fb20ebb5c998e1cd4234f", kill_on_drop: false }`
[INFO] running `Command { std: "docker" "exec" "-e" "SOURCE_DIR=/opt/rustwide/workdir" "-e" "CARGO_HOME=/opt/rustwide/cargo-home" "-e" "RUSTUP_HOME=/opt/rustwide/rustup-home" "-e" "CARGO_TARGET_DIR=/opt/rustwide/target" "-e" "CARGO_INCREMENTAL=0" "-e" "RUST_BACKTRACE=full" "-e" "RUSTFLAGS=--cap-lints=warn" "-e" "RUSTDOCFLAGS=--cap-lints=warn" "-w" "/opt/rustwide/workdir" "--user" "0:0" "36a6228b2a48cbc81aa6fdc964e6edfbc4e255053a2fb20ebb5c998e1cd4234f" "/opt/rustwide/cargo-home/bin/cargo" "+1.100.0-beta.1" "build" "--frozen" "--message-format=json" "--release", kill_on_drop: false }`
[INFO] [stderr]    Compiling bitflags v2.9.1
[INFO] [stderr]    Compiling widestring v1.2.0
[INFO] [stderr]    Compiling syn v2.0.104
[INFO] [stderr]    Compiling windows-result v0.1.2
[INFO] [stderr]    Compiling windows-interface v0.57.0
[INFO] [stderr]    Compiling windows-implement v0.57.0
[INFO] [stderr]    Compiling windows-core v0.57.0
[INFO] [stderr]    Compiling windows v0.57.0
[INFO] [stderr]    Compiling wsl-com-api-sys v0.1.0
[INFO] [stderr]    Compiling wsl-api v0.1.0 (/opt/rustwide/workdir)
[INFO] [stderr]     Finished `release` profile [optimized] target(s) in 16.56s
[INFO] running `Command { std: "docker" "inspect" "36a6228b2a48cbc81aa6fdc964e6edfbc4e255053a2fb20ebb5c998e1cd4234f", kill_on_drop: false }`
[INFO] running `Command { std: "docker" "exec" "-e" "SOURCE_DIR=/opt/rustwide/workdir" "-e" "CARGO_HOME=/opt/rustwide/cargo-home" "-e" "RUSTUP_HOME=/opt/rustwide/rustup-home" "-e" "CARGO_TARGET_DIR=/opt/rustwide/target" "-e" "CARGO_INCREMENTAL=0" "-e" "RUST_BACKTRACE=full" "-e" "RUSTFLAGS=--cap-lints=warn" "-e" "RUSTDOCFLAGS=--cap-lints=warn" "-w" "/opt/rustwide/workdir" "--user" "0:0" "36a6228b2a48cbc81aa6fdc964e6edfbc4e255053a2fb20ebb5c998e1cd4234f" "/opt/rustwide/cargo-home/bin/cargo" "+1.100.0-beta.1" "test" "--frozen" "--no-run" "--message-format=json" "--release", kill_on_drop: false }`
[INFO] [stderr]    Compiling wsl-api v0.1.0 (/opt/rustwide/workdir)
[INFO] [stdout] error: linking with `cc` failed: exit status: 1
[INFO] [stdout]   |
[INFO] [stdout]   = note:  "cc" "-m64" "/opt/rustwide/target/release/build/wsl-api/d2813acdd46cae36/out/rustcB9fzpr/symbols.o" "<4 object files omitted>" "-Wl,--as-needed" "-Wl,-Bstatic" "/opt/rustwide/target/release/build/wsl-api/7837e056e619e5ce/out/libwsl_api-7837e056e619e5ce.rlib" "/opt/rustwide/target/release/build/widestring/582e4876c1795ad7/out/libwidestring-582e4876c1795ad7.rlib" "/opt/rustwide/target/release/build/wsl-com-api-sys/51ef09636b5e2701/out/libwsl_com_api_sys-51ef09636b5e2701.rlib" "/opt/rustwide/target/release/build/windows/f7539aa0e8f042c4/out/libwindows-f7539aa0e8f042c4.rlib" "/opt/rustwide/target/release/build/windows-core/764822bb9c9084df/out/libwindows_core-764822bb9c9084df.rlib" "/opt/rustwide/target/release/build/windows-result/b75ade87d2b58bc3/out/libwindows_result-b75ade87d2b58bc3.rlib" "/opt/rustwide/target/release/build/windows-targets/0f401e3ca27b07b6/out/libwindows_targets-0f401e3ca27b07b6.rlib" "/opt/rustwide/target/release/build/uuid/d0eb86fa4fef6670/out/libuuid-d0eb86fa4fef6670.rlib" "/opt/rustwide/target/release/build/bitflags/ab580676e1e4d295/out/libbitflags-ab580676e1e4d295.rlib" "<sysroot>/lib/rustlib/x86_64-unknown-linux-gnu/lib/{libstd-*,libpanic_unwind-*,libobject-*,libmemchr-*,libaddr2line-*,libgimli-*,libcfg_if-*,librustc_demangle-*,libstd_detect-*,libhashbrown-*,librustc_std_workspace_alloc-*,libminiz_oxide-*,libadler2-*,libunwind-*,liblibc-*,librustc_std_workspace_core-*,liballoc-*,libcore-*,libcompiler_builtins-*}.rlib" "-Wl,-Bdynamic" "-lgcc_s" "-lutil" "-lrt" "-lpthread" "-lm" "-ldl" "-lc" "-L" "/opt/rustwide/target/release/build/wsl-api/d2813acdd46cae36/out/rustcB9fzpr/raw-dylibs" "-B<sysroot>/lib/rustlib/x86_64-unknown-linux-gnu/bin/gcc-ld" "-fuse-ld=lld" "-Wl,--eh-frame-hdr" "-Wl,-z,noexecstack" "-L" "/opt/rustwide/cargo-home/registry/src/index.crates.io-1949cf8c6b5b557f/windows_x86_64_gnu-0.52.6/lib" "-L" "<sysroot>/lib/rustlib/x86_64-unknown-linux-gnu/lib" "-o" "/opt/rustwide/target/release/build/wsl-api/d2813acdd46cae36/out/basic_usage" "-Wl,--gc-sections" "-pie" "-Wl,-z,relro,-z,now" "-Wl,-O1" "-Wl,--strip-debug" "-nodefaultlibs"
[INFO] [stdout]   = note: some arguments are omitted. use `--verbose` to show all linker arguments
[INFO] [stdout]   = note: rust-lld: error: undefined symbol: WSAStartup
[INFO] [stdout]           >>> referenced by wsl_api.41a5c5133c9715f4-cgu.3
[INFO] [stdout]           >>>               wsl_api-7837e056e619e5ce.wsl_api.41a5c5133c9715f4-cgu.3.rcgu.o:(<wsl_api::Wsl2>::com_thread_worker) in archive /opt/rustwide/target/release/build/wsl-api/7837e056e619e5ce/out/libwsl_api-7837e056e619e5ce.rlib
[INFO] [stdout]           
[INFO] [stdout]           rust-lld: error: undefined symbol: CoInitializeEx
[INFO] [stdout]           >>> referenced by wsl_api.41a5c5133c9715f4-cgu.3
[INFO] [stdout]           >>>               wsl_api-7837e056e619e5ce.wsl_api.41a5c5133c9715f4-cgu.3.rcgu.o:(<wsl_api::Wsl2>::com_thread_worker) in archive /opt/rustwide/target/release/build/wsl-api/7837e056e619e5ce/out/libwsl_api-7837e056e619e5ce.rlib
[INFO] [stdout]           
[INFO] [stdout]           rust-lld: error: undefined symbol: CoInitializeSecurity
[INFO] [stdout]           >>> referenced by wsl_api.41a5c5133c9715f4-cgu.3
[INFO] [stdout]           >>>               wsl_api-7837e056e619e5ce.wsl_api.41a5c5133c9715f4-cgu.3.rcgu.o:(<wsl_api::Wsl2>::com_thread_worker) in archive /opt/rustwide/target/release/build/wsl-api/7837e056e619e5ce/out/libwsl_api-7837e056e619e5ce.rlib
[INFO] [stdout]           
[INFO] [stdout]           rust-lld: error: undefined symbol: CoUninitialize
[INFO] [stdout]           >>> referenced by wsl_api.41a5c5133c9715f4-cgu.3
[INFO] [stdout]           >>>               wsl_api-7837e056e619e5ce.wsl_api.41a5c5133c9715f4-cgu.3.rcgu.o:(<wsl_api::Wsl2>::com_thread_worker) in archive /opt/rustwide/target/release/build/wsl-api/7837e056e619e5ce/out/libwsl_api-7837e056e619e5ce.rlib
[INFO] [stdout]           >>> referenced by wsl_api.41a5c5133c9715f4-cgu.3
[INFO] [stdout]           >>>               wsl_api-7837e056e619e5ce.wsl_api.41a5c5133c9715f4-cgu.3.rcgu.o:(<wsl_api::Wsl2>::com_thread_worker) in archive /opt/rustwide/target/release/build/wsl-api/7837e056e619e5ce/out/libwsl_api-7837e056e619e5ce.rlib
[INFO] [stdout]           >>> referenced by wsl_api.41a5c5133c9715f4-cgu.3
[INFO] [stdout]           >>>               wsl_api-7837e056e619e5ce.wsl_api.41a5c5133c9715f4-cgu.3.rcgu.o:(<wsl_api::Wsl2>::com_thread_worker) in archive /opt/rustwide/target/release/build/wsl-api/7837e056e619e5ce/out/libwsl_api-7837e056e619e5ce.rlib
[INFO] [stdout]           >>> referenced 1 more times
[INFO] [stdout]           
[INFO] [stdout]           rust-lld: error: undefined symbol: CoTaskMemFree
[INFO] [stdout]           >>> referenced by wsl_api.41a5c5133c9715f4-cgu.3
[INFO] [stdout]           >>>               wsl_api-7837e056e619e5ce.wsl_api.41a5c5133c9715f4-cgu.3.rcgu.o:(<wsl_api::Wsl2>::enumerate_distributions) in archive /opt/rustwide/target/release/build/wsl-api/7837e056e619e5ce/out/libwsl_api-7837e056e619e5ce.rlib
[INFO] [stdout]           
[INFO] [stdout]           rust-lld: error: undefined symbol: RoOriginateErrorW
[INFO] [stdout]           >>> referenced by wsl_api.41a5c5133c9715f4-cgu.5
[INFO] [stdout]           >>>               wsl_api-7837e056e619e5ce.wsl_api.41a5c5133c9715f4-cgu.5.rcgu.o:(<windows_result::error::Error>::new::<alloc::string::String>) in archive /opt/rustwide/target/release/build/wsl-api/7837e056e619e5ce/out/libwsl_api-7837e056e619e5ce.rlib
[INFO] [stdout]           
[INFO] [stdout]           rust-lld: error: undefined symbol: CoCreateInstance
[INFO] [stdout]           >>> referenced by wsl_com_api_sys.b2285d0d1768ca9a-cgu.0
[INFO] [stdout]           >>>               wsl_com_api_sys-51ef09636b5e2701.wsl_com_api_sys.b2285d0d1768ca9a-cgu.0.rcgu.o:(wsl_com_api_sys::get_lxss_user_session) in archive /opt/rustwide/target/release/build/wsl-com-api-sys/51ef09636b5e2701/out/libwsl_com_api_sys-51ef09636b5e2701.rlib
[INFO] [stdout]           
[INFO] [stdout]           rust-lld: error: undefined symbol: GetProcessHeap
[INFO] [stdout]           >>> referenced by windows_result.a4531246881d5cd9-cgu.0
[INFO] [stdout]           >>>               windows_result-b75ade87d2b58bc3.windows_result.a4531246881d5cd9-cgu.0.rcgu.o:(core::ptr::drop_glue::<windows_result::strings::HeapString>) in archive /opt/rustwide/target/release/build/windows-result/b75ade87d2b58bc3/out/libwindows_result-b75ade87d2b58bc3.rlib
[INFO] [stdout]           >>> referenced by windows_result.a4531246881d5cd9-cgu.0
[INFO] [stdout]           >>>               windows_result-b75ade87d2b58bc3.windows_result.a4531246881d5cd9-cgu.0.rcgu.o:(<windows_result::hresult::HRESULT>::message) in archive /opt/rustwide/target/release/build/windows-result/b75ade87d2b58bc3/out/libwindows_result-b75ade87d2b58bc3.rlib
[INFO] [stdout]           
[INFO] [stdout]           rust-lld: error: undefined symbol: HeapFree
[INFO] [stdout]           >>> referenced by windows_result.a4531246881d5cd9-cgu.0
[INFO] [stdout]           >>>               windows_result-b75ade87d2b58bc3.windows_result.a4531246881d5cd9-cgu.0.rcgu.o:(core::ptr::drop_glue::<windows_result::strings::HeapString>) in archive /opt/rustwide/target/release/build/windows-result/b75ade87d2b58bc3/out/libwindows_result-b75ade87d2b58bc3.rlib
[INFO] [stdout]           >>> referenced by windows_result.a4531246881d5cd9-cgu.0
[INFO] [stdout]           >>>               windows_result-b75ade87d2b58bc3.windows_result.a4531246881d5cd9-cgu.0.rcgu.o:(<windows_result::hresult::HRESULT>::message) in archive /opt/rustwide/target/release/build/windows-result/b75ade87d2b58bc3/out/libwindows_result-b75ade87d2b58bc3.rlib
[INFO] [stdout]           
[INFO] [stdout]           rust-lld: error: undefined symbol: SysFreeString
[INFO] [stdout]           >>> referenced by windows_result.a4531246881d5cd9-cgu.0
[INFO] [stdout]           >>>               windows_result-b75ade87d2b58bc3.windows_result.a4531246881d5cd9-cgu.0.rcgu.o:(<windows_result::error::Error>::message) in archive /opt/rustwide/target/release/build/windows-result/b75ade87d2b58bc3/out/libwindows_result-b75ade87d2b58bc3.rlib
[INFO] [stdout]           >>> referenced by windows_result.a4531246881d5cd9-cgu.0
[INFO] [stdout]           >>>               windows_result-b75ade87d2b58bc3.windows_result.a4531246881d5cd9-cgu.0.rcgu.o:(<windows_result::error::Error>::message) in archive /opt/rustwide/target/release/build/windows-result/b75ade87d2b58bc3/out/libwindows_result-b75ade87d2b58bc3.rlib
[INFO] [stdout]           >>> referenced by windows_result.a4531246881d5cd9-cgu.0
[INFO] [stdout]           >>>               windows_result-b75ade87d2b58bc3.windows_result.a4531246881d5cd9-cgu.0.rcgu.o:(<windows_result::error::Error>::message) in archive /opt/rustwide/target/release/build/windows-result/b75ade87d2b58bc3/out/libwindows_result-b75ade87d2b58bc3.rlib
[INFO] [stdout]           >>> referenced 2 more times
[INFO] [stdout]           
[INFO] [stdout]           rust-lld: error: undefined symbol: SysStringLen
[INFO] [stdout]           >>> referenced by windows_result.a4531246881d5cd9-cgu.0
[INFO] [stdout]           >>>               windows_result-b75ade87d2b58bc3.windows_result.a4531246881d5cd9-cgu.0.rcgu.o:(<windows_result::error::Error>::message) in archive /opt/rustwide/target/release/build/windows-result/b75ade87d2b58bc3/out/libwindows_result-b75ade87d2b58bc3.rlib
[INFO] [stdout]           >>> referenced by windows_result.a4531246881d5cd9-cgu.0
[INFO] [stdout]           >>>               windows_result-b75ade87d2b58bc3.windows_result.a4531246881d5cd9-cgu.0.rcgu.o:(<windows_result::error::Error>::message) in archive /opt/rustwide/target/release/build/windows-result/b75ade87d2b58bc3/out/libwindows_result-b75ade87d2b58bc3.rlib
[INFO] [stdout]           >>> referenced by windows_result.a4531246881d5cd9-cgu.0
[INFO] [stdout]           >>>               windows_result-b75ade87d2b58bc3.windows_result.a4531246881d5cd9-cgu.0.rcgu.o:(<windows_result::error::Error>::message) in archive /opt/rustwide/target/release/build/windows-result/b75ade87d2b58bc3/out/libwindows_result-b75ade87d2b58bc3.rlib
[INFO] [stdout]           >>> referenced 1 more times
[INFO] [stdout]           
[INFO] [stdout]           rust-lld: error: undefined symbol: LoadLibraryExA
[INFO] [stdout]           >>> referenced by windows_result.a4531246881d5cd9-cgu.0
[INFO] [stdout]           >>>               windows_result-b75ade87d2b58bc3.windows_result.a4531246881d5cd9-cgu.0.rcgu.o:(<windows_result::hresult::HRESULT>::message) in archive /opt/rustwide/target/release/build/windows-result/b75ade87d2b58bc3/out/libwindows_result-b75ade87d2b58bc3.rlib
[INFO] [stdout]           
[INFO] [stdout]           rust-lld: error: undefined symbol: FormatMessageW
[INFO] [stdout]           >>> referenced by windows_result.a4531246881d5cd9-cgu.0
[INFO] [stdout]           >>>               windows_result-b75ade87d2b58bc3.windows_result.a4531246881d5cd9-cgu.0.rcgu.o:(<windows_result::hresult::HRESULT>::message) in archive /opt/rustwide/target/release/build/windows-result/b75ade87d2b58bc3/out/libwindows_result-b75ade87d2b58bc3.rlib
[INFO] [stdout]           
[INFO] [stdout]           rust-lld: error: undefined symbol: GetErrorInfo
[INFO] [stdout]           >>> referenced by windows_result.a4531246881d5cd9-cgu.0
[INFO] [stdout]           >>>               windows_result-b75ade87d2b58bc3.windows_result.a4531246881d5cd9-cgu.0.rcgu.o:(<windows_result::error::Error as core::convert::From<windows_result::hresult::HRESULT>>::from) in archive /opt/rustwide/target/release/build/windows-result/b75ade87d2b58bc3/out/libwindows_result-b75ade87d2b58bc3.rlib
[INFO] [stdout]           collect2: error: ld returned 1 exit status
[INFO] [stdout]           
[INFO] [stdout] 
[INFO] [stdout] 
[INFO] [stderr] error: could not compile `wsl-api` (example "basic_usage") due to 1 previous error
[INFO] running `Command { std: "docker" "inspect" "36a6228b2a48cbc81aa6fdc964e6edfbc4e255053a2fb20ebb5c998e1cd4234f", kill_on_drop: false }`
[INFO] running `Command { std: "docker" "rm" "-f" "36a6228b2a48cbc81aa6fdc964e6edfbc4e255053a2fb20ebb5c998e1cd4234f", kill_on_drop: false }`
[INFO] [stdout] 36a6228b2a48cbc81aa6fdc964e6edfbc4e255053a2fb20ebb5c998e1cd4234f
