[INFO] fetching crate wsi-rs 0.8.0...
[INFO] testing wsi-rs-0.8.0 against 1.99.0-beta.8+cargoflags=--release for beta-release-1.100-2
[INFO] extracting crate wsi-rs 0.8.0 into /workspace/builds/worker-6-tc1/source
[INFO] removed /workspace/builds/worker-6-tc1/source/.cargo/config.toml
[INFO] removed /workspace/builds/worker-6-tc1/source/rust-toolchain.toml
[INFO] started tweaking crates.io crate wsi-rs 0.8.0
[INFO] removed 0 missing examples
[INFO] removed 0 missing tests
[INFO] finished tweaking crates.io crate wsi-rs 0.8.0
[INFO] tweaked toml for crates.io crate wsi-rs 0.8.0 written to /workspace/builds/worker-6-tc1/source/Cargo.toml
[INFO] validating manifest of crates.io crate wsi-rs 0.8.0 on toolchain 1.99.0-beta.8
[INFO] running `Command { std: CARGO_HOME="/workspace/cargo-home" RUSTUP_HOME="/workspace/rustup-home" "/workspace/cargo-home/bin/cargo" "+1.99.0-beta.8" "metadata" "--manifest-path" "Cargo.toml" "--no-deps", kill_on_drop: false }`
[INFO] crate crates.io crate wsi-rs 0.8.0 already has a lockfile, it will not be regenerated
[INFO] running `Command { std: CARGO_HOME="/workspace/cargo-home" RUSTUP_HOME="/workspace/rustup-home" "/workspace/cargo-home/bin/cargo" "+1.99.0-beta.8" "fetch" "--manifest-path" "Cargo.toml", kill_on_drop: false }`
[INFO] [stderr]     Updating crates.io index
[INFO] [stderr]  Downloading crates ...
[INFO] [stderr]   Downloaded jxr-native v0.3.0
[INFO] [stderr]   Downloaded sha2-asm v0.6.4
[INFO] [stderr]   Downloaded j2k-tilecodec v0.12.0
[INFO] [stderr]   Downloaded j2k-codec-math v0.12.0
[INFO] [stderr]   Downloaded jxr-math v0.1.1
[INFO] [stderr]   Downloaded j2k-cuda-build-support v0.12.0
[INFO] [stderr]   Downloaded j2k-profile v0.12.0
[INFO] [stderr]   Downloaded j2k-metal-support v0.12.0
[INFO] [stderr]   Downloaded lru v0.18.2
[INFO] [stderr]   Downloaded byteordered v0.6.0
[INFO] [stderr]   Downloaded jxr-core v0.3.0
[INFO] [stderr]   Downloaded czi-rs v0.1.0
[INFO] [stderr]   Downloaded j2k-types v0.12.0
[INFO] [stderr]   Downloaded jxr v0.3.0
[INFO] [stderr]   Downloaded j2k-core v0.12.0
[INFO] [stderr]   Downloaded snafu-derive v0.8.9
[INFO] [stderr]   Downloaded dicom-encoding v0.9.1
[INFO] [stderr]   Downloaded dicom-parser v0.9.1
[INFO] [stderr]   Downloaded dicom-transfer-syntax-registry v0.9.1
[INFO] [stderr]   Downloaded safe-transmute v0.11.3
[INFO] [stderr]   Downloaded jpeg-encoder v0.6.1
[INFO] [stderr]   Downloaded bytemuck v1.25.1
[INFO] [stderr]   Downloaded j2k-cuda-runtime v0.12.0
[INFO] [stderr]   Downloaded snafu v0.8.9
[INFO] [stderr]   Downloaded uuid v1.23.5
[INFO] [stderr]   Downloaded dicom-object v0.9.1
[INFO] [stderr]   Downloaded cc v1.2.67
[INFO] [stderr]   Downloaded cfb v0.14.0
[INFO] [stderr]   Downloaded dicom-core v0.9.1
[INFO] [stderr]   Downloaded j2k-cuda-j2k-engine v0.12.0
[INFO] [stderr]   Downloaded j2k v0.12.0
[INFO] [stderr]   Downloaded dicom-dictionary-std v0.9.0
[INFO] [stderr]   Downloaded j2k-cuda v0.12.0
[INFO] [stderr]   Downloaded fearless_simd v1.0.0
[INFO] [stderr]   Downloaded j2k-jpeg v0.12.0
[INFO] [stderr]   Downloaded j2k-metal v0.12.0
[INFO] [stderr]   Downloaded j2k-native v0.12.0
[INFO] running `Command { std: "docker" "create" "-v" "/var/lib/crater-agent-workspace/builds/worker-6-tc1/source:/opt/rustwide/workdir:ro,Z" "-v" "/var/lib/crater-agent-workspace/builds/worker-6-tc1/target:/opt/rustwide/target:rw,Z" "-v" "/var/lib/crater-agent-workspace/cargo-home:/opt/rustwide/cargo-home:ro,Z" "-v" "/var/lib/crater-agent-workspace/rustup-home:/opt/rustwide/rustup-home:ro,Z" "-m" "1610612736" "--network" "none" "ghcr.io/rust-lang/crates-build-env/linux@sha256:77db811e55d90add9212f6832c23229e3de5f1c1f9905e8cb07319ea15df73ac" "sleep" "infinity", kill_on_drop: false }`
[INFO] [stdout] 090fe9ee3b2dcfdd83ee65dca035264e0544bfcbc0036c8b751367b7f725fc49
[INFO] running `Command { std: "docker" "start" "090fe9ee3b2dcfdd83ee65dca035264e0544bfcbc0036c8b751367b7f725fc49", kill_on_drop: false }`
[INFO] running `Command { std: "docker" "inspect" "090fe9ee3b2dcfdd83ee65dca035264e0544bfcbc0036c8b751367b7f725fc49", kill_on_drop: false }`
[INFO] running `Command { std: "docker" "exec" "-e" "SOURCE_DIR=/opt/rustwide/workdir" "-e" "CARGO_HOME=/opt/rustwide/cargo-home" "-e" "RUSTUP_HOME=/opt/rustwide/rustup-home" "-e" "CARGO_TARGET_DIR=/opt/rustwide/target" "-w" "/opt/rustwide/workdir" "--user" "0:0" "090fe9ee3b2dcfdd83ee65dca035264e0544bfcbc0036c8b751367b7f725fc49" "/opt/rustwide/cargo-home/bin/cargo" "+1.99.0-beta.8" "metadata" "--no-deps" "--format-version=1", kill_on_drop: false }`
[INFO] running `Command { std: "docker" "inspect" "090fe9ee3b2dcfdd83ee65dca035264e0544bfcbc0036c8b751367b7f725fc49", kill_on_drop: false }`
[INFO] running `Command { std: "docker" "exec" "-e" "SOURCE_DIR=/opt/rustwide/workdir" "-e" "CARGO_HOME=/opt/rustwide/cargo-home" "-e" "RUSTUP_HOME=/opt/rustwide/rustup-home" "-e" "CARGO_TARGET_DIR=/opt/rustwide/target" "-e" "CARGO_INCREMENTAL=0" "-e" "RUST_BACKTRACE=full" "-e" "RUSTFLAGS=--cap-lints=warn" "-e" "RUSTDOCFLAGS=--cap-lints=warn" "-w" "/opt/rustwide/workdir" "--user" "0:0" "090fe9ee3b2dcfdd83ee65dca035264e0544bfcbc0036c8b751367b7f725fc49" "/opt/rustwide/cargo-home/bin/cargo" "+1.99.0-beta.8" "build" "--frozen" "--message-format=json" "--release", kill_on_drop: false }`
[INFO] [stderr]    Compiling syn v2.0.119
[INFO] [stderr]    Compiling either v1.16.0
[INFO] [stderr]    Compiling crossbeam-utils v0.8.22
[INFO] [stderr]    Compiling crossbeam-epoch v0.9.20
[INFO] [stderr]    Compiling encoding_index_tests v0.1.4
[INFO] [stderr]    Compiling crossbeam-deque v0.8.7
[INFO] [stderr]    Compiling num-traits v0.2.19
[INFO] [stderr]    Compiling simd-adler32 v0.3.10
[INFO] [stderr]    Compiling j2k-codec-math v0.12.0
[INFO] [stderr]    Compiling safe-transmute v0.11.3
[INFO] [stderr]    Compiling jobserver v0.1.35
[INFO] [stderr]    Compiling byteorder v1.5.0
[INFO] [stderr]    Compiling adler2 v2.0.1
[INFO] [stderr]    Compiling bitflags v2.13.0
[INFO] [stderr]    Compiling j2k-types v0.12.0
[INFO] [stderr]    Compiling libm v0.2.16
[INFO] [stderr]    Compiling encoding-index-tradchinese v1.20141219.5
[INFO] [stderr]    Compiling encoding-index-simpchinese v1.20141219.5
[INFO] [stderr]    Compiling itertools v0.14.0
[INFO] [stderr]    Compiling encoding-index-japanese v1.20141219.5
[INFO] [stderr]    Compiling encoding-index-singlebyte v1.20141219.5
[INFO] [stderr]    Compiling encoding-index-korean v1.20141219.5
[INFO] [stderr]    Compiling miniz_oxide v0.8.9
[INFO] [stderr]    Compiling libc v0.2.186
[INFO] [stderr]    Compiling jxr-math v0.1.1
[INFO] [stderr]    Compiling fearless_simd v1.0.0
[INFO] [stderr]    Compiling j2k-profile v0.12.0
[INFO] [stderr]    Compiling rustix v1.1.4
[INFO] [stderr]    Compiling memchr v2.8.3
[INFO] [stderr]    Compiling cc v1.2.67
[INFO] [stderr]    Compiling byteordered v0.6.0
[INFO] [stderr]    Compiling encoding v0.2.33
[INFO] [stderr]    Compiling pxfm v0.1.30
[INFO] [stderr]    Compiling fdeflate v0.3.7
[INFO] [stderr]    Compiling chrono v0.4.45
[INFO] [stderr]    Compiling j2k-jpeg v0.12.0
[INFO] [stderr]    Compiling linux-raw-sys v0.12.1
[INFO] [stderr]    Compiling byteorder-lite v0.1.0
[INFO] [stderr]    Compiling rayon-core v1.13.0
[INFO] [stderr]    Compiling web-time v1.1.0
[INFO] [stderr]    Compiling weezl v0.1.12
[INFO] [stderr]    Compiling bytemuck v1.25.1
[INFO] [stderr]    Compiling fastrand v2.4.1
[INFO] [stderr]    Compiling rayon v1.12.0
[INFO] [stderr]    Compiling getrandom v0.4.3
[INFO] [stderr]    Compiling uuid v1.23.5
[INFO] [stderr]    Compiling zstd-sys v2.0.16+zstd.1.5.7
[INFO] [stderr]    Compiling libz-sys v1.1.29
[INFO] [stderr]    Compiling roxmltree v0.20.0
[INFO] [stderr]    Compiling cfb v0.14.0
[INFO] [stderr]    Compiling flate2 v1.1.9
[INFO] [stderr]    Compiling serde_json v1.0.150
[INFO] [stderr]    Compiling lru v0.18.2
[INFO] [stderr]    Compiling quick-xml v0.41.0
[INFO] [stderr]    Compiling png v0.18.1
[INFO] [stderr]    Compiling moxcms v0.8.1
[INFO] [stderr]    Compiling tempfile v3.27.0
[INFO] [stderr]    Compiling thiserror-impl v2.0.18
[INFO] [stderr]    Compiling snafu-derive v0.8.9
[INFO] [stderr]    Compiling tracing-attributes v0.1.31
[INFO] [stderr]    Compiling thiserror-impl v1.0.69
[INFO] [stderr]    Compiling thiserror v2.0.18
[INFO] [stderr]    Compiling j2k-core v0.12.0
[INFO] [stderr]    Compiling tracing v0.1.44
[INFO] [stderr]    Compiling jxr-core v0.3.0
[INFO] [stderr]    Compiling thiserror v1.0.69
[INFO] [stderr]    Compiling snafu v0.8.9
[INFO] [stderr]    Compiling serde_derive v1.0.228
[INFO] [stderr]    Compiling dicom-core v0.9.1
[INFO] [stderr]    Compiling image v0.25.10
[INFO] [stderr]    Compiling jxr-native v0.3.0
[INFO] [stderr]    Compiling j2k-native v0.12.0
[INFO] [stderr]    Compiling serde v1.0.228
[INFO] [stderr]    Compiling dicom-dictionary-std v0.9.0
[INFO] [stderr]    Compiling dicom-encoding v0.9.1
[INFO] [stderr]    Compiling jxr v0.3.0
[INFO] [stderr]    Compiling dicom-transfer-syntax-registry v0.9.1
[INFO] [stderr]    Compiling dicom-parser v0.9.1
[INFO] [stderr]    Compiling dicom-object v0.9.1
[INFO] [stderr]    Compiling j2k v0.12.0
[INFO] [stderr]    Compiling zstd-safe v7.2.4
[INFO] [stderr]    Compiling zstd v0.13.3
[INFO] [stderr]    Compiling czi-rs v0.1.0
[INFO] [stderr]    Compiling j2k-tilecodec v0.12.0
[INFO] [stderr]    Compiling wsi-rs v0.8.0 (/opt/rustwide/workdir)
[INFO] [stderr]     Finished `release` profile [optimized] target(s) in 3m 29s
[INFO] running `Command { std: "docker" "inspect" "090fe9ee3b2dcfdd83ee65dca035264e0544bfcbc0036c8b751367b7f725fc49", kill_on_drop: false }`
[INFO] running `Command { std: "docker" "exec" "-e" "SOURCE_DIR=/opt/rustwide/workdir" "-e" "CARGO_HOME=/opt/rustwide/cargo-home" "-e" "RUSTUP_HOME=/opt/rustwide/rustup-home" "-e" "CARGO_TARGET_DIR=/opt/rustwide/target" "-e" "CARGO_INCREMENTAL=0" "-e" "RUST_BACKTRACE=full" "-e" "RUSTFLAGS=--cap-lints=warn" "-e" "RUSTDOCFLAGS=--cap-lints=warn" "-w" "/opt/rustwide/workdir" "--user" "0:0" "090fe9ee3b2dcfdd83ee65dca035264e0544bfcbc0036c8b751367b7f725fc49" "/opt/rustwide/cargo-home/bin/cargo" "+1.99.0-beta.8" "test" "--frozen" "--no-run" "--message-format=json" "--release", kill_on_drop: false }`
[INFO] [stderr]    Compiling proc-macro2 v1.0.106
[INFO] [stderr]    Compiling quote v1.0.46
[INFO] [stderr]    Compiling toml_datetime v0.6.11
[INFO] [stderr]    Compiling serde_spanned v0.6.9
[INFO] [stderr]    Compiling indexmap v2.14.0
[INFO] [stderr]    Compiling jpeg-decoder v0.3.2
[INFO] [stderr]    Compiling jpeg-encoder v0.6.1
[INFO] [stderr]    Compiling syn v2.0.119
[INFO] [stderr]    Compiling toml_edit v0.22.27
[INFO] [stderr]    Compiling toml v0.8.23
[INFO] [stderr]    Compiling wsi-rs v0.8.0 (/opt/rustwide/workdir)
[INFO] [stdout] error[E0433]: cannot find module or crate `wsi_rs_test_support` in this scope
[INFO] [stdout]  --> tests/support/corpus.rs:6:16
[INFO] [stdout]   |
[INFO] [stdout] 6 | pub(crate) use wsi_rs_test_support::corpus::{
[INFO] [stdout]   |                ^^^^^^^^^^^^^^^^^^^ use of unresolved module or unlinked crate `wsi_rs_test_support`
[INFO] [stdout]   |
[INFO] [stdout]   = help: if you wanted to use a crate named `wsi_rs_test_support`, use `cargo add wsi_rs_test_support` to add it to your `Cargo.toml`
[INFO] [stdout] 
[INFO] [stdout] 
[INFO] [stdout] error[E0433]: cannot find module or crate `wsi_rs_test_support` in this scope
[INFO] [stdout]   --> tests/support/corpus.rs:10:5
[INFO] [stdout]    |
[INFO] [stdout] 10 | use wsi_rs_test_support::corpus::{load_manifest, resolve_entry_path as resolve_shared_entry};
[INFO] [stdout]    |     ^^^^^^^^^^^^^^^^^^^ use of unresolved module or unlinked crate `wsi_rs_test_support`
[INFO] [stdout]    |
[INFO] [stdout]    = help: if you wanted to use a crate named `wsi_rs_test_support`, use `cargo add wsi_rs_test_support` to add it to your `Cargo.toml`
[INFO] [stdout] 
[INFO] [stdout] 
[INFO] [stdout] error[E0432]: unresolved import `support::corpus::CorpusEntry`
[INFO] [stdout]  --> tests/j2k_parity.rs:8:67
[INFO] [stdout]   |
[INFO] [stdout] 8 | use support::corpus::{load_public_unfiltered, resolve_entry_path, CorpusEntry};
[INFO] [stdout]   |                                                                   ^^^^^^^^^^^
[INFO] [stdout] 
[INFO] [stdout] 
[INFO] [stdout] error[E0433]: cannot find module or crate `wsi_rs_test_support` in this scope
[INFO] [stdout]  --> tests/support/corpus.rs:6:16
[INFO] [stdout]   |
[INFO] [stdout] 6 | pub(crate) use wsi_rs_test_support::corpus::{
[INFO] [stdout]   |                ^^^^^^^^^^^^^^^^^^^ use of unresolved module or unlinked crate `wsi_rs_test_support`
[INFO] [stdout]   |
[INFO] [stdout]   = help: if you wanted to use a crate named `wsi_rs_test_support`, use `cargo add wsi_rs_test_support` to add it to your `Cargo.toml`
[INFO] [stdout] 
[INFO] [stdout] 
[INFO] [stdout] error[E0433]: cannot find module or crate `wsi_rs_test_support` in this scope
[INFO] [stdout]   --> tests/support/corpus.rs:10:5
[INFO] [stdout]    |
[INFO] [stdout] 10 | use wsi_rs_test_support::corpus::{load_manifest, resolve_entry_path as resolve_shared_entry};
[INFO] [stdout]    |     ^^^^^^^^^^^^^^^^^^^ use of unresolved module or unlinked crate `wsi_rs_test_support`
[INFO] [stdout]    |
[INFO] [stdout]    = help: if you wanted to use a crate named `wsi_rs_test_support`, use `cargo add wsi_rs_test_support` to add it to your `Cargo.toml`
[INFO] [stdout] 
[INFO] [stdout] 
[INFO] [stdout] error[E0433]: cannot find module or crate `wsi_rs_test_support` in this scope
[INFO] [stdout]  --> tests/support/corpus.rs:6:16
[INFO] [stdout]   |
[INFO] [stdout] 6 | pub(crate) use wsi_rs_test_support::corpus::{
[INFO] [stdout]   |                ^^^^^^^^^^^^^^^^^^^ use of unresolved module or unlinked crate `wsi_rs_test_support`
[INFO] [stdout]   |
[INFO] [stdout]   = help: if you wanted to use a crate named `wsi_rs_test_support`, use `cargo add wsi_rs_test_support` to add it to your `Cargo.toml`
[INFO] [stdout] 
[INFO] [stdout] 
[INFO] [stdout] error[E0433]: cannot find module or crate `wsi_rs_test_support` in this scope
[INFO] [stdout]   --> tests/support/corpus.rs:10:5
[INFO] [stdout]    |
[INFO] [stdout] 10 | use wsi_rs_test_support::corpus::{load_manifest, resolve_entry_path as resolve_shared_entry};
[INFO] [stdout]    |     ^^^^^^^^^^^^^^^^^^^ use of unresolved module or unlinked crate `wsi_rs_test_support`
[INFO] [stdout]    |
[INFO] [stdout]    = help: if you wanted to use a crate named `wsi_rs_test_support`, use `cargo add wsi_rs_test_support` to add it to your `Cargo.toml`
[INFO] [stdout] 
[INFO] [stdout] 
[INFO] [stdout] error[E0433]: cannot find module or crate `wsi_rs_test_support` in this scope
[INFO] [stdout]   --> tests/support_unit.rs:18:5
[INFO] [stdout]    |
[INFO] [stdout] 18 | use wsi_rs_test_support::corpus::validate_release_coverage;
[INFO] [stdout]    |     ^^^^^^^^^^^^^^^^^^^ use of unresolved module or unlinked crate `wsi_rs_test_support`
[INFO] [stdout]    |
[INFO] [stdout]    = help: if you wanted to use a crate named `wsi_rs_test_support`, use `cargo add wsi_rs_test_support` to add it to your `Cargo.toml`
[INFO] [stdout] 
[INFO] [stdout] 
[INFO] [stdout] error[E0432]: unresolved imports `support::corpus::apply_alias_filter`, `support::corpus::corpus_cache_dir`, `support::corpus::format_default_extension`, `support::corpus::parse_manifest`
[INFO] [stdout]   --> tests/support_unit.rs:10:5
[INFO] [stdout]    |
[INFO] [stdout] 10 |     apply_alias_filter, corpus_cache_dir, format_default_extension, parse_manifest,
[INFO] [stdout]    |     ^^^^^^^^^^^^^^^^^^  ^^^^^^^^^^^^^^^^  ^^^^^^^^^^^^^^^^^^^^^^^^  ^^^^^^^^^^^^^^
[INFO] [stdout] 
[INFO] [stdout] 
[INFO] [stdout] error[E0433]: cannot find module or crate `wsi_rs_test_support` in this scope
[INFO] [stdout]  --> tests/support/corpus.rs:6:16
[INFO] [stdout]   |
[INFO] [stdout] 6 | pub(crate) use wsi_rs_test_support::corpus::{
[INFO] [stdout]   |                ^^^^^^^^^^^^^^^^^^^ use of unresolved module or unlinked crate `wsi_rs_test_support`
[INFO] [stdout]   |
[INFO] [stdout]   = help: if you wanted to use a crate named `wsi_rs_test_support`, use `cargo add wsi_rs_test_support` to add it to your `Cargo.toml`
[INFO] [stdout] 
[INFO] [stdout] 
[INFO] [stdout] error[E0433]: cannot find module or crate `wsi_rs_test_support` in this scope
[INFO] [stdout]   --> tests/support/corpus.rs:10:5
[INFO] [stdout]    |
[INFO] [stdout] 10 | use wsi_rs_test_support::corpus::{load_manifest, resolve_entry_path as resolve_shared_entry};
[INFO] [stdout]    |     ^^^^^^^^^^^^^^^^^^^ use of unresolved module or unlinked crate `wsi_rs_test_support`
[INFO] [stdout]    |
[INFO] [stdout]    = help: if you wanted to use a crate named `wsi_rs_test_support`, use `cargo add wsi_rs_test_support` to add it to your `Cargo.toml`
[INFO] [stdout] 
[INFO] [stdout] 
[INFO] [stdout] error[E0433]: cannot find module or crate `wsi_rs_test_support` in this scope
[INFO] [stdout]  --> tests/support/corpus.rs:6:16
[INFO] [stdout]   |
[INFO] [stdout] 6 | pub(crate) use wsi_rs_test_support::corpus::{
[INFO] [stdout]   |                ^^^^^^^^^^^^^^^^^^^ use of unresolved module or unlinked crate `wsi_rs_test_support`
[INFO] [stdout]   |
[INFO] [stdout]   = help: if you wanted to use a crate named `wsi_rs_test_support`, use `cargo add wsi_rs_test_support` to add it to your `Cargo.toml`
[INFO] [stdout] 
[INFO] [stdout] 
[INFO] [stdout] error[E0433]: cannot find module or crate `wsi_rs_test_support` in this scope
[INFO] [stdout]   --> tests/support/corpus.rs:10:5
[INFO] [stdout]    |
[INFO] [stdout] 10 | use wsi_rs_test_support::corpus::{load_manifest, resolve_entry_path as resolve_shared_entry};
[INFO] [stdout]    |     ^^^^^^^^^^^^^^^^^^^ use of unresolved module or unlinked crate `wsi_rs_test_support`
[INFO] [stdout]    |
[INFO] [stdout]    = help: if you wanted to use a crate named `wsi_rs_test_support`, use `cargo add wsi_rs_test_support` to add it to your `Cargo.toml`
[INFO] [stdout] 
[INFO] [stdout] 
[INFO] [stdout] error[E0433]: cannot find module or crate `wsi_rs_test_support` in this scope
[INFO] [stdout]   --> tests/support/corpus.rs:34:9
[INFO] [stdout]    |
[INFO] [stdout] 34 |         wsi_rs_test_support::corpus::cache_candidates(entry)
[INFO] [stdout]    |         ^^^^^^^^^^^^^^^^^^^ use of unresolved module or unlinked crate `wsi_rs_test_support`
[INFO] [stdout]    |
[INFO] [stdout]    = help: if you wanted to use a crate named `wsi_rs_test_support`, use `cargo add wsi_rs_test_support` to add it to your `Cargo.toml`
[INFO] [stdout] 
[INFO] [stdout] 
[INFO] [stdout] error[E0433]: cannot find module or crate `wsi_rs_test_support` in this scope
[INFO] [stdout]   --> tests/support/corpus.rs:34:9
[INFO] [stdout]    |
[INFO] [stdout] 34 |         wsi_rs_test_support::corpus::cache_candidates(entry)
[INFO] [stdout]    |         ^^^^^^^^^^^^^^^^^^^ use of unresolved module or unlinked crate `wsi_rs_test_support`
[INFO] [stdout]    |
[INFO] [stdout]    = help: if you wanted to use a crate named `wsi_rs_test_support`, use `cargo add wsi_rs_test_support` to add it to your `Cargo.toml`
[INFO] [stdout] 
[INFO] [stdout] 
[INFO] [stdout] error[E0433]: cannot find module or crate `wsi_rs_test_support` in this scope
[INFO] [stdout]  --> tests/support/corpus.rs:6:16
[INFO] [stdout]   |
[INFO] [stdout] 6 | pub(crate) use wsi_rs_test_support::corpus::{
[INFO] [stdout]   |                ^^^^^^^^^^^^^^^^^^^ use of unresolved module or unlinked crate `wsi_rs_test_support`
[INFO] [stdout]   |
[INFO] [stdout]   = help: if you wanted to use a crate named `wsi_rs_test_support`, use `cargo add wsi_rs_test_support` to add it to your `Cargo.toml`
[INFO] [stdout] 
[INFO] [stdout] 
[INFO] [stdout] error[E0433]: cannot find module or crate `wsi_rs_test_support` in this scope
[INFO] [stdout]   --> tests/support/corpus.rs:10:5
[INFO] [stdout]    |
[INFO] [stdout] 10 | use wsi_rs_test_support::corpus::{load_manifest, resolve_entry_path as resolve_shared_entry};
[INFO] [stdout]    |     ^^^^^^^^^^^^^^^^^^^ use of unresolved module or unlinked crate `wsi_rs_test_support`
[INFO] [stdout]    |
[INFO] [stdout]    = help: if you wanted to use a crate named `wsi_rs_test_support`, use `cargo add wsi_rs_test_support` to add it to your `Cargo.toml`
[INFO] [stdout] 
[INFO] [stdout] 
[INFO] [stdout] error[E0433]: cannot find module or crate `wsi_rs_test_support` in this scope
[INFO] [stdout]    --> tests/hamamatsu_vmu.rs:219:15
[INFO] [stdout]     |
[INFO] [stdout] 219 |     let api = wsi_rs_test_support::openslide::OpenSlideApi::load(Path::new(&library)).unwrap();
[INFO] [stdout]     |               ^^^^^^^^^^^^^^^^^^^ use of unresolved module or unlinked crate `wsi_rs_test_support`
[INFO] [stdout]     |
[INFO] [stdout]     = help: if you wanted to use a crate named `wsi_rs_test_support`, use `cargo add wsi_rs_test_support` to add it to your `Cargo.toml`
[INFO] [stdout] 
[INFO] [stdout] 
[INFO] [stdout] error[E0433]: cannot find module or crate `wsi_rs_test_support` in this scope
[INFO] [stdout]   --> tests/support/corpus.rs:34:9
[INFO] [stdout]    |
[INFO] [stdout] 34 |         wsi_rs_test_support::corpus::cache_candidates(entry)
[INFO] [stdout]    |         ^^^^^^^^^^^^^^^^^^^ use of unresolved module or unlinked crate `wsi_rs_test_support`
[INFO] [stdout]    |
[INFO] [stdout]    = help: if you wanted to use a crate named `wsi_rs_test_support`, use `cargo add wsi_rs_test_support` to add it to your `Cargo.toml`
[INFO] [stdout] 
[INFO] [stdout] 
[INFO] [stdout] error[E0433]: cannot find module or crate `wsi_rs_test_support` in this scope
[INFO] [stdout]   --> tests/support/corpus.rs:34:9
[INFO] [stdout]    |
[INFO] [stdout] 34 |         wsi_rs_test_support::corpus::cache_candidates(entry)
[INFO] [stdout]    |         ^^^^^^^^^^^^^^^^^^^ use of unresolved module or unlinked crate `wsi_rs_test_support`
[INFO] [stdout]    |
[INFO] [stdout]    = help: if you wanted to use a crate named `wsi_rs_test_support`, use `cargo add wsi_rs_test_support` to add it to your `Cargo.toml`
[INFO] [stdout] 
[INFO] [stdout] 
[INFO] [stdout] error[E0433]: cannot find module or crate `wsi_rs_test_support` in this scope
[INFO] [stdout]   --> tests/support/corpus.rs:34:9
[INFO] [stdout]    |
[INFO] [stdout] 34 |         wsi_rs_test_support::corpus::cache_candidates(entry)
[INFO] [stdout]    |         ^^^^^^^^^^^^^^^^^^^ use of unresolved module or unlinked crate `wsi_rs_test_support`
[INFO] [stdout]    |
[INFO] [stdout]    = help: if you wanted to use a crate named `wsi_rs_test_support`, use `cargo add wsi_rs_test_support` to add it to your `Cargo.toml`
[INFO] [stdout] 
[INFO] [stdout] 
[INFO] [stdout] error[E0433]: cannot find module or crate `wsi_rs_test_support` in this scope
[INFO] [stdout]    --> tests/hamamatsu_vmu.rs:223:21
[INFO] [stdout]     |
[INFO] [stdout] 223 |     let reference = wsi_rs_test_support::openslide::OpenSlide::open(&path).unwrap();
[INFO] [stdout]     |                     ^^^^^^^^^^^^^^^^^^^ use of unresolved module or unlinked crate `wsi_rs_test_support`
[INFO] [stdout]     |
[INFO] [stdout]     = help: if you wanted to use a crate named `wsi_rs_test_support`, use `cargo add wsi_rs_test_support` to add it to your `Cargo.toml`
[INFO] [stdout] 
[INFO] [stdout] 
[INFO] [stdout] error[E0433]: cannot find module or crate `wsi_rs_test_support` in this scope
[INFO] [stdout]   --> tests/support/corpus.rs:34:9
[INFO] [stdout]    |
[INFO] [stdout] 34 |         wsi_rs_test_support::corpus::cache_candidates(entry)
[INFO] [stdout]    |         ^^^^^^^^^^^^^^^^^^^ use of unresolved module or unlinked crate `wsi_rs_test_support`
[INFO] [stdout]    |
[INFO] [stdout]    = help: if you wanted to use a crate named `wsi_rs_test_support`, use `cargo add wsi_rs_test_support` to add it to your `Cargo.toml`
[INFO] [stdout] 
[INFO] [stdout] 
[INFO] [stdout] For more information about this error, try `rustc --explain E0433`.
[INFO] [stdout] 
[INFO] [stdout] For more information about this error, try `rustc --explain E0433`.
[INFO] [stdout] 
[INFO] [stderr] error: could not compile `wsi-rs` (test "zeiss_zvi") due to 3 previous errors
[INFO] [stderr] warning: build failed, waiting for other jobs to finish...
[INFO] [stderr] error: could not compile `wsi-rs` (test "hamamatsu_vmu") due to 2 previous errors
[INFO] [stdout] Some errors have detailed explanations: E0432, E0433.
[INFO] [stdout] 
[INFO] [stdout] For more information about an error, try `rustc --explain E0432`.
[INFO] [stdout] 
[INFO] [stderr] error: could not compile `wsi-rs` (test "j2k_parity") due to 4 previous errors
[INFO] [stdout] Some errors have detailed explanations: E0432, E0433.
[INFO] [stdout] 
[INFO] [stdout] For more information about an error, try `rustc --explain E0432`.
[INFO] [stdout] 
[INFO] [stderr] error: could not compile `wsi-rs` (test "support_unit") due to 5 previous errors
[INFO] [stdout] For more information about this error, try `rustc --explain E0433`.
[INFO] [stdout] 
[INFO] [stderr] error: could not compile `wsi-rs` (test "color_regression") due to 3 previous errors
[INFO] [stdout] For more information about this error, try `rustc --explain E0433`.
[INFO] [stdout] 
[INFO] [stderr] error: could not compile `wsi-rs` (test "argos_huron") due to 3 previous errors
[INFO] [stdout] For more information about this error, try `rustc --explain E0433`.
[INFO] [stdout] 
[INFO] [stderr] error: could not compile `wsi-rs` (test "real_wsi_behavior") due to 3 previous errors
[INFO] running `Command { std: "docker" "inspect" "090fe9ee3b2dcfdd83ee65dca035264e0544bfcbc0036c8b751367b7f725fc49", kill_on_drop: false }`
[INFO] running `Command { std: "docker" "rm" "-f" "090fe9ee3b2dcfdd83ee65dca035264e0544bfcbc0036c8b751367b7f725fc49", kill_on_drop: false }`
[INFO] [stdout] 090fe9ee3b2dcfdd83ee65dca035264e0544bfcbc0036c8b751367b7f725fc49
