[INFO] fetching crate wren-sys 0.2.5...
[INFO] testing wren-sys-0.2.5 against 1.100.0-beta.1+cargoflags=--release for beta-release-1.100-2
[INFO] extracting crate wren-sys 0.2.5 into /workspace/builds/worker-5-tc2/source
[INFO] started tweaking crates.io crate wren-sys 0.2.5
[INFO] finished tweaking crates.io crate wren-sys 0.2.5
[INFO] tweaked toml for crates.io crate wren-sys 0.2.5 written to /workspace/builds/worker-5-tc2/source/Cargo.toml
[INFO] validating manifest of crates.io crate wren-sys 0.2.5 on toolchain 1.100.0-beta.1
[INFO] running `Command { std: CARGO_HOME="/workspace/cargo-home" RUSTUP_HOME="/workspace/rustup-home" "/workspace/cargo-home/bin/cargo" "+1.100.0-beta.1" "metadata" "--manifest-path" "Cargo.toml" "--no-deps", kill_on_drop: false }`
[INFO] running `Command { std: CARGO_HOME="/workspace/cargo-home" RUSTUP_HOME="/workspace/rustup-home" "/workspace/cargo-home/bin/cargo" "+1.100.0-beta.1" "generate-lockfile" "--manifest-path" "Cargo.toml", kill_on_drop: false }`
[INFO] [stderr]     Updating crates.io index
[INFO] [stderr]      Locking 1 package to highest compatible version
[INFO] running `Command { std: CARGO_HOME="/workspace/cargo-home" RUSTUP_HOME="/workspace/rustup-home" "/workspace/cargo-home/bin/cargo" "+1.100.0-beta.1" "fetch" "--manifest-path" "Cargo.toml", kill_on_drop: false }`
[INFO] [stderr] warning: Cargo.toml: `package.edition` is unspecified, defaulting to `2015` while the latest is `2024`
[INFO] [stderr] warning: `package.homepage` is redundant with `package.repository`
[INFO] [stderr]   --> Cargo.toml:9:12
[INFO] [stderr]    |
[INFO] [stderr]  9 | homepage = "https://github.com/calviken/wren-rust"
[INFO] [stderr]    |            ^^^^^^^^^^^^^^^^^^^^^^^^^^^^^^^^^^^^^^^
[INFO] [stderr] ...
[INFO] [stderr] 14 | repository = "https://github.com/calviken/wren-rust"
[INFO] [stderr]    |              ---------------------------------------
[INFO] [stderr]    |
[INFO] [stderr]    = note: `cargo::redundant_homepage` is set to `warn` by default
[INFO] [stderr] help: consider removing `package.homepage`
[INFO] [stderr] warning: `wren-sys` (manifest) generated 2 warnings
[INFO] running `Command { std: "docker" "create" "-v" "/var/lib/crater-agent-workspace/builds/worker-5-tc2/source:/opt/rustwide/workdir:ro,Z" "-v" "/var/lib/crater-agent-workspace/builds/worker-5-tc2/target:/opt/rustwide/target:rw,Z" "-v" "/var/lib/crater-agent-workspace/cargo-home:/opt/rustwide/cargo-home:ro,Z" "-v" "/var/lib/crater-agent-workspace/rustup-home:/opt/rustwide/rustup-home:ro,Z" "-m" "1610612736" "--network" "none" "ghcr.io/rust-lang/crates-build-env/linux@sha256:77db811e55d90add9212f6832c23229e3de5f1c1f9905e8cb07319ea15df73ac" "sleep" "infinity", kill_on_drop: false }`
[INFO] [stdout] 7e42cf0d177bcbebc6790829c0ac6e59b3ea90537029b9aaaaad416fb50de7a1
[INFO] running `Command { std: "docker" "start" "7e42cf0d177bcbebc6790829c0ac6e59b3ea90537029b9aaaaad416fb50de7a1", kill_on_drop: false }`
[INFO] running `Command { std: "docker" "inspect" "7e42cf0d177bcbebc6790829c0ac6e59b3ea90537029b9aaaaad416fb50de7a1", kill_on_drop: false }`
[INFO] running `Command { std: "docker" "exec" "-e" "SOURCE_DIR=/opt/rustwide/workdir" "-e" "CARGO_HOME=/opt/rustwide/cargo-home" "-e" "RUSTUP_HOME=/opt/rustwide/rustup-home" "-e" "CARGO_TARGET_DIR=/opt/rustwide/target" "-w" "/opt/rustwide/workdir" "--user" "0:0" "7e42cf0d177bcbebc6790829c0ac6e59b3ea90537029b9aaaaad416fb50de7a1" "/opt/rustwide/cargo-home/bin/cargo" "+1.100.0-beta.1" "metadata" "--no-deps" "--format-version=1", kill_on_drop: false }`
[INFO] running `Command { std: "docker" "inspect" "7e42cf0d177bcbebc6790829c0ac6e59b3ea90537029b9aaaaad416fb50de7a1", kill_on_drop: false }`
[INFO] running `Command { std: "docker" "exec" "-e" "SOURCE_DIR=/opt/rustwide/workdir" "-e" "CARGO_HOME=/opt/rustwide/cargo-home" "-e" "RUSTUP_HOME=/opt/rustwide/rustup-home" "-e" "CARGO_TARGET_DIR=/opt/rustwide/target" "-e" "CARGO_INCREMENTAL=0" "-e" "RUST_BACKTRACE=full" "-e" "RUSTFLAGS=--cap-lints=warn" "-e" "RUSTDOCFLAGS=--cap-lints=warn" "-w" "/opt/rustwide/workdir" "--user" "0:0" "7e42cf0d177bcbebc6790829c0ac6e59b3ea90537029b9aaaaad416fb50de7a1" "/opt/rustwide/cargo-home/bin/cargo" "+1.100.0-beta.1" "build" "--frozen" "--message-format=json" "--release", kill_on_drop: false }`
[INFO] [stderr] warning: Cargo.toml: `package.edition` is unspecified, defaulting to `2015` while the latest is `2024`
[INFO] [stderr] warning: `package.homepage` is redundant with `package.repository`
[INFO] [stderr]   --> Cargo.toml:9:12
[INFO] [stderr]    |
[INFO] [stderr]  9 | homepage = "https://github.com/calviken/wren-rust"
[INFO] [stderr]    |            ^^^^^^^^^^^^^^^^^^^^^^^^^^^^^^^^^^^^^^^
[INFO] [stderr] ...
[INFO] [stderr] 14 | repository = "https://github.com/calviken/wren-rust"
[INFO] [stderr]    |              ---------------------------------------
[INFO] [stderr]    |
[INFO] [stderr]    = note: `cargo::redundant_homepage` is set to `warn` by default
[INFO] [stderr] help: consider removing `package.homepage`
[INFO] [stderr] warning: `wren-sys` (manifest) generated 2 warnings
[INFO] [stderr]    Compiling libc v0.2.191
[INFO] [stderr]    Compiling wren-sys v0.2.5 (/opt/rustwide/workdir)
[INFO] [stderr] error: failed to run custom build command for `wren-sys v0.2.5 (/opt/rustwide/workdir)`
[INFO] [stderr] note: To improve backtraces for build dependencies, set the CARGO_PROFILE_RELEASE_BUILD_OVERRIDE_DEBUG=true environment variable to enable debug information generation.
[INFO] [stderr] 
[INFO] [stderr] Caused by:
[INFO] [stderr]   process didn't exit successfully: `/opt/rustwide/target/release/build/wren-sys/23bf3c2f2145443b/out/build_script_build` (exit status: 101)
[INFO] [stderr]   --- stdout
[INFO] [stderr]   make[1]: Entering directory '/opt/rustwide/workdir/wren'
[INFO] [stderr]           cc src/optional/wren_opt_meta.c   -O3 -std=c99 -fPIC
[INFO] [stderr]   make[1]: Leaving directory '/opt/rustwide/workdir/wren'
[INFO] [stderr] 
[INFO] [stderr]   --- stderr
[INFO] [stderr]   mkdir: Read-only file system
[INFO] [stderr]   make[1]: *** [util/wren.mk:200: build/release/optional/wren_opt_meta.o] Error 1
[INFO] [stderr]   make: *** [Makefile:32: static] Error 2
[INFO] [stderr] 
[INFO] [stderr]   thread 'main' (85) panicked at build.rs:15:5:
[INFO] [stderr]   assertion failed: status.unwrap().success()
[INFO] [stderr]   stack backtrace:
[INFO] [stderr]      0:     0x5af3116d37c1 - <<std[617be2ca0a6fd877]::sys::backtrace::BacktraceLock>::print::DisplayBacktrace as core[a373ad73a504971]::fmt::Display>::fmt
[INFO] [stderr]      1:     0x5af3116e444a - core[a373ad73a504971]::fmt::write
[INFO] [stderr]      2:     0x5af3116d712c - <std[617be2ca0a6fd877]::sys::stdio::unix::Stderr as core[a373ad73a504971]::io::write::Write>::write_fmt
[INFO] [stderr]      3:     0x5af3116b72e6 - std[617be2ca0a6fd877]::panicking::default_hook::{closure#0}
[INFO] [stderr]      4:     0x5af3116cf921 - std[617be2ca0a6fd877]::panicking::default_hook
[INFO] [stderr]      5:     0x5af3116cfadb - std[617be2ca0a6fd877]::panicking::panic_with_hook
[INFO] [stderr]      6:     0x5af3116b73c4 - std[617be2ca0a6fd877]::panicking::panic_handler::{closure#0}
[INFO] [stderr]      7:     0x5af3116b0409 - std[617be2ca0a6fd877]::sys::backtrace::__rust_end_short_backtrace::<std[617be2ca0a6fd877]::panicking::panic_handler::{closure#0}, !>
[INFO] [stderr]      8:     0x5af3116b7b5d - __rustc[ea4f61d10b84890b]::rust_begin_unwind
[INFO] [stderr]      9:     0x5af3116e4b7c - core[a373ad73a504971]::panicking::panic_fmt
[INFO] [stderr]     10:     0x5af3116e4b42 - core[a373ad73a504971]::panicking::panic
[INFO] [stderr]     11:     0x5af3116a3950 - build_script_build[2e3c21556f4625d5]::make_release
[INFO] [stderr]     12:     0x5af3116a3ba5 - build_script_build[2e3c21556f4625d5]::main
[INFO] [stderr]     13:     0x5af3116a5073 - <fn() as core[a373ad73a504971]::ops::function::FnOnce<()>>::call_once
[INFO] [stderr]     14:     0x5af3116a3496 - std[617be2ca0a6fd877]::sys::backtrace::__rust_begin_short_backtrace::<fn(), ()>
[INFO] [stderr]     15:     0x5af3116a3719 - std[617be2ca0a6fd877]::rt::lang_start::<()>::{closure#0}
[INFO] [stderr]     16:     0x5af3116ced98 - std[617be2ca0a6fd877]::rt::lang_start_internal
[INFO] [stderr]     17:     0x5af3116a2d71 - std[617be2ca0a6fd877]::rt::lang_start::<()>
[INFO] [stderr]     18:     0x5af3116a50b5 - main
[INFO] [stderr]     19:     0x7bc131f04601 - <unknown>
[INFO] [stderr]     20:     0x7bc131f04718 - __libc_start_main
[INFO] [stderr]     21:     0x5af3116a2625 - _start
[INFO] [stderr]     22:                0x0 - <unknown>
[INFO] [stderr] warning: build failed, waiting for other jobs to finish...
[INFO] running `Command { std: "docker" "inspect" "7e42cf0d177bcbebc6790829c0ac6e59b3ea90537029b9aaaaad416fb50de7a1", kill_on_drop: false }`
[INFO] running `Command { std: "docker" "rm" "-f" "7e42cf0d177bcbebc6790829c0ac6e59b3ea90537029b9aaaaad416fb50de7a1", kill_on_drop: false }`
[INFO] [stdout] 7e42cf0d177bcbebc6790829c0ac6e59b3ea90537029b9aaaaad416fb50de7a1
