[INFO] fetching crate woven-client 0.3.0...
[INFO] testing woven-client-0.3.0 against 1.100.0-beta.1+cargoflags=--release for beta-release-1.100-2
[INFO] extracting crate woven-client 0.3.0 into /workspace/builds/worker-6-tc2/source
[INFO] started tweaking crates.io crate woven-client 0.3.0
[INFO] finished tweaking crates.io crate woven-client 0.3.0
[INFO] tweaked toml for crates.io crate woven-client 0.3.0 written to /workspace/builds/worker-6-tc2/source/Cargo.toml
[INFO] validating manifest of crates.io crate woven-client 0.3.0 on toolchain 1.100.0-beta.1
[INFO] running `Command { std: CARGO_HOME="/workspace/cargo-home" RUSTUP_HOME="/workspace/rustup-home" "/workspace/cargo-home/bin/cargo" "+1.100.0-beta.1" "metadata" "--manifest-path" "Cargo.toml" "--no-deps", kill_on_drop: false }`
[INFO] crate crates.io crate woven-client 0.3.0 already has a lockfile, it will not be regenerated
[INFO] running `Command { std: CARGO_HOME="/workspace/cargo-home" RUSTUP_HOME="/workspace/rustup-home" "/workspace/cargo-home/bin/cargo" "+1.100.0-beta.1" "fetch" "--manifest-path" "Cargo.toml", kill_on_drop: false }`
[INFO] running `Command { std: "docker" "create" "-v" "/var/lib/crater-agent-workspace/builds/worker-6-tc2/source:/opt/rustwide/workdir:ro,Z" "-v" "/var/lib/crater-agent-workspace/builds/worker-6-tc2/target:/opt/rustwide/target:rw,Z" "-v" "/var/lib/crater-agent-workspace/cargo-home:/opt/rustwide/cargo-home:ro,Z" "-v" "/var/lib/crater-agent-workspace/rustup-home:/opt/rustwide/rustup-home:ro,Z" "-m" "1610612736" "--network" "none" "ghcr.io/rust-lang/crates-build-env/linux@sha256:77db811e55d90add9212f6832c23229e3de5f1c1f9905e8cb07319ea15df73ac" "sleep" "infinity", kill_on_drop: false }`
[INFO] [stdout] ce00ddbb8ab4e08a07c42a6f2bebed233a410c79218e080fcfeb7cda25dca670
[INFO] running `Command { std: "docker" "start" "ce00ddbb8ab4e08a07c42a6f2bebed233a410c79218e080fcfeb7cda25dca670", kill_on_drop: false }`
[INFO] running `Command { std: "docker" "inspect" "ce00ddbb8ab4e08a07c42a6f2bebed233a410c79218e080fcfeb7cda25dca670", kill_on_drop: false }`
[INFO] running `Command { std: "docker" "exec" "-e" "SOURCE_DIR=/opt/rustwide/workdir" "-e" "CARGO_HOME=/opt/rustwide/cargo-home" "-e" "RUSTUP_HOME=/opt/rustwide/rustup-home" "-e" "CARGO_TARGET_DIR=/opt/rustwide/target" "-w" "/opt/rustwide/workdir" "--user" "0:0" "ce00ddbb8ab4e08a07c42a6f2bebed233a410c79218e080fcfeb7cda25dca670" "/opt/rustwide/cargo-home/bin/cargo" "+1.100.0-beta.1" "metadata" "--no-deps" "--format-version=1", kill_on_drop: false }`
[INFO] running `Command { std: "docker" "inspect" "ce00ddbb8ab4e08a07c42a6f2bebed233a410c79218e080fcfeb7cda25dca670", kill_on_drop: false }`
[INFO] running `Command { std: "docker" "exec" "-e" "SOURCE_DIR=/opt/rustwide/workdir" "-e" "CARGO_HOME=/opt/rustwide/cargo-home" "-e" "RUSTUP_HOME=/opt/rustwide/rustup-home" "-e" "CARGO_TARGET_DIR=/opt/rustwide/target" "-e" "CARGO_INCREMENTAL=0" "-e" "RUST_BACKTRACE=full" "-e" "RUSTFLAGS=--cap-lints=warn" "-e" "RUSTDOCFLAGS=--cap-lints=warn" "-w" "/opt/rustwide/workdir" "--user" "0:0" "ce00ddbb8ab4e08a07c42a6f2bebed233a410c79218e080fcfeb7cda25dca670" "/opt/rustwide/cargo-home/bin/cargo" "+1.100.0-beta.1" "build" "--frozen" "--message-format=json" "--release", kill_on_drop: false }`
[INFO] [stderr]    Compiling find-msvc-tools v0.1.11
[INFO] [stderr]    Compiling stable_deref_trait v1.2.1
[INFO] [stderr]    Compiling thiserror v2.0.20
[INFO] [stderr]    Compiling smallvec v1.15.2
[INFO] [stderr]    Compiling litemap v0.8.3
[INFO] [stderr]    Compiling writeable v0.6.4
[INFO] [stderr]    Compiling proc-macro2 v1.0.107
[INFO] [stderr]    Compiling num-traits v0.2.19
[INFO] [stderr]    Compiling icu_properties_data v2.3.0
[INFO] [stderr]    Compiling utf8_iter v1.0.4
[INFO] [stderr]    Compiling zeroize v1.9.0
[INFO] [stderr]    Compiling icu_normalizer_data v2.3.0
[INFO] [stderr]    Compiling time v0.3.47
[INFO] [stderr]    Compiling getrandom v0.2.17
[INFO] [stderr]    Compiling minimal-lexical v0.2.1
[INFO] [stderr]    Compiling untrusted v0.9.0
[INFO] [stderr]    Compiling cfg_aliases v0.2.2
[INFO] [stderr]    Compiling cc v1.4.4
[INFO] [stderr]    Compiling rand_core v0.10.1
[INFO] [stderr]    Compiling cpufeatures v0.3.1
[INFO] [stderr]    Compiling getrandom v0.4.3
[INFO] [stderr]    Compiling rustls-pki-types v1.15.1
[INFO] [stderr]    Compiling typenum v1.20.1
[INFO] [stderr]    Compiling thiserror v1.0.69
[INFO] [stderr]    Compiling flatbuffers-build v0.2.4+flatc-25.12.19
[INFO] [stderr]    Compiling nom v7.1.3
[INFO] [stderr]    Compiling semver v1.0.28
[INFO] [stderr]    Compiling rustls v0.23.45
[INFO] [stderr]    Compiling parking_lot_core v0.9.12
[INFO] [stderr]    Compiling chacha20 v0.10.2
[INFO] [stderr]    Compiling quinn-udp v0.5.15
[INFO] [stderr]    Compiling socket2 v0.6.5
[INFO] [stderr]    Compiling errno v0.3.14
[INFO] [stderr]    Compiling oid-registry v0.8.1
[INFO] [stderr]    Compiling subtle v2.6.1
[INFO] [stderr]    Compiling bytes v1.12.1
[INFO] [stderr]    Compiling form_urlencoded v1.2.2
[INFO] [stderr]    Compiling rustc_version v0.4.1
[INFO] [stderr]    Compiling tinyvec v1.12.0
[INFO] [stderr]    Compiling signal-hook-registry v1.4.8
[INFO] [stderr]    Compiling quote v1.0.47
[INFO] [stderr]    Compiling flatbuffers v25.12.19
[INFO] [stderr]    Compiling parking_lot v0.12.5
[INFO] [stderr]    Compiling rand_pcg v0.10.2
[INFO] [stderr]    Compiling rand v0.10.2
[INFO] [stderr]    Compiling quinn v0.11.11
[INFO] [stderr]    Compiling syn v2.0.119
[INFO] [stderr]    Compiling syn v3.0.4
[INFO] [stderr]    Compiling mio v1.2.2
[INFO] [stderr]    Compiling rustc-hash v2.1.3
[INFO] [stderr]    Compiling lru-slab v0.1.2
[INFO] [stderr]    Compiling const-oid v0.10.2
[INFO] [stderr]    Compiling data-encoding v2.11.1
[INFO] [stderr]    Compiling base64 v0.22.1
[INFO] [stderr]    Compiling openssl-probe v0.2.1
[INFO] [stderr]    Compiling bitflags v2.13.1
[INFO] [stderr]    Compiling httlib-huffman v0.3.4
[INFO] [stderr]    Compiling cmake v0.1.58
[INFO] [stderr]    Compiling hybrid-array v0.4.14
[INFO] [stderr]    Compiling num-integer v0.1.47
[INFO] [stderr]    Compiling octets v0.3.6
[INFO] [stderr]    Compiling pem v3.0.6
[INFO] [stderr]    Compiling num-bigint v0.4.8
[INFO] [stderr]    Compiling rustls-native-certs v0.8.4
[INFO] [stderr]    Compiling ring v0.17.14
[INFO] [stderr]    Compiling flatc-fork v0.6.0+25.12.19-2026-02-06-03fffb2
[INFO] [stderr]    Compiling crypto-common v0.2.2
[INFO] [stderr]    Compiling block-buffer v0.12.1
[INFO] [stderr]    Compiling rusticata-macros v4.1.0
[INFO] [stderr]    Compiling yasna v0.6.0
[INFO] [stderr]    Compiling digest v0.11.3
[INFO] [stderr]    Compiling sha2 v0.11.0
[INFO] [stderr] error: could not compile `syn` (lib)
[INFO] [stderr] 
[INFO] [stderr] Caused by:
[INFO] [stderr]   process didn't exit successfully: `/opt/rustwide/rustup-home/toolchains/1.100.0-beta.1-x86_64-unknown-linux-gnu/bin/rustc --crate-name syn --edition=2021 /opt/rustwide/cargo-home/registry/src/index.crates.io-1949cf8c6b5b557f/syn-3.0.4/src/lib.rs --error-format=json --json=diagnostic-rendered-ansi,artifacts,future-incompat,unused-externs-silent --crate-type lib --emit=dep-info,metadata,link -C embed-bitcode=no -C debug-assertions=off --cfg 'feature="clone-impls"' --cfg 'feature="default"' --cfg 'feature="derive"' --cfg 'feature="extra-traits"' --cfg 'feature="full"' --cfg 'feature="parsing"' --cfg 'feature="printing"' --cfg 'feature="proc-macro"' --check-cfg 'cfg(docsrs,test)' --check-cfg 'cfg(feature, values("clone-impls", "default", "derive", "extra-traits", "fold", "full", "parsing", "printing", "proc-macro", "test", "visit", "visit-mut"))' -C metadata=e292180cb53c9917 -C extra-filename=-c47b621ac43e1984 --out-dir /opt/rustwide/target/release/build/syn/c47b621ac43e1984/out -C strip=debuginfo -L dependency=/opt/rustwide/target/release/build/proc-macro2/58bd5a67493b0c92/out -L dependency=/opt/rustwide/target/release/build/unicode-ident/3d1450b03eaa80c7/out --extern proc_macro2=/opt/rustwide/target/release/build/proc-macro2/58bd5a67493b0c92/out/libproc_macro2-58bd5a67493b0c92.rmeta --extern quote=/opt/rustwide/target/release/build/quote/bb159eae73371f0d/out/libquote-bb159eae73371f0d.rmeta --extern unicode_ident=/opt/rustwide/target/release/build/unicode-ident/3d1450b03eaa80c7/out/libunicode_ident-3d1450b03eaa80c7.rmeta --cap-lints allow --cap-lints=warn --force-warn=unused_crate_dependencies` (signal: 9, SIGKILL: kill)
[INFO] [stderr] warning: build failed, waiting for other jobs to finish...
[INFO] [stderr] error: could not compile `syn` (lib)
[INFO] [stderr] 
[INFO] [stderr] Caused by:
[INFO] [stderr]   process didn't exit successfully: `/opt/rustwide/rustup-home/toolchains/1.100.0-beta.1-x86_64-unknown-linux-gnu/bin/rustc --crate-name syn --edition=2021 /opt/rustwide/cargo-home/registry/src/index.crates.io-1949cf8c6b5b557f/syn-2.0.119/src/lib.rs --error-format=json --json=diagnostic-rendered-ansi,artifacts,future-incompat,unused-externs-silent --crate-type lib --emit=dep-info,metadata,link -C embed-bitcode=no -C debug-assertions=off --cfg 'feature="clone-impls"' --cfg 'feature="default"' --cfg 'feature="derive"' --cfg 'feature="extra-traits"' --cfg 'feature="fold"' --cfg 'feature="full"' --cfg 'feature="parsing"' --cfg 'feature="printing"' --cfg 'feature="proc-macro"' --cfg 'feature="visit"' --cfg 'feature="visit-mut"' --check-cfg 'cfg(docsrs,test)' --check-cfg 'cfg(feature, values("clone-impls", "default", "derive", "extra-traits", "fold", "full", "parsing", "printing", "proc-macro", "test", "visit", "visit-mut"))' -C metadata=ff218aa8803b35be -C extra-filename=-11e8de9af56786ed --out-dir /opt/rustwide/target/release/build/syn/11e8de9af56786ed/out -C strip=debuginfo -L dependency=/opt/rustwide/target/release/build/proc-macro2/58bd5a67493b0c92/out -L dependency=/opt/rustwide/target/release/build/unicode-ident/3d1450b03eaa80c7/out --extern proc_macro2=/opt/rustwide/target/release/build/proc-macro2/58bd5a67493b0c92/out/libproc_macro2-58bd5a67493b0c92.rmeta --extern quote=/opt/rustwide/target/release/build/quote/bb159eae73371f0d/out/libquote-bb159eae73371f0d.rmeta --extern unicode_ident=/opt/rustwide/target/release/build/unicode-ident/3d1450b03eaa80c7/out/libunicode_ident-3d1450b03eaa80c7.rmeta --cap-lints allow --cap-lints=warn --force-warn=unused_crate_dependencies` (signal: 9, SIGKILL: kill)
[INFO] [stderr] error: could not compile `num-bigint` (lib)
[INFO] [stderr] 
[INFO] [stderr] Caused by:
[INFO] [stderr]   process didn't exit successfully: `/opt/rustwide/rustup-home/toolchains/1.100.0-beta.1-x86_64-unknown-linux-gnu/bin/rustc --crate-name num_bigint --edition=2021 /opt/rustwide/cargo-home/registry/src/index.crates.io-1949cf8c6b5b557f/num-bigint-0.4.8/src/lib.rs --error-format=json --json=diagnostic-rendered-ansi,artifacts,future-incompat,unused-externs-silent --crate-type lib --emit=dep-info,metadata,link -C opt-level=3 -C embed-bitcode=no --cfg 'feature="default"' --cfg 'feature="std"' --check-cfg 'cfg(docsrs,test)' --check-cfg 'cfg(feature, values("arbitrary", "default", "quickcheck", "rand", "serde", "std"))' -C metadata=b240650242d9c177 -C extra-filename=-116535082ad49c10 --out-dir /opt/rustwide/target/release/build/num-bigint/116535082ad49c10/out -C strip=debuginfo -L dependency=/opt/rustwide/target/release/build/num-traits/e3a070e9a3cdac24/out --extern num_integer=/opt/rustwide/target/release/build/num-integer/b0ca112c8cdb7d0c/out/libnum_integer-b0ca112c8cdb7d0c.rmeta --extern num_traits=/opt/rustwide/target/release/build/num-traits/e3a070e9a3cdac24/out/libnum_traits-e3a070e9a3cdac24.rmeta --cap-lints allow --cap-lints=warn --force-warn=unused_crate_dependencies` (signal: 9, SIGKILL: kill)
[INFO] [stderr] error: could not compile `sha2` (lib)
[INFO] [stderr] 
[INFO] [stderr] Caused by:
[INFO] [stderr]   process didn't exit successfully: `/opt/rustwide/rustup-home/toolchains/1.100.0-beta.1-x86_64-unknown-linux-gnu/bin/rustc --crate-name sha2 --edition=2024 /opt/rustwide/cargo-home/registry/src/index.crates.io-1949cf8c6b5b557f/sha2-0.11.0/src/lib.rs --error-format=json --json=diagnostic-rendered-ansi,artifacts,future-incompat,unused-externs-silent --crate-type lib --emit=dep-info,metadata,link -C opt-level=3 -C embed-bitcode=no --cfg 'feature="alloc"' --cfg 'feature="default"' --cfg 'feature="oid"' --check-cfg 'cfg(docsrs,test)' --check-cfg 'cfg(feature, values("alloc", "default", "oid", "zeroize"))' -C metadata=fe20b66fa7537c2f -C extra-filename=-78abc05b58687a54 --out-dir /opt/rustwide/target/release/build/sha2/78abc05b58687a54/out -C strip=debuginfo -L dependency=/opt/rustwide/target/release/build/block-buffer/342de489de2b8b54/out -L dependency=/opt/rustwide/target/release/build/const-oid/875e212f8cb941f4/out -L dependency=/opt/rustwide/target/release/build/crypto-common/6e8eb1071a85f3bb/out -L dependency=/opt/rustwide/target/release/build/hybrid-array/073cf9709d52012b/out -L dependency=/opt/rustwide/target/release/build/typenum/3b4b0aa317a46d21/out --extern cfg_if=/opt/rustwide/target/release/build/cfg-if/6d8dca19095bb388/out/libcfg_if-6d8dca19095bb388.rmeta --extern cpufeatures=/opt/rustwide/target/release/build/cpufeatures/23cf29946f1b9be2/out/libcpufeatures-23cf29946f1b9be2.rmeta --extern digest=/opt/rustwide/target/release/build/digest/d660b1be797f21d0/out/libdigest-d660b1be797f21d0.rmeta --cap-lints allow --cap-lints=warn --force-warn=unused_crate_dependencies` (signal: 9, SIGKILL: kill)
[INFO] [stderr] error: failed to run custom build command for `flatc-fork v0.6.0+25.12.19-2026-02-06-03fffb2`
[INFO] [stderr] note: To improve backtraces for build dependencies, set the CARGO_PROFILE_RELEASE_BUILD_OVERRIDE_DEBUG=true environment variable to enable debug information generation.
[INFO] [stderr] 
[INFO] [stderr] Caused by:
[INFO] [stderr]   process didn't exit successfully: `/opt/rustwide/target/release/build/flatc-fork/9915c619706f9bc2/out/build_script_build` (exit status: 101)
[INFO] [stderr]   --- stdout
[INFO] [stderr]   CMAKE_TOOLCHAIN_FILE_x86_64-unknown-linux-gnu = None
[INFO] [stderr]   CMAKE_TOOLCHAIN_FILE_x86_64_unknown_linux_gnu = None
[INFO] [stderr]   HOST_CMAKE_TOOLCHAIN_FILE = None
[INFO] [stderr]   CMAKE_TOOLCHAIN_FILE = None
[INFO] [stderr]   CMAKE_GENERATOR_x86_64-unknown-linux-gnu = None
[INFO] [stderr]   CMAKE_GENERATOR_x86_64_unknown_linux_gnu = None
[INFO] [stderr]   HOST_CMAKE_GENERATOR = None
[INFO] [stderr]   CMAKE_GENERATOR = None
[INFO] [stderr]   CMAKE_PREFIX_PATH_x86_64-unknown-linux-gnu = None
[INFO] [stderr]   CMAKE_PREFIX_PATH_x86_64_unknown_linux_gnu = None
[INFO] [stderr]   HOST_CMAKE_PREFIX_PATH = None
[INFO] [stderr]   CMAKE_PREFIX_PATH = None
[INFO] [stderr]   CMAKE_x86_64-unknown-linux-gnu = None
[INFO] [stderr]   CMAKE_x86_64_unknown_linux_gnu = None
[INFO] [stderr]   HOST_CMAKE = None
[INFO] [stderr]   CMAKE = None
[INFO] [stderr]   -- Proceeding with version: 25.12.19.0
[INFO] [stderr]   -- The CXX compiler identification is GNU 15.2.0
[INFO] [stderr]   -- Detecting CXX compiler ABI info
[INFO] [stderr]   -- Detecting CXX compiler ABI info - done
[INFO] [stderr]   -- Check for working CXX compiler: /usr/bin/c++ - skipped
[INFO] [stderr]   -- Detecting CXX compile features
[INFO] [stderr]   -- Detecting CXX compile features - done
[INFO] [stderr]   -- Looking for strtof_l
[INFO] [stderr]   -- Looking for strtof_l - found
[INFO] [stderr]   -- Looking for strtoull_l
[INFO] [stderr]   -- Looking for strtoull_l - found
[INFO] [stderr]   -- Looking for realpath
[INFO] [stderr]   -- Looking for realpath - found
[INFO] [stderr]   -- CMAKE_CXX_FLAGS:  -ffunction-sections -fdata-sections -fPIC -m64 -w
[INFO] [stderr]   -- Configuring done (3.8s)
[INFO] [stderr]   -- Generating done (0.1s)
[INFO] [stderr]   -- Build files have been written to: /opt/rustwide/target/release/build/flatc-fork/94fd3230781a7a84/out/build
[INFO] [stderr]   [  1%] Building CXX object CMakeFiles/flatsampletext.dir/src/file_manager.cpp.o
[INFO] [stderr]   [  2%] Building CXX object CMakeFiles/flatsamplebinary.dir/samples/sample_binary.cpp.o
[INFO] [stderr]   [  2%] Building CXX object CMakeFiles/flatbuffers.dir/src/file_manager.cpp.o
[INFO] [stderr]   [  3%] Building CXX object CMakeFiles/flatsampletext.dir/src/file_name_manager.cpp.o
[INFO] [stderr]   [  4%] Building CXX object CMakeFiles/flatc.dir/src/file_manager.cpp.o
[INFO] [stderr]   [  5%] Building CXX object CMakeFiles/flatsamplebfbs.dir/src/file_manager.cpp.o
[INFO] [stderr]   [  6%] Building CXX object CMakeFiles/flatsampletext.dir/src/idl_parser.cpp.o
[INFO] [stderr]   [  7%] Building CXX object CMakeFiles/flatsampletext.dir/src/idl_gen_text.cpp.o
[INFO] [stderr]   [  8%] Building CXX object CMakeFiles/flatbuffers.dir/src/file_name_manager.cpp.o
[INFO] [stderr]   [  9%] Building CXX object CMakeFiles/flatc.dir/src/file_name_manager.cpp.o
[INFO] [stderr]   [ 10%] Building CXX object CMakeFiles/flatsampletext.dir/src/reflection.cpp.o
[INFO] [stderr]   [ 11%] Building CXX object CMakeFiles/flatbuffers.dir/src/idl_parser.cpp.o
[INFO] [stderr]   [ 12%] Building CXX object CMakeFiles/flatsamplebfbs.dir/src/file_name_manager.cpp.o
[INFO] [stderr]   [ 13%] Building CXX object CMakeFiles/flatc.dir/src/idl_parser.cpp.o
[INFO] [stderr]   [ 14%] Building CXX object CMakeFiles/flatc.dir/src/idl_gen_text.cpp.o
[INFO] [stderr]   [ 15%] Building CXX object CMakeFiles/flatsampletext.dir/src/util.cpp.o
[INFO] [stderr]   [ 16%] Building CXX object CMakeFiles/flatsamplebfbs.dir/src/idl_parser.cpp.o
[INFO] [stderr]   [ 17%] Building CXX object CMakeFiles/flatsampletext.dir/samples/sample_text.cpp.o
[INFO] [stderr]   [ 18%] Building CXX object CMakeFiles/flatbuffers.dir/src/idl_gen_text.cpp.o
[INFO] [stderr]   [ 19%] Building CXX object CMakeFiles/flatbuffers.dir/src/reflection.cpp.o
[INFO] [stderr]   [ 20%] Linking CXX executable flatsamplebinary
[INFO] [stderr]   [ 21%] Built target flatsamplebinary
[INFO] [stderr]   [ 21%] Building CXX object CMakeFiles/flatsamplebfbs.dir/src/idl_gen_text.cpp.o
[INFO] [stderr]   [ 22%] Building CXX object CMakeFiles/flatc.dir/src/reflection.cpp.o
[INFO] [stderr]   [ 23%] Building CXX object CMakeFiles/flatc.dir/src/util.cpp.o
[INFO] [stderr]   [ 24%] Building CXX object CMakeFiles/flatsamplebfbs.dir/src/reflection.cpp.o
[INFO] [stderr]   [ 25%] Building CXX object CMakeFiles/flatsamplebfbs.dir/src/util.cpp.o
[INFO] [stderr]   [ 26%] Building CXX object CMakeFiles/flatsamplebfbs.dir/samples/sample_bfbs.cpp.o
[INFO] [stderr]   [ 27%] Linking CXX executable flatsamplebfbs
[INFO] [stderr]   [ 27%] Built target flatsamplebfbs
[INFO] [stderr] 
[INFO] [stderr]   --- stderr
[INFO] [stderr]   running: cd "/opt/rustwide/target/release/build/flatc-fork/94fd3230781a7a84/out/build" && CMAKE_PREFIX_PATH="" LC_ALL="C" "cmake" "/opt/rustwide/cargo-home/registry/src/index.crates.io-1949cf8c6b5b557f/flatc-fork-0.6.0+25.12.19-2026-02-06-03fffb2/flatbuffers" "-B" "/opt/rustwide/target/release/build/flatc-fork/94fd3230781a7a84/out/build" "-DCMAKE_INSTALL_PREFIX=/opt/rustwide/target/release/build/flatc-fork/94fd3230781a7a84/out" "-DCMAKE_C_FLAGS= -ffunction-sections -fdata-sections -fPIC -m64 -w" "-DCMAKE_C_COMPILER=/usr/bin/cc" "-DCMAKE_CXX_FLAGS= -ffunction-sections -fdata-sections -fPIC -m64 -w" "-DCMAKE_CXX_COMPILER=/usr/bin/c++" "-DCMAKE_ASM_FLAGS= -ffunction-sections -fdata-sections -fPIC -m64 -w" "-DCMAKE_ASM_COMPILER=/usr/bin/cc" "-DCMAKE_BUILD_TYPE=Debug"
[INFO] [stderr]   CMake Warning:
[INFO] [stderr]     Manually-specified variables were not used by the project:
[INFO] [stderr] 
[INFO] [stderr]       CMAKE_ASM_COMPILER
[INFO] [stderr]       CMAKE_ASM_FLAGS
[INFO] [stderr]       CMAKE_C_COMPILER
[INFO] [stderr]       CMAKE_C_FLAGS
[INFO] [stderr] 
[INFO] [stderr] 
[INFO] [stderr]   running: cd "/opt/rustwide/target/release/build/flatc-fork/94fd3230781a7a84/out/build" && LC_ALL="C" MAKEFLAGS="-j --jobserver-fds=4,5 --jobserver-auth=4,5" "cmake" "--build" "/opt/rustwide/target/release/build/flatc-fork/94fd3230781a7a84/out/build" "--target" "install" "--config" "Debug"
[INFO] [stderr]   c++: fatal error: Killed signal terminated program cc1plus
[INFO] [stderr]   compilation terminated.
[INFO] [stderr]   gmake[2]: *** [CMakeFiles/flatsampletext.dir/build.make:107: CMakeFiles/flatsampletext.dir/src/idl_parser.cpp.o] Error 1
[INFO] [stderr]   gmake[2]: *** Waiting for unfinished jobs....
[INFO] [stderr]   c++: fatal error: Killed signal terminated program cc1plus
[INFO] [stderr]   compilation terminated.
[INFO] [stderr]   gmake[2]: *** [CMakeFiles/flatbuffers.dir/build.make:107: CMakeFiles/flatbuffers.dir/src/idl_parser.cpp.o] Error 1
[INFO] [stderr]   gmake[2]: *** Waiting for unfinished jobs....
[INFO] [stderr]   c++: fatal error: Killed signal terminated program cc1plus
[INFO] [stderr]   compilation terminated.
[INFO] [stderr]   gmake[2]: *** [CMakeFiles/flatsampletext.dir/build.make:121: CMakeFiles/flatsampletext.dir/src/idl_gen_text.cpp.o] Error 1
[INFO] [stderr]   c++: fatal error: Killed signal terminated program cc1plus
[INFO] [stderr]   compilation terminated.
[INFO] [stderr]   gmake[2]: *** [CMakeFiles/flatc.dir/build.make:121: CMakeFiles/flatc.dir/src/idl_gen_text.cpp.o] Error 1
[INFO] [stderr]   gmake[2]: *** Waiting for unfinished jobs....
[INFO] [stderr]   c++: fatal error: Killed signal terminated program cc1plus
[INFO] [stderr]   compilation terminated.
[INFO] [stderr]   gmake[2]: *** [CMakeFiles/flatsampletext.dir/build.make:135: CMakeFiles/flatsampletext.dir/src/reflection.cpp.o] Error 1
[INFO] [stderr]   c++: fatal error: Killed signal terminated program cc1plus
[INFO] [stderr]   compilation terminated.
[INFO] [stderr]   gmake[2]: *** [CMakeFiles/flatc.dir/build.make:107: CMakeFiles/flatc.dir/src/idl_parser.cpp.o] Error 1
[INFO] [stderr]   c++: fatal error: Killed signal terminated program cc1plus
[INFO] [stderr]   compilation terminated.
[INFO] [stderr]   gmake[2]: *** [CMakeFiles/flatbuffers.dir/build.make:121: CMakeFiles/flatbuffers.dir/src/idl_gen_text.cpp.o] Error 1
[INFO] [stderr]   c++: fatal error: Killed signal terminated program cc1plus
[INFO] [stderr]   compilation terminated.
[INFO] [stderr]   gmake[2]: *** [CMakeFiles/flatsampletext.dir/build.make:163: CMakeFiles/flatsampletext.dir/samples/sample_text.cpp.o] Error 1
[INFO] [stderr]   gmake[1]: *** [CMakeFiles/Makefile2:230: CMakeFiles/flatsampletext.dir/all] Error 2
[INFO] [stderr]   gmake[1]: *** Waiting for unfinished jobs....
[INFO] [stderr]   gmake[1]: *** [CMakeFiles/Makefile2:134: CMakeFiles/flatc.dir/all] Error 2
[INFO] [stderr]   gmake[1]: *** [CMakeFiles/Makefile2:102: CMakeFiles/flatbuffers.dir/all] Error 2
[INFO] [stderr]   gmake: *** [Makefile:146: all] Error 2
[INFO] [stderr] 
[INFO] [stderr]   thread 'main' (917) panicked at /opt/rustwide/cargo-home/registry/src/index.crates.io-1949cf8c6b5b557f/cmake-0.1.58/src/lib.rs:1132:5:
[INFO] [stderr] 
[INFO] [stderr]   command did not execute successfully, got: exit status: 2
[INFO] [stderr] 
[INFO] [stderr]   build script failed, must exit now
[INFO] [stderr]   stack backtrace:
[INFO] [stderr]      0:     0x62098ff1bdb1 - <<std[617be2ca0a6fd877]::sys::backtrace::BacktraceLock>::print::DisplayBacktrace as core[a373ad73a504971]::fmt::Display>::fmt
[INFO] [stderr]      1:     0x62098ff2fc9a - core[a373ad73a504971]::fmt::write
[INFO] [stderr]      2:     0x62098ff214ec - <std[617be2ca0a6fd877]::sys::stdio::unix::Stderr as core[a373ad73a504971]::io::write::Write>::write_fmt
[INFO] [stderr]      3:     0x62098fefaca6 - std[617be2ca0a6fd877]::panicking::default_hook::{closure#0}
[INFO] [stderr]      4:     0x62098ff16ad1 - std[617be2ca0a6fd877]::panicking::default_hook
[INFO] [stderr]      5:     0x62098ff16c8b - std[617be2ca0a6fd877]::panicking::panic_with_hook
[INFO] [stderr]      6:     0x62098fefad52 - std[617be2ca0a6fd877]::panicking::panic_handler::{closure#0}
[INFO] [stderr]      7:     0x62098fef39f9 - std[617be2ca0a6fd877]::sys::backtrace::__rust_end_short_backtrace::<std[617be2ca0a6fd877]::panicking::panic_handler::{closure#0}, !>
[INFO] [stderr]      8:     0x62098fefb53d - __rustc[ea4f61d10b84890b]::rust_begin_unwind
[INFO] [stderr]      9:     0x62098ff3040c - core[a373ad73a504971]::panicking::panic_fmt
[INFO] [stderr]     10:     0x62098fe84ae7 - cmake[a03b7680f0a27b6b]::fail
[INFO] [stderr]     11:     0x62098fe84773 - cmake[a03b7680f0a27b6b]::run
[INFO] [stderr]     12:     0x62098fe8a745 - <cmake[a03b7680f0a27b6b]::Config>::build
[INFO] [stderr]     13:     0x62098fe77994 - build_script_build[5df0288cbec33469]::main
[INFO] [stderr]     14:     0x62098fe77f23 - <fn() as core[a373ad73a504971]::ops::function::FnOnce<()>>::call_once
[INFO] [stderr]     15:     0x62098fe77646 - std[617be2ca0a6fd877]::sys::backtrace::__rust_begin_short_backtrace::<fn(), ()>
[INFO] [stderr]     16:     0x62098fe77659 - std[617be2ca0a6fd877]::rt::lang_start::<()>::{closure#0}
[INFO] [stderr]     17:     0x62098ff15dd8 - std[617be2ca0a6fd877]::rt::lang_start_internal
[INFO] [stderr]     18:     0x62098fe771d1 - std[617be2ca0a6fd877]::rt::lang_start::<()>
[INFO] [stderr]     19:     0x62098fe77f95 - main
[INFO] [stderr]     20:     0x762e905d5601 - <unknown>
[INFO] [stderr]     21:     0x762e905d5718 - __libc_start_main
[INFO] [stderr]     22:     0x62098fe76555 - _start
[INFO] [stderr]     23:                0x0 - <unknown>
[INFO] running `Command { std: "docker" "inspect" "ce00ddbb8ab4e08a07c42a6f2bebed233a410c79218e080fcfeb7cda25dca670", kill_on_drop: false }`
[INFO] running `Command { std: "docker" "rm" "-f" "ce00ddbb8ab4e08a07c42a6f2bebed233a410c79218e080fcfeb7cda25dca670", kill_on_drop: false }`
[INFO] [stdout] ce00ddbb8ab4e08a07c42a6f2bebed233a410c79218e080fcfeb7cda25dca670
